Sep 21 17:47:13.212381 dv-cinder-810288-1-smb neutron-server[104781]: DEBUG neutron.plugins.ml2.db [None req-ae5a9ab7-d81f-4a60-9051-96519095f0e8 None None] For port 3361c9ad-0d8c-49ff-879d-59a249748a26, host hv-cinder-81028, got binding levels [PortBindingLevel(driver='hyperv',host='hv-cinder-81028',level=0,port_id=3361c9ad-0d8c-49ff-879d-59a249748a26,segment=NetworkSegment(aecc97e4-dc53-401d-b653-acf0def788e3),segment_id=aecc97e4-dc53-401d-b653-acf0def788e3)] {{(pid=104781) get_binding_level_objs /opt/stack/neutron/neutron/plugins/ml2/db.py:74}}
Sep 21 17:47:13.230027 dv-cinder-810288-1-smb neutron-server[104781]: DEBUG neutron_lib.callbacks.manager [None req-ae5a9ab7-d81f-4a60-9051-96519095f0e8 None None] Notify callbacks ['neutron.plugins.ml2.plugin.SecurityGroupServerNotifierRpcMixin._notify_sg_on_port_change-1709418', 'neutron.plugins.ml2.ovo_rpc._ObjectChangeHandler.handle_event-228479', 'neutron.api.rpc.agentnotifiers.dhcp_rpc_agent_api.DhcpAgentNotifyAPI._native_event_send_dhcp_notification-527161', 'neutron.db.l3_db.L3RpcNotifierMixin._notify_gateway_port_ip_changed-8732577478413', 'neutron.db.l3_dvrscheduler_db._notify_l3_agent_port_update-8732576990666', 'neutron.db.l3_hascheduler_db._notify_l3_agent_ha_port_update-8732576990684'] for port, after_update {{(pid=104781) _notify_loop /usr/local/lib/python3.8/dist-packages/neutron_lib/callbacks/manager.py:192}}
Sep 21 17:47:13.238107 dv-cinder-810288-1-smb neutron-server[104781]: DEBUG novaclient.v2.client [-] RESP: [200] Connection: close Content-Length: 183 Content-Type: application/json Date: Tue, 21 Sep 2021 17:47:13 GMT OpenStack-API-Version: compute 2.1 Server: Apache/2.4.41 (Ubuntu) Vary: OpenStack-API-Version,X-OpenStack-Nova-API-Version X-OpenStack-Nova-API-Version: 2.1 x-compute-request-id: req-9e755d6e-89f7-4bc0-ac99-9c3c1666a64d x-openstack-request-id: req-9e755d6e-89f7-4bc0-ac99-9c3c1666a64d {{(pid=104781) _http_log_response /usr/local/lib/python3.8/dist-packages/keystoneauth1/session.py:550}}
Sep 21 17:47:13.238479 dv-cinder-810288-1-smb neutron-server[104781]: DEBUG novaclient.v2.client [-] RESP BODY: {"events": [{"server_uuid": "ed0d5b00-b2c2-4a81-afa2-927a2136039c", "name": "network-vif-plugged", "status": "completed", "tag": "3361c9ad-0d8c-49ff-879d-59a249748a26", "code": 200}]} {{(pid=104781) _http_log_response /usr/local/lib/python3.8/dist-packages/keystoneauth1/session.py:582}}
Sep 21 17:47:13.238868 dv-cinder-810288-1-smb neutron-server[104781]: DEBUG novaclient.v2.client [-] POST call to compute for http://10.222.0.21/compute/v2.1/os-server-external-events used request id req-9e755d6e-89f7-4bc0-ac99-9c3c1666a64d {{(pid=104781) request /usr/local/lib/python3.8/dist-packages/keystoneauth1/session.py:954}}
Sep 21 17:47:13.249702 dv-cinder-810288-1-smb neutron-server[104781]: INFO neutron.notifiers.nova [-] Nova event response: {'server_uuid': 'ed0d5b00-b2c2-4a81-afa2-927a2136039c', 'name': 'network-vif-plugged', 'status': 'completed', 'tag': '3361c9ad-0d8c-49ff-879d-59a249748a26', 'code': 200}
Sep 21 17:47:13.311209 dv-cinder-810288-1-smb neutron-server[104781]: DEBUG neutron.api.rpc.handlers.resources_rpc [None req-ae5a9ab7-d81f-4a60-9051-96519095f0e8 None None] Pushing event updated for resources: {'Port': ['ID=571cac06-a2bf-4722-be95-dedd8fad7575,revision_number=4']} {{(pid=104781) push /opt/stack/neutron/neutron/api/rpc/handlers/resources_rpc.py:237}}
Sep 21 17:47:13.396148 dv-cinder-810288-1-smb neutron-server[104779]: DEBUG neutron.pecan_wsgi.hooks.policy_enforcement [req-2e6058ad-b6af-4109-bfda-c3a500bb9673 req-643185c9-da07-49cc-9def-0aa645480092 tempest-AttachVolumeNegativeTest-1285345240 tempest-AttachVolumeNegativeTest-1285345240-project] Attributes excluded by policy engine: ['standard_attr_id', 'binding:profile', 'binding:host_id', 'binding:vif_type', 'binding:vif_details'] {{(pid=104779) _exclude_attributes_by_policy /opt/stack/neutron/neutron/pecan_wsgi/hooks/policy_enforcement.py:255}}
Sep 21 17:47:13.416664 dv-cinder-810288-1-smb neutron-server[104779]: INFO neutron.wsgi [req-2e6058ad-b6af-4109-bfda-c3a500bb9673 req-643185c9-da07-49cc-9def-0aa645480092 tempest-AttachVolumeNegativeTest-1285345240 tempest-AttachVolumeNegativeTest-1285345240-project] 10.222.0.21 "GET /v2.0/ports?device_id=9d7a6b94-3d8c-4841-8d66-f80b1171c8c7 HTTP/1.1" status: 200 len: 946 time: 0.1545401
Sep 21 17:47:13.430981 dv-cinder-810288-1-smb neutron-server[104781]: DEBUG neutron.api.rpc.handlers.resources_rpc [None req-ae5a9ab7-d81f-4a60-9051-96519095f0e8 None None] Pushing event updated for resources: {'Port': ['ID=3361c9ad-0d8c-49ff-879d-59a249748a26,revision_number=5']} {{(pid=104781) push /opt/stack/neutron/neutron/api/rpc/handlers/resources_rpc.py:237}}
Sep 21 17:47:13.482347 dv-cinder-810288-1-smb neutron-server[104779]: INFO neutron.wsgi [req-2e6058ad-b6af-4109-bfda-c3a500bb9673 req-b848a5ff-653f-479b-ad13-ae7fe23958fa tempest-AttachVolumeNegativeTest-1285345240 tempest-AttachVolumeNegativeTest-1285345240-project] 10.222.0.21 "GET /v2.0/security-groups?id=f7162e1c-f20d-49a4-969c-5fc885bbf6b5&fields=id&fields=name HTTP/1.1" status: 200 len: 286 time: 0.0646722
Sep 21 17:47:13.555299 dv-cinder-810288-1-smb neutron-server[104779]: DEBUG neutron.pecan_wsgi.hooks.policy_enforcement [req-225b51fc-a7cf-4a93-850e-b19565a27c34 req-35d0cd2d-3aef-4009-8249-3cd437d8d59b service neutron] Attributes excluded by policy engine: ['standard_attr_id'] {{(pid=104779) _exclude_attributes_by_policy /opt/stack/neutron/neutron/pecan_wsgi/hooks/policy_enforcement.py:255}}
Sep 21 17:47:13.557170 dv-cinder-810288-1-smb neutron-server[104779]: INFO neutron.wsgi [req-225b51fc-a7cf-4a93-850e-b19565a27c34 req-35d0cd2d-3aef-4009-8249-3cd437d8d59b service neutron] 10.222.0.46 "GET /v2.0/ports?device_id=ed0d5b00-b2c2-4a81-afa2-927a2136039c HTTP/1.1" status: 200 len: 1099 time: 0.0674889
Sep 21 17:47:13.626546 dv-cinder-810288-1-smb neutron-server[104781]: DEBUG neutron.plugins.ml2.db [None req-ae5a9ab7-d81f-4a60-9051-96519095f0e8 None None] get_ports_and_sgs() called for port_ids ['571cac06-a2bf-4722-be95-dedd8fad7575'] {{(pid=104781) get_ports_and_sgs /opt/stack/neutron/neutron/plugins/ml2/db.py:156}}
Sep 21 17:47:13.635086 dv-cinder-810288-1-smb neutron-server[104779]: INFO neutron.wsgi [req-225b51fc-a7cf-4a93-850e-b19565a27c34 req-b6f1ad0c-d1db-4f73-ad7d-940ca88df9c3 service neutron] 10.222.0.46 "GET /v2.0/security-groups?id=dcf35dc2-7763-4aa8-bbd7-3ce9cd7d4d2c&fields=id&fields=name HTTP/1.1" status: 200 len: 286 time: 0.0698168
Sep 21 17:47:13.674965 dv-cinder-810288-1-smb neutron-server[104779]: DEBUG neutron.wsgi [-] (104779) accepted ('10.222.0.21', 37718) {{(pid=104779) server /usr/local/lib/python3.8/dist-packages/eventlet/wsgi.py:982}}
Sep 21 17:47:13.798945 dv-cinder-810288-1-smb neutron-server[104780]: DEBUG neutron.pecan_wsgi.hooks.policy_enforcement [req-70784753-1b69-453a-b9d1-a9e5c0ec9c86 req-e42983b3-2e58-4693-81d0-b92aafefaeac tempest-ServerRescueNegativeTestJSON-91216055 tempest-ServerRescueNegativeTestJSON-91216055-project] Attributes excluded by policy engine: ['standard_attr_id', 'binding:profile', 'binding:host_id', 'binding:vif_type', 'binding:vif_details'] {{(pid=104780) _exclude_attributes_by_policy /opt/stack/neutron/neutron/pecan_wsgi/hooks/policy_enforcement.py:255}}
Sep 21 17:47:13.813338 dv-cinder-810288-1-smb neutron-server[104780]: INFO neutron.wsgi [req-70784753-1b69-453a-b9d1-a9e5c0ec9c86 req-e42983b3-2e58-4693-81d0-b92aafefaeac tempest-ServerRescueNegativeTestJSON-91216055 tempest-ServerRescueNegativeTestJSON-91216055-project] 10.222.0.21 "GET /v2.0/ports?device_id=3dde846a-a9fd-48bf-b14d-c8b6e0e16c10 HTTP/1.1" status: 200 len: 944 time: 0.1228585
Sep 21 17:47:13.861274 dv-cinder-810288-1-smb neutron-server[104779]: DEBUG neutron.pecan_wsgi.hooks.policy_enforcement [req-360c0a20-8203-43fe-a101-0e2cd92535b1 req-4dbc1673-806f-4611-9538-f6dd3a584a01 tempest-AttachVolumeTestJSON-1568978253 tempest-AttachVolumeTestJSON-1568978253-project] Attributes excluded by policy engine: ['standard_attr_id', 'binding:profile', 'binding:host_id', 'binding:vif_type', 'binding:vif_details'] {{(pid=104779) _exclude_attributes_by_policy /opt/stack/neutron/neutron/pecan_wsgi/hooks/policy_enforcement.py:255}}
Sep 21 17:47:13.864086 dv-cinder-810288-1-smb neutron-server[104779]: INFO neutron.wsgi [req-360c0a20-8203-43fe-a101-0e2cd92535b1 req-4dbc1673-806f-4611-9538-f6dd3a584a01 tempest-AttachVolumeTestJSON-1568978253 tempest-AttachVolumeTestJSON-1568978253-project] 10.222.0.21 "GET /v2.0/ports?device_id=4528504c-267e-49f8-9a4c-6f822387a3e1 HTTP/1.1" status: 200 len: 944 time: 0.0734496
Sep 21 17:47:13.897163 dv-cinder-810288-1-smb neutron-server[104779]: DEBUG neutron_lib.callbacks.manager [None req-0e34c755-bbce-4b7c-be11-33281ab2712d admin admin] Notify callbacks [] for security_group, before_create {{(pid=104779) _notify_loop /usr/local/lib/python3.8/dist-packages/neutron_lib/callbacks/manager.py:192}}
Sep 21 17:47:13.908102 dv-cinder-810288-1-smb neutron-server[104780]: INFO neutron.wsgi [req-70784753-1b69-453a-b9d1-a9e5c0ec9c86 req-e5e9db35-3059-4f56-b312-bf949c45ee34 tempest-ServerRescueNegativeTestJSON-91216055 tempest-ServerRescueNegativeTestJSON-91216055-project] 10.222.0.21 "GET /v2.0/security-groups?id=dcf35dc2-7763-4aa8-bbd7-3ce9cd7d4d2c&fields=id&fields=name HTTP/1.1" status: 200 len: 286 time: 0.0879905
Sep 21 17:47:14.017685 dv-cinder-810288-1-smb neutron-server[104779]: INFO neutron.wsgi [req-360c0a20-8203-43fe-a101-0e2cd92535b1 req-6546bf87-d75e-46c1-baa3-350446d2dd67 tempest-AttachVolumeTestJSON-1568978253 tempest-AttachVolumeTestJSON-1568978253-project] 10.222.0.21 "GET /v2.0/security-groups?id=29c090c4-3789-49e8-9790-b6b65e28dc30&fields=id&fields=name HTTP/1.1" status: 200 len: 313 time: 0.1375117
Sep 21 17:47:14.050477 dv-cinder-810288-1-smb neutron-server[104779]: DEBUG neutron_lib.callbacks.manager [None req-0e34c755-bbce-4b7c-be11-33281ab2712d admin admin] Notify callbacks [] for security_group, precommit_create {{(pid=104779) _notify_loop /usr/local/lib/python3.8/dist-packages/neutron_lib/callbacks/manager.py:192}}
Sep 21 17:47:14.055648 dv-cinder-810288-1-smb neutron-server[104779]: DEBUG neutron_lib.callbacks.manager [None req-0e34c755-bbce-4b7c-be11-33281ab2712d admin admin] Notify callbacks ['neutron.plugins.ml2.ovo_rpc._ObjectChangeHandler.handle_event-563417'] for security_group, after_create {{(pid=104779) _notify_loop /usr/local/lib/python3.8/dist-packages/neutron_lib/callbacks/manager.py:192}}
Sep 21 17:47:14.107684 dv-cinder-810288-1-smb neutron-server[104779]: INFO neutron.wsgi [None req-0e34c755-bbce-4b7c-be11-33281ab2712d admin admin] 10.222.0.21 "GET /v2.0/security-groups?tenant_id=d089cd504a704d28be4c7943c028b1b1&name=default HTTP/1.1" status: 200 len: 2979 time: 0.4315135
Sep 21 17:47:14.112099 dv-cinder-810288-1-smb neutron-server[104779]: DEBUG neutron.wsgi [-] (104779) accepted ('10.222.0.21', 37738) {{(pid=104779) server /usr/local/lib/python3.8/dist-packages/eventlet/wsgi.py:982}}
Sep 21 17:47:14.120613 dv-cinder-810288-1-smb neutron-server[104779]: DEBUG neutron.api.rpc.handlers.resources_rpc [None req-0e34c755-bbce-4b7c-be11-33281ab2712d admin admin] Pushing event updated for resources: {'SecurityGroup': ['ID=d4ac9d8b-8465-427c-9f80-b49206491d36,revision_number=1']} {{(pid=104779) push /opt/stack/neutron/neutron/api/rpc/handlers/resources_rpc.py:237}}
Sep 21 17:47:14.176293 dv-cinder-810288-1-smb neutron-server[104779]: DEBUG neutron_lib.callbacks.manager [None req-9ac621ce-27ba-4570-93d4-736939112149 admin admin] Notify callbacks [] for security_group, before_delete {{(pid=104779) _notify_loop /usr/local/lib/python3.8/dist-packages/neutron_lib/callbacks/manager.py:192}}
Sep 21 17:47:14.202885 dv-cinder-810288-1-smb neutron-server[104779]: DEBUG neutron_lib.callbacks.manager [None req-9ac621ce-27ba-4570-93d4-736939112149 admin admin] Notify callbacks [] for security_group, precommit_delete {{(pid=104779) _notify_loop /usr/local/lib/python3.8/dist-packages/neutron_lib/callbacks/manager.py:192}}
Sep 21 17:47:14.222516 dv-cinder-810288-1-smb neutron-server[104780]: DEBUG neutron.pecan_wsgi.hooks.policy_enforcement [req-aeac54b8-a8a1-4a1b-b3ce-6471968dd084 req-ca05430d-665d-4830-8088-3254463c95b3 tempest-AttachVolumeShelveTestJSON-2115202630 tempest-AttachVolumeShelveTestJSON-2115202630-project] Attributes excluded by policy engine: ['standard_attr_id', 'binding:profile', 'binding:host_id', 'binding:vif_type', 'binding:vif_details'] {{(pid=104780) _exclude_attributes_by_policy /opt/stack/neutron/neutron/pecan_wsgi/hooks/policy_enforcement.py:255}}
Sep 21 17:47:14.225237 dv-cinder-810288-1-smb neutron-server[104780]: INFO neutron.wsgi [req-aeac54b8-a8a1-4a1b-b3ce-6471968dd084 req-ca05430d-665d-4830-8088-3254463c95b3 tempest-AttachVolumeShelveTestJSON-2115202630 tempest-AttachVolumeShelveTestJSON-2115202630-project] 10.222.0.21 "GET /v2.0/ports?device_id=4bb5cd83-0c49-4642-8e6c-239ad9506449 HTTP/1.1" status: 200 len: 944 time: 0.2383208
Sep 21 17:47:14.264481 dv-cinder-810288-1-smb neutron-server[104779]: DEBUG neutron_lib.callbacks.manager [None req-9ac621ce-27ba-4570-93d4-736939112149 admin admin] Notify callbacks ['neutron.plugins.ml2.ovo_rpc._ObjectChangeHandler.handle_event-563417'] for security_group, after_delete {{(pid=104779) _notify_loop /usr/local/lib/python3.8/dist-packages/neutron_lib/callbacks/manager.py:192}}
Sep 21 17:47:14.266799 dv-cinder-810288-1-smb neutron-server[104780]: INFO neutron.wsgi [req-aeac54b8-a8a1-4a1b-b3ce-6471968dd084 req-aa6037c2-cccd-4c42-ba22-1eeba2dbf11d tempest-AttachVolumeShelveTestJSON-2115202630 tempest-AttachVolumeShelveTestJSON-2115202630-project] 10.222.0.21 "GET /v2.0/security-groups?id=37262d13-0a2d-49a3-999b-f40e06e2ea21&fields=id&fields=name HTTP/1.1" status: 200 len: 312 time: 0.0348732
Sep 21 17:47:14.272430 dv-cinder-810288-1-smb neutron-server[104779]: DEBUG neutron_lib.callbacks.manager [None req-9ac621ce-27ba-4570-93d4-736939112149 admin admin] Notify callbacks [] for security_group, before_response {{(pid=104779) _notify_loop /usr/local/lib/python3.8/dist-packages/neutron_lib/callbacks/manager.py:192}}
Sep 21 17:47:14.273726 dv-cinder-810288-1-smb neutron-server[104779]: INFO neutron.wsgi [None req-9ac621ce-27ba-4570-93d4-736939112149 admin admin] 10.222.0.21 "DELETE /v2.0/security-groups/d4ac9d8b-8465-427c-9f80-b49206491d36 HTTP/1.1" status: 204 len: 168 time: 0.1605787
Sep 21 17:47:14.281547 dv-cinder-810288-1-smb neutron-server[104779]: DEBUG neutron.api.rpc.handlers.resources_rpc [None req-9ac621ce-27ba-4570-93d4-736939112149 admin admin] Pushing event deleted for resources: {'SecurityGroup': ['ID=d4ac9d8b-8465-427c-9f80-b49206491d36,revision_number=None']} {{(pid=104779) push /opt/stack/neutron/neutron/api/rpc/handlers/resources_rpc.py:237}}
Sep 21 17:47:14.316813 dv-cinder-810288-1-smb neutron-server[104780]: DEBUG neutron.wsgi [-] (104780) accepted ('10.222.0.21', 37744) {{(pid=104780) server /usr/local/lib/python3.8/dist-packages/eventlet/wsgi.py:982}}
Sep 21 17:47:14.440717 dv-cinder-810288-1-smb neutron-server[104780]: DEBUG neutron_lib.callbacks.manager [None req-b05c2752-f3d0-42e0-b364-c6fa47b15f0b admin admin] Notify callbacks [] for security_group, before_create {{(pid=104780) _notify_loop /usr/local/lib/python3.8/dist-packages/neutron_lib/callbacks/manager.py:192}}
Sep 21 17:47:14.549438 dv-cinder-810288-1-smb neutron-server[104780]: DEBUG neutron_lib.callbacks.manager [None req-b05c2752-f3d0-42e0-b364-c6fa47b15f0b admin admin] Notify callbacks [] for security_group, precommit_create {{(pid=104780) _notify_loop /usr/local/lib/python3.8/dist-packages/neutron_lib/callbacks/manager.py:192}}
Sep 21 17:47:14.555850 dv-cinder-810288-1-smb neutron-server[104780]: DEBUG neutron_lib.callbacks.manager [None req-b05c2752-f3d0-42e0-b364-c6fa47b15f0b admin admin] Notify callbacks ['neutron.plugins.ml2.ovo_rpc._ObjectChangeHandler.handle_event-563417'] for security_group, after_create {{(pid=104780) _notify_loop /usr/local/lib/python3.8/dist-packages/neutron_lib/callbacks/manager.py:192}}
Sep 21 17:47:14.606919 dv-cinder-810288-1-smb neutron-server[104780]: INFO neutron.wsgi [None req-b05c2752-f3d0-42e0-b364-c6fa47b15f0b admin admin] 10.222.0.21 "GET /v2.0/security-groups?tenant_id=941d8f2f0de542e2a28dd799f6f07ae4&name=default HTTP/1.1" status: 200 len: 2979 time: 0.2889647
Sep 21 17:47:14.607833 dv-cinder-810288-1-smb neutron-server[104780]: DEBUG neutron.api.rpc.handlers.resources_rpc [None req-b05c2752-f3d0-42e0-b364-c6fa47b15f0b admin admin] Pushing event updated for resources: {'SecurityGroup': ['ID=6d801057-4290-4773-a22a-d5d4a6aef7b2,revision_number=1']} {{(pid=104780) push /opt/stack/neutron/neutron/api/rpc/handlers/resources_rpc.py:237}}
Sep 21 17:47:14.610355 dv-cinder-810288-1-smb neutron-server[104779]: DEBUG neutron.wsgi [-] (104779) accepted ('10.222.0.21', 37756) {{(pid=104779) server /usr/local/lib/python3.8/dist-packages/eventlet/wsgi.py:982}}
Sep 21 17:47:14.668146 dv-cinder-810288-1-smb neutron-server[104780]: DEBUG neutron.wsgi [-] (104780) accepted ('10.222.0.21', 37760) {{(pid=104780) server /usr/local/lib/python3.8/dist-packages/eventlet/wsgi.py:982}}
Sep 21 17:47:14.674991 dv-cinder-810288-1-smb neutron-server[104779]: DEBUG neutron_lib.callbacks.manager [None req-c199d341-857f-49fd-be66-cb17ca6ca06d admin admin] Notify callbacks [] for security_group, before_delete {{(pid=104779) _notify_loop /usr/local/lib/python3.8/dist-packages/neutron_lib/callbacks/manager.py:192}}
Sep 21 17:47:14.687351 dv-cinder-810288-1-smb neutron-server[104780]: DEBUG neutron_lib.callbacks.manager [None req-2e3d9b61-fcb2-48bb-bf23-653789b3bb84 admin admin] Notify callbacks [] for security_group, before_create {{(pid=104780) _notify_loop /usr/local/lib/python3.8/dist-packages/neutron_lib/callbacks/manager.py:192}}
Sep 21 17:47:14.704328 dv-cinder-810288-1-smb neutron-server[104779]: DEBUG neutron_lib.callbacks.manager [None req-c199d341-857f-49fd-be66-cb17ca6ca06d admin admin] Notify callbacks [] for security_group, precommit_delete {{(pid=104779) _notify_loop /usr/local/lib/python3.8/dist-packages/neutron_lib/callbacks/manager.py:192}}
Sep 21 17:47:14.764552 dv-cinder-810288-1-smb neutron-server[104779]: DEBUG neutron_lib.callbacks.manager [None req-c199d341-857f-49fd-be66-cb17ca6ca06d admin admin] Notify callbacks ['neutron.plugins.ml2.ovo_rpc._ObjectChangeHandler.handle_event-563417'] for security_group, after_delete {{(pid=104779) _notify_loop /usr/local/lib/python3.8/dist-packages/neutron_lib/callbacks/manager.py:192}}
Sep 21 17:47:14.768035 dv-cinder-810288-1-smb neutron-server[104779]: DEBUG neutron_lib.callbacks.manager [None req-c199d341-857f-49fd-be66-cb17ca6ca06d admin admin] Notify callbacks [] for security_group, before_response {{(pid=104779) _notify_loop /usr/local/lib/python3.8/dist-packages/neutron_lib/callbacks/manager.py:192}}
Sep 21 17:47:14.771867 dv-cinder-810288-1-smb neutron-server[104779]: INFO neutron.wsgi [None req-c199d341-857f-49fd-be66-cb17ca6ca06d admin admin] 10.222.0.21 "DELETE /v2.0/security-groups/6d801057-4290-4773-a22a-d5d4a6aef7b2 HTTP/1.1" status: 204 len: 168 time: 0.1580405
Sep 21 17:47:14.789676 dv-cinder-810288-1-smb neutron-server[104779]: DEBUG neutron.api.rpc.handlers.resources_rpc [None req-c199d341-857f-49fd-be66-cb17ca6ca06d admin admin] Pushing event deleted for resources: {'SecurityGroup': ['ID=6d801057-4290-4773-a22a-d5d4a6aef7b2,revision_number=None']} {{(pid=104779) push /opt/stack/neutron/neutron/api/rpc/handlers/resources_rpc.py:237}}
Sep 21 17:47:14.808200 dv-cinder-810288-1-smb neutron-server[104780]: DEBUG neutron_lib.callbacks.manager [None req-2e3d9b61-fcb2-48bb-bf23-653789b3bb84 admin admin] Notify callbacks [] for security_group, precommit_create {{(pid=104780) _notify_loop /usr/local/lib/python3.8/dist-packages/neutron_lib/callbacks/manager.py:192}}
Sep 21 17:47:14.819230 dv-cinder-810288-1-smb neutron-server[104781]: DEBUG neutron.plugins.ml2.rpc [None req-ae5a9ab7-d81f-4a60-9051-96519095f0e8 None None] Device 7740c828-6c08-41c6-ba4c-5ba6740667b0 details requested by agent hyperv_hv-cinder-81028 with host hv-cinder-81028 {{(pid=104781) get_device_details /opt/stack/neutron/neutron/plugins/ml2/rpc.py:102}}
Sep 21 17:47:14.819739 dv-cinder-810288-1-smb neutron-server[104780]: DEBUG neutron_lib.callbacks.manager [None req-2e3d9b61-fcb2-48bb-bf23-653789b3bb84 admin admin] Notify callbacks ['neutron.plugins.ml2.ovo_rpc._ObjectChangeHandler.handle_event-563417'] for security_group, after_create {{(pid=104780) _notify_loop /usr/local/lib/python3.8/dist-packages/neutron_lib/callbacks/manager.py:192}}
Sep 21 17:47:14.884324 dv-cinder-810288-1-smb neutron-server[104780]: INFO neutron.wsgi [None req-2e3d9b61-fcb2-48bb-bf23-653789b3bb84 admin admin] 10.222.0.21 "GET /v2.0/security-groups?tenant_id=8b89f3e43d324ec2acb87713181ba4ab&name=default HTTP/1.1" status: 200 len: 2979 time: 0.2150271
Sep 21 17:47:14.885980 dv-cinder-810288-1-smb neutron-server[104780]: DEBUG neutron.api.rpc.handlers.resources_rpc [None req-2e3d9b61-fcb2-48bb-bf23-653789b3bb84 admin admin] Pushing event updated for resources: {'SecurityGroup': ['ID=c7dc4df2-764f-48f8-aec2-fd6f540be397,revision_number=1']} {{(pid=104780) push /opt/stack/neutron/neutron/api/rpc/handlers/resources_rpc.py:237}}
Sep 21 17:47:14.888239 dv-cinder-810288-1-smb neutron-server[104779]: DEBUG neutron.wsgi [-] (104779) accepted ('10.222.0.21', 37770) {{(pid=104779) server /usr/local/lib/python3.8/dist-packages/eventlet/wsgi.py:982}}
Sep 21 17:47:15.036056 dv-cinder-810288-1-smb neutron-server[104779]: DEBUG neutron_lib.callbacks.manager [None req-24b11440-c7af-4091-9b95-74af29ac33c2 admin admin] Notify callbacks [] for security_group, before_delete {{(pid=104779) _notify_loop /usr/local/lib/python3.8/dist-packages/neutron_lib/callbacks/manager.py:192}}
Sep 21 17:47:15.091571 dv-cinder-810288-1-smb neutron-server[104779]: DEBUG neutron_lib.callbacks.manager [None req-24b11440-c7af-4091-9b95-74af29ac33c2 admin admin] Notify callbacks [] for security_group, precommit_delete {{(pid=104779) _notify_loop /usr/local/lib/python3.8/dist-packages/neutron_lib/callbacks/manager.py:192}}
Sep 21 17:47:15.124358 dv-cinder-810288-1-smb neutron-server[104781]: DEBUG neutron.plugins.ml2.db [None req-ae5a9ab7-d81f-4a60-9051-96519095f0e8 None None] For port 7740c828-6c08-41c6-ba4c-5ba6740667b0, host hv-cinder-81028, got binding levels [PortBindingLevel(driver='hyperv',host='hv-cinder-81028',level=0,port_id=7740c828-6c08-41c6-ba4c-5ba6740667b0,segment=NetworkSegment(2e586957-e20d-4cbc-b2cb-8f5e6eb1a9bf),segment_id=2e586957-e20d-4cbc-b2cb-8f5e6eb1a9bf)] {{(pid=104781) get_binding_level_objs /opt/stack/neutron/neutron/plugins/ml2/db.py:74}}
Sep 21 17:47:15.152572 dv-cinder-810288-1-smb neutron-server[104781]: DEBUG neutron.plugins.ml2.rpc [None req-ae5a9ab7-d81f-4a60-9051-96519095f0e8 None None] Returning: {'device': '7740c828-6c08-41c6-ba4c-5ba6740667b0', 'network_id': '04e174c5-99b5-46e4-8ac9-e13852ebcd3c', 'port_id': '7740c828-6c08-41c6-ba4c-5ba6740667b0', 'mac_address': 'fa:16:3e:03:1d:ee', 'admin_state_up': True, 'network_type': 'vlan', 'segmentation_id': 768, 'physical_network': 'physnet1', 'mtu': 1500, 'fixed_ips': [{'subnet_id': 'db52270e-24e9-4b9b-b9fa-6f905dc1fa25', 'ip_address': '172.20.0.10'}], 'device_owner': 'compute:nova', 'allowed_address_pairs': [], 'port_security_enabled': True, 'qos_policy_id': None, 'network_qos_policy_id': None, 'profile': {}, 'propagate_uplink_status': False} {{(pid=104781) _get_device_details /opt/stack/neutron/neutron/plugins/ml2/rpc.py:184}}
Sep 21 17:47:15.167836 dv-cinder-810288-1-smb neutron-server[104780]: DEBUG neutron.pecan_wsgi.hooks.policy_enforcement [req-52dfa4a6-4975-45b3-8912-22ce19080e84 req-e078f9c7-f725-4107-94df-45a33e339a58 tempest-ServerRescueNegativeTestJSON-91216055 tempest-ServerRescueNegativeTestJSON-91216055-project] Attributes excluded by policy engine: ['standard_attr_id', 'binding:profile', 'binding:host_id', 'binding:vif_type', 'binding:vif_details'] {{(pid=104780) _exclude_attributes_by_policy /opt/stack/neutron/neutron/pecan_wsgi/hooks/policy_enforcement.py:255}}
Sep 21 17:47:15.177625 dv-cinder-810288-1-smb neutron-server[104780]: INFO neutron.wsgi [req-52dfa4a6-4975-45b3-8912-22ce19080e84 req-e078f9c7-f725-4107-94df-45a33e339a58 tempest-ServerRescueNegativeTestJSON-91216055 tempest-ServerRescueNegativeTestJSON-91216055-project] 10.222.0.21 "GET /v2.0/ports?device_id=3dde846a-a9fd-48bf-b14d-c8b6e0e16c10 HTTP/1.1" status: 200 len: 944 time: 0.1393423
Sep 21 17:47:15.216970 dv-cinder-810288-1-smb neutron-server[104779]: DEBUG neutron.pecan_wsgi.hooks.policy_enforcement [req-3bfdc0f4-6764-4661-b90e-2f7b5ac6faaf req-117f360f-0b98-4503-a0c9-b7d44d72bd05 tempest-AttachVolumeTestJSON-1568978253 tempest-AttachVolumeTestJSON-1568978253-project] Attributes excluded by policy engine: ['standard_attr_id', 'binding:profile', 'binding:host_id', 'binding:vif_type', 'binding:vif_details'] {{(pid=104779) _exclude_attributes_by_policy /opt/stack/neutron/neutron/pecan_wsgi/hooks/policy_enforcement.py:255}}
Sep 21 17:47:15.219617 dv-cinder-810288-1-smb neutron-server[104779]: INFO neutron.wsgi [req-3bfdc0f4-6764-4661-b90e-2f7b5ac6faaf req-117f360f-0b98-4503-a0c9-b7d44d72bd05 tempest-AttachVolumeTestJSON-1568978253 tempest-AttachVolumeTestJSON-1568978253-project] 10.222.0.21 "GET /v2.0/ports?device_id=4528504c-267e-49f8-9a4c-6f822387a3e1 HTTP/1.1" status: 200 len: 944 time: 0.0636272
Sep 21 17:47:15.227451 dv-cinder-810288-1-smb neutron-server[104781]: DEBUG neutron_lib.callbacks.manager [None req-ae5a9ab7-d81f-4a60-9051-96519095f0e8 None None] Notify callbacks ['neutron.plugins.ml2.plugin.SecurityGroupDbMixin._ensure_default_security_group_handler-1709355'] for port, before_update {{(pid=104781) _notify_loop /usr/local/lib/python3.8/dist-packages/neutron_lib/callbacks/manager.py:192}}
Sep 21 17:47:15.242609 dv-cinder-810288-1-smb neutron-server[104781]: DEBUG neutron.notifiers.nova [None req-ae5a9ab7-d81f-4a60-9051-96519095f0e8 None None] Ignoring state change previous_port_status: DOWN current_port_status: BUILD port_id 7740c828-6c08-41c6-ba4c-5ba6740667b0 {{(pid=104781) record_port_status_changed /opt/stack/neutron/neutron/notifiers/nova.py:224}}
Sep 21 17:47:15.247847 dv-cinder-810288-1-smb neutron-server[104780]: INFO neutron.wsgi [req-52dfa4a6-4975-45b3-8912-22ce19080e84 req-00a2a540-0359-4555-9f1c-cb32cdbc4869 tempest-ServerRescueNegativeTestJSON-91216055 tempest-ServerRescueNegativeTestJSON-91216055-project] 10.222.0.21 "GET /v2.0/security-groups?id=dcf35dc2-7763-4aa8-bbd7-3ce9cd7d4d2c&fields=id&fields=name HTTP/1.1" status: 200 len: 286 time: 0.0690238
Sep 21 17:47:15.258281 dv-cinder-810288-1-smb neutron-server[104779]: DEBUG neutron_lib.callbacks.manager [None req-24b11440-c7af-4091-9b95-74af29ac33c2 admin admin] Notify callbacks ['neutron.plugins.ml2.ovo_rpc._ObjectChangeHandler.handle_event-563417'] for security_group, after_delete {{(pid=104779) _notify_loop /usr/local/lib/python3.8/dist-packages/neutron_lib/callbacks/manager.py:192}}
Sep 21 17:47:15.262996 dv-cinder-810288-1-smb neutron-server[104779]: DEBUG neutron_lib.callbacks.manager [None req-24b11440-c7af-4091-9b95-74af29ac33c2 admin admin] Notify callbacks [] for security_group, before_response {{(pid=104779) _notify_loop /usr/local/lib/python3.8/dist-packages/neutron_lib/callbacks/manager.py:192}}
Sep 21 17:47:15.268582 dv-cinder-810288-1-smb neutron-server[104779]: INFO neutron.wsgi [None req-24b11440-c7af-4091-9b95-74af29ac33c2 admin admin] 10.222.0.21 "DELETE /v2.0/security-groups/c7dc4df2-764f-48f8-aec2-fd6f540be397 HTTP/1.1" status: 204 len: 168 time: 0.3791163
Sep 21 17:47:15.291307 dv-cinder-810288-1-smb neutron-server[104781]: DEBUG neutron.plugins.ml2.db [None req-ae5a9ab7-d81f-4a60-9051-96519095f0e8 None None] For port 7740c828-6c08-41c6-ba4c-5ba6740667b0, host hv-cinder-81028, got binding levels [PortBindingLevel(driver='hyperv',host='hv-cinder-81028',level=0,port_id=7740c828-6c08-41c6-ba4c-5ba6740667b0,segment=NetworkSegment(2e586957-e20d-4cbc-b2cb-8f5e6eb1a9bf),segment_id=2e586957-e20d-4cbc-b2cb-8f5e6eb1a9bf)] {{(pid=104781) get_binding_level_objs /opt/stack/neutron/neutron/plugins/ml2/db.py:74}}
Sep 21 17:47:15.300198 dv-cinder-810288-1-smb neutron-server[104781]: DEBUG neutron_lib.callbacks.manager [None req-ae5a9ab7-d81f-4a60-9051-96519095f0e8 None None] Notify callbacks ['neutron.plugins.ml2.plugin.SecurityGroupServerNotifierRpcMixin._notify_sg_on_port_change-1709418', 'neutron.plugins.ml2.ovo_rpc._ObjectChangeHandler.handle_event-228479', 'neutron.api.rpc.agentnotifiers.dhcp_rpc_agent_api.DhcpAgentNotifyAPI._native_event_send_dhcp_notification-527161', 'neutron.db.l3_db.L3RpcNotifierMixin._notify_gateway_port_ip_changed-8732577478413', 'neutron.db.l3_dvrscheduler_db._notify_l3_agent_port_update-8732576990666', 'neutron.db.l3_hascheduler_db._notify_l3_agent_ha_port_update-8732576990684'] for port, after_update {{(pid=104781) _notify_loop /usr/local/lib/python3.8/dist-packages/neutron_lib/callbacks/manager.py:192}}
Sep 21 17:47:15.333486 dv-cinder-810288-1-smb neutron-server[104779]: DEBUG neutron.api.rpc.handlers.resources_rpc [None req-24b11440-c7af-4091-9b95-74af29ac33c2 admin admin] Pushing event deleted for resources: {'SecurityGroup': ['ID=c7dc4df2-764f-48f8-aec2-fd6f540be397,revision_number=None']} {{(pid=104779) push /opt/stack/neutron/neutron/api/rpc/handlers/resources_rpc.py:237}}
Sep 21 17:47:15.344091 dv-cinder-810288-1-smb neutron-server[104779]: INFO neutron.wsgi [req-3bfdc0f4-6764-4661-b90e-2f7b5ac6faaf req-1e85e21c-1671-4c19-a63d-d56744085e4c tempest-AttachVolumeTestJSON-1568978253 tempest-AttachVolumeTestJSON-1568978253-project] 10.222.0.21 "GET /v2.0/security-groups?id=29c090c4-3789-49e8-9790-b6b65e28dc30&fields=id&fields=name HTTP/1.1" status: 200 len: 313 time: 0.1153412
Sep 21 17:47:15.463437 dv-cinder-810288-1-smb neutron-server[104781]: DEBUG neutron.api.rpc.handlers.resources_rpc [None req-ae5a9ab7-d81f-4a60-9051-96519095f0e8 None None] Pushing event updated for resources: {'Port': ['ID=7740c828-6c08-41c6-ba4c-5ba6740667b0,revision_number=4']} {{(pid=104781) push /opt/stack/neutron/neutron/api/rpc/handlers/resources_rpc.py:237}}
Sep 21 17:47:15.555272 dv-cinder-810288-1-smb neutron-server[104779]: DEBUG neutron.pecan_wsgi.hooks.policy_enforcement [req-6ca11fd2-2615-4ec1-aa94-84600458e57e req-f886ad20-cbd8-4658-b095-954a3c74149c tempest-AttachVolumeShelveTestJSON-2115202630 tempest-AttachVolumeShelveTestJSON-2115202630-project] Attributes excluded by policy engine: ['standard_attr_id', 'binding:profile', 'binding:host_id', 'binding:vif_type', 'binding:vif_details'] {{(pid=104779) _exclude_attributes_by_policy /opt/stack/neutron/neutron/pecan_wsgi/hooks/policy_enforcement.py:255}}
Sep 21 17:47:15.564354 dv-cinder-810288-1-smb neutron-server[104779]: INFO neutron.wsgi [req-6ca11fd2-2615-4ec1-aa94-84600458e57e req-f886ad20-cbd8-4658-b095-954a3c74149c tempest-AttachVolumeShelveTestJSON-2115202630 tempest-AttachVolumeShelveTestJSON-2115202630-project] 10.222.0.21 "GET /v2.0/ports?device_id=4bb5cd83-0c49-4642-8e6c-239ad9506449 HTTP/1.1" status: 200 len: 945 time: 0.0883615
Sep 21 17:47:15.613596 dv-cinder-810288-1-smb neutron-server[104779]: INFO neutron.wsgi [req-6ca11fd2-2615-4ec1-aa94-84600458e57e req-356f48fa-16e9-4a30-9d5b-ded5d5298c03 tempest-AttachVolumeShelveTestJSON-2115202630 tempest-AttachVolumeShelveTestJSON-2115202630-project] 10.222.0.21 "GET /v2.0/security-groups?id=37262d13-0a2d-49a3-999b-f40e06e2ea21&fields=id&fields=name HTTP/1.1" status: 200 len: 312 time: 0.0477958
Sep 21 17:47:15.757635 dv-cinder-810288-1-smb neutron-server[104781]: DEBUG neutron.plugins.ml2.db [None req-ae5a9ab7-d81f-4a60-9051-96519095f0e8 None None] get_ports_and_sgs() called for port_ids ['7740c828-6c08-41c6-ba4c-5ba6740667b0'] {{(pid=104781) get_ports_and_sgs /opt/stack/neutron/neutron/plugins/ml2/db.py:156}}
Sep 21 17:47:16.405486 dv-cinder-810288-1-smb neutron-server[104779]: DEBUG neutron.pecan_wsgi.hooks.policy_enforcement [req-72679ad9-9ad0-444b-b7b2-2dcf08099f11 req-59670ab0-117a-4735-8395-679910b8b49b tempest-ServerRescueNegativeTestJSON-91216055 tempest-ServerRescueNegativeTestJSON-91216055-project] Attributes excluded by policy engine: ['standard_attr_id', 'binding:profile', 'binding:host_id', 'binding:vif_type', 'binding:vif_details'] {{(pid=104779) _exclude_attributes_by_policy /opt/stack/neutron/neutron/pecan_wsgi/hooks/policy_enforcement.py:255}}
Sep 21 17:47:16.408005 dv-cinder-810288-1-smb neutron-server[104779]: INFO neutron.wsgi [req-72679ad9-9ad0-444b-b7b2-2dcf08099f11 req-59670ab0-117a-4735-8395-679910b8b49b tempest-ServerRescueNegativeTestJSON-91216055 tempest-ServerRescueNegativeTestJSON-91216055-project] 10.222.0.21 "GET /v2.0/ports?device_id=3dde846a-a9fd-48bf-b14d-c8b6e0e16c10 HTTP/1.1" status: 200 len: 944 time: 0.0766003
Sep 21 17:47:16.449884 dv-cinder-810288-1-smb neutron-server[104779]: INFO neutron.wsgi [req-72679ad9-9ad0-444b-b7b2-2dcf08099f11 req-24abaaaa-0a2c-4123-915b-bed27a0b7b8f tempest-ServerRescueNegativeTestJSON-91216055 tempest-ServerRescueNegativeTestJSON-91216055-project] 10.222.0.21 "GET /v2.0/security-groups?id=dcf35dc2-7763-4aa8-bbd7-3ce9cd7d4d2c&fields=id&fields=name HTTP/1.1" status: 200 len: 286 time: 0.0357368
Sep 21 17:47:16.494594 dv-cinder-810288-1-smb neutron-server[104780]: DEBUG neutron.pecan_wsgi.hooks.policy_enforcement [req-777b2634-dd22-4389-9687-a2bce243e8f5 req-1fbc536d-1b3f-4b90-adfb-b1ef95df36d3 tempest-AttachVolumeTestJSON-1568978253 tempest-AttachVolumeTestJSON-1568978253-project] Attributes excluded by policy engine: ['standard_attr_id', 'binding:profile', 'binding:host_id', 'binding:vif_type', 'binding:vif_details'] {{(pid=104780) _exclude_attributes_by_policy /opt/stack/neutron/neutron/pecan_wsgi/hooks/policy_enforcement.py:255}}
Sep 21 17:47:16.496817 dv-cinder-810288-1-smb neutron-server[104780]: INFO neutron.wsgi [req-777b2634-dd22-4389-9687-a2bce243e8f5 req-1fbc536d-1b3f-4b90-adfb-b1ef95df36d3 tempest-AttachVolumeTestJSON-1568978253 tempest-AttachVolumeTestJSON-1568978253-project] 10.222.0.21 "GET /v2.0/ports?device_id=4528504c-267e-49f8-9a4c-6f822387a3e1 HTTP/1.1" status: 200 len: 944 time: 0.0641360
Sep 21 17:47:16.566799 dv-cinder-810288-1-smb neutron-server[104780]: INFO neutron.wsgi [req-777b2634-dd22-4389-9687-a2bce243e8f5 req-7ffb946f-310a-41c8-acaf-5e000e537ab6 tempest-AttachVolumeTestJSON-1568978253 tempest-AttachVolumeTestJSON-1568978253-project] 10.222.0.21 "GET /v2.0/security-groups?id=29c090c4-3789-49e8-9790-b6b65e28dc30&fields=id&fields=name HTTP/1.1" status: 200 len: 313 time: 0.0586996
Sep 21 17:47:16.729329 dv-cinder-810288-1-smb neutron-server[104779]: DEBUG neutron.pecan_wsgi.hooks.policy_enforcement [req-9b0a7d64-077a-4870-8a07-a6d76c73d1e3 req-a77860d5-cfc0-42f3-bb57-ad3015ddec20 tempest-AttachVolumeShelveTestJSON-2115202630 tempest-AttachVolumeShelveTestJSON-2115202630-project] Attributes excluded by policy engine: ['standard_attr_id', 'binding:profile', 'binding:host_id', 'binding:vif_type', 'binding:vif_details'] {{(pid=104779) _exclude_attributes_by_policy /opt/stack/neutron/neutron/pecan_wsgi/hooks/policy_enforcement.py:255}}
Sep 21 17:47:16.730829 dv-cinder-810288-1-smb neutron-server[104779]: INFO neutron.wsgi [req-9b0a7d64-077a-4870-8a07-a6d76c73d1e3 req-a77860d5-cfc0-42f3-bb57-ad3015ddec20 tempest-AttachVolumeShelveTestJSON-2115202630 tempest-AttachVolumeShelveTestJSON-2115202630-project] 10.222.0.21 "GET /v2.0/ports?device_id=4bb5cd83-0c49-4642-8e6c-239ad9506449 HTTP/1.1" status: 200 len: 945 time: 0.0496998
Sep 21 17:47:16.769984 dv-cinder-810288-1-smb neutron-server[104779]: INFO neutron.wsgi [req-9b0a7d64-077a-4870-8a07-a6d76c73d1e3 req-486ea636-0771-4542-bdb0-28e6bd46da3e tempest-AttachVolumeShelveTestJSON-2115202630 tempest-AttachVolumeShelveTestJSON-2115202630-project] 10.222.0.21 "GET /v2.0/security-groups?id=37262d13-0a2d-49a3-999b-f40e06e2ea21&fields=id&fields=name HTTP/1.1" status: 200 len: 312 time: 0.0323722
Sep 21 17:47:16.842357 dv-cinder-810288-1-smb neutron-server[104781]: DEBUG neutron.plugins.ml2.rpc [None req-ae5a9ab7-d81f-4a60-9051-96519095f0e8 None None] Device b9505d7e-9ed6-428c-86dc-6489e91620e1 details requested by agent hyperv_hv-cinder-81028 with host hv-cinder-81028 {{(pid=104781) get_device_details /opt/stack/neutron/neutron/plugins/ml2/rpc.py:102}}
Sep 21 17:47:16.845065 dv-cinder-810288-1-smb neutron-server[104781]: DEBUG neutron.plugins.ml2.rpc [None req-ae5a9ab7-d81f-4a60-9051-96519095f0e8 None None] Device 571cac06-a2bf-4722-be95-dedd8fad7575 up at agent hyperv_hv-cinder-81028 {{(pid=104781) update_device_up /opt/stack/neutron/neutron/plugins/ml2/rpc.py:296}}
Sep 21 17:47:16.966749 dv-cinder-810288-1-smb neutron-server[104781]: DEBUG neutron.db.provisioning_blocks [None req-ae5a9ab7-d81f-4a60-9051-96519095f0e8 None None] Provisioning for port 571cac06-a2bf-4722-be95-dedd8fad7575 completed by entity L2. {{(pid=104781) provisioning_complete /opt/stack/neutron/neutron/db/provisioning_blocks.py:133}}
Sep 21 17:47:16.975220 dv-cinder-810288-1-smb neutron-server[104781]: DEBUG neutron.db.provisioning_blocks [None req-ae5a9ab7-d81f-4a60-9051-96519095f0e8 None None] Provisioning complete for port 571cac06-a2bf-4722-be95-dedd8fad7575 triggered by entity L2. {{(pid=104781) provisioning_complete /opt/stack/neutron/neutron/db/provisioning_blocks.py:139}}
Sep 21 17:47:16.975347 dv-cinder-810288-1-smb neutron-server[104781]: DEBUG neutron_lib.callbacks.manager [None req-ae5a9ab7-d81f-4a60-9051-96519095f0e8 None None] Notify callbacks ['neutron.plugins.ml2.plugin.Ml2Plugin._port_provisioned-1733863'] for port, provisioning_complete {{(pid=104781) _notify_loop /usr/local/lib/python3.8/dist-packages/neutron_lib/callbacks/manager.py:192}}
Sep 21 17:47:17.016629 dv-cinder-810288-1-smb neutron-server[104781]: DEBUG neutron.plugins.ml2.db [None req-ae5a9ab7-d81f-4a60-9051-96519095f0e8 None None] For port b9505d7e-9ed6-428c-86dc-6489e91620e1, host hv-cinder-81028, got binding levels [PortBindingLevel(driver='hyperv',host='hv-cinder-81028',level=0,port_id=b9505d7e-9ed6-428c-86dc-6489e91620e1,segment=NetworkSegment(64584d9b-bf00-4f92-bfab-242d91cb7db9),segment_id=64584d9b-bf00-4f92-bfab-242d91cb7db9)] {{(pid=104781) get_binding_level_objs /opt/stack/neutron/neutron/plugins/ml2/db.py:74}}
Sep 21 17:47:17.035065 dv-cinder-810288-1-smb neutron-server[104781]: DEBUG neutron.plugins.ml2.rpc [None req-ae5a9ab7-d81f-4a60-9051-96519095f0e8 None None] Returning: {'device': 'b9505d7e-9ed6-428c-86dc-6489e91620e1', 'network_id': 'fb986d51-5d17-4ac6-a80c-2707a4685ccc', 'port_id': 'b9505d7e-9ed6-428c-86dc-6489e91620e1', 'mac_address': 'fa:16:3e:b7:8d:bb', 'admin_state_up': True, 'network_type': 'vlan', 'segmentation_id': 794, 'physical_network': 'physnet1', 'mtu': 1500, 'fixed_ips': [{'subnet_id': '9685402b-764f-4f6d-b964-eaf674a836fc', 'ip_address': '172.20.0.14'}], 'device_owner': 'compute:nova', 'allowed_address_pairs': [], 'port_security_enabled': True, 'qos_policy_id': None, 'network_qos_policy_id': None, 'profile': {}, 'propagate_uplink_status': False} {{(pid=104781) _get_device_details /opt/stack/neutron/neutron/plugins/ml2/rpc.py:184}}
Sep 21 17:47:17.112827 dv-cinder-810288-1-smb neutron-server[104781]: DEBUG neutron_lib.callbacks.manager [None req-ae5a9ab7-d81f-4a60-9051-96519095f0e8 None None] Notify callbacks ['neutron.plugins.ml2.plugin.SecurityGroupDbMixin._ensure_default_security_group_handler-1709355'] for port, before_update {{(pid=104781) _notify_loop /usr/local/lib/python3.8/dist-packages/neutron_lib/callbacks/manager.py:192}}
Sep 21 17:47:17.130884 dv-cinder-810288-1-smb neutron-server[104781]: DEBUG neutron_lib.callbacks.manager [None req-ae5a9ab7-d81f-4a60-9051-96519095f0e8 None None] Notify callbacks ['neutron.plugins.ml2.plugin.SecurityGroupDbMixin._ensure_default_security_group_handler-1709355'] for port, before_update {{(pid=104781) _notify_loop /usr/local/lib/python3.8/dist-packages/neutron_lib/callbacks/manager.py:192}}
Sep 21 17:47:17.135647 dv-cinder-810288-1-smb neutron-server[104781]: DEBUG neutron.notifiers.nova [None req-ae5a9ab7-d81f-4a60-9051-96519095f0e8 None None] Ignoring state change previous_port_status: DOWN current_port_status: BUILD port_id b9505d7e-9ed6-428c-86dc-6489e91620e1 {{(pid=104781) record_port_status_changed /opt/stack/neutron/neutron/notifiers/nova.py:224}}
Sep 21 17:47:17.171288 dv-cinder-810288-1-smb neutron-server[104781]: DEBUG neutron.plugins.ml2.db [None req-ae5a9ab7-d81f-4a60-9051-96519095f0e8 None None] For port b9505d7e-9ed6-428c-86dc-6489e91620e1, host hv-cinder-81028, got binding levels [PortBindingLevel(driver='hyperv',host='hv-cinder-81028',level=0,port_id=b9505d7e-9ed6-428c-86dc-6489e91620e1,segment=NetworkSegment(64584d9b-bf00-4f92-bfab-242d91cb7db9),segment_id=64584d9b-bf00-4f92-bfab-242d91cb7db9)] {{(pid=104781) get_binding_level_objs /opt/stack/neutron/neutron/plugins/ml2/db.py:74}}
Sep 21 17:47:17.177396 dv-cinder-810288-1-smb neutron-server[104781]: DEBUG neutron.notifiers.nova [-] Sending events: [{'server_uuid': '3dde846a-a9fd-48bf-b14d-c8b6e0e16c10', 'name': 'network-vif-plugged', 'status': 'completed', 'tag': '571cac06-a2bf-4722-be95-dedd8fad7575'}] {{(pid=104781) send_events /opt/stack/neutron/neutron/notifiers/nova.py:262}}
Sep 21 17:47:17.180254 dv-cinder-810288-1-smb neutron-server[104781]: DEBUG novaclient.v2.client [-] REQ: curl -g -i --cacert "/opt/stack/data/ca-bundle.pem" -X POST http://10.222.0.21/compute/v2.1/os-server-external-events -H "Accept: application/json" -H "Content-Type: application/json" -H "User-Agent: python-novaclient" -H "X-Auth-Token: {SHA256}a049f575dd32b642ad3820204c978f6f3ff5de1fdccb02ade9f6e26be2618413" -H "X-OpenStack-Nova-API-Version: 2.1" -H "X-OpenStack-Request-ID: req-ab2695cc-7d5b-47ef-a2c9-d06f6620b2fd" -d '{"events": [{"server_uuid": "3dde846a-a9fd-48bf-b14d-c8b6e0e16c10", "name": "network-vif-plugged", "status": "completed", "tag": "571cac06-a2bf-4722-be95-dedd8fad7575"}]}' {{(pid=104781) _http_log_request /usr/local/lib/python3.8/dist-packages/keystoneauth1/session.py:519}}
Sep 21 17:47:17.209582 dv-cinder-810288-1-smb neutron-server[104781]: DEBUG neutron_lib.callbacks.manager [None req-ae5a9ab7-d81f-4a60-9051-96519095f0e8 None None] Notify callbacks ['neutron.plugins.ml2.plugin.SecurityGroupServerNotifierRpcMixin._notify_sg_on_port_change-1709418', 'neutron.plugins.ml2.ovo_rpc._ObjectChangeHandler.handle_event-228479', 'neutron.api.rpc.agentnotifiers.dhcp_rpc_agent_api.DhcpAgentNotifyAPI._native_event_send_dhcp_notification-527161', 'neutron.db.l3_db.L3RpcNotifierMixin._notify_gateway_port_ip_changed-8732577478413', 'neutron.db.l3_dvrscheduler_db._notify_l3_agent_port_update-8732576990666', 'neutron.db.l3_hascheduler_db._notify_l3_agent_ha_port_update-8732576990684'] for port, after_update {{(pid=104781) _notify_loop /usr/local/lib/python3.8/dist-packages/neutron_lib/callbacks/manager.py:192}}
Sep 21 17:47:17.217386 dv-cinder-810288-1-smb neutron-server[104781]: DEBUG neutron.plugins.ml2.db [None req-ae5a9ab7-d81f-4a60-9051-96519095f0e8 None None] For port 571cac06-a2bf-4722-be95-dedd8fad7575, host hv-cinder-81028, got binding levels [PortBindingLevel(driver='hyperv',host='hv-cinder-81028',level=0,port_id=571cac06-a2bf-4722-be95-dedd8fad7575,segment=NetworkSegment(aecc97e4-dc53-401d-b653-acf0def788e3),segment_id=aecc97e4-dc53-401d-b653-acf0def788e3)] {{(pid=104781) get_binding_level_objs /opt/stack/neutron/neutron/plugins/ml2/db.py:74}}
Sep 21 17:47:17.281533 dv-cinder-810288-1-smb neutron-server[104781]: DEBUG novaclient.v2.client [-] RESP: [200] Connection: close Content-Length: 183 Content-Type: application/json Date: Tue, 21 Sep 2021 17:47:17 GMT OpenStack-API-Version: compute 2.1 Server: Apache/2.4.41 (Ubuntu) Vary: OpenStack-API-Version,X-OpenStack-Nova-API-Version X-OpenStack-Nova-API-Version: 2.1 x-compute-request-id: req-04920b00-614b-416a-8c1f-a42f037a8f14 x-openstack-request-id: req-04920b00-614b-416a-8c1f-a42f037a8f14 {{(pid=104781) _http_log_response /usr/local/lib/python3.8/dist-packages/keystoneauth1/session.py:550}}
Sep 21 17:47:17.281880 dv-cinder-810288-1-smb neutron-server[104781]: DEBUG novaclient.v2.client [-] RESP BODY: {"events": [{"server_uuid": "3dde846a-a9fd-48bf-b14d-c8b6e0e16c10", "name": "network-vif-plugged", "status": "completed", "tag": "571cac06-a2bf-4722-be95-dedd8fad7575", "code": 200}]} {{(pid=104781) _http_log_response /usr/local/lib/python3.8/dist-packages/keystoneauth1/session.py:582}}
Sep 21 17:47:17.283469 dv-cinder-810288-1-smb neutron-server[104781]: DEBUG novaclient.v2.client [-] POST call to compute for http://10.222.0.21/compute/v2.1/os-server-external-events used request id req-04920b00-614b-416a-8c1f-a42f037a8f14 {{(pid=104781) request /usr/local/lib/python3.8/dist-packages/keystoneauth1/session.py:954}}
Sep 21 17:47:17.284794 dv-cinder-810288-1-smb neutron-server[104781]: INFO neutron.notifiers.nova [-] Nova event response: {'server_uuid': '3dde846a-a9fd-48bf-b14d-c8b6e0e16c10', 'name': 'network-vif-plugged', 'status': 'completed', 'tag': '571cac06-a2bf-4722-be95-dedd8fad7575', 'code': 200}
Sep 21 17:47:17.289199 dv-cinder-810288-1-smb neutron-server[104781]: DEBUG neutron_lib.callbacks.manager [None req-ae5a9ab7-d81f-4a60-9051-96519095f0e8 None None] Notify callbacks ['neutron.plugins.ml2.plugin.SecurityGroupServerNotifierRpcMixin._notify_sg_on_port_change-1709418', 'neutron.plugins.ml2.ovo_rpc._ObjectChangeHandler.handle_event-228479', 'neutron.api.rpc.agentnotifiers.dhcp_rpc_agent_api.DhcpAgentNotifyAPI._native_event_send_dhcp_notification-527161', 'neutron.db.l3_db.L3RpcNotifierMixin._notify_gateway_port_ip_changed-8732577478413', 'neutron.db.l3_dvrscheduler_db._notify_l3_agent_port_update-8732576990666', 'neutron.db.l3_hascheduler_db._notify_l3_agent_ha_port_update-8732576990684'] for port, after_update {{(pid=104781) _notify_loop /usr/local/lib/python3.8/dist-packages/neutron_lib/callbacks/manager.py:192}}
Sep 21 17:47:17.303280 dv-cinder-810288-1-smb neutron-server[104781]: DEBUG neutron.api.rpc.handlers.resources_rpc [None req-ae5a9ab7-d81f-4a60-9051-96519095f0e8 None None] Pushing event updated for resources: {'Port': ['ID=b9505d7e-9ed6-428c-86dc-6489e91620e1,revision_number=4']} {{(pid=104781) push /opt/stack/neutron/neutron/api/rpc/handlers/resources_rpc.py:237}}
Sep 21 17:47:17.385565 dv-cinder-810288-1-smb neutron-server[104781]: DEBUG neutron.api.rpc.handlers.resources_rpc [None req-ae5a9ab7-d81f-4a60-9051-96519095f0e8 None None] Pushing event updated for resources: {'Port': ['ID=571cac06-a2bf-4722-be95-dedd8fad7575,revision_number=5']} {{(pid=104781) push /opt/stack/neutron/neutron/api/rpc/handlers/resources_rpc.py:237}}
Sep 21 17:47:17.462803 dv-cinder-810288-1-smb neutron-server[104779]: DEBUG neutron.pecan_wsgi.hooks.policy_enforcement [req-74cc4094-026d-4cd0-a4be-30cab0069a56 req-7c367c65-2455-43fa-a9aa-2c0341048d48 service neutron] Attributes excluded by policy engine: ['standard_attr_id'] {{(pid=104779) _exclude_attributes_by_policy /opt/stack/neutron/neutron/pecan_wsgi/hooks/policy_enforcement.py:255}}
Sep 21 17:47:17.464578 dv-cinder-810288-1-smb neutron-server[104779]: INFO neutron.wsgi [req-74cc4094-026d-4cd0-a4be-30cab0069a56 req-7c367c65-2455-43fa-a9aa-2c0341048d48 service neutron] 10.222.0.46 "GET /v2.0/ports?device_id=3dde846a-a9fd-48bf-b14d-c8b6e0e16c10 HTTP/1.1" status: 200 len: 1098 time: 0.0550191
Sep 21 17:47:17.473056 dv-cinder-810288-1-smb neutron-server[104780]: DEBUG neutron.wsgi [-] (104780) accepted ('10.222.0.21', 37918) {{(pid=104780) server /usr/local/lib/python3.8/dist-packages/eventlet/wsgi.py:982}}
Sep 21 17:47:17.517259 dv-cinder-810288-1-smb neutron-server[104779]: INFO neutron.wsgi [req-74cc4094-026d-4cd0-a4be-30cab0069a56 req-24dd883e-0886-40e4-9464-d79109d156ff service neutron] 10.222.0.46 "GET /v2.0/security-groups?id=dcf35dc2-7763-4aa8-bbd7-3ce9cd7d4d2c&fields=id&fields=name HTTP/1.1" status: 200 len: 286 time: 0.0446506
Sep 21 17:47:17.588349 dv-cinder-810288-1-smb neutron-server[104779]: DEBUG neutron.pecan_wsgi.hooks.policy_enforcement [req-f26b09ca-498c-4455-856d-c640064c1996 req-ff68ddb8-0f50-4186-9d11-9d607a2ac2c1 tempest-ServerRescueNegativeTestJSON-91216055 tempest-ServerRescueNegativeTestJSON-91216055-project] Attributes excluded by policy engine: ['standard_attr_id', 'binding:profile', 'binding:host_id', 'binding:vif_type', 'binding:vif_details'] {{(pid=104779) _exclude_attributes_by_policy /opt/stack/neutron/neutron/pecan_wsgi/hooks/policy_enforcement.py:255}}
Sep 21 17:47:17.590000 dv-cinder-810288-1-smb neutron-server[104779]: INFO neutron.wsgi [req-f26b09ca-498c-4455-856d-c640064c1996 req-ff68ddb8-0f50-4186-9d11-9d607a2ac2c1 tempest-ServerRescueNegativeTestJSON-91216055 tempest-ServerRescueNegativeTestJSON-91216055-project] 10.222.0.21 "GET /v2.0/ports?device_id=3dde846a-a9fd-48bf-b14d-c8b6e0e16c10 HTTP/1.1" status: 200 len: 945 time: 0.0575280
Sep 21 17:47:17.680567 dv-cinder-810288-1-smb neutron-server[104781]: DEBUG neutron.plugins.ml2.db [None req-ae5a9ab7-d81f-4a60-9051-96519095f0e8 None None] get_ports_and_sgs() called for port_ids ['b9505d7e-9ed6-428c-86dc-6489e91620e1'] {{(pid=104781) get_ports_and_sgs /opt/stack/neutron/neutron/plugins/ml2/db.py:156}}
Sep 21 17:47:17.719110 dv-cinder-810288-1-smb neutron-server[104779]: INFO neutron.wsgi [req-f26b09ca-498c-4455-856d-c640064c1996 req-e9ea7726-3dc9-4da5-b05d-d87aa83e5daa tempest-ServerRescueNegativeTestJSON-91216055 tempest-ServerRescueNegativeTestJSON-91216055-project] 10.222.0.21 "GET /v2.0/security-groups?id=dcf35dc2-7763-4aa8-bbd7-3ce9cd7d4d2c&fields=id&fields=name HTTP/1.1" status: 200 len: 286 time: 0.1105740
