Feb 14 14:25:40.403544 dv-cinder-810131-4-smb devstack@c-api.service[109583]: DEBUG cinder.volume.flows.api.create_volume [None req-a8f34ea4-3d15-4d0f-a100-0ef61c08b1c4 tempest-VolumesActionsTest-1130301258 tempest-VolumesActionsTest-1130301258-project] Validating volume size '1' using validate_int {{(pid=109583) _extract_size /opt/stack/cinder/cinder/volume/flows/api/create_volume.py:225}}
Feb 14 14:25:40.461593 dv-cinder-810131-4-smb devstack@c-api.service[109583]: DEBUG cinder.volume.api [None req-a8f34ea4-3d15-4d0f-a100-0ef61c08b1c4 tempest-VolumesActionsTest-1130301258 tempest-VolumesActionsTest-1130301258-project] Task 'cinder.volume.flows.api.create_volume.ExtractVolumeRequestTask;volume:create' (affcc384-4707-4a9a-8a1b-476aec1e655b) transitioned into state 'SUCCESS' from state 'RUNNING' with result '{'size': 1, 'snapshot_id': None, 'source_volid': None, 'volume_type': VolumeType(created_at=2022-02-14T14:14:37Z,deleted=False,deleted_at=None,description='Default Volume Type',extra_specs={},id=f28af430-b7f9-4290-afa7-712b2308f073,is_public=True,name='__DEFAULT__',projects=[],qos_specs=,qos_specs_id=None,updated_at=2022-02-14T14:14:37Z), 'volume_type_id': 'f28af430-b7f9-4290-afa7-712b2308f073', 'encryption_key_id': None, 'qos_specs': None, 'consistencygroup_id': None, 'cgsnapshot_id': None, 'group_id': None, 'replication_status': 'disabled', 'refresh_az': False, 'backup_id': None, 'multiattach': False, 'availability_zones': ['nova']}' {{(pid=109583) _task_receiver /usr/local/lib/python3.8/dist-packages/taskflow/listeners/logging.py:178}}
Feb 14 14:25:40.464588 dv-cinder-810131-4-smb devstack@c-api.service[109584]: INFO cinder.api.openstack.wsgi [None req-37036b39-6e50-4e0e-9f7c-1a2ac315ac7c tempest-VolumeRetypeWithoutMigrationTest-438742091 tempest-VolumeRetypeWithoutMigrationTest-438742091-project] GET http://10.222.0.43/volume/v3/e3a8bbd1888141ee912280c049e228af/volumes/a9616fbb-3d4a-47ac-8002-e22d3d6a1ba4
Feb 14 14:25:40.465313 dv-cinder-810131-4-smb devstack@c-api.service[109584]: DEBUG cinder.api.openstack.wsgi [None req-37036b39-6e50-4e0e-9f7c-1a2ac315ac7c tempest-VolumeRetypeWithoutMigrationTest-438742091 tempest-VolumeRetypeWithoutMigrationTest-438742091-project] Empty body provided in request {{(pid=109584) get_body /opt/stack/cinder/cinder/api/openstack/wsgi.py:715}}
Feb 14 14:25:40.465746 dv-cinder-810131-4-smb devstack@c-api.service[109583]: DEBUG cinder.volume.api [None req-a8f34ea4-3d15-4d0f-a100-0ef61c08b1c4 tempest-VolumesActionsTest-1130301258 tempest-VolumesActionsTest-1130301258-project] Task 'cinder.volume.flows.api.create_volume.QuotaReserveTask;volume:create' (dce1ba6f-f1c3-49ad-9e34-95168ceadb68) transitioned into state 'RUNNING' from state 'PENDING' {{(pid=109583) _task_receiver /usr/local/lib/python3.8/dist-packages/taskflow/listeners/logging.py:190}}
Feb 14 14:25:40.466240 dv-cinder-810131-4-smb devstack@c-api.service[109584]: DEBUG cinder.api.openstack.wsgi [None req-37036b39-6e50-4e0e-9f7c-1a2ac315ac7c tempest-VolumeRetypeWithoutMigrationTest-438742091 tempest-VolumeRetypeWithoutMigrationTest-438742091-project] Calling method 'show' {{(pid=109584) _process_stack /opt/stack/cinder/cinder/api/openstack/wsgi.py:868}}
Feb 14 14:25:40.489924 dv-cinder-810131-4-smb devstack@c-api.service[109584]: /usr/local/lib/python3.8/dist-packages/oslo_context/context.py:105: DeprecationWarning: Policy enforcement is depending on the value of is_admin. This key is deprecated. Please update your policy file to use the standard policy values.
Feb 14 14:25:40.489924 dv-cinder-810131-4-smb devstack@c-api.service[109584]: warnings.warn('Policy enforcement is depending on the value of '
Feb 14 14:25:40.500960 dv-cinder-810131-4-smb devstack@c-api.service[109584]: INFO cinder.volume.api [None req-37036b39-6e50-4e0e-9f7c-1a2ac315ac7c tempest-VolumeRetypeWithoutMigrationTest-438742091 tempest-VolumeRetypeWithoutMigrationTest-438742091-project] Volume info retrieved successfully.
Feb 14 14:25:40.511148 dv-cinder-810131-4-smb devstack@c-api.service[109584]: INFO cinder.api.openstack.wsgi [None req-37036b39-6e50-4e0e-9f7c-1a2ac315ac7c tempest-VolumeRetypeWithoutMigrationTest-438742091 tempest-VolumeRetypeWithoutMigrationTest-438742091-project] http://10.222.0.43/volume/v3/e3a8bbd1888141ee912280c049e228af/volumes/a9616fbb-3d4a-47ac-8002-e22d3d6a1ba4 returned with HTTP 200
Feb 14 14:25:40.512171 dv-cinder-810131-4-smb devstack@c-api.service[109584]: [pid: 109584|app: 0|req: 170/349] 10.222.0.43 () {58 vars in 1324 bytes} [Mon Feb 14 14:25:40 2022] GET /volume/v3/e3a8bbd1888141ee912280c049e228af/volumes/a9616fbb-3d4a-47ac-8002-e22d3d6a1ba4 => generated 927 bytes in 53 msecs (HTTP/1.1 200) 7 headers in 285 bytes (2 switches on core 0)
Feb 14 14:25:40.527164 dv-cinder-810131-4-smb devstack@c-api.service[109584]: INFO cinder.api.openstack.wsgi [None req-cf685d11-7f90-4629-baf7-99ab760a4754 tempest-VolumeRetypeWithoutMigrationTest-1315350018 tempest-VolumeRetypeWithoutMigrationTest-1315350018-project-admin] GET http://10.222.0.43/volume/v3/e833b4964b9146f2b64315d6b6e6086e/volumes/a9616fbb-3d4a-47ac-8002-e22d3d6a1ba4
Feb 14 14:25:40.527682 dv-cinder-810131-4-smb devstack@c-api.service[109584]: DEBUG cinder.api.openstack.wsgi [None req-cf685d11-7f90-4629-baf7-99ab760a4754 tempest-VolumeRetypeWithoutMigrationTest-1315350018 tempest-VolumeRetypeWithoutMigrationTest-1315350018-project-admin] Empty body provided in request {{(pid=109584) get_body /opt/stack/cinder/cinder/api/openstack/wsgi.py:715}}
Feb 14 14:25:40.528373 dv-cinder-810131-4-smb devstack@c-api.service[109584]: DEBUG cinder.api.openstack.wsgi [None req-cf685d11-7f90-4629-baf7-99ab760a4754 tempest-VolumeRetypeWithoutMigrationTest-1315350018 tempest-VolumeRetypeWithoutMigrationTest-1315350018-project-admin] Calling method 'show' {{(pid=109584) _process_stack /opt/stack/cinder/cinder/api/openstack/wsgi.py:868}}
Feb 14 14:25:40.544956 dv-cinder-810131-4-smb devstack@c-api.service[109584]: /usr/local/lib/python3.8/dist-packages/oslo_context/context.py:105: DeprecationWarning: Policy enforcement is depending on the value of is_admin. This key is deprecated. Please update your policy file to use the standard policy values.
Feb 14 14:25:40.544956 dv-cinder-810131-4-smb devstack@c-api.service[109584]: warnings.warn('Policy enforcement is depending on the value of '
Feb 14 14:25:40.553178 dv-cinder-810131-4-smb devstack@c-api.service[109584]: INFO cinder.volume.api [None req-cf685d11-7f90-4629-baf7-99ab760a4754 tempest-VolumeRetypeWithoutMigrationTest-1315350018 tempest-VolumeRetypeWithoutMigrationTest-1315350018-project-admin] Volume info retrieved successfully.
Feb 14 14:25:40.562717 dv-cinder-810131-4-smb devstack@c-api.service[109584]: INFO cinder.api.openstack.wsgi [None req-cf685d11-7f90-4629-baf7-99ab760a4754 tempest-VolumeRetypeWithoutMigrationTest-1315350018 tempest-VolumeRetypeWithoutMigrationTest-1315350018-project-admin] http://10.222.0.43/volume/v3/e833b4964b9146f2b64315d6b6e6086e/volumes/a9616fbb-3d4a-47ac-8002-e22d3d6a1ba4 returned with HTTP 200
Feb 14 14:25:40.569653 dv-cinder-810131-4-smb devstack@c-api.service[109584]: [pid: 109584|app: 0|req: 171/350] 10.222.0.43 () {58 vars in 1324 bytes} [Mon Feb 14 14:25:40 2022] GET /volume/v3/e833b4964b9146f2b64315d6b6e6086e/volumes/a9616fbb-3d4a-47ac-8002-e22d3d6a1ba4 => generated 1093 bytes in 40 msecs (HTTP/1.1 200) 7 headers in 286 bytes (1 switches on core 0)
Feb 14 14:25:40.581322 dv-cinder-810131-4-smb devstack@c-api.service[109584]: INFO cinder.api.openstack.wsgi [None req-e9a27074-06ba-408d-b29d-196a1ac28d61 tempest-VolumeRetypeWithoutMigrationTest-1315350018 tempest-VolumeRetypeWithoutMigrationTest-1315350018-project-admin] GET http://10.222.0.43/volume/v3/e833b4964b9146f2b64315d6b6e6086e/volumes?all_tenants=True&name=tempest-VolumeRetypeWithoutMigrationTest-Volume-1428977684
Feb 14 14:25:40.582109 dv-cinder-810131-4-smb devstack@c-api.service[109584]: DEBUG cinder.api.openstack.wsgi [None req-e9a27074-06ba-408d-b29d-196a1ac28d61 tempest-VolumeRetypeWithoutMigrationTest-1315350018 tempest-VolumeRetypeWithoutMigrationTest-1315350018-project-admin] Empty body provided in request {{(pid=109584) get_body /opt/stack/cinder/cinder/api/openstack/wsgi.py:715}}
Feb 14 14:25:40.583502 dv-cinder-810131-4-smb devstack@c-api.service[109584]: DEBUG cinder.api.openstack.wsgi [None req-e9a27074-06ba-408d-b29d-196a1ac28d61 tempest-VolumeRetypeWithoutMigrationTest-1315350018 tempest-VolumeRetypeWithoutMigrationTest-1315350018-project-admin] Calling method 'index' {{(pid=109584) _process_stack /opt/stack/cinder/cinder/api/openstack/wsgi.py:868}}
Feb 14 14:25:40.589243 dv-cinder-810131-4-smb devstack@c-api.service[109584]: DEBUG cinder.volume.api [None req-e9a27074-06ba-408d-b29d-196a1ac28d61 tempest-VolumeRetypeWithoutMigrationTest-1315350018 tempest-VolumeRetypeWithoutMigrationTest-1315350018-project-admin] Searching by: MultiDict([('display_name', 'tempest-VolumeRetypeWithoutMigrationTest-Volume-1428977684'), ('all_tenants', True)]). {{(pid=109584) get_all /opt/stack/cinder/cinder/volume/api.py:661}}
Feb 14 14:25:40.630247 dv-cinder-810131-4-smb devstack@c-api.service[109583]: DEBUG cinder.quota [None req-a8f34ea4-3d15-4d0f-a100-0ef61c08b1c4 tempest-VolumesActionsTest-1130301258 tempest-VolumesActionsTest-1130301258-project] Created reservations ['1a233a03-1818-46c5-bcc5-84397277826e', '6bc19beb-e58f-41ec-af69-49894f285b48', '999dee81-7b07-43f7-8685-30f9586c0bdd', '8d991c32-a6d5-49d5-a49d-7ccd6af55ee1'] {{(pid=109583) reserve /opt/stack/cinder/cinder/quota.py:755}}
Feb 14 14:25:40.633428 dv-cinder-810131-4-smb devstack@c-api.service[109583]: DEBUG cinder.volume.api [None req-a8f34ea4-3d15-4d0f-a100-0ef61c08b1c4 tempest-VolumesActionsTest-1130301258 tempest-VolumesActionsTest-1130301258-project] Task 'cinder.volume.flows.api.create_volume.QuotaReserveTask;volume:create' (dce1ba6f-f1c3-49ad-9e34-95168ceadb68) transitioned into state 'SUCCESS' from state 'RUNNING' with result '{'reservations': ['1a233a03-1818-46c5-bcc5-84397277826e', '6bc19beb-e58f-41ec-af69-49894f285b48', '999dee81-7b07-43f7-8685-30f9586c0bdd', '8d991c32-a6d5-49d5-a49d-7ccd6af55ee1']}' {{(pid=109583) _task_receiver /usr/local/lib/python3.8/dist-packages/taskflow/listeners/logging.py:178}}
Feb 14 14:25:40.636433 dv-cinder-810131-4-smb devstack@c-api.service[109583]: DEBUG cinder.volume.api [None req-a8f34ea4-3d15-4d0f-a100-0ef61c08b1c4 tempest-VolumesActionsTest-1130301258 tempest-VolumesActionsTest-1130301258-project] Task 'cinder.volume.flows.api.create_volume.EntryCreateTask;volume:create' (2febf013-dbe9-486f-a764-da9c431c50f1) transitioned into state 'RUNNING' from state 'PENDING' {{(pid=109583) _task_receiver /usr/local/lib/python3.8/dist-packages/taskflow/listeners/logging.py:190}}
Feb 14 14:25:40.643448 dv-cinder-810131-4-smb devstack@c-api.service[109584]: INFO cinder.volume.api [None req-e9a27074-06ba-408d-b29d-196a1ac28d61 tempest-VolumeRetypeWithoutMigrationTest-1315350018 tempest-VolumeRetypeWithoutMigrationTest-1315350018-project-admin] Get all volumes completed successfully.
Feb 14 14:25:40.644609 dv-cinder-810131-4-smb devstack@c-api.service[109584]: INFO cinder.api.openstack.wsgi [None req-e9a27074-06ba-408d-b29d-196a1ac28d61 tempest-VolumeRetypeWithoutMigrationTest-1315350018 tempest-VolumeRetypeWithoutMigrationTest-1315350018-project-admin] http://10.222.0.43/volume/v3/e833b4964b9146f2b64315d6b6e6086e/volumes?all_tenants=True&name=tempest-VolumeRetypeWithoutMigrationTest-Volume-1428977684 returned with HTTP 200
Feb 14 14:25:40.649707 dv-cinder-810131-4-smb devstack@c-api.service[109584]: [pid: 109584|app: 0|req: 172/351] 10.222.0.43 () {58 vars in 1374 bytes} [Mon Feb 14 14:25:40 2022] GET /volume/v3/e833b4964b9146f2b64315d6b6e6086e/volumes?all_tenants=True&name=tempest-VolumeRetypeWithoutMigrationTest-Volume-1428977684 => generated 413 bytes in 69 msecs (HTTP/1.1 200) 7 headers in 285 bytes (2 switches on core 0)
Feb 14 14:25:40.653934 dv-cinder-810131-4-smb devstack@c-api.service[109584]: INFO cinder.api.openstack.wsgi [None req-696a2139-ec01-4fa3-9dc8-a31c299af248 tempest-VolumesSnapshotListTestJSON-1628652858 tempest-VolumesSnapshotListTestJSON-1628652858-project] GET http://10.222.0.43/volume/v3/8b093d32cf694fbaabc53f72759411ca/snapshots/c06344cd-e56a-4d6b-9326-acd91547e407
Feb 14 14:25:40.654718 dv-cinder-810131-4-smb devstack@c-api.service[109584]: DEBUG cinder.api.openstack.wsgi [None req-696a2139-ec01-4fa3-9dc8-a31c299af248 tempest-VolumesSnapshotListTestJSON-1628652858 tempest-VolumesSnapshotListTestJSON-1628652858-project] Empty body provided in request {{(pid=109584) get_body /opt/stack/cinder/cinder/api/openstack/wsgi.py:715}}
Feb 14 14:25:40.655493 dv-cinder-810131-4-smb devstack@c-api.service[109584]: DEBUG cinder.api.openstack.wsgi [None req-696a2139-ec01-4fa3-9dc8-a31c299af248 tempest-VolumesSnapshotListTestJSON-1628652858 tempest-VolumesSnapshotListTestJSON-1628652858-project] Calling method 'show' {{(pid=109584) _process_stack /opt/stack/cinder/cinder/api/openstack/wsgi.py:868}}
Feb 14 14:25:40.670686 dv-cinder-810131-4-smb devstack@c-api.service[109584]: /usr/local/lib/python3.8/dist-packages/oslo_context/context.py:105: DeprecationWarning: Policy enforcement is depending on the value of is_admin. This key is deprecated. Please update your policy file to use the standard policy values.
Feb 14 14:25:40.670686 dv-cinder-810131-4-smb devstack@c-api.service[109584]: warnings.warn('Policy enforcement is depending on the value of '
Feb 14 14:25:40.671751 dv-cinder-810131-4-smb devstack@c-api.service[109584]: INFO cinder.volume.api [None req-696a2139-ec01-4fa3-9dc8-a31c299af248 tempest-VolumesSnapshotListTestJSON-1628652858 tempest-VolumesSnapshotListTestJSON-1628652858-project] Snapshot retrieved successfully.
Feb 14 14:25:40.673700 dv-cinder-810131-4-smb devstack@c-api.service[109584]: INFO cinder.api.openstack.wsgi [None req-696a2139-ec01-4fa3-9dc8-a31c299af248 tempest-VolumesSnapshotListTestJSON-1628652858 tempest-VolumesSnapshotListTestJSON-1628652858-project] http://10.222.0.43/volume/v3/8b093d32cf694fbaabc53f72759411ca/snapshots/c06344cd-e56a-4d6b-9326-acd91547e407 returned with HTTP 200
Feb 14 14:25:40.680907 dv-cinder-810131-4-smb devstack@c-api.service[109584]: [pid: 109584|app: 0|req: 173/352] 10.222.0.43 () {58 vars in 1330 bytes} [Mon Feb 14 14:25:40 2022] GET /volume/v3/8b093d32cf694fbaabc53f72759411ca/snapshots/c06344cd-e56a-4d6b-9326-acd91547e407 => generated 575 bytes in 29 msecs (HTTP/1.1 200) 7 headers in 285 bytes (1 switches on core 0)
Feb 14 14:25:40.681108 dv-cinder-810131-4-smb devstack@c-api.service[109583]: DEBUG cinder.volume.api [None req-a8f34ea4-3d15-4d0f-a100-0ef61c08b1c4 tempest-VolumesActionsTest-1130301258 tempest-VolumesActionsTest-1130301258-project] Task 'cinder.volume.flows.api.create_volume.EntryCreateTask;volume:create' (2febf013-dbe9-486f-a764-da9c431c50f1) transitioned into state 'SUCCESS' from state 'RUNNING' with result '{'volume_id': 'c7de511d-3292-4be4-af88-637276c81c19', 'volume_properties': VolumeProperties(attach_status='detached',availability_zone='nova',cgsnapshot_id=None,consistencygroup_id=None,display_description=None,display_name='tempest-VolumesActionsTest-Volume-195339009',encryption_key_id=None,group_id=None,group_type_id=,metadata={},multiattach=False,project_id='b91e7ebdc6fa481d92cf24e168d648e4',qos_specs=None,replication_status=,reservations=['1a233a03-1818-46c5-bcc5-84397277826e','6bc19beb-e58f-41ec-af69-49894f285b48','999dee81-7b07-43f7-8685-30f9586c0bdd','8d991c32-a6d5-49d5-a49d-7ccd6af55ee1'],size=1,snapshot_id=None,source_replicaid=,source_volid=None,status='creating',user_id='ed364cc2e258459aaabff3550eb476ba',volume_type_id=f28af430-b7f9-4290-afa7-712b2308f073), 'volume': Volume(_name_id=None,admin_metadata=,attach_status='detached',availability_zone='nova',bootable=False,cluster=,cluster_name=None,consistencygroup=,consistencygroup_id=None,created_at=2022-02-14T14:25:40Z,deleted=False,deleted_at=None,display_description=None,display_name='tempest-VolumesActionsTest-Volume-195339009',ec2_id=None,encryption_key_id=None,glance_metadata=,group=,group_id=None,host=None,id=c7de511d-3292-4be4-af88-637276c81c19,launched_at=None,metadata={},migration_status=None,multiattach=False,previous_status=None,project_id='b91e7ebdc6fa481d92cf24e168d648e4',provider_auth=None,provider_geometry=None,provider_id=None,provider_location=None,replication_driver_data=None,replication_extended_status=None,replication_status=None,scheduled_at=None,service_uuid=None,shared_targets=True,size=1,snapshot_id=None,snapshots=,source_volid=None,status='creating',terminated_at=None,updated_at=None,use_quota=True,user_id='ed364cc2e258459aaabff3550eb476ba',volume_attachment=VolumeAttachmentList,volume_type=VolumeType(f28af430-b7f9-4290-afa7-712b2308f073),volume_type_id=f28af430-b7f9-4290-afa7-712b2308f073)}' {{(pid=109583) _task_receiver /usr/local/lib/python3.8/dist-packages/taskflow/listeners/logging.py:178}}
Feb 14 14:25:40.681242 dv-cinder-810131-4-smb devstack@c-api.service[109584]: INFO cinder.api.openstack.wsgi [None req-0183ac94-af4b-48ea-a137-8fa586830259 tempest-VolumeRetypeWithoutMigrationTest-438742091 tempest-VolumeRetypeWithoutMigrationTest-438742091-project] DELETE http://10.222.0.43/volume/v3/e3a8bbd1888141ee912280c049e228af/volumes/a9616fbb-3d4a-47ac-8002-e22d3d6a1ba4
Feb 14 14:25:40.681356 dv-cinder-810131-4-smb devstack@c-api.service[109583]: DEBUG cinder.volume.api [None req-a8f34ea4-3d15-4d0f-a100-0ef61c08b1c4 tempest-VolumesActionsTest-1130301258 tempest-VolumesActionsTest-1130301258-project] Task 'cinder.volume.flows.api.create_volume.QuotaCommitTask;volume:create' (c68557cc-8df0-4359-b331-b071c587904f) transitioned into state 'RUNNING' from state 'PENDING' {{(pid=109583) _task_receiver /usr/local/lib/python3.8/dist-packages/taskflow/listeners/logging.py:190}}
Feb 14 14:25:40.681440 dv-cinder-810131-4-smb devstack@c-api.service[109584]: DEBUG cinder.api.openstack.wsgi [None req-0183ac94-af4b-48ea-a137-8fa586830259 tempest-VolumeRetypeWithoutMigrationTest-438742091 tempest-VolumeRetypeWithoutMigrationTest-438742091-project] Empty body provided in request {{(pid=109584) get_body /opt/stack/cinder/cinder/api/openstack/wsgi.py:715}}
Feb 14 14:25:40.681440 dv-cinder-810131-4-smb devstack@c-api.service[109584]: DEBUG cinder.api.openstack.wsgi [None req-0183ac94-af4b-48ea-a137-8fa586830259 tempest-VolumeRetypeWithoutMigrationTest-438742091 tempest-VolumeRetypeWithoutMigrationTest-438742091-project] Calling method 'delete' {{(pid=109584) _process_stack /opt/stack/cinder/cinder/api/openstack/wsgi.py:868}}
Feb 14 14:25:40.681440 dv-cinder-810131-4-smb devstack@c-api.service[109584]: INFO cinder.api.v3.volumes [None req-0183ac94-af4b-48ea-a137-8fa586830259 tempest-VolumeRetypeWithoutMigrationTest-438742091 tempest-VolumeRetypeWithoutMigrationTest-438742091-project] Delete volume with id: a9616fbb-3d4a-47ac-8002-e22d3d6a1ba4
Feb 14 14:25:40.696124 dv-cinder-810131-4-smb devstack@c-api.service[109584]: /usr/local/lib/python3.8/dist-packages/oslo_context/context.py:105: DeprecationWarning: Policy enforcement is depending on the value of is_admin. This key is deprecated. Please update your policy file to use the standard policy values.
Feb 14 14:25:40.696124 dv-cinder-810131-4-smb devstack@c-api.service[109584]: warnings.warn('Policy enforcement is depending on the value of '
Feb 14 14:25:40.697164 dv-cinder-810131-4-smb devstack@c-api.service[109584]: INFO cinder.volume.api [None req-0183ac94-af4b-48ea-a137-8fa586830259 tempest-VolumeRetypeWithoutMigrationTest-438742091 tempest-VolumeRetypeWithoutMigrationTest-438742091-project] Volume info retrieved successfully.
Feb 14 14:25:40.720611 dv-cinder-810131-4-smb devstack@c-api.service[109583]: DEBUG cinder.volume.api [None req-a8f34ea4-3d15-4d0f-a100-0ef61c08b1c4 tempest-VolumesActionsTest-1130301258 tempest-VolumesActionsTest-1130301258-project] Task 'cinder.volume.flows.api.create_volume.QuotaCommitTask;volume:create' (c68557cc-8df0-4359-b331-b071c587904f) transitioned into state 'SUCCESS' from state 'RUNNING' with result '{'volume_properties': VolumeProperties(attach_status='detached',availability_zone='nova',cgsnapshot_id=None,consistencygroup_id=None,display_description=None,display_name='tempest-VolumesActionsTest-Volume-195339009',encryption_key_id=None,group_id=None,group_type_id=,metadata={},multiattach=False,project_id='b91e7ebdc6fa481d92cf24e168d648e4',qos_specs=None,replication_status=,reservations=['1a233a03-1818-46c5-bcc5-84397277826e','6bc19beb-e58f-41ec-af69-49894f285b48','999dee81-7b07-43f7-8685-30f9586c0bdd','8d991c32-a6d5-49d5-a49d-7ccd6af55ee1'],size=1,snapshot_id=None,source_replicaid=,source_volid=None,status='creating',user_id='ed364cc2e258459aaabff3550eb476ba',volume_type_id=f28af430-b7f9-4290-afa7-712b2308f073)}' {{(pid=109583) _task_receiver /usr/local/lib/python3.8/dist-packages/taskflow/listeners/logging.py:178}}
Feb 14 14:25:40.725585 dv-cinder-810131-4-smb devstack@c-api.service[109583]: DEBUG cinder.volume.api [None req-a8f34ea4-3d15-4d0f-a100-0ef61c08b1c4 tempest-VolumesActionsTest-1130301258 tempest-VolumesActionsTest-1130301258-project] Task 'cinder.volume.flows.api.create_volume.VolumeCastTask;volume:create' (fb7a8b4a-944d-4074-8dd0-18f98b37836d) transitioned into state 'RUNNING' from state 'PENDING' {{(pid=109583) _task_receiver /usr/local/lib/python3.8/dist-packages/taskflow/listeners/logging.py:190}}
Feb 14 14:25:40.745752 dv-cinder-810131-4-smb devstack@c-api.service[109584]: INFO cinder.volume.api [None req-0183ac94-af4b-48ea-a137-8fa586830259 tempest-VolumeRetypeWithoutMigrationTest-438742091 tempest-VolumeRetypeWithoutMigrationTest-438742091-project] Delete volume request issued successfully.
Feb 14 14:25:40.746215 dv-cinder-810131-4-smb devstack@c-api.service[109584]: INFO cinder.api.openstack.wsgi [None req-0183ac94-af4b-48ea-a137-8fa586830259 tempest-VolumeRetypeWithoutMigrationTest-438742091 tempest-VolumeRetypeWithoutMigrationTest-438742091-project] http://10.222.0.43/volume/v3/e3a8bbd1888141ee912280c049e228af/volumes/a9616fbb-3d4a-47ac-8002-e22d3d6a1ba4 returned with HTTP 202
Feb 14 14:25:40.750488 dv-cinder-810131-4-smb devstack@c-api.service[109584]: [pid: 109584|app: 0|req: 174/353] 10.222.0.43 () {58 vars in 1327 bytes} [Mon Feb 14 14:25:40 2022] DELETE /volume/v3/e3a8bbd1888141ee912280c049e228af/volumes/a9616fbb-3d4a-47ac-8002-e22d3d6a1ba4 => generated 0 bytes in 72 msecs (HTTP/1.1 202) 6 headers in 233 bytes (1 switches on core 0)
Feb 14 14:25:40.755079 dv-cinder-810131-4-smb devstack@c-api.service[109584]: INFO cinder.api.openstack.wsgi [None req-e4b80ab3-8b3c-4ddb-8f59-eaf9a62b3f7c tempest-VolumesSnapshotListTestJSON-1628652858 tempest-VolumesSnapshotListTestJSON-1628652858-project] POST http://10.222.0.43/volume/v3/8b093d32cf694fbaabc53f72759411ca/snapshots
Feb 14 14:25:40.755838 dv-cinder-810131-4-smb devstack@c-api.service[109583]: DEBUG cinder.volume.api [None req-a8f34ea4-3d15-4d0f-a100-0ef61c08b1c4 tempest-VolumesActionsTest-1130301258 tempest-VolumesActionsTest-1130301258-project] Task 'cinder.volume.flows.api.create_volume.VolumeCastTask;volume:create' (fb7a8b4a-944d-4074-8dd0-18f98b37836d) transitioned into state 'SUCCESS' from state 'RUNNING' with result 'None' {{(pid=109583) _task_receiver /usr/local/lib/python3.8/dist-packages/taskflow/listeners/logging.py:178}}
Feb 14 14:25:40.755970 dv-cinder-810131-4-smb devstack@c-api.service[109584]: DEBUG cinder.api.openstack.wsgi [None req-e4b80ab3-8b3c-4ddb-8f59-eaf9a62b3f7c tempest-VolumesSnapshotListTestJSON-1628652858 tempest-VolumesSnapshotListTestJSON-1628652858-project] Action: 'create', calling method: create, body: {"snapshot": {"volume_id": "4fbd080e-9eb4-42fd-92a3-44de50bdec98", "name": "tempest-VolumesSnapshotListTestJSON-Snapshot-1986806932"}} {{(pid=109584) _process_stack /opt/stack/cinder/cinder/api/openstack/wsgi.py:866}}
Feb 14 14:25:40.759127 dv-cinder-810131-4-smb devstack@c-api.service[109583]: DEBUG cinder.volume.api [None req-a8f34ea4-3d15-4d0f-a100-0ef61c08b1c4 tempest-VolumesActionsTest-1130301258 tempest-VolumesActionsTest-1130301258-project] Flow 'volume_create_api' (2a096f1f-b874-4de3-9009-07f99092d2ec) transitioned into state 'SUCCESS' from state 'RUNNING' {{(pid=109583) _flow_receiver /usr/local/lib/python3.8/dist-packages/taskflow/listeners/logging.py:141}}
Feb 14 14:25:40.760034 dv-cinder-810131-4-smb devstack@c-api.service[109583]: INFO cinder.volume.api [None req-a8f34ea4-3d15-4d0f-a100-0ef61c08b1c4 tempest-VolumesActionsTest-1130301258 tempest-VolumesActionsTest-1130301258-project] Create volume request issued successfully.
Feb 14 14:25:40.761820 dv-cinder-810131-4-smb devstack@c-api.service[109583]: INFO cinder.api.openstack.wsgi [None req-a8f34ea4-3d15-4d0f-a100-0ef61c08b1c4 tempest-VolumesActionsTest-1130301258 tempest-VolumesActionsTest-1130301258-project] http://10.222.0.43/volume/v3/b91e7ebdc6fa481d92cf24e168d648e4/volumes returned with HTTP 202
Feb 14 14:25:40.771855 dv-cinder-810131-4-smb devstack@c-api.service[109583]: [pid: 109583|app: 0|req: 180/354] 10.222.0.43 () {60 vars in 1234 bytes} [Mon Feb 14 14:25:40 2022] POST /volume/v3/b91e7ebdc6fa481d92cf24e168d648e4/volumes => generated 817 bytes in 548 msecs (HTTP/1.1 202) 7 headers in 291 bytes (1 switches on core 0)
Feb 14 14:25:40.771855 dv-cinder-810131-4-smb devstack@c-api.service[109583]: INFO cinder.api.openstack.wsgi [None req-9d0bddca-61f5-4c5b-bc9d-ff7e1c76423c tempest-VolumesCloneTest-550439668 tempest-VolumesCloneTest-550439668-project] GET http://10.222.0.43/volume/v3/9fc52d2d19854e519a44699fe8d4938e/volumes/4416f31b-a544-4617-961f-fd3290d014d0
Feb 14 14:25:40.771855 dv-cinder-810131-4-smb devstack@c-api.service[109583]: DEBUG cinder.api.openstack.wsgi [None req-9d0bddca-61f5-4c5b-bc9d-ff7e1c76423c tempest-VolumesCloneTest-550439668 tempest-VolumesCloneTest-550439668-project] Empty body provided in request {{(pid=109583) get_body /opt/stack/cinder/cinder/api/openstack/wsgi.py:715}}
Feb 14 14:25:40.771855 dv-cinder-810131-4-smb devstack@c-api.service[109583]: DEBUG cinder.api.openstack.wsgi [None req-9d0bddca-61f5-4c5b-bc9d-ff7e1c76423c tempest-VolumesCloneTest-550439668 tempest-VolumesCloneTest-550439668-project] Calling method 'show' {{(pid=109583) _process_stack /opt/stack/cinder/cinder/api/openstack/wsgi.py:868}}
Feb 14 14:25:40.776589 dv-cinder-810131-4-smb devstack@c-api.service[109584]: /usr/local/lib/python3.8/dist-packages/oslo_context/context.py:105: DeprecationWarning: Policy enforcement is depending on the value of is_admin. This key is deprecated. Please update your policy file to use the standard policy values.
Feb 14 14:25:40.776589 dv-cinder-810131-4-smb devstack@c-api.service[109584]: warnings.warn('Policy enforcement is depending on the value of '
Feb 14 14:25:40.777782 dv-cinder-810131-4-smb devstack@c-api.service[109584]: INFO cinder.volume.api [None req-e4b80ab3-8b3c-4ddb-8f59-eaf9a62b3f7c tempest-VolumesSnapshotListTestJSON-1628652858 tempest-VolumesSnapshotListTestJSON-1628652858-project] Volume info retrieved successfully.
Feb 14 14:25:40.778274 dv-cinder-810131-4-smb devstack@c-api.service[109584]: INFO cinder.api.v3.snapshots [None req-e4b80ab3-8b3c-4ddb-8f59-eaf9a62b3f7c tempest-VolumesSnapshotListTestJSON-1628652858 tempest-VolumesSnapshotListTestJSON-1628652858-project] Create snapshot from volume 4fbd080e-9eb4-42fd-92a3-44de50bdec98
Feb 14 14:25:40.785367 dv-cinder-810131-4-smb devstack@c-api.service[109583]: /usr/local/lib/python3.8/dist-packages/oslo_context/context.py:105: DeprecationWarning: Policy enforcement is depending on the value of is_admin. This key is deprecated. Please update your policy file to use the standard policy values.
Feb 14 14:25:40.785367 dv-cinder-810131-4-smb devstack@c-api.service[109583]: warnings.warn('Policy enforcement is depending on the value of '
Feb 14 14:25:40.804565 dv-cinder-810131-4-smb devstack@c-api.service[109583]: INFO cinder.volume.api [None req-9d0bddca-61f5-4c5b-bc9d-ff7e1c76423c tempest-VolumesCloneTest-550439668 tempest-VolumesCloneTest-550439668-project] Volume info retrieved successfully.
Feb 14 14:25:40.815265 dv-cinder-810131-4-smb devstack@c-api.service[109583]: INFO cinder.api.openstack.wsgi [None req-9d0bddca-61f5-4c5b-bc9d-ff7e1c76423c tempest-VolumesCloneTest-550439668 tempest-VolumesCloneTest-550439668-project] http://10.222.0.43/volume/v3/9fc52d2d19854e519a44699fe8d4938e/volumes/4416f31b-a544-4617-961f-fd3290d014d0 returned with HTTP 200
Feb 14 14:25:40.821617 dv-cinder-810131-4-smb devstack@c-api.service[109583]: [pid: 109583|app: 0|req: 181/355] 10.222.0.43 () {58 vars in 1324 bytes} [Mon Feb 14 14:25:40 2022] GET /volume/v3/9fc52d2d19854e519a44699fe8d4938e/volumes/4416f31b-a544-4617-961f-fd3290d014d0 => generated 908 bytes in 54 msecs (HTTP/1.1 200) 7 headers in 285 bytes (1 switches on core 0)
Feb 14 14:25:40.821617 dv-cinder-810131-4-smb devstack@c-api.service[109583]: INFO cinder.api.openstack.wsgi [None req-33553d33-9dee-4a65-b758-e29474c0142c tempest-VolumeRetypeWithoutMigrationTest-438742091 tempest-VolumeRetypeWithoutMigrationTest-438742091-project] GET http://10.222.0.43/volume/v3/e3a8bbd1888141ee912280c049e228af/volumes/a9616fbb-3d4a-47ac-8002-e22d3d6a1ba4
Feb 14 14:25:40.821617 dv-cinder-810131-4-smb devstack@c-api.service[109583]: DEBUG cinder.api.openstack.wsgi [None req-33553d33-9dee-4a65-b758-e29474c0142c tempest-VolumeRetypeWithoutMigrationTest-438742091 tempest-VolumeRetypeWithoutMigrationTest-438742091-project] Empty body provided in request {{(pid=109583) get_body /opt/stack/cinder/cinder/api/openstack/wsgi.py:715}}
Feb 14 14:25:40.821617 dv-cinder-810131-4-smb devstack@c-api.service[109583]: DEBUG cinder.api.openstack.wsgi [None req-33553d33-9dee-4a65-b758-e29474c0142c tempest-VolumeRetypeWithoutMigrationTest-438742091 tempest-VolumeRetypeWithoutMigrationTest-438742091-project] Calling method 'show' {{(pid=109583) _process_stack /opt/stack/cinder/cinder/api/openstack/wsgi.py:868}}
Feb 14 14:25:40.835791 dv-cinder-810131-4-smb devstack@c-api.service[109583]: /usr/local/lib/python3.8/dist-packages/oslo_context/context.py:105: DeprecationWarning: Policy enforcement is depending on the value of is_admin. This key is deprecated. Please update your policy file to use the standard policy values.
Feb 14 14:25:40.835791 dv-cinder-810131-4-smb devstack@c-api.service[109583]: warnings.warn('Policy enforcement is depending on the value of '
Feb 14 14:25:40.847385 dv-cinder-810131-4-smb devstack@c-api.service[109583]: INFO cinder.volume.api [None req-33553d33-9dee-4a65-b758-e29474c0142c tempest-VolumeRetypeWithoutMigrationTest-438742091 tempest-VolumeRetypeWithoutMigrationTest-438742091-project] Volume info retrieved successfully.
Feb 14 14:25:40.855987 dv-cinder-810131-4-smb devstack@c-api.service[109584]: DEBUG cinder.quota [None req-e4b80ab3-8b3c-4ddb-8f59-eaf9a62b3f7c tempest-VolumesSnapshotListTestJSON-1628652858 tempest-VolumesSnapshotListTestJSON-1628652858-project] Created reservations ['735a6f56-d731-4f4b-a694-4e53aff59d5f', '2f71e68b-d40c-433a-9c40-c3c4a61bf578', '42e1f308-1dec-4936-b6bc-6c83d2d11b20', 'a7db56b6-8110-4ccc-b37c-0862e6a47ee1'] {{(pid=109584) reserve /opt/stack/cinder/cinder/quota.py:755}}
Feb 14 14:25:40.858566 dv-cinder-810131-4-smb devstack@c-api.service[109583]: INFO cinder.api.openstack.wsgi [None req-33553d33-9dee-4a65-b758-e29474c0142c tempest-VolumeRetypeWithoutMigrationTest-438742091 tempest-VolumeRetypeWithoutMigrationTest-438742091-project] http://10.222.0.43/volume/v3/e3a8bbd1888141ee912280c049e228af/volumes/a9616fbb-3d4a-47ac-8002-e22d3d6a1ba4 returned with HTTP 200
Feb 14 14:25:40.859796 dv-cinder-810131-4-smb devstack@c-api.service[109583]: [pid: 109583|app: 0|req: 182/356] 10.222.0.43 () {58 vars in 1324 bytes} [Mon Feb 14 14:25:40 2022] GET /volume/v3/e3a8bbd1888141ee912280c049e228af/volumes/a9616fbb-3d4a-47ac-8002-e22d3d6a1ba4 => generated 926 bytes in 43 msecs (HTTP/1.1 200) 7 headers in 285 bytes (1 switches on core 0)
Feb 14 14:25:40.870985 dv-cinder-810131-4-smb devstack@c-api.service[109583]: INFO cinder.api.openstack.wsgi [None req-3c9966e7-8c1a-4b16-a6a0-d5a0531bc075 tempest-VolumesActionsTest-1130301258 tempest-VolumesActionsTest-1130301258-project] GET http://10.222.0.43/volume/v3/b91e7ebdc6fa481d92cf24e168d648e4/volumes/c7de511d-3292-4be4-af88-637276c81c19
Feb 14 14:25:40.871431 dv-cinder-810131-4-smb devstack@c-api.service[109583]: DEBUG cinder.api.openstack.wsgi [None req-3c9966e7-8c1a-4b16-a6a0-d5a0531bc075 tempest-VolumesActionsTest-1130301258 tempest-VolumesActionsTest-1130301258-project] Empty body provided in request {{(pid=109583) get_body /opt/stack/cinder/cinder/api/openstack/wsgi.py:715}}
Feb 14 14:25:40.872084 dv-cinder-810131-4-smb devstack@c-api.service[109583]: DEBUG cinder.api.openstack.wsgi [None req-3c9966e7-8c1a-4b16-a6a0-d5a0531bc075 tempest-VolumesActionsTest-1130301258 tempest-VolumesActionsTest-1130301258-project] Calling method 'show' {{(pid=109583) _process_stack /opt/stack/cinder/cinder/api/openstack/wsgi.py:868}}
Feb 14 14:25:40.888035 dv-cinder-810131-4-smb devstack@c-api.service[109583]: /usr/local/lib/python3.8/dist-packages/oslo_context/context.py:105: DeprecationWarning: Policy enforcement is depending on the value of is_admin. This key is deprecated. Please update your policy file to use the standard policy values.
Feb 14 14:25:40.888035 dv-cinder-810131-4-smb devstack@c-api.service[109583]: warnings.warn('Policy enforcement is depending on the value of '
Feb 14 14:25:40.897363 dv-cinder-810131-4-smb devstack@c-api.service[109583]: INFO cinder.volume.api [None req-3c9966e7-8c1a-4b16-a6a0-d5a0531bc075 tempest-VolumesActionsTest-1130301258 tempest-VolumesActionsTest-1130301258-project] Volume info retrieved successfully.
Feb 14 14:25:40.909926 dv-cinder-810131-4-smb devstack@c-api.service[109583]: INFO cinder.api.openstack.wsgi [None req-3c9966e7-8c1a-4b16-a6a0-d5a0531bc075 tempest-VolumesActionsTest-1130301258 tempest-VolumesActionsTest-1130301258-project] http://10.222.0.43/volume/v3/b91e7ebdc6fa481d92cf24e168d648e4/volumes/c7de511d-3292-4be4-af88-637276c81c19 returned with HTTP 200
Feb 14 14:25:40.920946 dv-cinder-810131-4-smb devstack@c-api.service[109583]: [pid: 109583|app: 0|req: 183/357] 10.222.0.43 () {58 vars in 1324 bytes} [Mon Feb 14 14:25:40 2022] GET /volume/v3/b91e7ebdc6fa481d92cf24e168d648e4/volumes/c7de511d-3292-4be4-af88-637276c81c19 => generated 885 bytes in 60 msecs (HTTP/1.1 200) 7 headers in 285 bytes (1 switches on core 0)
Feb 14 14:25:40.960161 dv-cinder-810131-4-smb devstack@c-api.service[109584]: INFO cinder.volume.api [None req-e4b80ab3-8b3c-4ddb-8f59-eaf9a62b3f7c tempest-VolumesSnapshotListTestJSON-1628652858 tempest-VolumesSnapshotListTestJSON-1628652858-project] Snapshot create request issued successfully.
Feb 14 14:25:40.961269 dv-cinder-810131-4-smb devstack@c-api.service[109584]: INFO cinder.api.openstack.wsgi [None req-e4b80ab3-8b3c-4ddb-8f59-eaf9a62b3f7c tempest-VolumesSnapshotListTestJSON-1628652858 tempest-VolumesSnapshotListTestJSON-1628652858-project] http://10.222.0.43/volume/v3/8b093d32cf694fbaabc53f72759411ca/snapshots returned with HTTP 202
Feb 14 14:25:40.962421 dv-cinder-810131-4-smb devstack@c-api.service[109584]: [pid: 109584|app: 0|req: 175/358] 10.222.0.43 () {60 vars in 1241 bytes} [Mon Feb 14 14:25:40 2022] POST /volume/v3/8b093d32cf694fbaabc53f72759411ca/snapshots => generated 314 bytes in 211 msecs (HTTP/1.1 202) 7 headers in 291 bytes (1 switches on core 0)
Feb 14 14:25:40.972399 dv-cinder-810131-4-smb devstack@c-api.service[109583]: INFO cinder.api.openstack.wsgi [None req-0625041a-ab0d-47f5-a316-808ce3972043 tempest-VolumesSnapshotListTestJSON-1628652858 tempest-VolumesSnapshotListTestJSON-1628652858-project] GET http://10.222.0.43/volume/v3/8b093d32cf694fbaabc53f72759411ca/snapshots/e40b7fce-5e6d-4839-9309-e10e2888cc51
Feb 14 14:25:40.972861 dv-cinder-810131-4-smb devstack@c-api.service[109583]: DEBUG cinder.api.openstack.wsgi [None req-0625041a-ab0d-47f5-a316-808ce3972043 tempest-VolumesSnapshotListTestJSON-1628652858 tempest-VolumesSnapshotListTestJSON-1628652858-project] Empty body provided in request {{(pid=109583) get_body /opt/stack/cinder/cinder/api/openstack/wsgi.py:715}}
Feb 14 14:25:40.973355 dv-cinder-810131-4-smb devstack@c-api.service[109583]: DEBUG cinder.api.openstack.wsgi [None req-0625041a-ab0d-47f5-a316-808ce3972043 tempest-VolumesSnapshotListTestJSON-1628652858 tempest-VolumesSnapshotListTestJSON-1628652858-project] Calling method 'show' {{(pid=109583) _process_stack /opt/stack/cinder/cinder/api/openstack/wsgi.py:868}}
Feb 14 14:25:40.987153 dv-cinder-810131-4-smb devstack@c-api.service[109583]: /usr/local/lib/python3.8/dist-packages/oslo_context/context.py:105: DeprecationWarning: Policy enforcement is depending on the value of is_admin. This key is deprecated. Please update your policy file to use the standard policy values.
Feb 14 14:25:40.987153 dv-cinder-810131-4-smb devstack@c-api.service[109583]: warnings.warn('Policy enforcement is depending on the value of '
Feb 14 14:25:40.989146 dv-cinder-810131-4-smb devstack@c-api.service[109583]: INFO cinder.volume.api [None req-0625041a-ab0d-47f5-a316-808ce3972043 tempest-VolumesSnapshotListTestJSON-1628652858 tempest-VolumesSnapshotListTestJSON-1628652858-project] Snapshot retrieved successfully.
Feb 14 14:25:40.995735 dv-cinder-810131-4-smb devstack@c-api.service[109583]: INFO cinder.api.openstack.wsgi [None req-0625041a-ab0d-47f5-a316-808ce3972043 tempest-VolumesSnapshotListTestJSON-1628652858 tempest-VolumesSnapshotListTestJSON-1628652858-project] http://10.222.0.43/volume/v3/8b093d32cf694fbaabc53f72759411ca/snapshots/e40b7fce-5e6d-4839-9309-e10e2888cc51 returned with HTTP 200
Feb 14 14:25:41.001146 dv-cinder-810131-4-smb devstack@c-api.service[109583]: [pid: 109583|app: 0|req: 184/359] 10.222.0.43 () {58 vars in 1330 bytes} [Mon Feb 14 14:25:40 2022] GET /volume/v3/8b093d32cf694fbaabc53f72759411ca/snapshots/e40b7fce-5e6d-4839-9309-e10e2888cc51 => generated 446 bytes in 33 msecs (HTTP/1.1 200) 7 headers in 285 bytes (1 switches on core 0)
Feb 14 14:25:41.834089 dv-cinder-810131-4-smb devstack@c-api.service[109584]: INFO cinder.api.openstack.wsgi [None req-1fbbee88-5ece-43b3-b804-b9583aca29c5 tempest-VolumesCloneTest-550439668 tempest-VolumesCloneTest-550439668-project] GET http://10.222.0.43/volume/v3/9fc52d2d19854e519a44699fe8d4938e/volumes/4416f31b-a544-4617-961f-fd3290d014d0
Feb 14 14:25:41.834773 dv-cinder-810131-4-smb devstack@c-api.service[109584]: DEBUG cinder.api.openstack.wsgi [None req-1fbbee88-5ece-43b3-b804-b9583aca29c5 tempest-VolumesCloneTest-550439668 tempest-VolumesCloneTest-550439668-project] Empty body provided in request {{(pid=109584) get_body /opt/stack/cinder/cinder/api/openstack/wsgi.py:715}}
Feb 14 14:25:41.835311 dv-cinder-810131-4-smb devstack@c-api.service[109584]: DEBUG cinder.api.openstack.wsgi [None req-1fbbee88-5ece-43b3-b804-b9583aca29c5 tempest-VolumesCloneTest-550439668 tempest-VolumesCloneTest-550439668-project] Calling method 'show' {{(pid=109584) _process_stack /opt/stack/cinder/cinder/api/openstack/wsgi.py:868}}
Feb 14 14:25:41.849724 dv-cinder-810131-4-smb devstack@c-api.service[109584]: /usr/local/lib/python3.8/dist-packages/oslo_context/context.py:105: DeprecationWarning: Policy enforcement is depending on the value of is_admin. This key is deprecated. Please update your policy file to use the standard policy values.
Feb 14 14:25:41.849724 dv-cinder-810131-4-smb devstack@c-api.service[109584]: warnings.warn('Policy enforcement is depending on the value of '
Feb 14 14:25:41.858804 dv-cinder-810131-4-smb devstack@c-api.service[109584]: INFO cinder.volume.api [None req-1fbbee88-5ece-43b3-b804-b9583aca29c5 tempest-VolumesCloneTest-550439668 tempest-VolumesCloneTest-550439668-project] Volume info retrieved successfully.
Feb 14 14:25:41.869137 dv-cinder-810131-4-smb devstack@c-api.service[109584]: INFO cinder.api.openstack.wsgi [None req-1fbbee88-5ece-43b3-b804-b9583aca29c5 tempest-VolumesCloneTest-550439668 tempest-VolumesCloneTest-550439668-project] http://10.222.0.43/volume/v3/9fc52d2d19854e519a44699fe8d4938e/volumes/4416f31b-a544-4617-961f-fd3290d014d0 returned with HTTP 200
Feb 14 14:25:41.870372 dv-cinder-810131-4-smb devstack@c-api.service[109584]: [pid: 109584|app: 0|req: 176/360] 10.222.0.43 () {58 vars in 1324 bytes} [Mon Feb 14 14:25:41 2022] GET /volume/v3/9fc52d2d19854e519a44699fe8d4938e/volumes/4416f31b-a544-4617-961f-fd3290d014d0 => generated 908 bytes in 40 msecs (HTTP/1.1 200) 7 headers in 285 bytes (1 switches on core 0)
Feb 14 14:25:41.875083 dv-cinder-810131-4-smb devstack@c-api.service[109583]: INFO cinder.api.openstack.wsgi [None req-0393ba22-992c-4c13-ac44-13679079e1d0 tempest-VolumeRetypeWithoutMigrationTest-438742091 tempest-VolumeRetypeWithoutMigrationTest-438742091-project] GET http://10.222.0.43/volume/v3/e3a8bbd1888141ee912280c049e228af/volumes/a9616fbb-3d4a-47ac-8002-e22d3d6a1ba4
Feb 14 14:25:41.875603 dv-cinder-810131-4-smb devstack@c-api.service[109583]: DEBUG cinder.api.openstack.wsgi [None req-0393ba22-992c-4c13-ac44-13679079e1d0 tempest-VolumeRetypeWithoutMigrationTest-438742091 tempest-VolumeRetypeWithoutMigrationTest-438742091-project] Empty body provided in request {{(pid=109583) get_body /opt/stack/cinder/cinder/api/openstack/wsgi.py:715}}
Feb 14 14:25:41.875971 dv-cinder-810131-4-smb devstack@c-api.service[109583]: DEBUG cinder.api.openstack.wsgi [None req-0393ba22-992c-4c13-ac44-13679079e1d0 tempest-VolumeRetypeWithoutMigrationTest-438742091 tempest-VolumeRetypeWithoutMigrationTest-438742091-project] Calling method 'show' {{(pid=109583) _process_stack /opt/stack/cinder/cinder/api/openstack/wsgi.py:868}}
Feb 14 14:25:41.888221 dv-cinder-810131-4-smb devstack@c-api.service[109583]: INFO cinder.api.openstack.wsgi [None req-0393ba22-992c-4c13-ac44-13679079e1d0 tempest-VolumeRetypeWithoutMigrationTest-438742091 tempest-VolumeRetypeWithoutMigrationTest-438742091-project] http://10.222.0.43/volume/v3/e3a8bbd1888141ee912280c049e228af/volumes/a9616fbb-3d4a-47ac-8002-e22d3d6a1ba4 returned with HTTP 404
Feb 14 14:25:41.889154 dv-cinder-810131-4-smb devstack@c-api.service[109583]: [pid: 109583|app: 0|req: 185/361] 10.222.0.43 () {58 vars in 1324 bytes} [Mon Feb 14 14:25:41 2022] GET /volume/v3/e3a8bbd1888141ee912280c049e228af/volumes/a9616fbb-3d4a-47ac-8002-e22d3d6a1ba4 => generated 109 bytes in 18 msecs (HTTP/1.1 404) 7 headers in 292 bytes (1 switches on core 0)
Feb 14 14:25:41.896748 dv-cinder-810131-4-smb devstack@c-api.service[109584]: INFO cinder.api.openstack.wsgi [None req-f1fc8cb6-e9be-43e2-b083-8a6bdc255ab1 tempest-VolumeRetypeWithoutMigrationTest-1315350018 tempest-VolumeRetypeWithoutMigrationTest-1315350018-project-admin] DELETE http://10.222.0.43/volume/v3/e833b4964b9146f2b64315d6b6e6086e/types/24e383a8-1355-449e-8a9e-921a535781dc
Feb 14 14:25:41.897191 dv-cinder-810131-4-smb devstack@c-api.service[109584]: DEBUG cinder.api.openstack.wsgi [None req-f1fc8cb6-e9be-43e2-b083-8a6bdc255ab1 tempest-VolumeRetypeWithoutMigrationTest-1315350018 tempest-VolumeRetypeWithoutMigrationTest-1315350018-project-admin] Empty body provided in request {{(pid=109584) get_body /opt/stack/cinder/cinder/api/openstack/wsgi.py:715}}
Feb 14 14:25:41.897703 dv-cinder-810131-4-smb devstack@c-api.service[109584]: DEBUG cinder.api.openstack.wsgi [None req-f1fc8cb6-e9be-43e2-b083-8a6bdc255ab1 tempest-VolumeRetypeWithoutMigrationTest-1315350018 tempest-VolumeRetypeWithoutMigrationTest-1315350018-project-admin] Calling method '_delete' {{(pid=109584) _process_stack /opt/stack/cinder/cinder/api/openstack/wsgi.py:868}}
Feb 14 14:25:41.927363 dv-cinder-810131-4-smb devstack@c-api.service[109583]: INFO cinder.api.openstack.wsgi [None req-b42d2c29-a2e5-4c68-901c-60629a56613f tempest-VolumesActionsTest-1130301258 tempest-VolumesActionsTest-1130301258-project] GET http://10.222.0.43/volume/v3/b91e7ebdc6fa481d92cf24e168d648e4/volumes/c7de511d-3292-4be4-af88-637276c81c19
Feb 14 14:25:41.927816 dv-cinder-810131-4-smb devstack@c-api.service[109583]: DEBUG cinder.api.openstack.wsgi [None req-b42d2c29-a2e5-4c68-901c-60629a56613f tempest-VolumesActionsTest-1130301258 tempest-VolumesActionsTest-1130301258-project] Empty body provided in request {{(pid=109583) get_body /opt/stack/cinder/cinder/api/openstack/wsgi.py:715}}
Feb 14 14:25:41.928447 dv-cinder-810131-4-smb devstack@c-api.service[109583]: DEBUG cinder.api.openstack.wsgi [None req-b42d2c29-a2e5-4c68-901c-60629a56613f tempest-VolumesActionsTest-1130301258 tempest-VolumesActionsTest-1130301258-project] Calling method 'show' {{(pid=109583) _process_stack /opt/stack/cinder/cinder/api/openstack/wsgi.py:868}}
Feb 14 14:25:41.943530 dv-cinder-810131-4-smb devstack@c-api.service[109583]: /usr/local/lib/python3.8/dist-packages/oslo_context/context.py:105: DeprecationWarning: Policy enforcement is depending on the value of is_admin. This key is deprecated. Please update your policy file to use the standard policy values.
Feb 14 14:25:41.943530 dv-cinder-810131-4-smb devstack@c-api.service[109583]: warnings.warn('Policy enforcement is depending on the value of '
Feb 14 14:25:41.945732 dv-cinder-810131-4-smb devstack@c-api.service[109584]: INFO cinder.api.openstack.wsgi [None req-f1fc8cb6-e9be-43e2-b083-8a6bdc255ab1 tempest-VolumeRetypeWithoutMigrationTest-1315350018 tempest-VolumeRetypeWithoutMigrationTest-1315350018-project-admin] http://10.222.0.43/volume/v3/e833b4964b9146f2b64315d6b6e6086e/types/24e383a8-1355-449e-8a9e-921a535781dc returned with HTTP 202
Feb 14 14:25:41.946588 dv-cinder-810131-4-smb devstack@c-api.service[109584]: [pid: 109584|app: 0|req: 177/362] 10.222.0.43 () {58 vars in 1321 bytes} [Mon Feb 14 14:25:41 2022] DELETE /volume/v3/e833b4964b9146f2b64315d6b6e6086e/types/24e383a8-1355-449e-8a9e-921a535781dc => generated 0 bytes in 54 msecs (HTTP/1.1 202) 6 headers in 233 bytes (1 switches on core 0)
Feb 14 14:25:41.954681 dv-cinder-810131-4-smb devstack@c-api.service[109584]: INFO cinder.api.openstack.wsgi [None req-37b7d811-243c-4943-9a92-8b606cee0b5a tempest-VolumeRetypeWithoutMigrationTest-1315350018 tempest-VolumeRetypeWithoutMigrationTest-1315350018-project-admin] GET http://10.222.0.43/volume/v3/e833b4964b9146f2b64315d6b6e6086e/types/24e383a8-1355-449e-8a9e-921a535781dc
Feb 14 14:25:41.955138 dv-cinder-810131-4-smb devstack@c-api.service[109584]: DEBUG cinder.api.openstack.wsgi [None req-37b7d811-243c-4943-9a92-8b606cee0b5a tempest-VolumeRetypeWithoutMigrationTest-1315350018 tempest-VolumeRetypeWithoutMigrationTest-1315350018-project-admin] Empty body provided in request {{(pid=109584) get_body /opt/stack/cinder/cinder/api/openstack/wsgi.py:715}}
Feb 14 14:25:41.955582 dv-cinder-810131-4-smb devstack@c-api.service[109584]: DEBUG cinder.api.openstack.wsgi [None req-37b7d811-243c-4943-9a92-8b606cee0b5a tempest-VolumeRetypeWithoutMigrationTest-1315350018 tempest-VolumeRetypeWithoutMigrationTest-1315350018-project-admin] Calling method 'show' {{(pid=109584) _process_stack /opt/stack/cinder/cinder/api/openstack/wsgi.py:868}}
Feb 14 14:25:41.956106 dv-cinder-810131-4-smb devstack@c-api.service[109583]: INFO cinder.volume.api [None req-b42d2c29-a2e5-4c68-901c-60629a56613f tempest-VolumesActionsTest-1130301258 tempest-VolumesActionsTest-1130301258-project] Volume info retrieved successfully.
Feb 14 14:25:41.960890 dv-cinder-810131-4-smb devstack@c-api.service[109584]: INFO cinder.api.openstack.wsgi [None req-37b7d811-243c-4943-9a92-8b606cee0b5a tempest-VolumeRetypeWithoutMigrationTest-1315350018 tempest-VolumeRetypeWithoutMigrationTest-1315350018-project-admin] http://10.222.0.43/volume/v3/e833b4964b9146f2b64315d6b6e6086e/types/24e383a8-1355-449e-8a9e-921a535781dc returned with HTTP 404
Feb 14 14:25:41.961986 dv-cinder-810131-4-smb devstack@c-api.service[109584]: [pid: 109584|app: 0|req: 178/363] 10.222.0.43 () {58 vars in 1318 bytes} [Mon Feb 14 14:25:41 2022] GET /volume/v3/e833b4964b9146f2b64315d6b6e6086e/types/24e383a8-1355-449e-8a9e-921a535781dc => generated 114 bytes in 11 msecs (HTTP/1.1 404) 7 headers in 292 bytes (2 switches on core 0)
Feb 14 14:25:41.965186 dv-cinder-810131-4-smb devstack@c-api.service[109583]: INFO cinder.api.openstack.wsgi [None req-b42d2c29-a2e5-4c68-901c-60629a56613f tempest-VolumesActionsTest-1130301258 tempest-VolumesActionsTest-1130301258-project] http://10.222.0.43/volume/v3/b91e7ebdc6fa481d92cf24e168d648e4/volumes/c7de511d-3292-4be4-af88-637276c81c19 returned with HTTP 200
Feb 14 14:25:41.966021 dv-cinder-810131-4-smb devstack@c-api.service[109583]: [pid: 109583|app: 0|req: 186/364] 10.222.0.43 () {58 vars in 1324 bytes} [Mon Feb 14 14:25:41 2022] GET /volume/v3/b91e7ebdc6fa481d92cf24e168d648e4/volumes/c7de511d-3292-4be4-af88-637276c81c19 => generated 910 bytes in 42 msecs (HTTP/1.1 200) 7 headers in 285 bytes (1 switches on core 0)
Feb 14 14:25:41.969631 dv-cinder-810131-4-smb devstack@c-api.service[109584]: INFO cinder.api.openstack.wsgi [None req-1ec8889f-5c5e-4b3d-bab3-c064a5dab103 tempest-VolumeRetypeWithoutMigrationTest-1315350018 tempest-VolumeRetypeWithoutMigrationTest-1315350018-project-admin] DELETE http://10.222.0.43/volume/v3/e833b4964b9146f2b64315d6b6e6086e/types/ba4dd7c6-d45e-406d-94c5-72deab8c25ae
Feb 14 14:25:41.971099 dv-cinder-810131-4-smb devstack@c-api.service[109584]: DEBUG cinder.api.openstack.wsgi [None req-1ec8889f-5c5e-4b3d-bab3-c064a5dab103 tempest-VolumeRetypeWithoutMigrationTest-1315350018 tempest-VolumeRetypeWithoutMigrationTest-1315350018-project-admin] Empty body provided in request {{(pid=109584) get_body /opt/stack/cinder/cinder/api/openstack/wsgi.py:715}}
Feb 14 14:25:41.971099 dv-cinder-810131-4-smb devstack@c-api.service[109584]: DEBUG cinder.api.openstack.wsgi [None req-1ec8889f-5c5e-4b3d-bab3-c064a5dab103 tempest-VolumeRetypeWithoutMigrationTest-1315350018 tempest-VolumeRetypeWithoutMigrationTest-1315350018-project-admin] Calling method '_delete' {{(pid=109584) _process_stack /opt/stack/cinder/cinder/api/openstack/wsgi.py:868}}
