Feb 14 14:25:28.258696 dv-cinder-810131-4-smb devstack@c-api.service[109583]: [pid: 109583|app: 0|req: 144/270] 10.222.0.43 () {56 vars in 881 bytes} [Mon Feb 14 14:25:28 2022] GET /volume/ => generated 386 bytes in 16 msecs (HTTP/1.1 300) 5 headers in 169 bytes (1 switches on core 0)
Feb 14 14:25:28.278173 dv-cinder-810131-4-smb devstack@c-api.service[109584]: INFO cinder.volume.api [None req-64d6513d-b473-481f-b317-e211c51f8937 tempest-VolumesServicesTestJSON-1602680129 tempest-VolumesServicesTestJSON-1602680129-project] Availability Zones retrieved successfully.
Feb 14 14:25:28.278482 dv-cinder-810131-4-smb devstack@c-api.service[109583]: INFO cinder.api.openstack.wsgi [None req-e47250ca-ce7b-421f-93f6-e4645a8b6d9e tempest-AttachVolumeShelveTestJSON-1966066579 tempest-AttachVolumeShelveTestJSON-1966066579-project] GET http://10.222.0.43/volume/v3/5d01015be0c342a4bee10a62a531f077/volumes/cff5b33c-0aed-42b6-bf41-61c07e8ff4b2
Feb 14 14:25:28.280991 dv-cinder-810131-4-smb devstack@c-api.service[109583]: DEBUG cinder.api.openstack.wsgi [None req-e47250ca-ce7b-421f-93f6-e4645a8b6d9e tempest-AttachVolumeShelveTestJSON-1966066579 tempest-AttachVolumeShelveTestJSON-1966066579-project] Empty body provided in request {{(pid=109583) get_body /opt/stack/cinder/cinder/api/openstack/wsgi.py:715}}
Feb 14 14:25:28.282336 dv-cinder-810131-4-smb devstack@c-api.service[109583]: DEBUG cinder.api.openstack.wsgi [None req-e47250ca-ce7b-421f-93f6-e4645a8b6d9e tempest-AttachVolumeShelveTestJSON-1966066579 tempest-AttachVolumeShelveTestJSON-1966066579-project] Calling method 'show' {{(pid=109583) _process_stack /opt/stack/cinder/cinder/api/openstack/wsgi.py:868}}
Feb 14 14:25:28.340698 dv-cinder-810131-4-smb devstack@c-api.service[109584]: DEBUG cinder.volume.api [None req-64d6513d-b473-481f-b317-e211c51f8937 tempest-VolumesServicesTestJSON-1602680129 tempest-VolumesServicesTestJSON-1602680129-project] Flow 'volume_create_api' (0045f06e-8aa3-4864-ac32-b612c1d881ee) transitioned into state 'RUNNING' from state 'PENDING' {{(pid=109584) _flow_receiver /usr/local/lib/python3.8/dist-packages/taskflow/listeners/logging.py:141}}
Feb 14 14:25:28.349395 dv-cinder-810131-4-smb devstack@c-api.service[109584]: DEBUG cinder.volume.api [None req-64d6513d-b473-481f-b317-e211c51f8937 tempest-VolumesServicesTestJSON-1602680129 tempest-VolumesServicesTestJSON-1602680129-project] Task 'cinder.volume.flows.api.create_volume.ExtractVolumeRequestTask;volume:create' (5f2a02e8-f5fe-467e-9508-9987860b42fb) transitioned into state 'RUNNING' from state 'PENDING' {{(pid=109584) _task_receiver /usr/local/lib/python3.8/dist-packages/taskflow/listeners/logging.py:190}}
Feb 14 14:25:28.353127 dv-cinder-810131-4-smb devstack@c-api.service[109584]: DEBUG cinder.volume.flows.api.create_volume [None req-64d6513d-b473-481f-b317-e211c51f8937 tempest-VolumesServicesTestJSON-1602680129 tempest-VolumesServicesTestJSON-1602680129-project] Validating volume size '1' using validate_int {{(pid=109584) _extract_size /opt/stack/cinder/cinder/volume/flows/api/create_volume.py:225}}
Feb 14 14:25:28.372422 dv-cinder-810131-4-smb devstack@c-api.service[109583]: /usr/local/lib/python3.8/dist-packages/oslo_context/context.py:105: DeprecationWarning: Policy enforcement is depending on the value of is_admin. This key is deprecated. Please update your policy file to use the standard policy values.
Feb 14 14:25:28.372422 dv-cinder-810131-4-smb devstack@c-api.service[109583]: warnings.warn('Policy enforcement is depending on the value of '
Feb 14 14:25:28.407937 dv-cinder-810131-4-smb devstack@c-api.service[109583]: INFO cinder.volume.api [None req-e47250ca-ce7b-421f-93f6-e4645a8b6d9e tempest-AttachVolumeShelveTestJSON-1966066579 tempest-AttachVolumeShelveTestJSON-1966066579-project] Volume info retrieved successfully.
Feb 14 14:25:28.459110 dv-cinder-810131-4-smb devstack@c-api.service[109583]: INFO cinder.api.openstack.wsgi [None req-e47250ca-ce7b-421f-93f6-e4645a8b6d9e tempest-AttachVolumeShelveTestJSON-1966066579 tempest-AttachVolumeShelveTestJSON-1966066579-project] http://10.222.0.43/volume/v3/5d01015be0c342a4bee10a62a531f077/volumes/cff5b33c-0aed-42b6-bf41-61c07e8ff4b2 returned with HTTP 200
Feb 14 14:25:28.463360 dv-cinder-810131-4-smb devstack@c-api.service[109583]: [pid: 109583|app: 0|req: 145/271] 10.222.0.43 () {58 vars in 1324 bytes} [Mon Feb 14 14:25:28 2022] GET /volume/v3/5d01015be0c342a4bee10a62a531f077/volumes/cff5b33c-0aed-42b6-bf41-61c07e8ff4b2 => generated 893 bytes in 202 msecs (HTTP/1.1 200) 7 headers in 285 bytes (1 switches on core 0)
Feb 14 14:25:28.466647 dv-cinder-810131-4-smb devstack@c-api.service[109584]: DEBUG cinder.volume.api [None req-64d6513d-b473-481f-b317-e211c51f8937 tempest-VolumesServicesTestJSON-1602680129 tempest-VolumesServicesTestJSON-1602680129-project] Task 'cinder.volume.flows.api.create_volume.ExtractVolumeRequestTask;volume:create' (5f2a02e8-f5fe-467e-9508-9987860b42fb) transitioned into state 'SUCCESS' from state 'RUNNING' with result '{'size': 1, 'snapshot_id': None, 'source_volid': None, 'volume_type': VolumeType(created_at=2022-02-14T14:14:37Z,deleted=False,deleted_at=None,description='Default Volume Type',extra_specs={},id=f28af430-b7f9-4290-afa7-712b2308f073,is_public=True,name='__DEFAULT__',projects=[],qos_specs=,qos_specs_id=None,updated_at=2022-02-14T14:14:37Z), 'volume_type_id': 'f28af430-b7f9-4290-afa7-712b2308f073', 'encryption_key_id': None, 'qos_specs': None, 'consistencygroup_id': None, 'cgsnapshot_id': None, 'group_id': None, 'replication_status': 'disabled', 'refresh_az': False, 'backup_id': None, 'multiattach': False, 'availability_zones': ['nova']}' {{(pid=109584) _task_receiver /usr/local/lib/python3.8/dist-packages/taskflow/listeners/logging.py:178}}
Feb 14 14:25:28.467098 dv-cinder-810131-4-smb devstack@c-api.service[109583]: INFO cinder.api.openstack.wsgi [None req-e47250ca-ce7b-421f-93f6-e4645a8b6d9e tempest-AttachVolumeShelveTestJSON-1966066579 tempest-AttachVolumeShelveTestJSON-1966066579-project] GET http://10.222.0.43/volume//
Feb 14 14:25:28.467618 dv-cinder-810131-4-smb devstack@c-api.service[109583]: DEBUG cinder.api.openstack.wsgi [None req-e47250ca-ce7b-421f-93f6-e4645a8b6d9e tempest-AttachVolumeShelveTestJSON-1966066579 tempest-AttachVolumeShelveTestJSON-1966066579-project] Empty body provided in request {{(pid=109583) get_body /opt/stack/cinder/cinder/api/openstack/wsgi.py:715}}
Feb 14 14:25:28.469364 dv-cinder-810131-4-smb devstack@c-api.service[109583]: DEBUG cinder.api.openstack.wsgi [None req-e47250ca-ce7b-421f-93f6-e4645a8b6d9e tempest-AttachVolumeShelveTestJSON-1966066579 tempest-AttachVolumeShelveTestJSON-1966066579-project] Calling method 'all' {{(pid=109583) _process_stack /opt/stack/cinder/cinder/api/openstack/wsgi.py:868}}
Feb 14 14:25:28.469682 dv-cinder-810131-4-smb devstack@c-api.service[109584]: DEBUG cinder.volume.api [None req-64d6513d-b473-481f-b317-e211c51f8937 tempest-VolumesServicesTestJSON-1602680129 tempest-VolumesServicesTestJSON-1602680129-project] Task 'cinder.volume.flows.api.create_volume.QuotaReserveTask;volume:create' (c1efd961-e651-46c9-9331-807e6b3bf40b) transitioned into state 'RUNNING' from state 'PENDING' {{(pid=109584) _task_receiver /usr/local/lib/python3.8/dist-packages/taskflow/listeners/logging.py:190}}
Feb 14 14:25:28.471311 dv-cinder-810131-4-smb devstack@c-api.service[109583]: INFO cinder.api.openstack.wsgi [None req-e47250ca-ce7b-421f-93f6-e4645a8b6d9e tempest-AttachVolumeShelveTestJSON-1966066579 tempest-AttachVolumeShelveTestJSON-1966066579-project] http://10.222.0.43/volume// returned with HTTP 300
Feb 14 14:25:28.473183 dv-cinder-810131-4-smb devstack@c-api.service[109583]: [pid: 109583|app: 0|req: 146/272] 10.222.0.43 () {56 vars in 881 bytes} [Mon Feb 14 14:25:28 2022] GET /volume/ => generated 386 bytes in 9 msecs (HTTP/1.1 300) 5 headers in 169 bytes (1 switches on core 0)
Feb 14 14:25:28.787782 dv-cinder-810131-4-smb devstack@c-api.service[109584]: DEBUG cinder.quota [None req-64d6513d-b473-481f-b317-e211c51f8937 tempest-VolumesServicesTestJSON-1602680129 tempest-VolumesServicesTestJSON-1602680129-project] Created reservations ['4665f947-6341-4715-a4d8-afb308f65dc5', 'b764d208-8dd3-417a-9aea-19856a993d56', '6f645f3f-9bea-4f34-a458-10f29ba3b841', '2855f652-4075-4f01-892d-5733ac4e5373'] {{(pid=109584) reserve /opt/stack/cinder/cinder/quota.py:755}}
Feb 14 14:25:28.791723 dv-cinder-810131-4-smb devstack@c-api.service[109584]: DEBUG cinder.volume.api [None req-64d6513d-b473-481f-b317-e211c51f8937 tempest-VolumesServicesTestJSON-1602680129 tempest-VolumesServicesTestJSON-1602680129-project] Task 'cinder.volume.flows.api.create_volume.QuotaReserveTask;volume:create' (c1efd961-e651-46c9-9331-807e6b3bf40b) transitioned into state 'SUCCESS' from state 'RUNNING' with result '{'reservations': ['4665f947-6341-4715-a4d8-afb308f65dc5', 'b764d208-8dd3-417a-9aea-19856a993d56', '6f645f3f-9bea-4f34-a458-10f29ba3b841', '2855f652-4075-4f01-892d-5733ac4e5373']}' {{(pid=109584) _task_receiver /usr/local/lib/python3.8/dist-packages/taskflow/listeners/logging.py:178}}
Feb 14 14:25:28.800953 dv-cinder-810131-4-smb devstack@c-api.service[109584]: DEBUG cinder.volume.api [None req-64d6513d-b473-481f-b317-e211c51f8937 tempest-VolumesServicesTestJSON-1602680129 tempest-VolumesServicesTestJSON-1602680129-project] Task 'cinder.volume.flows.api.create_volume.EntryCreateTask;volume:create' (5eeaa41a-2edb-4b4e-8fe3-e96ac1ae100b) transitioned into state 'RUNNING' from state 'PENDING' {{(pid=109584) _task_receiver /usr/local/lib/python3.8/dist-packages/taskflow/listeners/logging.py:190}}
Feb 14 14:25:28.907655 dv-cinder-810131-4-smb devstack@c-api.service[109584]: DEBUG cinder.volume.api [None req-64d6513d-b473-481f-b317-e211c51f8937 tempest-VolumesServicesTestJSON-1602680129 tempest-VolumesServicesTestJSON-1602680129-project] Task 'cinder.volume.flows.api.create_volume.EntryCreateTask;volume:create' (5eeaa41a-2edb-4b4e-8fe3-e96ac1ae100b) transitioned into state 'SUCCESS' from state 'RUNNING' with result '{'volume_id': '617654a2-9468-4286-b802-b6b191448296', 'volume_properties': VolumeProperties(attach_status='detached',availability_zone='nova',cgsnapshot_id=None,consistencygroup_id=None,display_description=None,display_name='tempest-VolumesServicesTestJSON-Volume-294827833',encryption_key_id=None,group_id=None,group_type_id=,metadata={},multiattach=False,project_id='a1f15b1ccc3f4e3ba932e40391705c41',qos_specs=None,replication_status=,reservations=['4665f947-6341-4715-a4d8-afb308f65dc5','b764d208-8dd3-417a-9aea-19856a993d56','6f645f3f-9bea-4f34-a458-10f29ba3b841','2855f652-4075-4f01-892d-5733ac4e5373'],size=1,snapshot_id=None,source_replicaid=,source_volid=None,status='creating',user_id='08d1b776c837462a97daf3441b63b8ce',volume_type_id=f28af430-b7f9-4290-afa7-712b2308f073), 'volume': Volume(_name_id=None,admin_metadata=,attach_status='detached',availability_zone='nova',bootable=False,cluster=,cluster_name=None,consistencygroup=,consistencygroup_id=None,created_at=2022-02-14T14:25:28Z,deleted=False,deleted_at=None,display_description=None,display_name='tempest-VolumesServicesTestJSON-Volume-294827833',ec2_id=None,encryption_key_id=None,glance_metadata=,group=,group_id=None,host=None,id=617654a2-9468-4286-b802-b6b191448296,launched_at=None,metadata={},migration_status=None,multiattach=False,previous_status=None,project_id='a1f15b1ccc3f4e3ba932e40391705c41',provider_auth=None,provider_geometry=None,provider_id=None,provider_location=None,replication_driver_data=None,replication_extended_status=None,replication_status=None,scheduled_at=None,service_uuid=None,shared_targets=True,size=1,snapshot_id=None,snapshots=,source_volid=None,status='creating',terminated_at=None,updated_at=None,use_quota=True,user_id='08d1b776c837462a97daf3441b63b8ce',volume_attachment=VolumeAttachmentList,volume_type=VolumeType(f28af430-b7f9-4290-afa7-712b2308f073),volume_type_id=f28af430-b7f9-4290-afa7-712b2308f073)}' {{(pid=109584) _task_receiver /usr/local/lib/python3.8/dist-packages/taskflow/listeners/logging.py:178}}
Feb 14 14:25:28.915619 dv-cinder-810131-4-smb devstack@c-api.service[109584]: DEBUG cinder.volume.api [None req-64d6513d-b473-481f-b317-e211c51f8937 tempest-VolumesServicesTestJSON-1602680129 tempest-VolumesServicesTestJSON-1602680129-project] Task 'cinder.volume.flows.api.create_volume.QuotaCommitTask;volume:create' (1b919465-9767-49fd-9b5d-d768a3299166) transitioned into state 'RUNNING' from state 'PENDING' {{(pid=109584) _task_receiver /usr/local/lib/python3.8/dist-packages/taskflow/listeners/logging.py:190}}
Feb 14 14:25:29.006790 dv-cinder-810131-4-smb devstack@c-api.service[109584]: DEBUG cinder.volume.api [None req-64d6513d-b473-481f-b317-e211c51f8937 tempest-VolumesServicesTestJSON-1602680129 tempest-VolumesServicesTestJSON-1602680129-project] Task 'cinder.volume.flows.api.create_volume.QuotaCommitTask;volume:create' (1b919465-9767-49fd-9b5d-d768a3299166) transitioned into state 'SUCCESS' from state 'RUNNING' with result '{'volume_properties': VolumeProperties(attach_status='detached',availability_zone='nova',cgsnapshot_id=None,consistencygroup_id=None,display_description=None,display_name='tempest-VolumesServicesTestJSON-Volume-294827833',encryption_key_id=None,group_id=None,group_type_id=,metadata={},multiattach=False,project_id='a1f15b1ccc3f4e3ba932e40391705c41',qos_specs=None,replication_status=,reservations=['4665f947-6341-4715-a4d8-afb308f65dc5','b764d208-8dd3-417a-9aea-19856a993d56','6f645f3f-9bea-4f34-a458-10f29ba3b841','2855f652-4075-4f01-892d-5733ac4e5373'],size=1,snapshot_id=None,source_replicaid=,source_volid=None,status='creating',user_id='08d1b776c837462a97daf3441b63b8ce',volume_type_id=f28af430-b7f9-4290-afa7-712b2308f073)}' {{(pid=109584) _task_receiver /usr/local/lib/python3.8/dist-packages/taskflow/listeners/logging.py:178}}
Feb 14 14:25:29.017162 dv-cinder-810131-4-smb devstack@c-api.service[109584]: DEBUG cinder.volume.api [None req-64d6513d-b473-481f-b317-e211c51f8937 tempest-VolumesServicesTestJSON-1602680129 tempest-VolumesServicesTestJSON-1602680129-project] Task 'cinder.volume.flows.api.create_volume.VolumeCastTask;volume:create' (135d2130-42fc-4e18-ba50-d8487698ca59) transitioned into state 'RUNNING' from state 'PENDING' {{(pid=109584) _task_receiver /usr/local/lib/python3.8/dist-packages/taskflow/listeners/logging.py:190}}
Feb 14 14:25:29.076553 dv-cinder-810131-4-smb devstack@c-api.service[109583]: INFO cinder.api.openstack.wsgi [None req-c300e3e9-7a36-465f-9c6d-41a90cfa2daa tempest-VersionsTest-729954747 tempest-VersionsTest-729954747-project] GET http://10.222.0.43/volume/v3/
Feb 14 14:25:29.078100 dv-cinder-810131-4-smb devstack@c-api.service[109583]: DEBUG cinder.api.openstack.wsgi [None req-c300e3e9-7a36-465f-9c6d-41a90cfa2daa tempest-VersionsTest-729954747 tempest-VersionsTest-729954747-project] Empty body provided in request {{(pid=109583) get_body /opt/stack/cinder/cinder/api/openstack/wsgi.py:715}}
Feb 14 14:25:29.079228 dv-cinder-810131-4-smb devstack@c-api.service[109583]: DEBUG cinder.api.openstack.wsgi [None req-c300e3e9-7a36-465f-9c6d-41a90cfa2daa tempest-VersionsTest-729954747 tempest-VersionsTest-729954747-project] Calling method 'version_select' {{(pid=109583) _process_stack /opt/stack/cinder/cinder/api/openstack/wsgi.py:868}}
Feb 14 14:25:29.082959 dv-cinder-810131-4-smb devstack@c-api.service[109583]: INFO cinder.api.openstack.wsgi [None req-c300e3e9-7a36-465f-9c6d-41a90cfa2daa tempest-VersionsTest-729954747 tempest-VersionsTest-729954747-project] http://10.222.0.43/volume/v3/ returned with HTTP 200
Feb 14 14:25:29.090432 dv-cinder-810131-4-smb devstack@c-api.service[109583]: [pid: 109583|app: 0|req: 147/273] 10.222.0.43 () {58 vars in 1093 bytes} [Mon Feb 14 14:25:28 2022] GET /volume/v3/ => generated 386 bytes in 608 msecs (HTTP/1.1 200) 7 headers in 285 bytes (2 switches on core 0)
Feb 14 14:25:29.119333 dv-cinder-810131-4-smb devstack@c-api.service[109584]: DEBUG cinder.volume.api [None req-64d6513d-b473-481f-b317-e211c51f8937 tempest-VolumesServicesTestJSON-1602680129 tempest-VolumesServicesTestJSON-1602680129-project] Task 'cinder.volume.flows.api.create_volume.VolumeCastTask;volume:create' (135d2130-42fc-4e18-ba50-d8487698ca59) transitioned into state 'SUCCESS' from state 'RUNNING' with result 'None' {{(pid=109584) _task_receiver /usr/local/lib/python3.8/dist-packages/taskflow/listeners/logging.py:178}}
Feb 14 14:25:29.131618 dv-cinder-810131-4-smb devstack@c-api.service[109584]: DEBUG cinder.volume.api [None req-64d6513d-b473-481f-b317-e211c51f8937 tempest-VolumesServicesTestJSON-1602680129 tempest-VolumesServicesTestJSON-1602680129-project] Flow 'volume_create_api' (0045f06e-8aa3-4864-ac32-b612c1d881ee) transitioned into state 'SUCCESS' from state 'RUNNING' {{(pid=109584) _flow_receiver /usr/local/lib/python3.8/dist-packages/taskflow/listeners/logging.py:141}}
Feb 14 14:25:29.136796 dv-cinder-810131-4-smb devstack@c-api.service[109584]: INFO cinder.volume.api [None req-64d6513d-b473-481f-b317-e211c51f8937 tempest-VolumesServicesTestJSON-1602680129 tempest-VolumesServicesTestJSON-1602680129-project] Create volume request issued successfully.
Feb 14 14:25:29.147992 dv-cinder-810131-4-smb devstack@c-api.service[109584]: INFO cinder.api.openstack.wsgi [None req-64d6513d-b473-481f-b317-e211c51f8937 tempest-VolumesServicesTestJSON-1602680129 tempest-VolumesServicesTestJSON-1602680129-project] http://10.222.0.43/volume/v3/a1f15b1ccc3f4e3ba932e40391705c41/volumes returned with HTTP 202
Feb 14 14:25:29.167887 dv-cinder-810131-4-smb devstack@c-api.service[109584]: [pid: 109584|app: 0|req: 127/274] 10.222.0.43 () {60 vars in 1234 bytes} [Mon Feb 14 14:25:27 2022] POST /volume/v3/a1f15b1ccc3f4e3ba932e40391705c41/volumes => generated 822 bytes in 1607 msecs (HTTP/1.1 202) 7 headers in 291 bytes (1 switches on core 0)
Feb 14 14:25:29.186016 dv-cinder-810131-4-smb devstack@c-api.service[109583]: INFO cinder.api.openstack.wsgi [None req-82e0bbd0-9778-4005-85e6-985f8d09618f tempest-VolumesServicesTestJSON-1602680129 tempest-VolumesServicesTestJSON-1602680129-project] GET http://10.222.0.43/volume/v3/a1f15b1ccc3f4e3ba932e40391705c41/volumes/617654a2-9468-4286-b802-b6b191448296
Feb 14 14:25:29.188255 dv-cinder-810131-4-smb devstack@c-api.service[109583]: DEBUG cinder.api.openstack.wsgi [None req-82e0bbd0-9778-4005-85e6-985f8d09618f tempest-VolumesServicesTestJSON-1602680129 tempest-VolumesServicesTestJSON-1602680129-project] Empty body provided in request {{(pid=109583) get_body /opt/stack/cinder/cinder/api/openstack/wsgi.py:715}}
Feb 14 14:25:29.192463 dv-cinder-810131-4-smb devstack@c-api.service[109583]: DEBUG cinder.api.openstack.wsgi [None req-82e0bbd0-9778-4005-85e6-985f8d09618f tempest-VolumesServicesTestJSON-1602680129 tempest-VolumesServicesTestJSON-1602680129-project] Calling method 'show' {{(pid=109583) _process_stack /opt/stack/cinder/cinder/api/openstack/wsgi.py:868}}
Feb 14 14:25:29.262865 dv-cinder-810131-4-smb devstack@c-api.service[109583]: /usr/local/lib/python3.8/dist-packages/oslo_context/context.py:105: DeprecationWarning: Policy enforcement is depending on the value of is_admin. This key is deprecated. Please update your policy file to use the standard policy values.
Feb 14 14:25:29.262865 dv-cinder-810131-4-smb devstack@c-api.service[109583]: warnings.warn('Policy enforcement is depending on the value of '
Feb 14 14:25:29.323113 dv-cinder-810131-4-smb devstack@c-api.service[109583]: INFO cinder.volume.api [None req-82e0bbd0-9778-4005-85e6-985f8d09618f tempest-VolumesServicesTestJSON-1602680129 tempest-VolumesServicesTestJSON-1602680129-project] Volume info retrieved successfully.
Feb 14 14:25:29.370100 dv-cinder-810131-4-smb devstack@c-api.service[109583]: INFO cinder.api.openstack.wsgi [None req-82e0bbd0-9778-4005-85e6-985f8d09618f tempest-VolumesServicesTestJSON-1602680129 tempest-VolumesServicesTestJSON-1602680129-project] http://10.222.0.43/volume/v3/a1f15b1ccc3f4e3ba932e40391705c41/volumes/617654a2-9468-4286-b802-b6b191448296 returned with HTTP 200
Feb 14 14:25:29.372718 dv-cinder-810131-4-smb devstack@c-api.service[109583]: [pid: 109583|app: 0|req: 148/275] 10.222.0.43 () {58 vars in 1324 bytes} [Mon Feb 14 14:25:29 2022] GET /volume/v3/a1f15b1ccc3f4e3ba932e40391705c41/volumes/617654a2-9468-4286-b802-b6b191448296 => generated 890 bytes in 204 msecs (HTTP/1.1 200) 7 headers in 285 bytes (1 switches on core 0)
Feb 14 14:25:29.476880 dv-cinder-810131-4-smb devstack@c-api.service[109584]: INFO cinder.api.openstack.wsgi [None req-6d6aa1f2-fcf3-4752-b955-f6f434814735 tempest-AttachVolumeShelveTestJSON-1966066579 tempest-AttachVolumeShelveTestJSON-1966066579-project] GET http://10.222.0.43/volume/v3/5d01015be0c342a4bee10a62a531f077/volumes/cff5b33c-0aed-42b6-bf41-61c07e8ff4b2
Feb 14 14:25:29.477440 dv-cinder-810131-4-smb devstack@c-api.service[109584]: DEBUG cinder.api.openstack.wsgi [None req-6d6aa1f2-fcf3-4752-b955-f6f434814735 tempest-AttachVolumeShelveTestJSON-1966066579 tempest-AttachVolumeShelveTestJSON-1966066579-project] Empty body provided in request {{(pid=109584) get_body /opt/stack/cinder/cinder/api/openstack/wsgi.py:715}}
Feb 14 14:25:29.477850 dv-cinder-810131-4-smb devstack@c-api.service[109584]: DEBUG cinder.api.openstack.wsgi [None req-6d6aa1f2-fcf3-4752-b955-f6f434814735 tempest-AttachVolumeShelveTestJSON-1966066579 tempest-AttachVolumeShelveTestJSON-1966066579-project] Calling method 'show' {{(pid=109584) _process_stack /opt/stack/cinder/cinder/api/openstack/wsgi.py:868}}
Feb 14 14:25:29.517208 dv-cinder-810131-4-smb devstack@c-api.service[109584]: /usr/local/lib/python3.8/dist-packages/oslo_context/context.py:105: DeprecationWarning: Policy enforcement is depending on the value of is_admin. This key is deprecated. Please update your policy file to use the standard policy values.
Feb 14 14:25:29.517208 dv-cinder-810131-4-smb devstack@c-api.service[109584]: warnings.warn('Policy enforcement is depending on the value of '
Feb 14 14:25:29.547317 dv-cinder-810131-4-smb devstack@c-api.service[109584]: INFO cinder.volume.api [None req-6d6aa1f2-fcf3-4752-b955-f6f434814735 tempest-AttachVolumeShelveTestJSON-1966066579 tempest-AttachVolumeShelveTestJSON-1966066579-project] Volume info retrieved successfully.
Feb 14 14:25:29.570857 dv-cinder-810131-4-smb devstack@c-api.service[109584]: INFO cinder.api.openstack.wsgi [None req-6d6aa1f2-fcf3-4752-b955-f6f434814735 tempest-AttachVolumeShelveTestJSON-1966066579 tempest-AttachVolumeShelveTestJSON-1966066579-project] http://10.222.0.43/volume/v3/5d01015be0c342a4bee10a62a531f077/volumes/cff5b33c-0aed-42b6-bf41-61c07e8ff4b2 returned with HTTP 200
Feb 14 14:25:29.574272 dv-cinder-810131-4-smb devstack@c-api.service[109584]: [pid: 109584|app: 0|req: 128/276] 10.222.0.43 () {58 vars in 1324 bytes} [Mon Feb 14 14:25:29 2022] GET /volume/v3/5d01015be0c342a4bee10a62a531f077/volumes/cff5b33c-0aed-42b6-bf41-61c07e8ff4b2 => generated 918 bytes in 102 msecs (HTTP/1.1 200) 7 headers in 285 bytes (1 switches on core 0)
Feb 14 14:25:30.390943 dv-cinder-810131-4-smb devstack@c-api.service[109583]: INFO cinder.api.openstack.wsgi [None req-11636610-0b8e-436a-bfcd-86409839f063 tempest-VolumesServicesTestJSON-1602680129 tempest-VolumesServicesTestJSON-1602680129-project] GET http://10.222.0.43/volume/v3/a1f15b1ccc3f4e3ba932e40391705c41/volumes/617654a2-9468-4286-b802-b6b191448296
Feb 14 14:25:30.392976 dv-cinder-810131-4-smb devstack@c-api.service[109583]: DEBUG cinder.api.openstack.wsgi [None req-11636610-0b8e-436a-bfcd-86409839f063 tempest-VolumesServicesTestJSON-1602680129 tempest-VolumesServicesTestJSON-1602680129-project] Empty body provided in request {{(pid=109583) get_body /opt/stack/cinder/cinder/api/openstack/wsgi.py:715}}
Feb 14 14:25:30.393879 dv-cinder-810131-4-smb devstack@c-api.service[109583]: DEBUG cinder.api.openstack.wsgi [None req-11636610-0b8e-436a-bfcd-86409839f063 tempest-VolumesServicesTestJSON-1602680129 tempest-VolumesServicesTestJSON-1602680129-project] Calling method 'show' {{(pid=109583) _process_stack /opt/stack/cinder/cinder/api/openstack/wsgi.py:868}}
Feb 14 14:25:30.437162 dv-cinder-810131-4-smb devstack@c-api.service[109583]: /usr/local/lib/python3.8/dist-packages/oslo_context/context.py:105: DeprecationWarning: Policy enforcement is depending on the value of is_admin. This key is deprecated. Please update your policy file to use the standard policy values.
Feb 14 14:25:30.437162 dv-cinder-810131-4-smb devstack@c-api.service[109583]: warnings.warn('Policy enforcement is depending on the value of '
Feb 14 14:25:30.464338 dv-cinder-810131-4-smb devstack@c-api.service[109583]: INFO cinder.volume.api [None req-11636610-0b8e-436a-bfcd-86409839f063 tempest-VolumesServicesTestJSON-1602680129 tempest-VolumesServicesTestJSON-1602680129-project] Volume info retrieved successfully.
Feb 14 14:25:30.492214 dv-cinder-810131-4-smb devstack@c-api.service[109583]: INFO cinder.api.openstack.wsgi [None req-11636610-0b8e-436a-bfcd-86409839f063 tempest-VolumesServicesTestJSON-1602680129 tempest-VolumesServicesTestJSON-1602680129-project] http://10.222.0.43/volume/v3/a1f15b1ccc3f4e3ba932e40391705c41/volumes/617654a2-9468-4286-b802-b6b191448296 returned with HTTP 200
Feb 14 14:25:30.494395 dv-cinder-810131-4-smb devstack@c-api.service[109583]: [pid: 109583|app: 0|req: 149/277] 10.222.0.43 () {58 vars in 1324 bytes} [Mon Feb 14 14:25:30 2022] GET /volume/v3/a1f15b1ccc3f4e3ba932e40391705c41/volumes/617654a2-9468-4286-b802-b6b191448296 => generated 915 bytes in 110 msecs (HTTP/1.1 200) 7 headers in 285 bytes (1 switches on core 0)
Feb 14 14:25:30.520991 dv-cinder-810131-4-smb devstack@c-api.service[109584]: INFO cinder.api.openstack.wsgi [None req-20d7f6b9-fc7e-481a-80ac-f582d74566dd tempest-VolumesServicesTestJSON-995403938 tempest-VolumesServicesTestJSON-995403938-project-admin] GET http://10.222.0.43/volume/v3/1b7f7c8982284234b2f1ef7d49138b68/volumes/617654a2-9468-4286-b802-b6b191448296
Feb 14 14:25:30.522143 dv-cinder-810131-4-smb devstack@c-api.service[109584]: DEBUG cinder.api.openstack.wsgi [None req-20d7f6b9-fc7e-481a-80ac-f582d74566dd tempest-VolumesServicesTestJSON-995403938 tempest-VolumesServicesTestJSON-995403938-project-admin] Empty body provided in request {{(pid=109584) get_body /opt/stack/cinder/cinder/api/openstack/wsgi.py:715}}
Feb 14 14:25:30.522900 dv-cinder-810131-4-smb devstack@c-api.service[109584]: DEBUG cinder.api.openstack.wsgi [None req-20d7f6b9-fc7e-481a-80ac-f582d74566dd tempest-VolumesServicesTestJSON-995403938 tempest-VolumesServicesTestJSON-995403938-project-admin] Calling method 'show' {{(pid=109584) _process_stack /opt/stack/cinder/cinder/api/openstack/wsgi.py:868}}
Feb 14 14:25:30.559397 dv-cinder-810131-4-smb devstack@c-api.service[109584]: /usr/local/lib/python3.8/dist-packages/oslo_context/context.py:105: DeprecationWarning: Policy enforcement is depending on the value of is_admin. This key is deprecated. Please update your policy file to use the standard policy values.
Feb 14 14:25:30.559397 dv-cinder-810131-4-smb devstack@c-api.service[109584]: warnings.warn('Policy enforcement is depending on the value of '
Feb 14 14:25:30.572202 dv-cinder-810131-4-smb devstack@c-api.service[109584]: INFO cinder.volume.api [None req-20d7f6b9-fc7e-481a-80ac-f582d74566dd tempest-VolumesServicesTestJSON-995403938 tempest-VolumesServicesTestJSON-995403938-project-admin] Volume info retrieved successfully.
Feb 14 14:25:30.583567 dv-cinder-810131-4-smb devstack@c-api.service[109584]: INFO cinder.api.openstack.wsgi [None req-20d7f6b9-fc7e-481a-80ac-f582d74566dd tempest-VolumesServicesTestJSON-995403938 tempest-VolumesServicesTestJSON-995403938-project-admin] http://10.222.0.43/volume/v3/1b7f7c8982284234b2f1ef7d49138b68/volumes/617654a2-9468-4286-b802-b6b191448296 returned with HTTP 200
Feb 14 14:25:30.585273 dv-cinder-810131-4-smb devstack@c-api.service[109584]: [pid: 109584|app: 0|req: 129/278] 10.222.0.43 () {58 vars in 1324 bytes} [Mon Feb 14 14:25:30 2022] GET /volume/v3/1b7f7c8982284234b2f1ef7d49138b68/volumes/617654a2-9468-4286-b802-b6b191448296 => generated 1081 bytes in 70 msecs (HTTP/1.1 200) 7 headers in 286 bytes (1 switches on core 0)
Feb 14 14:25:30.616060 dv-cinder-810131-4-smb devstack@c-api.service[109583]: INFO cinder.api.openstack.wsgi [None req-cc960297-6e17-493c-9679-6575277f5e75 tempest-VolumesServicesTestJSON-995403938 tempest-VolumesServicesTestJSON-995403938-project-admin] GET http://10.222.0.43/volume/v3/1b7f7c8982284234b2f1ef7d49138b68/os-services?host=hv-cinder-81013&binary=cinder-volume
Feb 14 14:25:30.616518 dv-cinder-810131-4-smb devstack@c-api.service[109583]: DEBUG cinder.api.openstack.wsgi [None req-cc960297-6e17-493c-9679-6575277f5e75 tempest-VolumesServicesTestJSON-995403938 tempest-VolumesServicesTestJSON-995403938-project-admin] Empty body provided in request {{(pid=109583) get_body /opt/stack/cinder/cinder/api/openstack/wsgi.py:715}}
Feb 14 14:25:30.618575 dv-cinder-810131-4-smb devstack@c-api.service[109583]: DEBUG cinder.api.openstack.wsgi [None req-cc960297-6e17-493c-9679-6575277f5e75 tempest-VolumesServicesTestJSON-995403938 tempest-VolumesServicesTestJSON-995403938-project-admin] Calling method 'index' {{(pid=109583) _process_stack /opt/stack/cinder/cinder/api/openstack/wsgi.py:868}}
Feb 14 14:25:30.649914 dv-cinder-810131-4-smb devstack@c-api.service[109583]: INFO cinder.api.openstack.wsgi [None req-cc960297-6e17-493c-9679-6575277f5e75 tempest-VolumesServicesTestJSON-995403938 tempest-VolumesServicesTestJSON-995403938-project-admin] http://10.222.0.43/volume/v3/1b7f7c8982284234b2f1ef7d49138b68/os-services?host=hv-cinder-81013&binary=cinder-volume returned with HTTP 200
Feb 14 14:25:30.654409 dv-cinder-810131-4-smb devstack@c-api.service[109583]: [pid: 109583|app: 0|req: 150/279] 10.222.0.43 () {58 vars in 1308 bytes} [Mon Feb 14 14:25:30 2022] GET /volume/v3/1b7f7c8982284234b2f1ef7d49138b68/os-services?host=hv-cinder-81013&binary=cinder-volume => generated 276 bytes in 46 msecs (HTTP/1.1 200) 7 headers in 285 bytes (2 switches on core 0)
Feb 14 14:25:30.669453 dv-cinder-810131-4-smb devstack@c-api.service[109584]: INFO cinder.api.openstack.wsgi [None req-34904e5e-05dc-4915-82ff-0b6fac7e20a3 tempest-VolumesServicesTestJSON-995403938 tempest-VolumesServicesTestJSON-995403938-project-admin] GET http://10.222.0.43/volume/v3/1b7f7c8982284234b2f1ef7d49138b68/os-services
Feb 14 14:25:30.669980 dv-cinder-810131-4-smb devstack@c-api.service[109584]: DEBUG cinder.api.openstack.wsgi [None req-34904e5e-05dc-4915-82ff-0b6fac7e20a3 tempest-VolumesServicesTestJSON-995403938 tempest-VolumesServicesTestJSON-995403938-project-admin] Empty body provided in request {{(pid=109584) get_body /opt/stack/cinder/cinder/api/openstack/wsgi.py:715}}
Feb 14 14:25:30.670675 dv-cinder-810131-4-smb devstack@c-api.service[109584]: DEBUG cinder.api.openstack.wsgi [None req-34904e5e-05dc-4915-82ff-0b6fac7e20a3 tempest-VolumesServicesTestJSON-995403938 tempest-VolumesServicesTestJSON-995403938-project-admin] Calling method 'index' {{(pid=109584) _process_stack /opt/stack/cinder/cinder/api/openstack/wsgi.py:868}}
Feb 14 14:25:30.687155 dv-cinder-810131-4-smb devstack@c-api.service[109584]: INFO cinder.api.openstack.wsgi [None req-34904e5e-05dc-4915-82ff-0b6fac7e20a3 tempest-VolumesServicesTestJSON-995403938 tempest-VolumesServicesTestJSON-995403938-project-admin] http://10.222.0.43/volume/v3/1b7f7c8982284234b2f1ef7d49138b68/os-services returned with HTTP 200
Feb 14 14:25:30.702360 dv-cinder-810131-4-smb devstack@c-api.service[109584]: [pid: 109584|app: 0|req: 130/280] 10.222.0.43 () {58 vars in 1225 bytes} [Mon Feb 14 14:25:30 2022] GET /volume/v3/1b7f7c8982284234b2f1ef7d49138b68/os-services => generated 640 bytes in 38 msecs (HTTP/1.1 200) 7 headers in 285 bytes (1 switches on core 0)
Feb 14 14:25:30.706292 dv-cinder-810131-4-smb devstack@c-api.service[109583]: INFO cinder.api.openstack.wsgi [None req-6434ade0-e60e-4885-bb48-0f86b6d875b8 tempest-VolumesServicesTestJSON-1602680129 tempest-VolumesServicesTestJSON-1602680129-project] DELETE http://10.222.0.43/volume/v3/a1f15b1ccc3f4e3ba932e40391705c41/volumes/617654a2-9468-4286-b802-b6b191448296
Feb 14 14:25:30.706747 dv-cinder-810131-4-smb devstack@c-api.service[109583]: DEBUG cinder.api.openstack.wsgi [None req-6434ade0-e60e-4885-bb48-0f86b6d875b8 tempest-VolumesServicesTestJSON-1602680129 tempest-VolumesServicesTestJSON-1602680129-project] Empty body provided in request {{(pid=109583) get_body /opt/stack/cinder/cinder/api/openstack/wsgi.py:715}}
Feb 14 14:25:30.707628 dv-cinder-810131-4-smb devstack@c-api.service[109583]: DEBUG cinder.api.openstack.wsgi [None req-6434ade0-e60e-4885-bb48-0f86b6d875b8 tempest-VolumesServicesTestJSON-1602680129 tempest-VolumesServicesTestJSON-1602680129-project] Calling method 'delete' {{(pid=109583) _process_stack /opt/stack/cinder/cinder/api/openstack/wsgi.py:868}}
Feb 14 14:25:30.708197 dv-cinder-810131-4-smb devstack@c-api.service[109583]: INFO cinder.api.v3.volumes [None req-6434ade0-e60e-4885-bb48-0f86b6d875b8 tempest-VolumesServicesTestJSON-1602680129 tempest-VolumesServicesTestJSON-1602680129-project] Delete volume with id: 617654a2-9468-4286-b802-b6b191448296
Feb 14 14:25:30.763854 dv-cinder-810131-4-smb devstack@c-api.service[109583]: /usr/local/lib/python3.8/dist-packages/oslo_context/context.py:105: DeprecationWarning: Policy enforcement is depending on the value of is_admin. This key is deprecated. Please update your policy file to use the standard policy values.
Feb 14 14:25:30.763854 dv-cinder-810131-4-smb devstack@c-api.service[109583]: warnings.warn('Policy enforcement is depending on the value of '
Feb 14 14:25:30.772316 dv-cinder-810131-4-smb devstack@c-api.service[109583]: INFO cinder.volume.api [None req-6434ade0-e60e-4885-bb48-0f86b6d875b8 tempest-VolumesServicesTestJSON-1602680129 tempest-VolumesServicesTestJSON-1602680129-project] Volume info retrieved successfully.
Feb 14 14:25:30.871715 dv-cinder-810131-4-smb devstack@c-api.service[109583]: INFO cinder.volume.api [None req-6434ade0-e60e-4885-bb48-0f86b6d875b8 tempest-VolumesServicesTestJSON-1602680129 tempest-VolumesServicesTestJSON-1602680129-project] Delete volume request issued successfully.
Feb 14 14:25:30.872347 dv-cinder-810131-4-smb devstack@c-api.service[109583]: INFO cinder.api.openstack.wsgi [None req-6434ade0-e60e-4885-bb48-0f86b6d875b8 tempest-VolumesServicesTestJSON-1602680129 tempest-VolumesServicesTestJSON-1602680129-project] http://10.222.0.43/volume/v3/a1f15b1ccc3f4e3ba932e40391705c41/volumes/617654a2-9468-4286-b802-b6b191448296 returned with HTTP 202
Feb 14 14:25:30.873479 dv-cinder-810131-4-smb devstack@c-api.service[109583]: [pid: 109583|app: 0|req: 151/281] 10.222.0.43 () {58 vars in 1327 bytes} [Mon Feb 14 14:25:30 2022] DELETE /volume/v3/a1f15b1ccc3f4e3ba932e40391705c41/volumes/617654a2-9468-4286-b802-b6b191448296 => generated 0 bytes in 171 msecs (HTTP/1.1 202) 6 headers in 233 bytes (2 switches on core 0)
Feb 14 14:25:30.885433 dv-cinder-810131-4-smb devstack@c-api.service[109583]: INFO cinder.api.openstack.wsgi [None req-1a686309-cc33-4b6d-b22a-6b461a4b13de tempest-VolumesServicesTestJSON-1602680129 tempest-VolumesServicesTestJSON-1602680129-project] GET http://10.222.0.43/volume/v3/a1f15b1ccc3f4e3ba932e40391705c41/volumes/617654a2-9468-4286-b802-b6b191448296
Feb 14 14:25:30.886447 dv-cinder-810131-4-smb devstack@c-api.service[109583]: DEBUG cinder.api.openstack.wsgi [None req-1a686309-cc33-4b6d-b22a-6b461a4b13de tempest-VolumesServicesTestJSON-1602680129 tempest-VolumesServicesTestJSON-1602680129-project] Empty body provided in request {{(pid=109583) get_body /opt/stack/cinder/cinder/api/openstack/wsgi.py:715}}
Feb 14 14:25:30.887157 dv-cinder-810131-4-smb devstack@c-api.service[109583]: DEBUG cinder.api.openstack.wsgi [None req-1a686309-cc33-4b6d-b22a-6b461a4b13de tempest-VolumesServicesTestJSON-1602680129 tempest-VolumesServicesTestJSON-1602680129-project] Calling method 'show' {{(pid=109583) _process_stack /opt/stack/cinder/cinder/api/openstack/wsgi.py:868}}
Feb 14 14:25:30.921954 dv-cinder-810131-4-smb devstack@c-api.service[109583]: /usr/local/lib/python3.8/dist-packages/oslo_context/context.py:105: DeprecationWarning: Policy enforcement is depending on the value of is_admin. This key is deprecated. Please update your policy file to use the standard policy values.
Feb 14 14:25:30.921954 dv-cinder-810131-4-smb devstack@c-api.service[109583]: warnings.warn('Policy enforcement is depending on the value of '
Feb 14 14:25:30.951067 dv-cinder-810131-4-smb devstack@c-api.service[109583]: INFO cinder.volume.api [None req-1a686309-cc33-4b6d-b22a-6b461a4b13de tempest-VolumesServicesTestJSON-1602680129 tempest-VolumesServicesTestJSON-1602680129-project] Volume info retrieved successfully.
Feb 14 14:25:30.972292 dv-cinder-810131-4-smb devstack@c-api.service[109583]: INFO cinder.api.openstack.wsgi [None req-1a686309-cc33-4b6d-b22a-6b461a4b13de tempest-VolumesServicesTestJSON-1602680129 tempest-VolumesServicesTestJSON-1602680129-project] http://10.222.0.43/volume/v3/a1f15b1ccc3f4e3ba932e40391705c41/volumes/617654a2-9468-4286-b802-b6b191448296 returned with HTTP 200
Feb 14 14:25:30.977034 dv-cinder-810131-4-smb devstack@c-api.service[109583]: [pid: 109583|app: 0|req: 152/282] 10.222.0.43 () {58 vars in 1324 bytes} [Mon Feb 14 14:25:30 2022] GET /volume/v3/a1f15b1ccc3f4e3ba932e40391705c41/volumes/617654a2-9468-4286-b802-b6b191448296 => generated 914 bytes in 98 msecs (HTTP/1.1 200) 7 headers in 285 bytes (1 switches on core 0)
Feb 14 14:25:31.139887 dv-cinder-810131-4-smb devstack@c-api.service[109583]: INFO cinder.api.openstack.wsgi [None req-e21b7033-7840-4727-ac8c-1c8f90f12b5b tempest-VolumesCloneTest-550439668 tempest-VolumesCloneTest-550439668-project] POST http://10.222.0.43/volume/v3/9fc52d2d19854e519a44699fe8d4938e/volumes
Feb 14 14:25:31.140696 dv-cinder-810131-4-smb devstack@c-api.service[109583]: DEBUG cinder.api.openstack.wsgi [None req-e21b7033-7840-4727-ac8c-1c8f90f12b5b tempest-VolumesCloneTest-550439668 tempest-VolumesCloneTest-550439668-project] Action: 'create', calling method: create, body: {"volume": {"imageRef": "f3a3e421-d125-4517-a994-98f68b1d3386", "size": 1, "name": "tempest-VolumesCloneTest-Volume-1526546566"}} {{(pid=109583) _process_stack /opt/stack/cinder/cinder/api/openstack/wsgi.py:866}}
Feb 14 14:25:31.142668 dv-cinder-810131-4-smb devstack@c-api.service[109583]: DEBUG cinder.api.v3.volumes [None req-e21b7033-7840-4727-ac8c-1c8f90f12b5b tempest-VolumesCloneTest-550439668 tempest-VolumesCloneTest-550439668-project] Create volume request body: {'volume': {'imageRef': 'f3a3e421-d125-4517-a994-98f68b1d3386', 'size': 1, 'name': 'tempest-VolumesCloneTest-Volume-1526546566'}} {{(pid=109583) create /opt/stack/cinder/cinder/api/v3/volumes.py:298}}
Feb 14 14:25:31.296727 dv-cinder-810131-4-smb devstack@c-api.service[109584]: INFO cinder.api.openstack.wsgi [None req-8848c1ed-2bc4-4804-9d0b-b6f7d412eb45 tempest-GroupTypeSpecsTest-867501016 tempest-GroupTypeSpecsTest-867501016-project-admin] POST http://10.222.0.43/volume/v3/e43841020cdf4ba388864ce89c73cd8c/group_types
Feb 14 14:25:31.297719 dv-cinder-810131-4-smb devstack@c-api.service[109584]: DEBUG cinder.api.openstack.wsgi [None req-8848c1ed-2bc4-4804-9d0b-b6f7d412eb45 tempest-GroupTypeSpecsTest-867501016 tempest-GroupTypeSpecsTest-867501016-project-admin] Action: 'create', calling method: version_select, body: {"group_type": {"name": "tempest-GroupTypeSpecsTest-group-type-1301083684"}} {{(pid=109584) _process_stack /opt/stack/cinder/cinder/api/openstack/wsgi.py:866}}
Feb 14 14:25:31.337371 dv-cinder-810131-4-smb devstack@c-api.service[109584]: INFO cinder.api.openstack.wsgi [None req-8848c1ed-2bc4-4804-9d0b-b6f7d412eb45 tempest-GroupTypeSpecsTest-867501016 tempest-GroupTypeSpecsTest-867501016-project-admin] http://10.222.0.43/volume/v3/e43841020cdf4ba388864ce89c73cd8c/group_types returned with HTTP 202
Feb 14 14:25:31.353077 dv-cinder-810131-4-smb devstack@c-api.service[109584]: [pid: 109584|app: 0|req: 131/283] 10.222.0.43 () {62 vars in 1287 bytes} [Mon Feb 14 14:25:30 2022] POST /volume/v3/e43841020cdf4ba388864ce89c73cd8c/group_types => generated 181 bytes in 544 msecs (HTTP/1.1 202) 7 headers in 292 bytes (1 switches on core 0)
Feb 14 14:25:31.361064 dv-cinder-810131-4-smb devstack@c-api.service[109584]: INFO cinder.api.openstack.wsgi [None req-81e003e2-c0c8-43bd-a098-f4fe9150c559 tempest-GroupTypeSpecsTest-867501016 tempest-GroupTypeSpecsTest-867501016-project-admin] POST http://10.222.0.43/volume/v3/e43841020cdf4ba388864ce89c73cd8c/group_types/2848fbde-fbb4-4ec0-854c-977c777b7112/group_specs
Feb 14 14:25:31.362379 dv-cinder-810131-4-smb devstack@c-api.service[109584]: DEBUG cinder.api.openstack.wsgi [None req-81e003e2-c0c8-43bd-a098-f4fe9150c559 tempest-GroupTypeSpecsTest-867501016 tempest-GroupTypeSpecsTest-867501016-project-admin] Action: 'create', calling method: version_select, body: {"group_specs": {"key1": "value1", "key2": "value2"}} {{(pid=109584) _process_stack /opt/stack/cinder/cinder/api/openstack/wsgi.py:866}}
Feb 14 14:25:31.367374 dv-cinder-810131-4-smb devstack@c-api.service[109583]: INFO cinder.api.v3.volumes [None req-e21b7033-7840-4727-ac8c-1c8f90f12b5b tempest-VolumesCloneTest-550439668 tempest-VolumesCloneTest-550439668-project] Create volume of 1 GB
Feb 14 14:25:31.377326 dv-cinder-810131-4-smb devstack@c-api.service[109583]: INFO cinder.volume.api [None req-e21b7033-7840-4727-ac8c-1c8f90f12b5b tempest-VolumesCloneTest-550439668 tempest-VolumesCloneTest-550439668-project] Availability Zones retrieved successfully.
Feb 14 14:25:31.395491 dv-cinder-810131-4-smb devstack@c-api.service[109583]: DEBUG cinder.volume.api [None req-e21b7033-7840-4727-ac8c-1c8f90f12b5b tempest-VolumesCloneTest-550439668 tempest-VolumesCloneTest-550439668-project] Flow 'volume_create_api' (6864e0db-e166-42a7-b413-54a466f02b27) transitioned into state 'RUNNING' from state 'PENDING' {{(pid=109583) _flow_receiver /usr/local/lib/python3.8/dist-packages/taskflow/listeners/logging.py:141}}
Feb 14 14:25:31.400900 dv-cinder-810131-4-smb devstack@c-api.service[109583]: DEBUG cinder.volume.api [None req-e21b7033-7840-4727-ac8c-1c8f90f12b5b tempest-VolumesCloneTest-550439668 tempest-VolumesCloneTest-550439668-project] Task 'cinder.volume.flows.api.create_volume.ExtractVolumeRequestTask;volume:create' (7b12e707-d5fb-4fbc-9306-c3fb6906731c) transitioned into state 'RUNNING' from state 'PENDING' {{(pid=109583) _task_receiver /usr/local/lib/python3.8/dist-packages/taskflow/listeners/logging.py:190}}
Feb 14 14:25:31.404636 dv-cinder-810131-4-smb devstack@c-api.service[109583]: DEBUG cinder.volume.flows.api.create_volume [None req-e21b7033-7840-4727-ac8c-1c8f90f12b5b tempest-VolumesCloneTest-550439668 tempest-VolumesCloneTest-550439668-project] Validating volume size '1' using validate_int {{(pid=109583) _extract_size /opt/stack/cinder/cinder/volume/flows/api/create_volume.py:225}}
Feb 14 14:25:31.447125 dv-cinder-810131-4-smb devstack@c-api.service[109584]: INFO cinder.api.openstack.wsgi [None req-81e003e2-c0c8-43bd-a098-f4fe9150c559 tempest-GroupTypeSpecsTest-867501016 tempest-GroupTypeSpecsTest-867501016-project-admin] http://10.222.0.43/volume/v3/e43841020cdf4ba388864ce89c73cd8c/group_types/2848fbde-fbb4-4ec0-854c-977c777b7112/group_specs returned with HTTP 202
Feb 14 14:25:31.448015 dv-cinder-810131-4-smb devstack@c-api.service[109584]: [pid: 109584|app: 0|req: 132/284] 10.222.0.43 () {62 vars in 1434 bytes} [Mon Feb 14 14:25:31 2022] POST /volume/v3/e43841020cdf4ba388864ce89c73cd8c/group_types/2848fbde-fbb4-4ec0-854c-977c777b7112/group_specs => generated 53 bytes in 94 msecs (HTTP/1.1 202) 7 headers in 291 bytes (1 switches on core 0)
Feb 14 14:25:31.459464 dv-cinder-810131-4-smb devstack@c-api.service[109584]: INFO cinder.api.openstack.wsgi [None req-964a9402-83cf-47ad-98ba-60e511ca2039 tempest-GroupTypeSpecsTest-867501016 tempest-GroupTypeSpecsTest-867501016-project-admin] POST http://10.222.0.43/volume/v3/e43841020cdf4ba388864ce89c73cd8c/group_types/2848fbde-fbb4-4ec0-854c-977c777b7112/group_specs
Feb 14 14:25:31.460752 dv-cinder-810131-4-smb devstack@c-api.service[109584]: DEBUG cinder.api.openstack.wsgi [None req-964a9402-83cf-47ad-98ba-60e511ca2039 tempest-GroupTypeSpecsTest-867501016 tempest-GroupTypeSpecsTest-867501016-project-admin] Action: 'create', calling method: version_select, body: {"group_specs": {"key2": "value2-updated", "key3": "value3"}} {{(pid=109584) _process_stack /opt/stack/cinder/cinder/api/openstack/wsgi.py:866}}
Feb 14 14:25:31.487370 dv-cinder-810131-4-smb devstack@c-api.service[109584]: INFO cinder.api.openstack.wsgi [None req-964a9402-83cf-47ad-98ba-60e511ca2039 tempest-GroupTypeSpecsTest-867501016 tempest-GroupTypeSpecsTest-867501016-project-admin] http://10.222.0.43/volume/v3/e43841020cdf4ba388864ce89c73cd8c/group_types/2848fbde-fbb4-4ec0-854c-977c777b7112/group_specs returned with HTTP 202
Feb 14 14:25:31.489068 dv-cinder-810131-4-smb devstack@c-api.service[109584]: [pid: 109584|app: 0|req: 133/285] 10.222.0.43 () {62 vars in 1434 bytes} [Mon Feb 14 14:25:31 2022] POST /volume/v3/e43841020cdf4ba388864ce89c73cd8c/group_types/2848fbde-fbb4-4ec0-854c-977c777b7112/group_specs => generated 61 bytes in 34 msecs (HTTP/1.1 202) 7 headers in 291 bytes (2 switches on core 0)
Feb 14 14:25:31.501212 dv-cinder-810131-4-smb devstack@c-api.service[109584]: INFO cinder.api.openstack.wsgi [None req-74f9585c-b636-4220-80fc-bf3f58df1922 tempest-GroupTypeSpecsTest-867501016 tempest-GroupTypeSpecsTest-867501016-project-admin] GET http://10.222.0.43/volume/v3/e43841020cdf4ba388864ce89c73cd8c/group_types/2848fbde-fbb4-4ec0-854c-977c777b7112/group_specs/key2
Feb 14 14:25:31.502126 dv-cinder-810131-4-smb devstack@c-api.service[109584]: DEBUG cinder.api.openstack.wsgi [None req-74f9585c-b636-4220-80fc-bf3f58df1922 tempest-GroupTypeSpecsTest-867501016 tempest-GroupTypeSpecsTest-867501016-project-admin] Empty body provided in request {{(pid=109584) get_body /opt/stack/cinder/cinder/api/openstack/wsgi.py:715}}
Feb 14 14:25:31.505468 dv-cinder-810131-4-smb devstack@c-api.service[109584]: DEBUG cinder.api.openstack.wsgi [None req-74f9585c-b636-4220-80fc-bf3f58df1922 tempest-GroupTypeSpecsTest-867501016 tempest-GroupTypeSpecsTest-867501016-project-admin] Calling method 'version_select' {{(pid=109584) _process_stack /opt/stack/cinder/cinder/api/openstack/wsgi.py:868}}
Feb 14 14:25:31.564946 dv-cinder-810131-4-smb devstack@c-api.service[109584]: INFO cinder.api.openstack.wsgi [None req-74f9585c-b636-4220-80fc-bf3f58df1922 tempest-GroupTypeSpecsTest-867501016 tempest-GroupTypeSpecsTest-867501016-project-admin] http://10.222.0.43/volume/v3/e43841020cdf4ba388864ce89c73cd8c/group_types/2848fbde-fbb4-4ec0-854c-977c777b7112/group_specs/key2 returned with HTTP 200
Feb 14 14:25:31.572260 dv-cinder-810131-4-smb devstack@c-api.service[109584]: [pid: 109584|app: 0|req: 134/286] 10.222.0.43 () {60 vars in 1428 bytes} [Mon Feb 14 14:25:31 2022] GET /volume/v3/e43841020cdf4ba388864ce89c73cd8c/group_types/2848fbde-fbb4-4ec0-854c-977c777b7112/group_specs/key2 => generated 26 bytes in 71 msecs (HTTP/1.1 200) 7 headers in 285 bytes (1 switches on core 0)
Feb 14 14:25:31.579764 dv-cinder-810131-4-smb devstack@c-api.service[109584]: INFO cinder.api.openstack.wsgi [None req-ca655b8b-6de9-407a-aeb9-75ea37aaca23 tempest-GroupTypeSpecsTest-867501016 tempest-GroupTypeSpecsTest-867501016-project-admin] GET http://10.222.0.43/volume/v3/e43841020cdf4ba388864ce89c73cd8c/group_types/2848fbde-fbb4-4ec0-854c-977c777b7112/group_specs/key3
Feb 14 14:25:31.580637 dv-cinder-810131-4-smb devstack@c-api.service[109584]: DEBUG cinder.api.openstack.wsgi [None req-ca655b8b-6de9-407a-aeb9-75ea37aaca23 tempest-GroupTypeSpecsTest-867501016 tempest-GroupTypeSpecsTest-867501016-project-admin] Empty body provided in request {{(pid=109584) get_body /opt/stack/cinder/cinder/api/openstack/wsgi.py:715}}
Feb 14 14:25:31.581439 dv-cinder-810131-4-smb devstack@c-api.service[109584]: DEBUG cinder.api.openstack.wsgi [None req-ca655b8b-6de9-407a-aeb9-75ea37aaca23 tempest-GroupTypeSpecsTest-867501016 tempest-GroupTypeSpecsTest-867501016-project-admin] Calling method 'version_select' {{(pid=109584) _process_stack /opt/stack/cinder/cinder/api/openstack/wsgi.py:868}}
Feb 14 14:25:31.599273 dv-cinder-810131-4-smb devstack@c-api.service[109584]: INFO cinder.api.openstack.wsgi [None req-ca655b8b-6de9-407a-aeb9-75ea37aaca23 tempest-GroupTypeSpecsTest-867501016 tempest-GroupTypeSpecsTest-867501016-project-admin] http://10.222.0.43/volume/v3/e43841020cdf4ba388864ce89c73cd8c/group_types/2848fbde-fbb4-4ec0-854c-977c777b7112/group_specs/key3 returned with HTTP 200
Feb 14 14:25:31.600045 dv-cinder-810131-4-smb devstack@c-api.service[109584]: [pid: 109584|app: 0|req: 135/287] 10.222.0.43 () {60 vars in 1428 bytes} [Mon Feb 14 14:25:31 2022] GET /volume/v3/e43841020cdf4ba388864ce89c73cd8c/group_types/2848fbde-fbb4-4ec0-854c-977c777b7112/group_specs/key3 => generated 18 bytes in 27 msecs (HTTP/1.1 200) 7 headers in 285 bytes (2 switches on core 0)
Feb 14 14:25:31.613835 dv-cinder-810131-4-smb devstack@c-api.service[109584]: INFO cinder.api.openstack.wsgi [None req-d6e15e27-6c55-4f85-baa7-e3516311ea20 tempest-GroupTypeSpecsTest-867501016 tempest-GroupTypeSpecsTest-867501016-project-admin] PUT http://10.222.0.43/volume/v3/e43841020cdf4ba388864ce89c73cd8c/group_types/2848fbde-fbb4-4ec0-854c-977c777b7112/group_specs/key3
