Feb 14 14:17:17.409886 dv-cinder-810131-4-smb devstack@c-api.service[109583]: DEBUG cinder.api.extensions [-] Calling extension factory cinder.api.contrib.volume_image_metadata.Volume_image_metadata {{(pid=109583) load_extension /opt/stack/cinder/cinder/api/extensions.py:205}}
Feb 14 14:17:17.410156 dv-cinder-810131-4-smb devstack@c-api.service[109583]: DEBUG cinder.api.extensions [-] Ext name: VolumeImageMetadata {{(pid=109583) _check_extension /opt/stack/cinder/cinder/api/extensions.py:179}}
Feb 14 14:17:17.410425 dv-cinder-810131-4-smb devstack@c-api.service[109583]: DEBUG cinder.api.extensions [-] Ext alias: os-vol-image-meta {{(pid=109583) _check_extension /opt/stack/cinder/cinder/api/extensions.py:180}}
Feb 14 14:17:17.410692 dv-cinder-810131-4-smb devstack@c-api.service[109583]: DEBUG cinder.api.extensions [-] Ext description: Show image metadata associated with the volume. {{(pid=109583) _check_extension /opt/stack/cinder/cinder/api/extensions.py:181}}
Feb 14 14:17:17.410958 dv-cinder-810131-4-smb devstack@c-api.service[109583]: DEBUG cinder.api.extensions [-] Ext updated: 2012-12-07T00:00:00+00:00 {{(pid=109583) _check_extension /opt/stack/cinder/cinder/api/extensions.py:183}}
Feb 14 14:17:17.411222 dv-cinder-810131-4-smb devstack@c-api.service[109583]: DEBUG cinder.api.extensions [-] Loaded extension: os-vol-image-meta {{(pid=109583) register /opt/stack/cinder/cinder/api/extensions.py:140}}
Feb 14 14:17:17.411503 dv-cinder-810131-4-smb devstack@c-api.service[109583]: DEBUG cinder.api.extensions [-] Loading extension cinder.api.contrib.snapshot_actions.Snapshot_actions {{(pid=109583) load_extension /opt/stack/cinder/cinder/api/extensions.py:199}}
Feb 14 14:17:17.411779 dv-cinder-810131-4-smb devstack@c-api.service[109583]: DEBUG cinder.api.extensions [-] Calling extension factory cinder.api.contrib.snapshot_actions.Snapshot_actions {{(pid=109583) load_extension /opt/stack/cinder/cinder/api/extensions.py:205}}
Feb 14 14:17:17.412046 dv-cinder-810131-4-smb devstack@c-api.service[109583]: DEBUG cinder.api.extensions [-] Ext name: SnapshotActions {{(pid=109583) _check_extension /opt/stack/cinder/cinder/api/extensions.py:179}}
Feb 14 14:17:17.412310 dv-cinder-810131-4-smb devstack@c-api.service[109583]: DEBUG cinder.api.extensions [-] Ext alias: os-snapshot-actions {{(pid=109583) _check_extension /opt/stack/cinder/cinder/api/extensions.py:180}}
Feb 14 14:17:17.412577 dv-cinder-810131-4-smb devstack@c-api.service[109583]: DEBUG cinder.api.extensions [-] Ext description: Enable snapshot manager actions. {{(pid=109583) _check_extension /opt/stack/cinder/cinder/api/extensions.py:181}}
Feb 14 14:17:17.413062 dv-cinder-810131-4-smb devstack@c-api.service[109583]: DEBUG cinder.api.extensions [-] Ext updated: 2013-07-16T00:00:00+00:00 {{(pid=109583) _check_extension /opt/stack/cinder/cinder/api/extensions.py:183}}
Feb 14 14:17:17.413062 dv-cinder-810131-4-smb devstack@c-api.service[109583]: DEBUG cinder.api.extensions [-] Loaded extension: os-snapshot-actions {{(pid=109583) register /opt/stack/cinder/cinder/api/extensions.py:140}}
Feb 14 14:17:17.413368 dv-cinder-810131-4-smb devstack@c-api.service[109583]: DEBUG cinder.api.extensions [-] Loading extension cinder.api.contrib.extended_services.Extended_services {{(pid=109583) load_extension /opt/stack/cinder/cinder/api/extensions.py:199}}
Feb 14 14:17:17.413783 dv-cinder-810131-4-smb devstack@c-api.service[109583]: DEBUG cinder.api.extensions [-] Calling extension factory cinder.api.contrib.extended_services.Extended_services {{(pid=109583) load_extension /opt/stack/cinder/cinder/api/extensions.py:205}}
Feb 14 14:17:17.413887 dv-cinder-810131-4-smb devstack@c-api.service[109583]: DEBUG cinder.api.extensions [-] Ext name: ExtendedServices {{(pid=109583) _check_extension /opt/stack/cinder/cinder/api/extensions.py:179}}
Feb 14 14:17:17.414179 dv-cinder-810131-4-smb devstack@c-api.service[109583]: DEBUG cinder.api.extensions [-] Ext alias: os-extended-services {{(pid=109583) _check_extension /opt/stack/cinder/cinder/api/extensions.py:180}}
Feb 14 14:17:17.414443 dv-cinder-810131-4-smb devstack@c-api.service[109583]: DEBUG cinder.api.extensions [-] Ext description: Extended services support. {{(pid=109583) _check_extension /opt/stack/cinder/cinder/api/extensions.py:181}}
Feb 14 14:17:17.414707 dv-cinder-810131-4-smb devstack@c-api.service[109583]: DEBUG cinder.api.extensions [-] Ext updated: 2014-01-10T00:00:00-00:00 {{(pid=109583) _check_extension /opt/stack/cinder/cinder/api/extensions.py:183}}
Feb 14 14:17:17.415560 dv-cinder-810131-4-smb devstack@c-api.service[109583]: DEBUG cinder.api.extensions [-] Loaded extension: os-extended-services {{(pid=109583) register /opt/stack/cinder/cinder/api/extensions.py:140}}
Feb 14 14:17:17.415560 dv-cinder-810131-4-smb devstack@c-api.service[109583]: DEBUG cinder.api.extensions [-] Loading extension cinder.api.contrib.capabilities.Capabilities {{(pid=109583) load_extension /opt/stack/cinder/cinder/api/extensions.py:199}}
Feb 14 14:17:17.415560 dv-cinder-810131-4-smb devstack@c-api.service[109583]: DEBUG cinder.api.extensions [-] Calling extension factory cinder.api.contrib.capabilities.Capabilities {{(pid=109583) load_extension /opt/stack/cinder/cinder/api/extensions.py:205}}
Feb 14 14:17:17.415560 dv-cinder-810131-4-smb devstack@c-api.service[109583]: DEBUG cinder.api.extensions [-] Ext name: Capabilities {{(pid=109583) _check_extension /opt/stack/cinder/cinder/api/extensions.py:179}}
Feb 14 14:17:17.415911 dv-cinder-810131-4-smb devstack@c-api.service[109583]: DEBUG cinder.api.extensions [-] Ext alias: capabilities {{(pid=109583) _check_extension /opt/stack/cinder/cinder/api/extensions.py:180}}
Feb 14 14:17:17.416168 dv-cinder-810131-4-smb devstack@c-api.service[109583]: DEBUG cinder.api.extensions [-] Ext description: Capabilities support. {{(pid=109583) _check_extension /opt/stack/cinder/cinder/api/extensions.py:181}}
Feb 14 14:17:17.416429 dv-cinder-810131-4-smb devstack@c-api.service[109583]: DEBUG cinder.api.extensions [-] Ext updated: 2015-08-31T00:00:00+00:00 {{(pid=109583) _check_extension /opt/stack/cinder/cinder/api/extensions.py:183}}
Feb 14 14:17:17.416696 dv-cinder-810131-4-smb devstack@c-api.service[109583]: DEBUG cinder.api.extensions [-] Loaded extension: capabilities {{(pid=109583) register /opt/stack/cinder/cinder/api/extensions.py:140}}
Feb 14 14:17:17.416985 dv-cinder-810131-4-smb devstack@c-api.service[109583]: DEBUG cinder.api.extensions [-] Loading extension cinder.api.contrib.extended_snapshot_attributes.Extended_snapshot_attributes {{(pid=109583) load_extension /opt/stack/cinder/cinder/api/extensions.py:199}}
Feb 14 14:17:17.417261 dv-cinder-810131-4-smb devstack@c-api.service[109583]: DEBUG cinder.api.extensions [-] Calling extension factory cinder.api.contrib.extended_snapshot_attributes.Extended_snapshot_attributes {{(pid=109583) load_extension /opt/stack/cinder/cinder/api/extensions.py:205}}
Feb 14 14:17:17.417533 dv-cinder-810131-4-smb devstack@c-api.service[109583]: DEBUG cinder.api.extensions [-] Ext name: ExtendedSnapshotAttributes {{(pid=109583) _check_extension /opt/stack/cinder/cinder/api/extensions.py:179}}
Feb 14 14:17:17.417820 dv-cinder-810131-4-smb devstack@c-api.service[109583]: DEBUG cinder.api.extensions [-] Ext alias: os-extended-snapshot-attributes {{(pid=109583) _check_extension /opt/stack/cinder/cinder/api/extensions.py:180}}
Feb 14 14:17:17.418087 dv-cinder-810131-4-smb devstack@c-api.service[109583]: DEBUG cinder.api.extensions [-] Ext description: Extended SnapshotAttributes support. {{(pid=109583) _check_extension /opt/stack/cinder/cinder/api/extensions.py:181}}
Feb 14 14:17:17.418381 dv-cinder-810131-4-smb devstack@c-api.service[109583]: DEBUG cinder.api.extensions [-] Ext updated: 2012-06-19T00:00:00+00:00 {{(pid=109583) _check_extension /opt/stack/cinder/cinder/api/extensions.py:183}}
Feb 14 14:17:17.418644 dv-cinder-810131-4-smb devstack@c-api.service[109583]: DEBUG cinder.api.extensions [-] Loaded extension: os-extended-snapshot-attributes {{(pid=109583) register /opt/stack/cinder/cinder/api/extensions.py:140}}
Feb 14 14:17:17.418930 dv-cinder-810131-4-smb devstack@c-api.service[109583]: DEBUG cinder.api.extensions [-] Loading extension cinder.api.contrib.snapshot_unmanage.Snapshot_unmanage {{(pid=109583) load_extension /opt/stack/cinder/cinder/api/extensions.py:199}}
Feb 14 14:17:17.419207 dv-cinder-810131-4-smb devstack@c-api.service[109583]: DEBUG cinder.api.extensions [-] Calling extension factory cinder.api.contrib.snapshot_unmanage.Snapshot_unmanage {{(pid=109583) load_extension /opt/stack/cinder/cinder/api/extensions.py:205}}
Feb 14 14:17:17.420063 dv-cinder-810131-4-smb devstack@c-api.service[109583]: DEBUG cinder.api.extensions [-] Ext name: SnapshotUnmanage {{(pid=109583) _check_extension /opt/stack/cinder/cinder/api/extensions.py:179}}
Feb 14 14:17:17.420063 dv-cinder-810131-4-smb devstack@c-api.service[109583]: DEBUG cinder.api.extensions [-] Ext alias: os-snapshot-unmanage {{(pid=109583) _check_extension /opt/stack/cinder/cinder/api/extensions.py:180}}
Feb 14 14:17:17.420063 dv-cinder-810131-4-smb devstack@c-api.service[109583]: DEBUG cinder.api.extensions [-] Ext description: Enable volume unmanage operation. {{(pid=109583) _check_extension /opt/stack/cinder/cinder/api/extensions.py:181}}
Feb 14 14:17:17.420063 dv-cinder-810131-4-smb devstack@c-api.service[109583]: DEBUG cinder.api.extensions [-] Ext updated: 2014-12-31T00:00:00+00:00 {{(pid=109583) _check_extension /opt/stack/cinder/cinder/api/extensions.py:183}}
Feb 14 14:17:17.420566 dv-cinder-810131-4-smb devstack@c-api.service[109583]: DEBUG cinder.api.extensions [-] Loaded extension: os-snapshot-unmanage {{(pid=109583) register /opt/stack/cinder/cinder/api/extensions.py:140}}
Feb 14 14:17:17.420971 dv-cinder-810131-4-smb devstack@c-api.service[109583]: DEBUG cinder.api.extensions [-] Loading extension cinder.api.contrib.volume_type_access.Volume_type_access {{(pid=109583) load_extension /opt/stack/cinder/cinder/api/extensions.py:199}}
Feb 14 14:17:17.421252 dv-cinder-810131-4-smb devstack@c-api.service[109583]: DEBUG cinder.api.extensions [-] Calling extension factory cinder.api.contrib.volume_type_access.Volume_type_access {{(pid=109583) load_extension /opt/stack/cinder/cinder/api/extensions.py:205}}
Feb 14 14:17:17.421527 dv-cinder-810131-4-smb devstack@c-api.service[109583]: DEBUG cinder.api.extensions [-] Ext name: VolumeTypeAccess {{(pid=109583) _check_extension /opt/stack/cinder/cinder/api/extensions.py:179}}
Feb 14 14:17:17.421785 dv-cinder-810131-4-smb devstack@c-api.service[109583]: DEBUG cinder.api.extensions [-] Ext alias: os-volume-type-access {{(pid=109583) _check_extension /opt/stack/cinder/cinder/api/extensions.py:180}}
Feb 14 14:17:17.422022 dv-cinder-810131-4-smb devstack@c-api.service[109583]: DEBUG cinder.api.extensions [-] Ext description: Volume type access support. {{(pid=109583) _check_extension /opt/stack/cinder/cinder/api/extensions.py:181}}
Feb 14 14:17:17.422256 dv-cinder-810131-4-smb devstack@c-api.service[109583]: DEBUG cinder.api.extensions [-] Ext updated: 2014-06-26T00:00:00Z {{(pid=109583) _check_extension /opt/stack/cinder/cinder/api/extensions.py:183}}
Feb 14 14:17:17.422489 dv-cinder-810131-4-smb devstack@c-api.service[109583]: DEBUG cinder.api.extensions [-] Loaded extension: os-volume-type-access {{(pid=109583) register /opt/stack/cinder/cinder/api/extensions.py:140}}
Feb 14 14:17:17.422737 dv-cinder-810131-4-smb devstack@c-api.service[109583]: DEBUG cinder.api.extensions [-] Loading extension cinder.api.contrib.snapshot_manage.Snapshot_manage {{(pid=109583) load_extension /opt/stack/cinder/cinder/api/extensions.py:199}}
Feb 14 14:17:17.423030 dv-cinder-810131-4-smb devstack@c-api.service[109583]: DEBUG cinder.api.extensions [-] Calling extension factory cinder.api.contrib.snapshot_manage.Snapshot_manage {{(pid=109583) load_extension /opt/stack/cinder/cinder/api/extensions.py:205}}
Feb 14 14:17:17.423340 dv-cinder-810131-4-smb devstack@c-api.service[109583]: DEBUG cinder.api.extensions [-] Ext name: SnapshotManage {{(pid=109583) _check_extension /opt/stack/cinder/cinder/api/extensions.py:179}}
Feb 14 14:17:17.423475 dv-cinder-810131-4-smb devstack@c-api.service[109583]: DEBUG cinder.api.extensions [-] Ext alias: os-snapshot-manage {{(pid=109583) _check_extension /opt/stack/cinder/cinder/api/extensions.py:180}}
Feb 14 14:17:17.423639 dv-cinder-810131-4-smb devstack@c-api.service[109583]: DEBUG cinder.api.extensions [-] Ext description: Allows existing backend storage to be 'managed' by Cinder. {{(pid=109583) _check_extension /opt/stack/cinder/cinder/api/extensions.py:181}}
Feb 14 14:17:17.423938 dv-cinder-810131-4-smb devstack@c-api.service[109583]: DEBUG cinder.api.extensions [-] Ext updated: 2014-12-31T00:00:00+00:00 {{(pid=109583) _check_extension /opt/stack/cinder/cinder/api/extensions.py:183}}
Feb 14 14:17:17.424098 dv-cinder-810131-4-smb devstack@c-api.service[109583]: DEBUG cinder.api.extensions [-] Loaded extension: os-snapshot-manage {{(pid=109583) register /opt/stack/cinder/cinder/api/extensions.py:140}}
Feb 14 14:17:17.424347 dv-cinder-810131-4-smb devstack@c-api.service[109583]: DEBUG cinder.api.extensions [-] Loading extension cinder.api.contrib.used_limits.Used_limits {{(pid=109583) load_extension /opt/stack/cinder/cinder/api/extensions.py:199}}
Feb 14 14:17:17.424588 dv-cinder-810131-4-smb devstack@c-api.service[109583]: DEBUG cinder.api.extensions [-] Calling extension factory cinder.api.contrib.used_limits.Used_limits {{(pid=109583) load_extension /opt/stack/cinder/cinder/api/extensions.py:205}}
Feb 14 14:17:17.424822 dv-cinder-810131-4-smb devstack@c-api.service[109583]: DEBUG cinder.api.extensions [-] Ext name: UsedLimits {{(pid=109583) _check_extension /opt/stack/cinder/cinder/api/extensions.py:179}}
Feb 14 14:17:17.425052 dv-cinder-810131-4-smb devstack@c-api.service[109583]: DEBUG cinder.api.extensions [-] Ext alias: os-used-limits {{(pid=109583) _check_extension /opt/stack/cinder/cinder/api/extensions.py:180}}
Feb 14 14:17:17.425250 dv-cinder-810131-4-smb devstack@c-api.service[109584]: DEBUG oslo_db.sqlalchemy.engines [None req-05c96cbd-115d-4b02-99a1-bd256e02ecae None None] MySQL server mode set to STRICT_TRANS_TABLES,STRICT_ALL_TABLES,NO_ZERO_IN_DATE,NO_ZERO_DATE,ERROR_FOR_DIVISION_BY_ZERO,TRADITIONAL,NO_ENGINE_SUBSTITUTION {{(pid=109584) _check_effective_sql_mode /usr/local/lib/python3.8/dist-packages/oslo_db/sqlalchemy/engines.py:314}}
Feb 14 14:17:17.425396 dv-cinder-810131-4-smb devstack@c-api.service[109583]: DEBUG cinder.api.extensions [-] Ext description: Provide data on limited resources that are being used. {{(pid=109583) _check_extension /opt/stack/cinder/cinder/api/extensions.py:181}}
Feb 14 14:17:17.425534 dv-cinder-810131-4-smb devstack@c-api.service[109583]: DEBUG cinder.api.extensions [-] Ext updated: 2013-10-03T00:00:00+00:00 {{(pid=109583) _check_extension /opt/stack/cinder/cinder/api/extensions.py:183}}
Feb 14 14:17:17.425826 dv-cinder-810131-4-smb devstack@c-api.service[109583]: DEBUG cinder.api.extensions [-] Loaded extension: os-used-limits {{(pid=109583) register /opt/stack/cinder/cinder/api/extensions.py:140}}
Feb 14 14:17:17.426020 dv-cinder-810131-4-smb devstack@c-api.service[109583]: DEBUG cinder.api.extensions [-] Loading extension cinder.api.contrib.availability_zones.Availability_zones {{(pid=109583) load_extension /opt/stack/cinder/cinder/api/extensions.py:199}}
Feb 14 14:17:17.426261 dv-cinder-810131-4-smb devstack@c-api.service[109583]: DEBUG cinder.api.extensions [-] Calling extension factory cinder.api.contrib.availability_zones.Availability_zones {{(pid=109583) load_extension /opt/stack/cinder/cinder/api/extensions.py:205}}
Feb 14 14:17:17.426495 dv-cinder-810131-4-smb devstack@c-api.service[109583]: DEBUG cinder.api.extensions [-] Ext name: AvailabilityZones {{(pid=109583) _check_extension /opt/stack/cinder/cinder/api/extensions.py:179}}
Feb 14 14:17:17.426751 dv-cinder-810131-4-smb devstack@c-api.service[109583]: DEBUG cinder.api.extensions [-] Ext alias: os-availability-zone {{(pid=109583) _check_extension /opt/stack/cinder/cinder/api/extensions.py:180}}
Feb 14 14:17:17.426986 dv-cinder-810131-4-smb devstack@c-api.service[109583]: DEBUG cinder.api.extensions [-] Ext description: Describe Availability Zones. {{(pid=109583) _check_extension /opt/stack/cinder/cinder/api/extensions.py:181}}
Feb 14 14:17:17.427194 dv-cinder-810131-4-smb devstack@c-api.service[109583]: DEBUG cinder.api.extensions [-] Ext updated: 2013-06-27T00:00:00+00:00 {{(pid=109583) _check_extension /opt/stack/cinder/cinder/api/extensions.py:183}}
Feb 14 14:17:17.427419 dv-cinder-810131-4-smb devstack@c-api.service[109583]: DEBUG cinder.api.extensions [-] Loaded extension: os-availability-zone {{(pid=109583) register /opt/stack/cinder/cinder/api/extensions.py:140}}
Feb 14 14:17:17.427666 dv-cinder-810131-4-smb devstack@c-api.service[109583]: DEBUG cinder.api.extensions [-] Loading extension cinder.api.contrib.cgsnapshots.Cgsnapshots {{(pid=109583) load_extension /opt/stack/cinder/cinder/api/extensions.py:199}}
Feb 14 14:17:17.427906 dv-cinder-810131-4-smb devstack@c-api.service[109583]: DEBUG cinder.api.extensions [-] Calling extension factory cinder.api.contrib.cgsnapshots.Cgsnapshots {{(pid=109583) load_extension /opt/stack/cinder/cinder/api/extensions.py:205}}
Feb 14 14:17:17.428139 dv-cinder-810131-4-smb devstack@c-api.service[109583]: DEBUG cinder.api.extensions [-] Ext name: Cgsnapshots {{(pid=109583) _check_extension /opt/stack/cinder/cinder/api/extensions.py:179}}
Feb 14 14:17:17.428376 dv-cinder-810131-4-smb devstack@c-api.service[109583]: DEBUG cinder.api.extensions [-] Ext alias: cgsnapshots {{(pid=109583) _check_extension /opt/stack/cinder/cinder/api/extensions.py:180}}
Feb 14 14:17:17.428608 dv-cinder-810131-4-smb devstack@c-api.service[109583]: DEBUG cinder.api.extensions [-] Ext description: cgsnapshots support. {{(pid=109583) _check_extension /opt/stack/cinder/cinder/api/extensions.py:181}}
Feb 14 14:17:17.428981 dv-cinder-810131-4-smb devstack@c-api.service[109583]: DEBUG cinder.api.extensions [-] Ext updated: 2014-08-18T00:00:00+00:00 {{(pid=109583) _check_extension /opt/stack/cinder/cinder/api/extensions.py:183}}
Feb 14 14:17:17.429117 dv-cinder-810131-4-smb devstack@c-api.service[109583]: DEBUG cinder.api.extensions [-] Loaded extension: cgsnapshots {{(pid=109583) register /opt/stack/cinder/cinder/api/extensions.py:140}}
Feb 14 14:17:17.429360 dv-cinder-810131-4-smb devstack@c-api.service[109583]: DEBUG cinder.api.extensions [-] Loading extension cinder.api.contrib.backups.Backups {{(pid=109583) load_extension /opt/stack/cinder/cinder/api/extensions.py:199}}
Feb 14 14:17:17.429647 dv-cinder-810131-4-smb devstack@c-api.service[109583]: DEBUG cinder.api.extensions [-] Calling extension factory cinder.api.contrib.backups.Backups {{(pid=109583) load_extension /opt/stack/cinder/cinder/api/extensions.py:205}}
Feb 14 14:17:17.429776 dv-cinder-810131-4-smb devstack@c-api.service[109583]: DEBUG cinder.api.extensions [-] Ext name: Backups {{(pid=109583) _check_extension /opt/stack/cinder/cinder/api/extensions.py:179}}
Feb 14 14:17:17.429986 dv-cinder-810131-4-smb devstack@c-api.service[109583]: DEBUG cinder.api.extensions [-] Ext alias: backups {{(pid=109583) _check_extension /opt/stack/cinder/cinder/api/extensions.py:180}}
Feb 14 14:17:17.430253 dv-cinder-810131-4-smb devstack@c-api.service[109583]: DEBUG cinder.api.extensions [-] Ext description: Backups support. {{(pid=109583) _check_extension /opt/stack/cinder/cinder/api/extensions.py:181}}
Feb 14 14:17:17.430451 dv-cinder-810131-4-smb devstack@c-api.service[109583]: DEBUG cinder.api.extensions [-] Ext updated: 2012-12-12T00:00:00+00:00 {{(pid=109583) _check_extension /opt/stack/cinder/cinder/api/extensions.py:183}}
Feb 14 14:17:17.430679 dv-cinder-810131-4-smb devstack@c-api.service[109583]: DEBUG cinder.api.extensions [-] Loaded extension: backups {{(pid=109583) register /opt/stack/cinder/cinder/api/extensions.py:140}}
Feb 14 14:17:17.430912 dv-cinder-810131-4-smb devstack@c-api.service[109583]: DEBUG cinder.api.extensions [-] Loading extension cinder.api.contrib.consistencygroups.Consistencygroups {{(pid=109583) load_extension /opt/stack/cinder/cinder/api/extensions.py:199}}
Feb 14 14:17:17.431152 dv-cinder-810131-4-smb devstack@c-api.service[109583]: DEBUG cinder.api.extensions [-] Calling extension factory cinder.api.contrib.consistencygroups.Consistencygroups {{(pid=109583) load_extension /opt/stack/cinder/cinder/api/extensions.py:205}}
Feb 14 14:17:17.431383 dv-cinder-810131-4-smb devstack@c-api.service[109583]: DEBUG cinder.api.extensions [-] Ext name: Consistencygroups {{(pid=109583) _check_extension /opt/stack/cinder/cinder/api/extensions.py:179}}
Feb 14 14:17:17.431616 dv-cinder-810131-4-smb devstack@c-api.service[109583]: DEBUG cinder.api.extensions [-] Ext alias: consistencygroups {{(pid=109583) _check_extension /opt/stack/cinder/cinder/api/extensions.py:180}}
Feb 14 14:17:17.431884 dv-cinder-810131-4-smb devstack@c-api.service[109583]: DEBUG cinder.api.extensions [-] Ext description: consistency groups support. {{(pid=109583) _check_extension /opt/stack/cinder/cinder/api/extensions.py:181}}
Feb 14 14:17:17.432065 dv-cinder-810131-4-smb devstack@c-api.service[109583]: DEBUG cinder.api.extensions [-] Ext updated: 2014-08-18T00:00:00+00:00 {{(pid=109583) _check_extension /opt/stack/cinder/cinder/api/extensions.py:183}}
Feb 14 14:17:17.432300 dv-cinder-810131-4-smb devstack@c-api.service[109583]: DEBUG cinder.api.extensions [-] Loaded extension: consistencygroups {{(pid=109583) register /opt/stack/cinder/cinder/api/extensions.py:140}}
Feb 14 14:17:17.432525 dv-cinder-810131-4-smb devstack@c-api.service[109583]: DEBUG cinder.api.extensions [-] Loading extension cinder.api.contrib.volume_host_attribute.Volume_host_attribute {{(pid=109583) load_extension /opt/stack/cinder/cinder/api/extensions.py:199}}
Feb 14 14:17:17.432766 dv-cinder-810131-4-smb devstack@c-api.service[109583]: DEBUG cinder.api.extensions [-] Calling extension factory cinder.api.contrib.volume_host_attribute.Volume_host_attribute {{(pid=109583) load_extension /opt/stack/cinder/cinder/api/extensions.py:205}}
Feb 14 14:17:17.433011 dv-cinder-810131-4-smb devstack@c-api.service[109583]: DEBUG cinder.api.extensions [-] Ext name: VolumeHostAttribute {{(pid=109583) _check_extension /opt/stack/cinder/cinder/api/extensions.py:179}}
Feb 14 14:17:17.433227 dv-cinder-810131-4-smb devstack@c-api.service[109583]: DEBUG cinder.api.extensions [-] Ext alias: os-vol-host-attr {{(pid=109583) _check_extension /opt/stack/cinder/cinder/api/extensions.py:180}}
Feb 14 14:17:17.433528 dv-cinder-810131-4-smb devstack@c-api.service[109583]: DEBUG cinder.api.extensions [-] Ext description: Expose host as an attribute of a volume. {{(pid=109583) _check_extension /opt/stack/cinder/cinder/api/extensions.py:181}}
Feb 14 14:17:17.433730 dv-cinder-810131-4-smb devstack@c-api.service[109583]: DEBUG cinder.api.extensions [-] Ext updated: 2011-11-03T00:00:00+00:00 {{(pid=109583) _check_extension /opt/stack/cinder/cinder/api/extensions.py:183}}
Feb 14 14:17:17.434105 dv-cinder-810131-4-smb devstack@c-api.service[109583]: DEBUG cinder.api.extensions [-] Loaded extension: os-vol-host-attr {{(pid=109583) register /opt/stack/cinder/cinder/api/extensions.py:140}}
Feb 14 14:17:17.434268 dv-cinder-810131-4-smb devstack@c-api.service[109583]: DEBUG cinder.api.extensions [-] Loading extension cinder.api.contrib.scheduler_stats.Scheduler_stats {{(pid=109583) load_extension /opt/stack/cinder/cinder/api/extensions.py:199}}
Feb 14 14:17:17.434509 dv-cinder-810131-4-smb devstack@c-api.service[109583]: DEBUG cinder.api.extensions [-] Calling extension factory cinder.api.contrib.scheduler_stats.Scheduler_stats {{(pid=109583) load_extension /opt/stack/cinder/cinder/api/extensions.py:205}}
Feb 14 14:17:17.434745 dv-cinder-810131-4-smb devstack@c-api.service[109583]: DEBUG cinder.api.extensions [-] Ext name: Scheduler_stats {{(pid=109583) _check_extension /opt/stack/cinder/cinder/api/extensions.py:179}}
Feb 14 14:17:17.434978 dv-cinder-810131-4-smb devstack@c-api.service[109583]: DEBUG cinder.api.extensions [-] Ext alias: scheduler-stats {{(pid=109583) _check_extension /opt/stack/cinder/cinder/api/extensions.py:180}}
Feb 14 14:17:17.435211 dv-cinder-810131-4-smb devstack@c-api.service[109583]: DEBUG cinder.api.extensions [-] Ext description: Scheduler stats support. {{(pid=109583) _check_extension /opt/stack/cinder/cinder/api/extensions.py:181}}
Feb 14 14:17:17.435442 dv-cinder-810131-4-smb devstack@c-api.service[109583]: DEBUG cinder.api.extensions [-] Ext updated: 2014-09-07T00:00:00+00:00 {{(pid=109583) _check_extension /opt/stack/cinder/cinder/api/extensions.py:183}}
Feb 14 14:17:17.435672 dv-cinder-810131-4-smb devstack@c-api.service[109583]: DEBUG cinder.api.extensions [-] Loaded extension: scheduler-stats {{(pid=109583) register /opt/stack/cinder/cinder/api/extensions.py:140}}
Feb 14 14:17:17.436941 dv-cinder-810131-4-smb devstack@c-api.service[109583]: /usr/local/lib/python3.8/dist-packages/oslo_db/sqlalchemy/enginefacade.py:355: OsloDBDeprecationWarning: EngineFacade is deprecated; please use oslo_db.sqlalchemy.enginefacade
Feb 14 14:17:17.436941 dv-cinder-810131-4-smb devstack@c-api.service[109583]: self._legacy_facade = LegacyEngineFacade(None, _factory=self)
Feb 14 14:17:17.461623 dv-cinder-810131-4-smb devstack@c-api.service[109583]: DEBUG oslo_db.sqlalchemy.engines [None req-e3c5f0d4-f2e9-4967-9dcf-982464faf365 None None] MySQL server mode set to STRICT_TRANS_TABLES,STRICT_ALL_TABLES,NO_ZERO_IN_DATE,NO_ZERO_DATE,ERROR_FOR_DIVISION_BY_ZERO,TRADITIONAL,NO_ENGINE_SUBSTITUTION {{(pid=109583) _check_effective_sql_mode /usr/local/lib/python3.8/dist-packages/oslo_db/sqlalchemy/engines.py:314}}
Feb 14 14:17:17.764874 dv-cinder-810131-4-smb devstack@c-api.service[109584]: INFO cinder.rpc [None req-05c96cbd-115d-4b02-99a1-bd256e02ecae None None] Automatically selected cinder-scheduler objects version 1.39 as minimum service version.
Feb 14 14:17:17.769351 dv-cinder-810131-4-smb devstack@c-api.service[109584]: INFO cinder.rpc [None req-05c96cbd-115d-4b02-99a1-bd256e02ecae None None] Automatically selected cinder-scheduler RPC version 3.12 as minimum service version.
Feb 14 14:17:17.773436 dv-cinder-810131-4-smb devstack@c-api.service[109584]: INFO cinder.rpc [None req-05c96cbd-115d-4b02-99a1-bd256e02ecae None None] Automatically selected cinder-volume objects version 1.39 as minimum service version.
Feb 14 14:17:17.777242 dv-cinder-810131-4-smb devstack@c-api.service[109584]: INFO cinder.rpc [None req-05c96cbd-115d-4b02-99a1-bd256e02ecae None None] Automatically selected cinder-volume RPC version 3.17 as minimum service version.
Feb 14 14:17:17.778135 dv-cinder-810131-4-smb devstack@c-api.service[109584]: WARNING stevedore.named [None req-05c96cbd-115d-4b02-99a1-bd256e02ecae None None] Could not load cinder.keymgr.conf_key_mgr.ConfKeyManager
Feb 14 14:17:17.778570 dv-cinder-810131-4-smb devstack@c-api.service[109584]: WARNING castellan.key_manager [None req-05c96cbd-115d-4b02-99a1-bd256e02ecae None None] Deprecation Warning : cinder.keymgr.conf_key_mgr.ConfKeyManager is not a stevedore based driver, trying to load it as a class: stevedore.exception.NoMatches: No 'castellan.drivers' driver found, looking for 'cinder.keymgr.conf_key_mgr.ConfKeyManager'
Feb 14 14:17:17.797943 dv-cinder-810131-4-smb devstack@c-api.service[109584]: WARNING cinder.keymgr.conf_key_mgr [None req-05c96cbd-115d-4b02-99a1-bd256e02ecae None None] This key manager is insecure and is not recommended for production deployments: stevedore.exception.NoMatches: No 'castellan.drivers' driver found, looking for 'cinder.keymgr.conf_key_mgr.ConfKeyManager'
Feb 14 14:17:17.800641 dv-cinder-810131-4-smb devstack@c-api.service[109583]: INFO cinder.rpc [None req-e3c5f0d4-f2e9-4967-9dcf-982464faf365 None None] Automatically selected cinder-scheduler objects version 1.39 as minimum service version.
Feb 14 14:17:17.804654 dv-cinder-810131-4-smb devstack@c-api.service[109584]: DEBUG oslo_db.sqlalchemy.engines [None req-05c96cbd-115d-4b02-99a1-bd256e02ecae None None] MySQL server mode set to STRICT_TRANS_TABLES,STRICT_ALL_TABLES,NO_ZERO_IN_DATE,NO_ZERO_DATE,ERROR_FOR_DIVISION_BY_ZERO,TRADITIONAL,NO_ENGINE_SUBSTITUTION {{(pid=109584) _check_effective_sql_mode /usr/local/lib/python3.8/dist-packages/oslo_db/sqlalchemy/engines.py:314}}
Feb 14 14:17:17.807896 dv-cinder-810131-4-smb devstack@c-api.service[109583]: INFO cinder.rpc [None req-e3c5f0d4-f2e9-4967-9dcf-982464faf365 None None] Automatically selected cinder-scheduler RPC version 3.12 as minimum service version.
Feb 14 14:17:17.809059 dv-cinder-810131-4-smb devstack@c-api.service[109584]: INFO cinder.rpc [None req-05c96cbd-115d-4b02-99a1-bd256e02ecae None None] Automatically selected cinder-backup objects version 1.39 as minimum service version.
Feb 14 14:17:17.812360 dv-cinder-810131-4-smb devstack@c-api.service[109583]: INFO cinder.rpc [None req-e3c5f0d4-f2e9-4967-9dcf-982464faf365 None None] Automatically selected cinder-volume objects version 1.39 as minimum service version.
Feb 14 14:17:17.812916 dv-cinder-810131-4-smb devstack@c-api.service[109584]: INFO cinder.rpc [None req-05c96cbd-115d-4b02-99a1-bd256e02ecae None None] Automatically selected cinder-backup RPC version 2.3 as minimum service version.
Feb 14 14:17:17.813846 dv-cinder-810131-4-smb devstack@c-api.service[109584]: WARNING stevedore.named [None req-05c96cbd-115d-4b02-99a1-bd256e02ecae None None] Could not load cinder.keymgr.conf_key_mgr.ConfKeyManager
Feb 14 14:17:17.814221 dv-cinder-810131-4-smb devstack@c-api.service[109584]: WARNING castellan.key_manager [None req-05c96cbd-115d-4b02-99a1-bd256e02ecae None None] Deprecation Warning : cinder.keymgr.conf_key_mgr.ConfKeyManager is not a stevedore based driver, trying to load it as a class: stevedore.exception.NoMatches: No 'castellan.drivers' driver found, looking for 'cinder.keymgr.conf_key_mgr.ConfKeyManager'
Feb 14 14:17:17.816790 dv-cinder-810131-4-smb devstack@c-api.service[109584]: WARNING stevedore.named [None req-05c96cbd-115d-4b02-99a1-bd256e02ecae None None] Could not load cinder.keymgr.conf_key_mgr.ConfKeyManager
Feb 14 14:17:17.817180 dv-cinder-810131-4-smb devstack@c-api.service[109584]: WARNING castellan.key_manager [None req-05c96cbd-115d-4b02-99a1-bd256e02ecae None None] Deprecation Warning : cinder.keymgr.conf_key_mgr.ConfKeyManager is not a stevedore based driver, trying to load it as a class: stevedore.exception.NoMatches: No 'castellan.drivers' driver found, looking for 'cinder.keymgr.conf_key_mgr.ConfKeyManager'
Feb 14 14:17:17.817637 dv-cinder-810131-4-smb devstack@c-api.service[109583]: INFO cinder.rpc [None req-e3c5f0d4-f2e9-4967-9dcf-982464faf365 None None] Automatically selected cinder-volume RPC version 3.17 as minimum service version.
Feb 14 14:17:17.818482 dv-cinder-810131-4-smb devstack@c-api.service[109583]: WARNING stevedore.named [None req-e3c5f0d4-f2e9-4967-9dcf-982464faf365 None None] Could not load cinder.keymgr.conf_key_mgr.ConfKeyManager
Feb 14 14:17:17.818702 dv-cinder-810131-4-smb devstack@c-api.service[109584]: WARNING stevedore.named [None req-05c96cbd-115d-4b02-99a1-bd256e02ecae None None] Could not load cinder.keymgr.conf_key_mgr.ConfKeyManager
Feb 14 14:17:17.819036 dv-cinder-810131-4-smb devstack@c-api.service[109583]: WARNING castellan.key_manager [None req-e3c5f0d4-f2e9-4967-9dcf-982464faf365 None None] Deprecation Warning : cinder.keymgr.conf_key_mgr.ConfKeyManager is not a stevedore based driver, trying to load it as a class: stevedore.exception.NoMatches: No 'castellan.drivers' driver found, looking for 'cinder.keymgr.conf_key_mgr.ConfKeyManager'
Feb 14 14:17:17.819178 dv-cinder-810131-4-smb devstack@c-api.service[109584]: WARNING castellan.key_manager [None req-05c96cbd-115d-4b02-99a1-bd256e02ecae None None] Deprecation Warning : cinder.keymgr.conf_key_mgr.ConfKeyManager is not a stevedore based driver, trying to load it as a class: stevedore.exception.NoMatches: No 'castellan.drivers' driver found, looking for 'cinder.keymgr.conf_key_mgr.ConfKeyManager'
Feb 14 14:17:17.832014 dv-cinder-810131-4-smb devstack@c-api.service[109584]: WARNING stevedore.named [None req-05c96cbd-115d-4b02-99a1-bd256e02ecae None None] Could not load cinder.keymgr.conf_key_mgr.ConfKeyManager
Feb 14 14:17:17.832389 dv-cinder-810131-4-smb devstack@c-api.service[109584]: WARNING castellan.key_manager [None req-05c96cbd-115d-4b02-99a1-bd256e02ecae None None] Deprecation Warning : cinder.keymgr.conf_key_mgr.ConfKeyManager is not a stevedore based driver, trying to load it as a class: stevedore.exception.NoMatches: No 'castellan.drivers' driver found, looking for 'cinder.keymgr.conf_key_mgr.ConfKeyManager'
Feb 14 14:17:17.836479 dv-cinder-810131-4-smb devstack@c-api.service[109584]: WARNING stevedore.named [None req-05c96cbd-115d-4b02-99a1-bd256e02ecae None None] Could not load cinder.keymgr.conf_key_mgr.ConfKeyManager
Feb 14 14:17:17.836853 dv-cinder-810131-4-smb devstack@c-api.service[109584]: WARNING castellan.key_manager [None req-05c96cbd-115d-4b02-99a1-bd256e02ecae None None] Deprecation Warning : cinder.keymgr.conf_key_mgr.ConfKeyManager is not a stevedore based driver, trying to load it as a class: stevedore.exception.NoMatches: No 'castellan.drivers' driver found, looking for 'cinder.keymgr.conf_key_mgr.ConfKeyManager'
Feb 14 14:17:17.837135 dv-cinder-810131-4-smb devstack@c-api.service[109583]: WARNING cinder.keymgr.conf_key_mgr [None req-e3c5f0d4-f2e9-4967-9dcf-982464faf365 None None] This key manager is insecure and is not recommended for production deployments: stevedore.exception.NoMatches: No 'castellan.drivers' driver found, looking for 'cinder.keymgr.conf_key_mgr.ConfKeyManager'
Feb 14 14:17:17.840942 dv-cinder-810131-4-smb devstack@c-api.service[109584]: WARNING stevedore.named [None req-05c96cbd-115d-4b02-99a1-bd256e02ecae None None] Could not load cinder.keymgr.conf_key_mgr.ConfKeyManager
Feb 14 14:17:17.841308 dv-cinder-810131-4-smb devstack@c-api.service[109584]: WARNING castellan.key_manager [None req-05c96cbd-115d-4b02-99a1-bd256e02ecae None None] Deprecation Warning : cinder.keymgr.conf_key_mgr.ConfKeyManager is not a stevedore based driver, trying to load it as a class: stevedore.exception.NoMatches: No 'castellan.drivers' driver found, looking for 'cinder.keymgr.conf_key_mgr.ConfKeyManager'
Feb 14 14:17:17.844604 dv-cinder-810131-4-smb devstack@c-api.service[109583]: DEBUG oslo_db.sqlalchemy.engines [None req-e3c5f0d4-f2e9-4967-9dcf-982464faf365 None None] MySQL server mode set to STRICT_TRANS_TABLES,STRICT_ALL_TABLES,NO_ZERO_IN_DATE,NO_ZERO_DATE,ERROR_FOR_DIVISION_BY_ZERO,TRADITIONAL,NO_ENGINE_SUBSTITUTION {{(pid=109583) _check_effective_sql_mode /usr/local/lib/python3.8/dist-packages/oslo_db/sqlalchemy/engines.py:314}}
Feb 14 14:17:17.846953 dv-cinder-810131-4-smb devstack@c-api.service[109584]: WARNING stevedore.named [None req-05c96cbd-115d-4b02-99a1-bd256e02ecae None None] Could not load cinder.keymgr.conf_key_mgr.ConfKeyManager
Feb 14 14:17:17.847344 dv-cinder-810131-4-smb devstack@c-api.service[109584]: WARNING castellan.key_manager [None req-05c96cbd-115d-4b02-99a1-bd256e02ecae None None] Deprecation Warning : cinder.keymgr.conf_key_mgr.ConfKeyManager is not a stevedore based driver, trying to load it as a class: stevedore.exception.NoMatches: No 'castellan.drivers' driver found, looking for 'cinder.keymgr.conf_key_mgr.ConfKeyManager'
Feb 14 14:17:17.849401 dv-cinder-810131-4-smb devstack@c-api.service[109583]: INFO cinder.rpc [None req-e3c5f0d4-f2e9-4967-9dcf-982464faf365 None None] Automatically selected cinder-backup objects version 1.39 as minimum service version.
Feb 14 14:17:17.851099 dv-cinder-810131-4-smb devstack@c-api.service[109584]: WARNING stevedore.named [None req-05c96cbd-115d-4b02-99a1-bd256e02ecae None None] Could not load cinder.keymgr.conf_key_mgr.ConfKeyManager
Feb 14 14:17:17.851393 dv-cinder-810131-4-smb devstack@c-api.service[109584]: WARNING castellan.key_manager [None req-05c96cbd-115d-4b02-99a1-bd256e02ecae None None] Deprecation Warning : cinder.keymgr.conf_key_mgr.ConfKeyManager is not a stevedore based driver, trying to load it as a class: stevedore.exception.NoMatches: No 'castellan.drivers' driver found, looking for 'cinder.keymgr.conf_key_mgr.ConfKeyManager'
Feb 14 14:17:17.853982 dv-cinder-810131-4-smb devstack@c-api.service[109583]: INFO cinder.rpc [None req-e3c5f0d4-f2e9-4967-9dcf-982464faf365 None None] Automatically selected cinder-backup RPC version 2.3 as minimum service version.
Feb 14 14:17:17.854884 dv-cinder-810131-4-smb devstack@c-api.service[109584]: WARNING stevedore.named [None req-05c96cbd-115d-4b02-99a1-bd256e02ecae None None] Could not load cinder.keymgr.conf_key_mgr.ConfKeyManager
Feb 14 14:17:17.855119 dv-cinder-810131-4-smb devstack@c-api.service[109583]: WARNING stevedore.named [None req-e3c5f0d4-f2e9-4967-9dcf-982464faf365 None None] Could not load cinder.keymgr.conf_key_mgr.ConfKeyManager
Feb 14 14:17:17.855213 dv-cinder-810131-4-smb devstack@c-api.service[109584]: WARNING castellan.key_manager [None req-05c96cbd-115d-4b02-99a1-bd256e02ecae None None] Deprecation Warning : cinder.keymgr.conf_key_mgr.ConfKeyManager is not a stevedore based driver, trying to load it as a class: stevedore.exception.NoMatches: No 'castellan.drivers' driver found, looking for 'cinder.keymgr.conf_key_mgr.ConfKeyManager'
Feb 14 14:17:17.855585 dv-cinder-810131-4-smb devstack@c-api.service[109583]: WARNING castellan.key_manager [None req-e3c5f0d4-f2e9-4967-9dcf-982464faf365 None None] Deprecation Warning : cinder.keymgr.conf_key_mgr.ConfKeyManager is not a stevedore based driver, trying to load it as a class: stevedore.exception.NoMatches: No 'castellan.drivers' driver found, looking for 'cinder.keymgr.conf_key_mgr.ConfKeyManager'
Feb 14 14:17:17.857916 dv-cinder-810131-4-smb devstack@c-api.service[109583]: WARNING stevedore.named [None req-e3c5f0d4-f2e9-4967-9dcf-982464faf365 None None] Could not load cinder.keymgr.conf_key_mgr.ConfKeyManager
Feb 14 14:17:17.858337 dv-cinder-810131-4-smb devstack@c-api.service[109583]: WARNING castellan.key_manager [None req-e3c5f0d4-f2e9-4967-9dcf-982464faf365 None None] Deprecation Warning : cinder.keymgr.conf_key_mgr.ConfKeyManager is not a stevedore based driver, trying to load it as a class: stevedore.exception.NoMatches: No 'castellan.drivers' driver found, looking for 'cinder.keymgr.conf_key_mgr.ConfKeyManager'
Feb 14 14:17:17.859922 dv-cinder-810131-4-smb devstack@c-api.service[109583]: WARNING stevedore.named [None req-e3c5f0d4-f2e9-4967-9dcf-982464faf365 None None] Could not load cinder.keymgr.conf_key_mgr.ConfKeyManager
Feb 14 14:17:17.860341 dv-cinder-810131-4-smb devstack@c-api.service[109583]: WARNING castellan.key_manager [None req-e3c5f0d4-f2e9-4967-9dcf-982464faf365 None None] Deprecation Warning : cinder.keymgr.conf_key_mgr.ConfKeyManager is not a stevedore based driver, trying to load it as a class: stevedore.exception.NoMatches: No 'castellan.drivers' driver found, looking for 'cinder.keymgr.conf_key_mgr.ConfKeyManager'
Feb 14 14:17:17.861182 dv-cinder-810131-4-smb devstack@c-api.service[109584]: WARNING stevedore.named [None req-05c96cbd-115d-4b02-99a1-bd256e02ecae None None] Could not load cinder.keymgr.conf_key_mgr.ConfKeyManager
Feb 14 14:17:17.861656 dv-cinder-810131-4-smb devstack@c-api.service[109584]: WARNING castellan.key_manager [None req-05c96cbd-115d-4b02-99a1-bd256e02ecae None None] Deprecation Warning : cinder.keymgr.conf_key_mgr.ConfKeyManager is not a stevedore based driver, trying to load it as a class: stevedore.exception.NoMatches: No 'castellan.drivers' driver found, looking for 'cinder.keymgr.conf_key_mgr.ConfKeyManager'
Feb 14 14:17:17.865114 dv-cinder-810131-4-smb devstack@c-api.service[109584]: WARNING stevedore.named [None req-05c96cbd-115d-4b02-99a1-bd256e02ecae None None] Could not load cinder.keymgr.conf_key_mgr.ConfKeyManager
Feb 14 14:17:17.865447 dv-cinder-810131-4-smb devstack@c-api.service[109584]: WARNING castellan.key_manager [None req-05c96cbd-115d-4b02-99a1-bd256e02ecae None None] Deprecation Warning : cinder.keymgr.conf_key_mgr.ConfKeyManager is not a stevedore based driver, trying to load it as a class: stevedore.exception.NoMatches: No 'castellan.drivers' driver found, looking for 'cinder.keymgr.conf_key_mgr.ConfKeyManager'
Feb 14 14:17:17.869074 dv-cinder-810131-4-smb devstack@c-api.service[109584]: WARNING stevedore.named [None req-05c96cbd-115d-4b02-99a1-bd256e02ecae None None] Could not load cinder.keymgr.conf_key_mgr.ConfKeyManager
Feb 14 14:17:17.869458 dv-cinder-810131-4-smb devstack@c-api.service[109584]: WARNING castellan.key_manager [None req-05c96cbd-115d-4b02-99a1-bd256e02ecae None None] Deprecation Warning : cinder.keymgr.conf_key_mgr.ConfKeyManager is not a stevedore based driver, trying to load it as a class: stevedore.exception.NoMatches: No 'castellan.drivers' driver found, looking for 'cinder.keymgr.conf_key_mgr.ConfKeyManager'
Feb 14 14:17:17.871254 dv-cinder-810131-4-smb devstack@c-api.service[109584]: WARNING stevedore.named [None req-05c96cbd-115d-4b02-99a1-bd256e02ecae None None] Could not load cinder.keymgr.conf_key_mgr.ConfKeyManager
Feb 14 14:17:17.871656 dv-cinder-810131-4-smb devstack@c-api.service[109584]: WARNING castellan.key_manager [None req-05c96cbd-115d-4b02-99a1-bd256e02ecae None None] Deprecation Warning : cinder.keymgr.conf_key_mgr.ConfKeyManager is not a stevedore based driver, trying to load it as a class: stevedore.exception.NoMatches: No 'castellan.drivers' driver found, looking for 'cinder.keymgr.conf_key_mgr.ConfKeyManager'
Feb 14 14:17:17.874557 dv-cinder-810131-4-smb devstack@c-api.service[109583]: WARNING stevedore.named [None req-e3c5f0d4-f2e9-4967-9dcf-982464faf365 None None] Could not load cinder.keymgr.conf_key_mgr.ConfKeyManager
Feb 14 14:17:17.874960 dv-cinder-810131-4-smb devstack@c-api.service[109584]: WARNING stevedore.named [None req-05c96cbd-115d-4b02-99a1-bd256e02ecae None None] Could not load cinder.keymgr.conf_key_mgr.ConfKeyManager
Feb 14 14:17:17.875071 dv-cinder-810131-4-smb devstack@c-api.service[109583]: WARNING castellan.key_manager [None req-e3c5f0d4-f2e9-4967-9dcf-982464faf365 None None] Deprecation Warning : cinder.keymgr.conf_key_mgr.ConfKeyManager is not a stevedore based driver, trying to load it as a class: stevedore.exception.NoMatches: No 'castellan.drivers' driver found, looking for 'cinder.keymgr.conf_key_mgr.ConfKeyManager'
Feb 14 14:17:17.875328 dv-cinder-810131-4-smb devstack@c-api.service[109584]: WARNING castellan.key_manager [None req-05c96cbd-115d-4b02-99a1-bd256e02ecae None None] Deprecation Warning : cinder.keymgr.conf_key_mgr.ConfKeyManager is not a stevedore based driver, trying to load it as a class: stevedore.exception.NoMatches: No 'castellan.drivers' driver found, looking for 'cinder.keymgr.conf_key_mgr.ConfKeyManager'
Feb 14 14:17:17.879291 dv-cinder-810131-4-smb devstack@c-api.service[109583]: WARNING stevedore.named [None req-e3c5f0d4-f2e9-4967-9dcf-982464faf365 None None] Could not load cinder.keymgr.conf_key_mgr.ConfKeyManager
Feb 14 14:17:17.879734 dv-cinder-810131-4-smb devstack@c-api.service[109583]: WARNING castellan.key_manager [None req-e3c5f0d4-f2e9-4967-9dcf-982464faf365 None None] Deprecation Warning : cinder.keymgr.conf_key_mgr.ConfKeyManager is not a stevedore based driver, trying to load it as a class: stevedore.exception.NoMatches: No 'castellan.drivers' driver found, looking for 'cinder.keymgr.conf_key_mgr.ConfKeyManager'
Feb 14 14:17:17.882165 dv-cinder-810131-4-smb devstack@c-api.service[109584]: WARNING stevedore.named [None req-05c96cbd-115d-4b02-99a1-bd256e02ecae None None] Could not load cinder.keymgr.conf_key_mgr.ConfKeyManager
Feb 14 14:17:17.882523 dv-cinder-810131-4-smb devstack@c-api.service[109584]: WARNING castellan.key_manager [None req-05c96cbd-115d-4b02-99a1-bd256e02ecae None None] Deprecation Warning : cinder.keymgr.conf_key_mgr.ConfKeyManager is not a stevedore based driver, trying to load it as a class: stevedore.exception.NoMatches: No 'castellan.drivers' driver found, looking for 'cinder.keymgr.conf_key_mgr.ConfKeyManager'
Feb 14 14:17:17.883960 dv-cinder-810131-4-smb devstack@c-api.service[109583]: WARNING stevedore.named [None req-e3c5f0d4-f2e9-4967-9dcf-982464faf365 None None] Could not load cinder.keymgr.conf_key_mgr.ConfKeyManager
Feb 14 14:17:17.884516 dv-cinder-810131-4-smb devstack@c-api.service[109583]: WARNING castellan.key_manager [None req-e3c5f0d4-f2e9-4967-9dcf-982464faf365 None None] Deprecation Warning : cinder.keymgr.conf_key_mgr.ConfKeyManager is not a stevedore based driver, trying to load it as a class: stevedore.exception.NoMatches: No 'castellan.drivers' driver found, looking for 'cinder.keymgr.conf_key_mgr.ConfKeyManager'
Feb 14 14:17:17.886867 dv-cinder-810131-4-smb devstack@c-api.service[109584]: WARNING stevedore.named [None req-05c96cbd-115d-4b02-99a1-bd256e02ecae None None] Could not load cinder.keymgr.conf_key_mgr.ConfKeyManager
Feb 14 14:17:17.887372 dv-cinder-810131-4-smb devstack@c-api.service[109584]: WARNING castellan.key_manager [None req-05c96cbd-115d-4b02-99a1-bd256e02ecae None None] Deprecation Warning : cinder.keymgr.conf_key_mgr.ConfKeyManager is not a stevedore based driver, trying to load it as a class: stevedore.exception.NoMatches: No 'castellan.drivers' driver found, looking for 'cinder.keymgr.conf_key_mgr.ConfKeyManager'
Feb 14 14:17:17.889657 dv-cinder-810131-4-smb devstack@c-api.service[109583]: WARNING stevedore.named [None req-e3c5f0d4-f2e9-4967-9dcf-982464faf365 None None] Could not load cinder.keymgr.conf_key_mgr.ConfKeyManager
Feb 14 14:17:17.889925 dv-cinder-810131-4-smb devstack@c-api.service[109584]: WARNING cinder.api.contrib.hosts [None req-05c96cbd-115d-4b02-99a1-bd256e02ecae None None] Deprecated: The Host API is deprecated and will be be removed in a future version.
Feb 14 14:17:17.890165 dv-cinder-810131-4-smb devstack@c-api.service[109583]: WARNING castellan.key_manager [None req-e3c5f0d4-f2e9-4967-9dcf-982464faf365 None None] Deprecation Warning : cinder.keymgr.conf_key_mgr.ConfKeyManager is not a stevedore based driver, trying to load it as a class: stevedore.exception.NoMatches: No 'castellan.drivers' driver found, looking for 'cinder.keymgr.conf_key_mgr.ConfKeyManager'
Feb 14 14:17:17.890674 dv-cinder-810131-4-smb devstack@c-api.service[109584]: WARNING stevedore.named [None req-05c96cbd-115d-4b02-99a1-bd256e02ecae None None] Could not load cinder.keymgr.conf_key_mgr.ConfKeyManager
Feb 14 14:17:17.891031 dv-cinder-810131-4-smb devstack@c-api.service[109584]: WARNING castellan.key_manager [None req-05c96cbd-115d-4b02-99a1-bd256e02ecae None None] Deprecation Warning : cinder.keymgr.conf_key_mgr.ConfKeyManager is not a stevedore based driver, trying to load it as a class: stevedore.exception.NoMatches: No 'castellan.drivers' driver found, looking for 'cinder.keymgr.conf_key_mgr.ConfKeyManager'
Feb 14 14:17:17.892831 dv-cinder-810131-4-smb devstack@c-api.service[109584]: WARNING stevedore.named [None req-05c96cbd-115d-4b02-99a1-bd256e02ecae None None] Could not load cinder.keymgr.conf_key_mgr.ConfKeyManager
Feb 14 14:17:17.893198 dv-cinder-810131-4-smb devstack@c-api.service[109584]: WARNING castellan.key_manager [None req-05c96cbd-115d-4b02-99a1-bd256e02ecae None None] Deprecation Warning : cinder.keymgr.conf_key_mgr.ConfKeyManager is not a stevedore based driver, trying to load it as a class: stevedore.exception.NoMatches: No 'castellan.drivers' driver found, looking for 'cinder.keymgr.conf_key_mgr.ConfKeyManager'
Feb 14 14:17:17.894866 dv-cinder-810131-4-smb devstack@c-api.service[109584]: WARNING stevedore.named [None req-05c96cbd-115d-4b02-99a1-bd256e02ecae None None] Could not load cinder.keymgr.conf_key_mgr.ConfKeyManager
Feb 14 14:17:17.895222 dv-cinder-810131-4-smb devstack@c-api.service[109584]: WARNING castellan.key_manager [None req-05c96cbd-115d-4b02-99a1-bd256e02ecae None None] Deprecation Warning : cinder.keymgr.conf_key_mgr.ConfKeyManager is not a stevedore based driver, trying to load it as a class: stevedore.exception.NoMatches: No 'castellan.drivers' driver found, looking for 'cinder.keymgr.conf_key_mgr.ConfKeyManager'
Feb 14 14:17:17.895794 dv-cinder-810131-4-smb devstack@c-api.service[109583]: WARNING stevedore.named [None req-e3c5f0d4-f2e9-4967-9dcf-982464faf365 None None] Could not load cinder.keymgr.conf_key_mgr.ConfKeyManager
Feb 14 14:17:17.896239 dv-cinder-810131-4-smb devstack@c-api.service[109583]: WARNING castellan.key_manager [None req-e3c5f0d4-f2e9-4967-9dcf-982464faf365 None None] Deprecation Warning : cinder.keymgr.conf_key_mgr.ConfKeyManager is not a stevedore based driver, trying to load it as a class: stevedore.exception.NoMatches: No 'castellan.drivers' driver found, looking for 'cinder.keymgr.conf_key_mgr.ConfKeyManager'
Feb 14 14:17:17.896667 dv-cinder-810131-4-smb devstack@c-api.service[109584]: WARNING stevedore.named [None req-05c96cbd-115d-4b02-99a1-bd256e02ecae None None] Could not load cinder.keymgr.conf_key_mgr.ConfKeyManager
Feb 14 14:17:17.897019 dv-cinder-810131-4-smb devstack@c-api.service[109584]: WARNING castellan.key_manager [None req-05c96cbd-115d-4b02-99a1-bd256e02ecae None None] Deprecation Warning : cinder.keymgr.conf_key_mgr.ConfKeyManager is not a stevedore based driver, trying to load it as a class: stevedore.exception.NoMatches: No 'castellan.drivers' driver found, looking for 'cinder.keymgr.conf_key_mgr.ConfKeyManager'
Feb 14 14:17:17.898708 dv-cinder-810131-4-smb devstack@c-api.service[109584]: WARNING stevedore.named [None req-05c96cbd-115d-4b02-99a1-bd256e02ecae None None] Could not load cinder.keymgr.conf_key_mgr.ConfKeyManager
