Sep 22 04:29:22.901010 dv-cinder-810118-1-smb neutron-server[94624]: INFO neutron.wsgi [req-d990b70c-c0b7-45a6-bdb7-c0c26db289cc req-34a74444-0e72-4785-943a-3ad0e8cea0a6 tempest-AttachVolumeTestJSON-977100344 tempest-AttachVolumeTestJSON-977100344-project] 10.222.0.21 "GET /v2.0/ports?device_id=ec998cc3-0d36-4047-af77-937d92c7388f HTTP/1.1" status: 200 len: 210 time: 0.0270116
Sep 22 04:29:22.909048 dv-cinder-810118-1-smb neutron-server[94624]: DEBUG novaclient.v2.client [-] RESP: [200] Connection: close Content-Length: 179 Content-Type: application/json Date: Wed, 22 Sep 2021 04:29:22 GMT OpenStack-API-Version: compute 2.1 Server: Apache/2.4.41 (Ubuntu) Vary: OpenStack-API-Version,X-OpenStack-Nova-API-Version X-OpenStack-Nova-API-Version: 2.1 x-compute-request-id: req-6017a437-5f5f-4244-9daf-06028184dbb5 x-openstack-request-id: req-6017a437-5f5f-4244-9daf-06028184dbb5 {{(pid=94624) _http_log_response /usr/local/lib/python3.8/dist-packages/keystoneauth1/session.py:550}}
Sep 22 04:29:22.909845 dv-cinder-810118-1-smb neutron-server[94624]: DEBUG novaclient.v2.client [-] RESP BODY: {"events": [{"name": "network-changed", "server_uuid": "515a1b3d-fb2d-49ba-aa73-a932c25445d1", "tag": "29eef331-d4cb-4068-8e42-4ea8e63ef660", "status": "completed", "code": 200}]} {{(pid=94624) _http_log_response /usr/local/lib/python3.8/dist-packages/keystoneauth1/session.py:582}}
Sep 22 04:29:22.910168 dv-cinder-810118-1-smb neutron-server[94624]: DEBUG novaclient.v2.client [-] POST call to compute for http://10.222.0.21/compute/v2.1/os-server-external-events used request id req-6017a437-5f5f-4244-9daf-06028184dbb5 {{(pid=94624) request /usr/local/lib/python3.8/dist-packages/keystoneauth1/session.py:954}}
Sep 22 04:29:22.910642 dv-cinder-810118-1-smb neutron-server[94624]: INFO neutron.notifiers.nova [-] Nova event response: {'name': 'network-changed', 'server_uuid': '515a1b3d-fb2d-49ba-aa73-a932c25445d1', 'tag': '29eef331-d4cb-4068-8e42-4ea8e63ef660', 'status': 'completed', 'code': 200}
Sep 22 04:29:22.986575 dv-cinder-810118-1-smb neutron-server[94624]: INFO neutron.wsgi [req-ddefcd36-32cc-46c3-8b65-8f40bbe41e1f req-b0771262-5c27-4c5f-8ee7-10604ea053a5 tempest-AttachVolumeShelveTestJSON-1195566341 tempest-AttachVolumeShelveTestJSON-1195566341-project] 10.222.0.21 "GET /v2.0/ports?device_id=7ac6f39d-a64d-4ab0-a192-92992b23bb1e HTTP/1.1" status: 200 len: 210 time: 0.0276456
Sep 22 04:29:23.105992 dv-cinder-810118-1-smb neutron-server[94623]: DEBUG neutron_lib.callbacks.manager [None req-af7362cd-b942-4bd9-bcfa-c36efbf178ea admin admin] Notify callbacks ['neutron.plugins.ml2.ovo_rpc._ObjectChangeHandler.handle_event-583371'] for security_group, after_create {{(pid=94623) _notify_loop /usr/local/lib/python3.8/dist-packages/neutron_lib/callbacks/manager.py:192}}
Sep 22 04:29:23.154790 dv-cinder-810118-1-smb neutron-server[94623]: DEBUG neutron.api.rpc.handlers.resources_rpc [None req-af7362cd-b942-4bd9-bcfa-c36efbf178ea admin admin] Pushing event updated for resources: {'SecurityGroup': ['ID=3bf1f507-0d23-4de2-86a9-39b551f10949,revision_number=1']} {{(pid=94623) push /opt/stack/neutron/neutron/api/rpc/handlers/resources_rpc.py:237}}
Sep 22 04:29:23.162199 dv-cinder-810118-1-smb neutron-server[94623]: INFO neutron.wsgi [None req-af7362cd-b942-4bd9-bcfa-c36efbf178ea admin admin] 10.222.0.21 "GET /v2.0/security-groups?tenant_id=57936d54228f4abcbd9b71dc219f016f&name=default HTTP/1.1" status: 200 len: 2979 time: 0.4401813
Sep 22 04:29:23.169544 dv-cinder-810118-1-smb neutron-server[94623]: DEBUG neutron.wsgi [-] (94623) accepted ('10.222.0.21', 47986) {{(pid=94623) server /usr/local/lib/python3.8/dist-packages/eventlet/wsgi.py:982}}
Sep 22 04:29:23.225688 dv-cinder-810118-1-smb neutron-server[94623]: DEBUG neutron_lib.callbacks.manager [None req-1de26fc3-75d1-4bdf-8612-94964dbf517c admin admin] Notify callbacks [] for security_group, before_delete {{(pid=94623) _notify_loop /usr/local/lib/python3.8/dist-packages/neutron_lib/callbacks/manager.py:192}}
Sep 22 04:29:23.250962 dv-cinder-810118-1-smb neutron-server[94623]: DEBUG neutron_lib.callbacks.manager [None req-1de26fc3-75d1-4bdf-8612-94964dbf517c admin admin] Notify callbacks [] for security_group, precommit_delete {{(pid=94623) _notify_loop /usr/local/lib/python3.8/dist-packages/neutron_lib/callbacks/manager.py:192}}
Sep 22 04:29:23.309460 dv-cinder-810118-1-smb neutron-server[94624]: DEBUG neutron.pecan_wsgi.hooks.policy_enforcement [req-69e8dc0d-0be9-4698-b320-ad99edbcc9e8 req-45b2bd57-79fc-40df-a6fe-df2ccc37db1c service neutron] Attributes excluded by policy engine: ['standard_attr_id'] {{(pid=94624) _exclude_attributes_by_policy /opt/stack/neutron/neutron/pecan_wsgi/hooks/policy_enforcement.py:255}}
Sep 22 04:29:23.310981 dv-cinder-810118-1-smb neutron-server[94624]: INFO neutron.wsgi [req-69e8dc0d-0be9-4698-b320-ad99edbcc9e8 req-45b2bd57-79fc-40df-a6fe-df2ccc37db1c service neutron] 10.222.0.36 "GET /v2.0/ports?tenant_id=651577fb727440b5807e759dab227790&device_id=515a1b3d-fb2d-49ba-aa73-a932c25445d1 HTTP/1.1" status: 200 len: 1096 time: 0.3154926
Sep 22 04:29:23.336125 dv-cinder-810118-1-smb neutron-server[94624]: DEBUG neutron.pecan_wsgi.hooks.policy_enforcement [req-5f20c1fd-b8e1-4bf4-9cdb-09deac849df2 req-92e22e92-52b4-4b7d-bf58-b2fa7126ca1a tempest-AttachVolumeTestJSON-977100344 tempest-AttachVolumeTestJSON-977100344-project] Attributes excluded by policy engine: ['standard_attr_id', 'vlan_transparent', 'provider:network_type', 'provider:physical_network', 'provider:segmentation_id'] {{(pid=94624) _exclude_attributes_by_policy /opt/stack/neutron/neutron/pecan_wsgi/hooks/policy_enforcement.py:255}}
Sep 22 04:29:23.337513 dv-cinder-810118-1-smb neutron-server[94624]: INFO neutron.wsgi [req-5f20c1fd-b8e1-4bf4-9cdb-09deac849df2 req-92e22e92-52b4-4b7d-bf58-b2fa7126ca1a tempest-AttachVolumeTestJSON-977100344 tempest-AttachVolumeTestJSON-977100344-project] 10.222.0.36 "GET /v2.0/networks?id=5e78c87e-c2e0-4f97-9255-421a5d545d05 HTTP/1.1" status: 200 len: 811 time: 0.3534830
Sep 22 04:29:23.364541 dv-cinder-810118-1-smb neutron-server[94624]: DEBUG neutron.pecan_wsgi.hooks.policy_enforcement [req-e1fa65b0-dfc2-4d0f-bb5f-e1210f8945d5 req-d8735949-a9bd-4c0a-a4aa-75303aefed08 tempest-ServerRescueNegativeTestJSON-1783610841 tempest-ServerRescueNegativeTestJSON-1783610841-project] Attributes excluded by policy engine: ['standard_attr_id', 'binding:profile', 'binding:host_id', 'binding:vif_type', 'binding:vif_details'] {{(pid=94624) _exclude_attributes_by_policy /opt/stack/neutron/neutron/pecan_wsgi/hooks/policy_enforcement.py:255}}
Sep 22 04:29:23.366007 dv-cinder-810118-1-smb neutron-server[94624]: INFO neutron.wsgi [req-e1fa65b0-dfc2-4d0f-bb5f-e1210f8945d5 req-d8735949-a9bd-4c0a-a4aa-75303aefed08 tempest-ServerRescueNegativeTestJSON-1783610841 tempest-ServerRescueNegativeTestJSON-1783610841-project] 10.222.0.21 "GET /v2.0/ports?device_id=515a1b3d-fb2d-49ba-aa73-a932c25445d1 HTTP/1.1" status: 200 len: 943 time: 0.1461799
Sep 22 04:29:23.414430 dv-cinder-810118-1-smb neutron-server[94623]: DEBUG neutron_lib.callbacks.manager [None req-1de26fc3-75d1-4bdf-8612-94964dbf517c admin admin] Notify callbacks ['neutron.plugins.ml2.ovo_rpc._ObjectChangeHandler.handle_event-583371'] for security_group, after_delete {{(pid=94623) _notify_loop /usr/local/lib/python3.8/dist-packages/neutron_lib/callbacks/manager.py:192}}
Sep 22 04:29:23.418788 dv-cinder-810118-1-smb neutron-server[94623]: DEBUG neutron_lib.callbacks.manager [None req-1de26fc3-75d1-4bdf-8612-94964dbf517c admin admin] Notify callbacks [] for security_group, before_response {{(pid=94623) _notify_loop /usr/local/lib/python3.8/dist-packages/neutron_lib/callbacks/manager.py:192}}
Sep 22 04:29:23.423034 dv-cinder-810118-1-smb neutron-server[94623]: INFO neutron.wsgi [None req-1de26fc3-75d1-4bdf-8612-94964dbf517c admin admin] 10.222.0.21 "DELETE /v2.0/security-groups/3bf1f507-0d23-4de2-86a9-39b551f10949 HTTP/1.1" status: 204 len: 168 time: 0.2550092
Sep 22 04:29:23.434840 dv-cinder-810118-1-smb neutron-server[94623]: DEBUG neutron.api.rpc.handlers.resources_rpc [None req-1de26fc3-75d1-4bdf-8612-94964dbf517c admin admin] Pushing event deleted for resources: {'SecurityGroup': ['ID=3bf1f507-0d23-4de2-86a9-39b551f10949,revision_number=None']} {{(pid=94623) push /opt/stack/neutron/neutron/api/rpc/handlers/resources_rpc.py:237}}
Sep 22 04:29:23.487065 dv-cinder-810118-1-smb neutron-server[94624]: INFO neutron.wsgi [req-5f20c1fd-b8e1-4bf4-9cdb-09deac849df2 req-1b02f03b-14e7-451d-825a-3c5c8c031bd8 tempest-AttachVolumeTestJSON-977100344 tempest-AttachVolumeTestJSON-977100344-project] 10.222.0.36 "GET /v2.0/security-groups?fields=id&fields=name&tenant_id=232da5c03f8e432a95ae6e7aa5087d8d HTTP/1.1" status: 200 len: 379 time: 0.1201177
Sep 22 04:29:23.493003 dv-cinder-810118-1-smb neutron-server[94624]: INFO neutron.wsgi [req-e1fa65b0-dfc2-4d0f-bb5f-e1210f8945d5 req-eedca084-12d2-496c-bc3b-fffd509ad9b8 tempest-ServerRescueNegativeTestJSON-1783610841 tempest-ServerRescueNegativeTestJSON-1783610841-project] 10.222.0.21 "GET /v2.0/security-groups?id=06c454e2-6209-476b-99af-ced7233a2a7b&fields=id&fields=name HTTP/1.1" status: 200 len: 286 time: 0.1186376
Sep 22 04:29:23.500955 dv-cinder-810118-1-smb neutron-server[94624]: DEBUG neutron.api.v2.base [req-5f20c1fd-b8e1-4bf4-9cdb-09deac849df2 req-e3d01016-62fa-4eab-90ee-723c71b80361 tempest-AttachVolumeTestJSON-977100344 tempest-AttachVolumeTestJSON-977100344-project] Request body: {'port': {'device_id': 'ec998cc3-0d36-4047-af77-937d92c7388f', 'network_id': '5e78c87e-c2e0-4f97-9255-421a5d545d05', 'admin_state_up': True, 'tenant_id': '232da5c03f8e432a95ae6e7aa5087d8d', 'security_groups': ['320cbeb5-835e-46d5-9efd-a7e7616b824b']}} {{(pid=94624) prepare_request_body /opt/stack/neutron/neutron/api/v2/base.py:730}}
Sep 22 04:29:23.524777 dv-cinder-810118-1-smb neutron-server[94624]: DEBUG neutron.pecan_wsgi.hooks.policy_enforcement [req-69e8dc0d-0be9-4698-b320-ad99edbcc9e8 req-7cd25db8-846e-446a-98de-eea0800f5274 service neutron] Attributes excluded by policy engine: ['standard_attr_id', 'vlan_transparent'] {{(pid=94624) _exclude_attributes_by_policy /opt/stack/neutron/neutron/pecan_wsgi/hooks/policy_enforcement.py:255}}
Sep 22 04:29:23.526219 dv-cinder-810118-1-smb neutron-server[94624]: INFO neutron.wsgi [req-69e8dc0d-0be9-4698-b320-ad99edbcc9e8 req-7cd25db8-846e-446a-98de-eea0800f5274 service neutron] 10.222.0.36 "GET /v2.0/networks?tenant_id=651577fb727440b5807e759dab227790&shared=False HTTP/1.1" status: 200 len: 920 time: 0.1971078
Sep 22 04:29:23.683079 dv-cinder-810118-1-smb neutron-server[94624]: DEBUG neutron.pecan_wsgi.hooks.policy_enforcement [req-69e8dc0d-0be9-4698-b320-ad99edbcc9e8 req-6e4e5edf-90d1-48b5-8011-66635895d8fa service neutron] Attributes excluded by policy engine: ['standard_attr_id', 'vlan_transparent'] {{(pid=94624) _exclude_attributes_by_policy /opt/stack/neutron/neutron/pecan_wsgi/hooks/policy_enforcement.py:255}}
Sep 22 04:29:23.684649 dv-cinder-810118-1-smb neutron-server[94624]: INFO neutron.wsgi [req-69e8dc0d-0be9-4698-b320-ad99edbcc9e8 req-6e4e5edf-90d1-48b5-8011-66635895d8fa service neutron] 10.222.0.36 "GET /v2.0/networks?shared=True HTTP/1.1" status: 200 len: 870 time: 0.1485522
Sep 22 04:29:23.787052 dv-cinder-810118-1-smb neutron-server[94624]: DEBUG neutron.pecan_wsgi.hooks.quota_enforcement [req-5f20c1fd-b8e1-4bf4-9cdb-09deac849df2 req-e3d01016-62fa-4eab-90ee-723c71b80361 tempest-AttachVolumeTestJSON-977100344 tempest-AttachVolumeTestJSON-977100344-project] Made reservation on behalf of 232da5c03f8e432a95ae6e7aa5087d8d for: {'port': 1} {{(pid=94624) before /opt/stack/neutron/neutron/pecan_wsgi/hooks/quota_enforcement.py:53}}
Sep 22 04:29:23.789072 dv-cinder-810118-1-smb neutron-server[94624]: DEBUG neutron_lib.callbacks.manager [req-5f20c1fd-b8e1-4bf4-9cdb-09deac849df2 req-e3d01016-62fa-4eab-90ee-723c71b80361 tempest-AttachVolumeTestJSON-977100344 tempest-AttachVolumeTestJSON-977100344-project] Notify callbacks ['neutron.plugins.ml2.plugin.SecurityGroupDbMixin._ensure_default_security_group_handler-33177592'] for port, before_create {{(pid=94624) _notify_loop /usr/local/lib/python3.8/dist-packages/neutron_lib/callbacks/manager.py:192}}
Sep 22 04:29:23.865660 dv-cinder-810118-1-smb neutron-server[94624]: DEBUG neutron.pecan_wsgi.hooks.policy_enforcement [req-9dcccc82-0eb1-4e6e-bb94-d88c0a314377 req-a4e562e3-bee7-4054-98ce-25544770d12b service neutron] Attributes excluded by policy engine: ['standard_attr_id'] {{(pid=94624) _exclude_attributes_by_policy /opt/stack/neutron/neutron/pecan_wsgi/hooks/policy_enforcement.py:255}}
Sep 22 04:29:23.867408 dv-cinder-810118-1-smb neutron-server[94624]: INFO neutron.wsgi [req-9dcccc82-0eb1-4e6e-bb94-d88c0a314377 req-a4e562e3-bee7-4054-98ce-25544770d12b service neutron] 10.222.0.36 "GET /v2.0/ports?tenant_id=651577fb727440b5807e759dab227790&device_id=515a1b3d-fb2d-49ba-aa73-a932c25445d1 HTTP/1.1" status: 200 len: 1096 time: 0.0920851
Sep 22 04:29:23.954265 dv-cinder-810118-1-smb neutron-server[94624]: INFO neutron.wsgi [req-9dcccc82-0eb1-4e6e-bb94-d88c0a314377 req-05e59fd8-0212-48a7-992e-b5ca3731cbed service neutron] 10.222.0.36 "GET /v2.0/floatingips?fixed_ip_address=172.20.0.5&port_id=29eef331-d4cb-4068-8e42-4ea8e63ef660 HTTP/1.1" status: 200 len: 217 time: 0.0484710
Sep 22 04:29:24.096000 dv-cinder-810118-1-smb neutron-server[94624]: DEBUG neutron.pecan_wsgi.hooks.policy_enforcement [req-b07579b3-ce6b-4023-99bf-475e5e20d1f3 req-87473d1b-578a-401a-8115-6f11bf2284f1 tempest-DeleteServersTestJSON-1652637895 tempest-DeleteServersTestJSON-1652637895-project] Attributes excluded by policy engine: ['standard_attr_id', 'binding:profile', 'binding:host_id', 'binding:vif_type', 'binding:vif_details'] {{(pid=94624) _exclude_attributes_by_policy /opt/stack/neutron/neutron/pecan_wsgi/hooks/policy_enforcement.py:255}}
Sep 22 04:29:24.102149 dv-cinder-810118-1-smb neutron-server[94624]: INFO neutron.wsgi [req-b07579b3-ce6b-4023-99bf-475e5e20d1f3 req-87473d1b-578a-401a-8115-6f11bf2284f1 tempest-DeleteServersTestJSON-1652637895 tempest-DeleteServersTestJSON-1652637895-project] 10.222.0.21 "GET /v2.0/ports?device_id=762fc865-4473-4804-b95e-688759b5a30b HTTP/1.1" status: 200 len: 943 time: 0.2418244
Sep 22 04:29:24.116402 dv-cinder-810118-1-smb neutron-server[94624]: DEBUG neutron.db.db_base_plugin_common [req-5f20c1fd-b8e1-4bf4-9cdb-09deac849df2 req-e3d01016-62fa-4eab-90ee-723c71b80361 tempest-AttachVolumeTestJSON-977100344 tempest-AttachVolumeTestJSON-977100344-project] Allocated IP 172.20.0.3 (5e78c87e-c2e0-4f97-9255-421a5d545d05/2fc9c1ce-f31b-4cd8-97fa-537800a54be3/5fe620ef-7852-469e-b152-a6d10efe44d9) {{(pid=94624) _store_ip_allocation /opt/stack/neutron/neutron/db/db_base_plugin_common.py:131}}
Sep 22 04:29:24.147660 dv-cinder-810118-1-smb neutron-server[94624]: DEBUG neutron.pecan_wsgi.hooks.policy_enforcement [req-9dcccc82-0eb1-4e6e-bb94-d88c0a314377 req-3d9f5de9-bae1-4c1c-baaa-0dbd18e08fef service neutron] Attributes excluded by policy engine: ['standard_attr_id', 'shared'] {{(pid=94624) _exclude_attributes_by_policy /opt/stack/neutron/neutron/pecan_wsgi/hooks/policy_enforcement.py:255}}
Sep 22 04:29:24.149092 dv-cinder-810118-1-smb neutron-server[94624]: INFO neutron.wsgi [req-9dcccc82-0eb1-4e6e-bb94-d88c0a314377 req-3d9f5de9-bae1-4c1c-baaa-0dbd18e08fef service neutron] 10.222.0.36 "GET /v2.0/subnets?id=6c017894-cde1-43f1-9bfd-f2df22fb2d48 HTTP/1.1" status: 200 len: 859 time: 0.1692533
Sep 22 04:29:24.210733 dv-cinder-810118-1-smb neutron-server[94624]: DEBUG neutron.pecan_wsgi.hooks.policy_enforcement [req-c84b7db3-d81f-48e2-9c5a-851a5fbc2436 req-95562484-0b39-4fac-877f-2c638e110fae tempest-AttachVolumeNegativeTest-1697391223 tempest-AttachVolumeNegativeTest-1697391223-project] Attributes excluded by policy engine: ['standard_attr_id', 'binding:profile', 'binding:host_id', 'binding:vif_type', 'binding:vif_details'] {{(pid=94624) _exclude_attributes_by_policy /opt/stack/neutron/neutron/pecan_wsgi/hooks/policy_enforcement.py:255}}
Sep 22 04:29:24.212194 dv-cinder-810118-1-smb neutron-server[94624]: INFO neutron.wsgi [req-c84b7db3-d81f-48e2-9c5a-851a5fbc2436 req-95562484-0b39-4fac-877f-2c638e110fae tempest-AttachVolumeNegativeTest-1697391223 tempest-AttachVolumeNegativeTest-1697391223-project] 10.222.0.21 "GET /v2.0/ports?device_id=db78e4ba-603d-474e-98a9-8738eaf44909 HTTP/1.1" status: 200 len: 943 time: 0.2509339
Sep 22 04:29:24.243526 dv-cinder-810118-1-smb neutron-server[94624]: INFO neutron.wsgi [req-9dcccc82-0eb1-4e6e-bb94-d88c0a314377 req-9415b85c-bc70-471a-9bda-4fb1e956427e service neutron] 10.222.0.36 "GET /v2.0/ports?network_id=3cd1872e-dcfc-4ef3-b8e1-c186ae95e60c&device_owner=network%3Adhcp HTTP/1.1" status: 200 len: 210 time: 0.0765817
Sep 22 04:29:24.324786 dv-cinder-810118-1-smb neutron-server[94624]: INFO neutron.wsgi [req-b07579b3-ce6b-4023-99bf-475e5e20d1f3 req-e8a9ec57-6e1c-4d88-99f4-7d95e30628a9 tempest-DeleteServersTestJSON-1652637895 tempest-DeleteServersTestJSON-1652637895-project] 10.222.0.21 "GET /v2.0/security-groups?id=b60650aa-f47b-465e-9cb7-268075997b8d&fields=id&fields=name HTTP/1.1" status: 200 len: 286 time: 0.2097585
Sep 22 04:29:24.344833 dv-cinder-810118-1-smb neutron-server[94624]: DEBUG neutron.pecan_wsgi.hooks.policy_enforcement [req-0f413bf4-d577-4107-9994-f480332fd9e1 req-0686d7f0-c001-4b63-9415-e5693924504b tempest-AttachVolumeShelveTestJSON-1195566341 tempest-AttachVolumeShelveTestJSON-1195566341-project] Attributes excluded by policy engine: ['standard_attr_id', 'vlan_transparent', 'provider:network_type', 'provider:physical_network', 'provider:segmentation_id'] {{(pid=94624) _exclude_attributes_by_policy /opt/stack/neutron/neutron/pecan_wsgi/hooks/policy_enforcement.py:255}}
Sep 22 04:29:24.344833 dv-cinder-810118-1-smb neutron-server[94624]: INFO neutron.wsgi [req-0f413bf4-d577-4107-9994-f480332fd9e1 req-0686d7f0-c001-4b63-9415-e5693924504b tempest-AttachVolumeShelveTestJSON-1195566341 tempest-AttachVolumeShelveTestJSON-1195566341-project] 10.222.0.36 "GET /v2.0/networks?id=b9dafe70-5f4b-481b-a7d7-f061e0b229b6 HTTP/1.1" status: 200 len: 816 time: 0.2902985
Sep 22 04:29:24.424622 dv-cinder-810118-1-smb neutron-server[94624]: INFO neutron.wsgi [req-c84b7db3-d81f-48e2-9c5a-851a5fbc2436 req-5ece2068-d951-41e8-a795-2f9b94bddcda tempest-AttachVolumeNegativeTest-1697391223 tempest-AttachVolumeNegativeTest-1697391223-project] 10.222.0.21 "GET /v2.0/security-groups?id=92c43fe1-9f44-49c6-abc7-27e975b50830&fields=id&fields=name HTTP/1.1" status: 200 len: 286 time: 0.1890175
Sep 22 04:29:24.475994 dv-cinder-810118-1-smb neutron-server[94624]: INFO neutron.wsgi [req-5e1f991a-e963-4c35-b031-94ec7825bbb0 req-dc037af3-3f35-45e8-b3e0-a0c154ea4200 tempest-AttachVolumeTestJSON-977100344 tempest-AttachVolumeTestJSON-977100344-project] 10.222.0.21 "GET /v2.0/ports?device_id=ec998cc3-0d36-4047-af77-937d92c7388f HTTP/1.1" status: 200 len: 210 time: 0.0715511
Sep 22 04:29:24.558011 dv-cinder-810118-1-smb neutron-server[94624]: INFO neutron.wsgi [req-9dcccc82-0eb1-4e6e-bb94-d88c0a314377 req-f6d0eeb6-3cf2-4014-bf4e-5f05a5264ad0 service neutron] 10.222.0.36 "GET /v2.0/networks/3cd1872e-dcfc-4ef3-b8e1-c186ae95e60c?fields=segments HTTP/1.1" status: 200 len: 212 time: 0.3026295
Sep 22 04:29:24.566925 dv-cinder-810118-1-smb neutron-server[94624]: INFO neutron.wsgi [req-0f413bf4-d577-4107-9994-f480332fd9e1 req-e670fe5e-fcf7-49d9-810e-30f2a315a0f2 tempest-AttachVolumeShelveTestJSON-1195566341 tempest-AttachVolumeShelveTestJSON-1195566341-project] 10.222.0.36 "GET /v2.0/security-groups?fields=id&fields=name&tenant_id=24ce6476927d4b9fa199e279af29c696 HTTP/1.1" status: 200 len: 380 time: 0.1741557
Sep 22 04:29:24.603677 dv-cinder-810118-1-smb neutron-server[94624]: DEBUG neutron.api.v2.base [req-0f413bf4-d577-4107-9994-f480332fd9e1 req-0934a9a0-a4b7-4ec4-9ac5-d3ffa164739f tempest-AttachVolumeShelveTestJSON-1195566341 tempest-AttachVolumeShelveTestJSON-1195566341-project] Request body: {'port': {'device_id': '7ac6f39d-a64d-4ab0-a192-92992b23bb1e', 'network_id': 'b9dafe70-5f4b-481b-a7d7-f061e0b229b6', 'admin_state_up': True, 'tenant_id': '24ce6476927d4b9fa199e279af29c696', 'security_groups': ['bc42acbb-a81e-45bb-9f8d-dd48c69ded03']}} {{(pid=94624) prepare_request_body /opt/stack/neutron/neutron/api/v2/base.py:730}}
Sep 22 04:29:24.607741 dv-cinder-810118-1-smb neutron-server[94624]: INFO neutron.wsgi [req-605aa885-207e-467a-bc47-fc83016d244f req-ba9ffd5e-0f6a-417b-b22e-8bf3d8b7c049 tempest-AttachVolumeShelveTestJSON-1195566341 tempest-AttachVolumeShelveTestJSON-1195566341-project] 10.222.0.21 "GET /v2.0/ports?device_id=7ac6f39d-a64d-4ab0-a192-92992b23bb1e HTTP/1.1" status: 200 len: 210 time: 0.0657263
Sep 22 04:29:24.674703 dv-cinder-810118-1-smb neutron-server[94624]: DEBUG neutron_lib.callbacks.manager [req-5f20c1fd-b8e1-4bf4-9cdb-09deac849df2 req-e3d01016-62fa-4eab-90ee-723c71b80361 tempest-AttachVolumeTestJSON-977100344 tempest-AttachVolumeTestJSON-977100344-project] Notify callbacks [] for port, precommit_create {{(pid=94624) _notify_loop /usr/local/lib/python3.8/dist-packages/neutron_lib/callbacks/manager.py:192}}
Sep 22 04:29:24.795875 dv-cinder-810118-1-smb neutron-server[94624]: DEBUG neutron.pecan_wsgi.hooks.policy_enforcement [req-1dfb5bc5-41c4-4ecc-8f53-9635f5de7f67 req-dc81d5c3-8209-491f-ab04-ef37ff7ac02b tempest-ServerRescueNegativeTestJSON-1783610841 tempest-ServerRescueNegativeTestJSON-1783610841-project] Attributes excluded by policy engine: ['standard_attr_id', 'binding:profile', 'binding:host_id', 'binding:vif_type', 'binding:vif_details'] {{(pid=94624) _exclude_attributes_by_policy /opt/stack/neutron/neutron/pecan_wsgi/hooks/policy_enforcement.py:255}}
Sep 22 04:29:24.797359 dv-cinder-810118-1-smb neutron-server[94624]: INFO neutron.wsgi [req-1dfb5bc5-41c4-4ecc-8f53-9635f5de7f67 req-dc81d5c3-8209-491f-ab04-ef37ff7ac02b tempest-ServerRescueNegativeTestJSON-1783610841 tempest-ServerRescueNegativeTestJSON-1783610841-project] 10.222.0.21 "GET /v2.0/ports?device_id=515a1b3d-fb2d-49ba-aa73-a932c25445d1 HTTP/1.1" status: 200 len: 943 time: 0.2138181
Sep 22 04:29:24.846087 dv-cinder-810118-1-smb neutron-server[94624]: INFO neutron.wsgi [req-9dcccc82-0eb1-4e6e-bb94-d88c0a314377 req-4b0ae2af-0933-42b9-a457-ef77432cca0e service neutron] 10.222.0.36 "GET /v2.0/networks/3cd1872e-dcfc-4ef3-b8e1-c186ae95e60c?fields=provider%3Aphysical_network&fields=provider%3Anetwork_type HTTP/1.1" status: 200 len: 281 time: 0.2758832
Sep 22 04:29:24.882553 dv-cinder-810118-1-smb neutron-server[94624]: INFO neutron.wsgi [req-1dfb5bc5-41c4-4ecc-8f53-9635f5de7f67 req-92b812bf-eae5-4efc-99fa-8d0c33b675e4 tempest-ServerRescueNegativeTestJSON-1783610841 tempest-ServerRescueNegativeTestJSON-1783610841-project] 10.222.0.21 "GET /v2.0/security-groups?id=06c454e2-6209-476b-99af-ced7233a2a7b&fields=id&fields=name HTTP/1.1" status: 200 len: 286 time: 0.0712688
Sep 22 04:29:25.094015 dv-cinder-810118-1-smb neutron-server[94624]: DEBUG neutron.pecan_wsgi.hooks.quota_enforcement [req-0f413bf4-d577-4107-9994-f480332fd9e1 req-0934a9a0-a4b7-4ec4-9ac5-d3ffa164739f tempest-AttachVolumeShelveTestJSON-1195566341 tempest-AttachVolumeShelveTestJSON-1195566341-project] Made reservation on behalf of 24ce6476927d4b9fa199e279af29c696 for: {'port': 1} {{(pid=94624) before /opt/stack/neutron/neutron/pecan_wsgi/hooks/quota_enforcement.py:53}}
Sep 22 04:29:25.098100 dv-cinder-810118-1-smb neutron-server[94624]: DEBUG neutron_lib.callbacks.manager [req-0f413bf4-d577-4107-9994-f480332fd9e1 req-0934a9a0-a4b7-4ec4-9ac5-d3ffa164739f tempest-AttachVolumeShelveTestJSON-1195566341 tempest-AttachVolumeShelveTestJSON-1195566341-project] Notify callbacks ['neutron.plugins.ml2.plugin.SecurityGroupDbMixin._ensure_default_security_group_handler-33177592'] for port, before_create {{(pid=94624) _notify_loop /usr/local/lib/python3.8/dist-packages/neutron_lib/callbacks/manager.py:192}}
Sep 22 04:29:25.102710 dv-cinder-810118-1-smb neutron-server[94624]: DEBUG neutron_lib.callbacks.manager [req-5f20c1fd-b8e1-4bf4-9cdb-09deac849df2 req-e3d01016-62fa-4eab-90ee-723c71b80361 tempest-AttachVolumeTestJSON-977100344 tempest-AttachVolumeTestJSON-977100344-project] Notify callbacks ['neutron.plugins.ml2.plugin.SecurityGroupServerNotifierRpcMixin._notify_sg_on_port_change-33177531', 'neutron.plugins.ml2.ovo_rpc._ObjectChangeHandler.handle_event-196455', 'neutron.api.rpc.agentnotifiers.dhcp_rpc_agent_api.DhcpAgentNotifyAPI._native_event_send_dhcp_notification-532163', 'neutron.db.l3_dvrscheduler_db._notify_l3_agent_new_port-8752253307814'] for port, after_create {{(pid=94624) _notify_loop /usr/local/lib/python3.8/dist-packages/neutron_lib/callbacks/manager.py:192}}
Sep 22 04:29:25.171333 dv-cinder-810118-1-smb neutron-server[94624]: DEBUG neutron.scheduler.dhcp_agent_scheduler [req-5f20c1fd-b8e1-4bf4-9cdb-09deac849df2 req-e3d01016-62fa-4eab-90ee-723c71b80361 tempest-AttachVolumeTestJSON-977100344 tempest-AttachVolumeTestJSON-977100344-project] Network 5e78c87e-c2e0-4f97-9255-421a5d545d05 is already hosted by enough agents. {{(pid=94624) _get_dhcp_agents_hosting_network /opt/stack/neutron/neutron/scheduler/dhcp_agent_scheduler.py:275}}
Sep 22 04:29:25.177023 dv-cinder-810118-1-smb neutron-server[94624]: DEBUG neutron.scheduler.base_scheduler [req-5f20c1fd-b8e1-4bf4-9cdb-09deac849df2 req-e3d01016-62fa-4eab-90ee-723c71b80361 tempest-AttachVolumeTestJSON-977100344 tempest-AttachVolumeTestJSON-977100344-project] Resources bound (agent type, host, resource id): {{(pid=94624) schedule /opt/stack/neutron/neutron/scheduler/base_scheduler.py:57}}
Sep 22 04:29:25.466984 dv-cinder-810118-1-smb neutron-server[94624]: DEBUG neutron.db.l3_dvrscheduler_db [req-5f20c1fd-b8e1-4bf4-9cdb-09deac849df2 req-e3d01016-62fa-4eab-90ee-723c71b80361 tempest-AttachVolumeTestJSON-977100344 tempest-AttachVolumeTestJSON-977100344-project] Received port after_create {{(pid=94624) _notify_l3_agent_new_port /opt/stack/neutron/neutron/db/l3_dvrscheduler_db.py:535}}
Sep 22 04:29:25.472437 dv-cinder-810118-1-smb neutron-server[94624]: DEBUG neutron.pecan_wsgi.hooks.policy_enforcement [req-5f20c1fd-b8e1-4bf4-9cdb-09deac849df2 req-e3d01016-62fa-4eab-90ee-723c71b80361 tempest-AttachVolumeTestJSON-977100344 tempest-AttachVolumeTestJSON-977100344-project] Attributes excluded by policy engine: ['standard_attr_id', 'binding:profile', 'binding:host_id', 'binding:vif_type', 'binding:vif_details', 'network'] {{(pid=94624) _exclude_attributes_by_policy /opt/stack/neutron/neutron/pecan_wsgi/hooks/policy_enforcement.py:255}}
Sep 22 04:29:25.473267 dv-cinder-810118-1-smb neutron-server[94624]: DEBUG neutron_lib.callbacks.manager [req-5f20c1fd-b8e1-4bf4-9cdb-09deac849df2 req-e3d01016-62fa-4eab-90ee-723c71b80361 tempest-AttachVolumeTestJSON-977100344 tempest-AttachVolumeTestJSON-977100344-project] Notify callbacks ['neutron.notifiers.nova.Notifier._send_nova_notification-27318', 'neutron.api.rpc.agentnotifiers.dhcp_rpc_agent_api.DhcpAgentNotifyAPI._send_dhcp_notification-529209'] for port, before_response {{(pid=94624) _notify_loop /usr/local/lib/python3.8/dist-packages/neutron_lib/callbacks/manager.py:192}}
Sep 22 04:29:25.500249 dv-cinder-810118-1-smb neutron-server[94624]: DEBUG neutron.api.rpc.handlers.resources_rpc [None req-e3d01016-62fa-4eab-90ee-723c71b80361 tempest-AttachVolumeTestJSON-977100344 tempest-AttachVolumeTestJSON-977100344-project] Pushing event updated for resources: {'Port': ['ID=5fe620ef-7852-469e-b152-a6d10efe44d9,revision_number=1']} {{(pid=94624) push /opt/stack/neutron/neutron/api/rpc/handlers/resources_rpc.py:237}}
Sep 22 04:29:25.514418 dv-cinder-810118-1-smb neutron-server[94625]: DEBUG neutron.db.provisioning_blocks [None req-72e5cee3-f571-4a7c-9012-d4ea50d1fb87 None None] Provisioning complete for port 5fe620ef-7852-469e-b152-a6d10efe44d9 triggered by entity DHCP. {{(pid=94625) provisioning_complete /opt/stack/neutron/neutron/db/provisioning_blocks.py:139}}
Sep 22 04:29:25.514869 dv-cinder-810118-1-smb neutron-server[94625]: DEBUG neutron_lib.callbacks.manager [None req-72e5cee3-f571-4a7c-9012-d4ea50d1fb87 None None] Notify callbacks ['neutron.plugins.ml2.plugin.Ml2Plugin._port_provisioned-33200164'] for port, provisioning_complete {{(pid=94625) _notify_loop /usr/local/lib/python3.8/dist-packages/neutron_lib/callbacks/manager.py:192}}
Sep 22 04:29:25.549837 dv-cinder-810118-1-smb neutron-server[94625]: DEBUG neutron.plugins.ml2.plugin [None req-72e5cee3-f571-4a7c-9012-d4ea50d1fb87 None None] Port 5fe620ef-7852-469e-b152-a6d10efe44d9 cannot update to ACTIVE because it is not bound. {{(pid=94625) _port_provisioned /opt/stack/neutron/neutron/plugins/ml2/plugin.py:338}}
Sep 22 04:29:25.628317 dv-cinder-810118-1-smb neutron-server[94624]: DEBUG neutron.pecan_wsgi.hooks.policy_enforcement [req-d6833847-27c5-4445-b31e-e73c8eff0ebe req-cdc79c5f-37ec-45dd-868b-88a9785c06f4 tempest-DeleteServersTestJSON-1652637895 tempest-DeleteServersTestJSON-1652637895-project] Attributes excluded by policy engine: ['standard_attr_id', 'binding:profile', 'binding:host_id', 'binding:vif_type', 'binding:vif_details'] {{(pid=94624) _exclude_attributes_by_policy /opt/stack/neutron/neutron/pecan_wsgi/hooks/policy_enforcement.py:255}}
Sep 22 04:29:25.629921 dv-cinder-810118-1-smb neutron-server[94624]: INFO neutron.wsgi [req-d6833847-27c5-4445-b31e-e73c8eff0ebe req-cdc79c5f-37ec-45dd-868b-88a9785c06f4 tempest-DeleteServersTestJSON-1652637895 tempest-DeleteServersTestJSON-1652637895-project] 10.222.0.21 "GET /v2.0/ports?device_id=762fc865-4473-4804-b95e-688759b5a30b HTTP/1.1" status: 200 len: 943 time: 0.1642330
Sep 22 04:29:25.641717 dv-cinder-810118-1-smb neutron-server[94624]: DEBUG neutron.pecan_wsgi.hooks.policy_enforcement [req-6b38f1d6-d270-4d2c-8595-a8e871c65edd req-b3215880-6cd3-4cbc-8494-e3bb64c4db9e tempest-AttachVolumeNegativeTest-1697391223 tempest-AttachVolumeNegativeTest-1697391223-project] Attributes excluded by policy engine: ['standard_attr_id', 'binding:profile', 'binding:host_id', 'binding:vif_type', 'binding:vif_details'] {{(pid=94624) _exclude_attributes_by_policy /opt/stack/neutron/neutron/pecan_wsgi/hooks/policy_enforcement.py:255}}
Sep 22 04:29:25.643161 dv-cinder-810118-1-smb neutron-server[94624]: INFO neutron.wsgi [req-6b38f1d6-d270-4d2c-8595-a8e871c65edd req-b3215880-6cd3-4cbc-8494-e3bb64c4db9e tempest-AttachVolumeNegativeTest-1697391223 tempest-AttachVolumeNegativeTest-1697391223-project] 10.222.0.21 "GET /v2.0/ports?device_id=db78e4ba-603d-474e-98a9-8738eaf44909 HTTP/1.1" status: 200 len: 943 time: 0.1212444
Sep 22 04:29:25.651512 dv-cinder-810118-1-smb neutron-server[94624]: INFO neutron.wsgi [req-5f20c1fd-b8e1-4bf4-9cdb-09deac849df2 req-e3d01016-62fa-4eab-90ee-723c71b80361 tempest-AttachVolumeTestJSON-977100344 tempest-AttachVolumeTestJSON-977100344-project] 10.222.0.36 "POST /v2.0/ports HTTP/1.1" status: 201 len: 933 time: 2.1543307
Sep 22 04:29:25.663866 dv-cinder-810118-1-smb neutron-server[94624]: DEBUG neutron.db.db_base_plugin_common [req-0f413bf4-d577-4107-9994-f480332fd9e1 req-0934a9a0-a4b7-4ec4-9ac5-d3ffa164739f tempest-AttachVolumeShelveTestJSON-1195566341 tempest-AttachVolumeShelveTestJSON-1195566341-project] Allocated IP 172.20.0.14 (b9dafe70-5f4b-481b-a7d7-f061e0b229b6/29564a68-2032-4b67-a467-a2c5b48f9228/858912c9-2646-4983-81f2-db42a3244084) {{(pid=94624) _store_ip_allocation /opt/stack/neutron/neutron/db/db_base_plugin_common.py:131}}
Sep 22 04:29:25.683928 dv-cinder-810118-1-smb neutron-server[94624]: DEBUG neutron.api.v2.base [req-5f20c1fd-b8e1-4bf4-9cdb-09deac849df2 req-f702ee27-2321-4bef-8e22-0101cf2d5412 service neutron] Request body: {'port': {'device_id': 'ec998cc3-0d36-4047-af77-937d92c7388f', 'device_owner': 'compute:nova', 'binding:host_id': 'hv-cinder-81011'}} {{(pid=94624) prepare_request_body /opt/stack/neutron/neutron/api/v2/base.py:730}}
Sep 22 04:29:25.781534 dv-cinder-810118-1-smb neutron-server[94624]: INFO neutron.wsgi [req-d6833847-27c5-4445-b31e-e73c8eff0ebe req-e4f5bdca-4efd-434a-b476-178e9760d26f tempest-DeleteServersTestJSON-1652637895 tempest-DeleteServersTestJSON-1652637895-project] 10.222.0.21 "GET /v2.0/security-groups?id=b60650aa-f47b-465e-9cb7-268075997b8d&fields=id&fields=name HTTP/1.1" status: 200 len: 286 time: 0.1354015
Sep 22 04:29:25.802322 dv-cinder-810118-1-smb neutron-server[94624]: INFO neutron.wsgi [req-6b38f1d6-d270-4d2c-8595-a8e871c65edd req-df65b98a-0b68-44fd-a620-304755d738d8 tempest-AttachVolumeNegativeTest-1697391223 tempest-AttachVolumeNegativeTest-1697391223-project] 10.222.0.21 "GET /v2.0/security-groups?id=92c43fe1-9f44-49c6-abc7-27e975b50830&fields=id&fields=name HTTP/1.1" status: 200 len: 286 time: 0.1437752
Sep 22 04:29:25.822162 dv-cinder-810118-1-smb neutron-server[94624]: DEBUG neutron_lib.callbacks.manager [req-5f20c1fd-b8e1-4bf4-9cdb-09deac849df2 req-f702ee27-2321-4bef-8e22-0101cf2d5412 service neutron] Notify callbacks ['neutron.plugins.ml2.plugin.SecurityGroupDbMixin._ensure_default_security_group_handler-33177592'] for port, before_update {{(pid=94624) _notify_loop /usr/local/lib/python3.8/dist-packages/neutron_lib/callbacks/manager.py:192}}
Sep 22 04:29:25.954792 dv-cinder-810118-1-smb neutron-server[94624]: INFO neutron.wsgi [req-cd17b9d2-db54-4a98-9d8d-c4c9d31d1e67 req-398c99db-3f52-4fcc-9c28-7da25f064bd5 tempest-AttachVolumeShelveTestJSON-1195566341 tempest-AttachVolumeShelveTestJSON-1195566341-project] 10.222.0.21 "GET /v2.0/ports?device_id=7ac6f39d-a64d-4ab0-a192-92992b23bb1e HTTP/1.1" status: 200 len: 210 time: 0.0664096
Sep 22 04:29:26.062810 dv-cinder-810118-1-smb neutron-server[94624]: DEBUG neutron_lib.callbacks.manager [req-0f413bf4-d577-4107-9994-f480332fd9e1 req-0934a9a0-a4b7-4ec4-9ac5-d3ffa164739f tempest-AttachVolumeShelveTestJSON-1195566341 tempest-AttachVolumeShelveTestJSON-1195566341-project] Notify callbacks [] for port, precommit_create {{(pid=94624) _notify_loop /usr/local/lib/python3.8/dist-packages/neutron_lib/callbacks/manager.py:192}}
Sep 22 04:29:26.102364 dv-cinder-810118-1-smb neutron-server[94624]: DEBUG neutron.pecan_wsgi.hooks.policy_enforcement [req-b9d33569-fed7-49fe-afa9-73ff1adf0f28 req-b873b433-e5a6-4532-bea4-5ab794af1ec1 tempest-AttachVolumeTestJSON-977100344 tempest-AttachVolumeTestJSON-977100344-project] Attributes excluded by policy engine: ['standard_attr_id', 'binding:profile', 'binding:host_id', 'binding:vif_type', 'binding:vif_details'] {{(pid=94624) _exclude_attributes_by_policy /opt/stack/neutron/neutron/pecan_wsgi/hooks/policy_enforcement.py:255}}
Sep 22 04:29:26.106343 dv-cinder-810118-1-smb neutron-server[94624]: INFO neutron.wsgi [req-b9d33569-fed7-49fe-afa9-73ff1adf0f28 req-b873b433-e5a6-4532-bea4-5ab794af1ec1 tempest-AttachVolumeTestJSON-977100344 tempest-AttachVolumeTestJSON-977100344-project] 10.222.0.21 "GET /v2.0/ports?device_id=ec998cc3-0d36-4047-af77-937d92c7388f HTTP/1.1" status: 200 len: 931 time: 0.2348959
Sep 22 04:29:26.128382 dv-cinder-810118-1-smb neutron-server[94623]: DEBUG neutron.wsgi [-] (94623) accepted ('10.222.0.21', 48086) {{(pid=94623) server /usr/local/lib/python3.8/dist-packages/eventlet/wsgi.py:982}}
Sep 22 04:29:26.204094 dv-cinder-810118-1-smb neutron-server[94624]: DEBUG neutron.pecan_wsgi.hooks.policy_enforcement [req-40e42601-fcea-4dc0-9e0e-79067b188a8a req-86d43a30-45b6-4c93-9a17-37cf5cab7770 tempest-ServerRescueNegativeTestJSON-1783610841 tempest-ServerRescueNegativeTestJSON-1783610841-project] Attributes excluded by policy engine: ['standard_attr_id', 'binding:profile', 'binding:host_id', 'binding:vif_type', 'binding:vif_details'] {{(pid=94624) _exclude_attributes_by_policy /opt/stack/neutron/neutron/pecan_wsgi/hooks/policy_enforcement.py:255}}
Sep 22 04:29:26.225083 dv-cinder-810118-1-smb neutron-server[94624]: INFO neutron.wsgi [req-40e42601-fcea-4dc0-9e0e-79067b188a8a req-86d43a30-45b6-4c93-9a17-37cf5cab7770 tempest-ServerRescueNegativeTestJSON-1783610841 tempest-ServerRescueNegativeTestJSON-1783610841-project] 10.222.0.21 "GET /v2.0/ports?device_id=515a1b3d-fb2d-49ba-aa73-a932c25445d1 HTTP/1.1" status: 200 len: 943 time: 0.1599000
Sep 22 04:29:26.246994 dv-cinder-810118-1-smb neutron-server[94625]: DEBUG neutron.plugins.ml2.rpc [None req-14a6a216-d895-4045-8525-f4fbb87ba875 None None] Device 16c4da95-64d7-4dca-a049-2ffa8504f8fb details requested by agent hyperv_hv-cinder-81011 with host hv-cinder-81011 {{(pid=94625) get_device_details /opt/stack/neutron/neutron/plugins/ml2/rpc.py:102}}
Sep 22 04:29:26.280267 dv-cinder-810118-1-smb neutron-server[94624]: INFO neutron.wsgi [req-b9d33569-fed7-49fe-afa9-73ff1adf0f28 req-ce65453e-a1ad-4ef9-b36f-c7c29586733a tempest-AttachVolumeTestJSON-977100344 tempest-AttachVolumeTestJSON-977100344-project] 10.222.0.21 "GET /v2.0/security-groups?id=320cbeb5-835e-46d5-9efd-a7e7616b824b&fields=id&fields=name HTTP/1.1" status: 200 len: 312 time: 0.1464431
Sep 22 04:29:26.321432 dv-cinder-810118-1-smb neutron-server[94624]: INFO neutron.wsgi [req-40e42601-fcea-4dc0-9e0e-79067b188a8a req-c6e5c3a1-908d-4c32-9835-c13361ff0603 tempest-ServerRescueNegativeTestJSON-1783610841 tempest-ServerRescueNegativeTestJSON-1783610841-project] 10.222.0.21 "GET /v2.0/security-groups?id=06c454e2-6209-476b-99af-ced7233a2a7b&fields=id&fields=name HTTP/1.1" status: 200 len: 286 time: 0.0838323
Sep 22 04:29:26.391146 dv-cinder-810118-1-smb neutron-server[94624]: DEBUG neutron.notifiers.nova [req-5f20c1fd-b8e1-4bf4-9cdb-09deac849df2 req-f702ee27-2321-4bef-8e22-0101cf2d5412 service neutron] Ignoring state change previous_port_status: DOWN current_port_status: DOWN port_id 5fe620ef-7852-469e-b152-a6d10efe44d9 {{(pid=94624) record_port_status_changed /opt/stack/neutron/neutron/notifiers/nova.py:224}}
Sep 22 04:29:26.400938 dv-cinder-810118-1-smb neutron-server[94624]: DEBUG neutron_lib.callbacks.manager [req-5f20c1fd-b8e1-4bf4-9cdb-09deac849df2 req-f702ee27-2321-4bef-8e22-0101cf2d5412 service neutron] Notify callbacks [] for port, precommit_update {{(pid=94624) _notify_loop /usr/local/lib/python3.8/dist-packages/neutron_lib/callbacks/manager.py:192}}
Sep 22 04:29:26.406042 dv-cinder-810118-1-smb neutron-server[94625]: DEBUG neutron.plugins.ml2.db [None req-14a6a216-d895-4045-8525-f4fbb87ba875 None None] For port 16c4da95-64d7-4dca-a049-2ffa8504f8fb, host hv-cinder-81011, got binding levels [PortBindingLevel(driver='hyperv',host='hv-cinder-81011',level=0,port_id=16c4da95-64d7-4dca-a049-2ffa8504f8fb,segment=NetworkSegment(5f16a3fd-2b13-40d0-804b-9c9fa72e1eda),segment_id=5f16a3fd-2b13-40d0-804b-9c9fa72e1eda)] {{(pid=94625) get_binding_level_objs /opt/stack/neutron/neutron/plugins/ml2/db.py:74}}
Sep 22 04:29:26.408893 dv-cinder-810118-1-smb neutron-server[94623]: DEBUG neutron_lib.callbacks.manager [None req-9e69a457-e870-445f-9093-5ccaf32dda59 admin admin] Notify callbacks [] for security_group, before_create {{(pid=94623) _notify_loop /usr/local/lib/python3.8/dist-packages/neutron_lib/callbacks/manager.py:192}}
Sep 22 04:29:26.415599 dv-cinder-810118-1-smb neutron-server[94624]: DEBUG neutron.db.provisioning_blocks [req-5f20c1fd-b8e1-4bf4-9cdb-09deac849df2 req-f702ee27-2321-4bef-8e22-0101cf2d5412 service neutron] Transition to ACTIVE for port object 5fe620ef-7852-469e-b152-a6d10efe44d9 will not be triggered until provisioned by entity L2. {{(pid=94624) add_provisioning_component /opt/stack/neutron/neutron/db/provisioning_blocks.py:73}}
Sep 22 04:29:26.421469 dv-cinder-810118-1-smb neutron-server[94625]: DEBUG neutron.plugins.ml2.rpc [None req-14a6a216-d895-4045-8525-f4fbb87ba875 None None] Returning: {'device': '16c4da95-64d7-4dca-a049-2ffa8504f8fb', 'network_id': '02b23568-610a-4489-b2c6-589745af9d71', 'port_id': '16c4da95-64d7-4dca-a049-2ffa8504f8fb', 'mac_address': 'fa:16:3e:00:fb:f9', 'admin_state_up': True, 'network_type': 'vlan', 'segmentation_id': 102, 'physical_network': 'physnet1', 'mtu': 1500, 'fixed_ips': [{'subnet_id': 'e744fe65-5e08-4972-98b9-1d0e8ab135fe', 'ip_address': '172.20.0.9'}], 'device_owner': 'compute:nova', 'allowed_address_pairs': [], 'port_security_enabled': True, 'qos_policy_id': None, 'network_qos_policy_id': None, 'profile': {}, 'propagate_uplink_status': False} {{(pid=94625) _get_device_details /opt/stack/neutron/neutron/plugins/ml2/rpc.py:184}}
Sep 22 04:29:26.459965 dv-cinder-810118-1-smb neutron-server[94625]: DEBUG neutron_lib.callbacks.manager [None req-14a6a216-d895-4045-8525-f4fbb87ba875 None None] Notify callbacks ['neutron.plugins.ml2.plugin.SecurityGroupDbMixin._ensure_default_security_group_handler-33177592'] for port, before_update {{(pid=94625) _notify_loop /usr/local/lib/python3.8/dist-packages/neutron_lib/callbacks/manager.py:192}}
Sep 22 04:29:26.475447 dv-cinder-810118-1-smb neutron-server[94624]: DEBUG neutron_lib.callbacks.manager [req-0f413bf4-d577-4107-9994-f480332fd9e1 req-0934a9a0-a4b7-4ec4-9ac5-d3ffa164739f tempest-AttachVolumeShelveTestJSON-1195566341 tempest-AttachVolumeShelveTestJSON-1195566341-project] Notify callbacks ['neutron.plugins.ml2.plugin.SecurityGroupServerNotifierRpcMixin._notify_sg_on_port_change-33177531', 'neutron.plugins.ml2.ovo_rpc._ObjectChangeHandler.handle_event-196455', 'neutron.api.rpc.agentnotifiers.dhcp_rpc_agent_api.DhcpAgentNotifyAPI._native_event_send_dhcp_notification-532163', 'neutron.db.l3_dvrscheduler_db._notify_l3_agent_new_port-8752253307814'] for port, after_create {{(pid=94624) _notify_loop /usr/local/lib/python3.8/dist-packages/neutron_lib/callbacks/manager.py:192}}
Sep 22 04:29:26.492878 dv-cinder-810118-1-smb neutron-server[94625]: DEBUG neutron.notifiers.nova [None req-14a6a216-d895-4045-8525-f4fbb87ba875 None None] Ignoring state change previous_port_status: DOWN current_port_status: BUILD port_id 16c4da95-64d7-4dca-a049-2ffa8504f8fb {{(pid=94625) record_port_status_changed /opt/stack/neutron/neutron/notifiers/nova.py:224}}
Sep 22 04:29:26.516362 dv-cinder-810118-1-smb neutron-server[94623]: DEBUG neutron_lib.callbacks.manager [None req-9e69a457-e870-445f-9093-5ccaf32dda59 admin admin] Notify callbacks [] for security_group, precommit_create {{(pid=94623) _notify_loop /usr/local/lib/python3.8/dist-packages/neutron_lib/callbacks/manager.py:192}}
Sep 22 04:29:26.523117 dv-cinder-810118-1-smb neutron-server[94624]: DEBUG neutron.scheduler.dhcp_agent_scheduler [req-0f413bf4-d577-4107-9994-f480332fd9e1 req-0934a9a0-a4b7-4ec4-9ac5-d3ffa164739f tempest-AttachVolumeShelveTestJSON-1195566341 tempest-AttachVolumeShelveTestJSON-1195566341-project] Network b9dafe70-5f4b-481b-a7d7-f061e0b229b6 is already hosted by enough agents. {{(pid=94624) _get_dhcp_agents_hosting_network /opt/stack/neutron/neutron/scheduler/dhcp_agent_scheduler.py:275}}
Sep 22 04:29:26.525091 dv-cinder-810118-1-smb neutron-server[94625]: DEBUG neutron.plugins.ml2.db [None req-14a6a216-d895-4045-8525-f4fbb87ba875 None None] For port 16c4da95-64d7-4dca-a049-2ffa8504f8fb, host hv-cinder-81011, got binding levels [PortBindingLevel(driver='hyperv',host='hv-cinder-81011',level=0,port_id=16c4da95-64d7-4dca-a049-2ffa8504f8fb,segment=NetworkSegment(5f16a3fd-2b13-40d0-804b-9c9fa72e1eda),segment_id=5f16a3fd-2b13-40d0-804b-9c9fa72e1eda)] {{(pid=94625) get_binding_level_objs /opt/stack/neutron/neutron/plugins/ml2/db.py:74}}
Sep 22 04:29:26.528879 dv-cinder-810118-1-smb neutron-server[94624]: DEBUG neutron.scheduler.base_scheduler [req-0f413bf4-d577-4107-9994-f480332fd9e1 req-0934a9a0-a4b7-4ec4-9ac5-d3ffa164739f tempest-AttachVolumeShelveTestJSON-1195566341 tempest-AttachVolumeShelveTestJSON-1195566341-project] Resources bound (agent type, host, resource id): {{(pid=94624) schedule /opt/stack/neutron/neutron/scheduler/base_scheduler.py:57}}
Sep 22 04:29:26.533929 dv-cinder-810118-1-smb neutron-server[94624]: DEBUG neutron.db.l3_dvrscheduler_db [req-0f413bf4-d577-4107-9994-f480332fd9e1 req-0934a9a0-a4b7-4ec4-9ac5-d3ffa164739f tempest-AttachVolumeShelveTestJSON-1195566341 tempest-AttachVolumeShelveTestJSON-1195566341-project] Received port after_create {{(pid=94624) _notify_l3_agent_new_port /opt/stack/neutron/neutron/db/l3_dvrscheduler_db.py:535}}
Sep 22 04:29:26.544194 dv-cinder-810118-1-smb neutron-server[94624]: DEBUG neutron.pecan_wsgi.hooks.policy_enforcement [req-0f413bf4-d577-4107-9994-f480332fd9e1 req-0934a9a0-a4b7-4ec4-9ac5-d3ffa164739f tempest-AttachVolumeShelveTestJSON-1195566341 tempest-AttachVolumeShelveTestJSON-1195566341-project] Attributes excluded by policy engine: ['standard_attr_id', 'binding:profile', 'binding:host_id', 'binding:vif_type', 'binding:vif_details', 'network'] {{(pid=94624) _exclude_attributes_by_policy /opt/stack/neutron/neutron/pecan_wsgi/hooks/policy_enforcement.py:255}}
Sep 22 04:29:26.544194 dv-cinder-810118-1-smb neutron-server[94624]: DEBUG neutron_lib.callbacks.manager [req-0f413bf4-d577-4107-9994-f480332fd9e1 req-0934a9a0-a4b7-4ec4-9ac5-d3ffa164739f tempest-AttachVolumeShelveTestJSON-1195566341 tempest-AttachVolumeShelveTestJSON-1195566341-project] Notify callbacks ['neutron.notifiers.nova.Notifier._send_nova_notification-27318', 'neutron.api.rpc.agentnotifiers.dhcp_rpc_agent_api.DhcpAgentNotifyAPI._send_dhcp_notification-529209'] for port, before_response {{(pid=94624) _notify_loop /usr/local/lib/python3.8/dist-packages/neutron_lib/callbacks/manager.py:192}}
Sep 22 04:29:26.561797 dv-cinder-810118-1-smb neutron-server[94624]: DEBUG neutron.api.rpc.handlers.resources_rpc [None req-0934a9a0-a4b7-4ec4-9ac5-d3ffa164739f tempest-AttachVolumeShelveTestJSON-1195566341 tempest-AttachVolumeShelveTestJSON-1195566341-project] Pushing event updated for resources: {'Port': ['ID=858912c9-2646-4983-81f2-db42a3244084,revision_number=1']} {{(pid=94624) push /opt/stack/neutron/neutron/api/rpc/handlers/resources_rpc.py:237}}
Sep 22 04:29:26.677132 dv-cinder-810118-1-smb neutron-server[94624]: DEBUG neutron_lib.callbacks.manager [req-5f20c1fd-b8e1-4bf4-9cdb-09deac849df2 req-f702ee27-2321-4bef-8e22-0101cf2d5412 service neutron] Notify callbacks ['neutron.plugins.ml2.plugin.SecurityGroupServerNotifierRpcMixin._notify_sg_on_port_change-33177531', 'neutron.plugins.ml2.ovo_rpc._ObjectChangeHandler.handle_event-196455', 'neutron.api.rpc.agentnotifiers.dhcp_rpc_agent_api.DhcpAgentNotifyAPI._native_event_send_dhcp_notification-532163', 'neutron.db.l3_db.L3RpcNotifierMixin._notify_gateway_port_ip_changed-8752253826820', 'neutron.db.l3_dvrscheduler_db._notify_l3_agent_port_update-8752253307832', 'neutron.db.l3_hascheduler_db._notify_l3_agent_ha_port_update-8752253307850'] for port, after_update {{(pid=94624) _notify_loop /usr/local/lib/python3.8/dist-packages/neutron_lib/callbacks/manager.py:192}}
Sep 22 04:29:26.733678 dv-cinder-810118-1-smb neutron-server[94624]: DEBUG neutron.api.rpc.handlers.resources_rpc [None req-f702ee27-2321-4bef-8e22-0101cf2d5412 service neutron] Pushing event updated for resources: {'Port': ['ID=5fe620ef-7852-469e-b152-a6d10efe44d9,revision_number=2']} {{(pid=94624) push /opt/stack/neutron/neutron/api/rpc/handlers/resources_rpc.py:237}}
Sep 22 04:29:26.740900 dv-cinder-810118-1-smb neutron-server[94625]: DEBUG neutron_lib.callbacks.manager [None req-14a6a216-d895-4045-8525-f4fbb87ba875 None None] Notify callbacks ['neutron.plugins.ml2.plugin.SecurityGroupServerNotifierRpcMixin._notify_sg_on_port_change-33177531', 'neutron.plugins.ml2.ovo_rpc._ObjectChangeHandler.handle_event-196455', 'neutron.api.rpc.agentnotifiers.dhcp_rpc_agent_api.DhcpAgentNotifyAPI._native_event_send_dhcp_notification-532163', 'neutron.db.l3_db.L3RpcNotifierMixin._notify_gateway_port_ip_changed-8752253826820', 'neutron.db.l3_dvrscheduler_db._notify_l3_agent_port_update-8752253307832', 'neutron.db.l3_hascheduler_db._notify_l3_agent_ha_port_update-8752253307850'] for port, after_update {{(pid=94625) _notify_loop /usr/local/lib/python3.8/dist-packages/neutron_lib/callbacks/manager.py:192}}
Sep 22 04:29:26.741493 dv-cinder-810118-1-smb neutron-server[94623]: DEBUG neutron_lib.callbacks.manager [None req-9e69a457-e870-445f-9093-5ccaf32dda59 admin admin] Notify callbacks ['neutron.plugins.ml2.ovo_rpc._ObjectChangeHandler.handle_event-583371'] for security_group, after_create {{(pid=94623) _notify_loop /usr/local/lib/python3.8/dist-packages/neutron_lib/callbacks/manager.py:192}}
Sep 22 04:29:26.743808 dv-cinder-810118-1-smb neutron-server[94625]: DEBUG neutron.plugins.ml2.rpc [None req-14a6a216-d895-4045-8525-f4fbb87ba875 None None] Device ba2b3bca-9162-4105-8af8-52649b0ecf53 details requested by agent hyperv_hv-cinder-81011 with host hv-cinder-81011 {{(pid=94625) get_device_details /opt/stack/neutron/neutron/plugins/ml2/rpc.py:102}}
Sep 22 04:29:26.770850 dv-cinder-810118-1-smb neutron-server[94624]: DEBUG neutron.plugins.ml2.managers [req-5f20c1fd-b8e1-4bf4-9cdb-09deac849df2 req-f702ee27-2321-4bef-8e22-0101cf2d5412 service neutron] Attempting to bind port 5fe620ef-7852-469e-b152-a6d10efe44d9 on host hv-cinder-81011 for vnic_type normal with profile {{(pid=94624) bind_port /opt/stack/neutron/neutron/plugins/ml2/managers.py:790}}
Sep 22 04:29:26.771203 dv-cinder-810118-1-smb neutron-server[94624]: DEBUG neutron.plugins.ml2.managers [req-5f20c1fd-b8e1-4bf4-9cdb-09deac849df2 req-f702ee27-2321-4bef-8e22-0101cf2d5412 service neutron] Attempting to bind port 5fe620ef-7852-469e-b152-a6d10efe44d9 by drivers openvswitch,hyperv on host hv-cinder-81011 at level 0 using segments [{'id': '18a371ef-60ff-4a40-900e-601ed4f46999', 'network_type': 'vlan', 'physical_network': 'physnet1', 'segmentation_id': 124, 'network_id': '5e78c87e-c2e0-4f97-9255-421a5d545d05'}] {{(pid=94624) _bind_port_level /opt/stack/neutron/neutron/plugins/ml2/managers.py:815}}
Sep 22 04:29:26.771578 dv-cinder-810118-1-smb neutron-server[94624]: DEBUG neutron.plugins.ml2.drivers.mech_agent [req-5f20c1fd-b8e1-4bf4-9cdb-09deac849df2 req-f702ee27-2321-4bef-8e22-0101cf2d5412 service neutron] Attempting to bind port 5fe620ef-7852-469e-b152-a6d10efe44d9 on network 5e78c87e-c2e0-4f97-9255-421a5d545d05 {{(pid=94624) bind_port /opt/stack/neutron/neutron/plugins/ml2/drivers/mech_agent.py:91}}
