Sep 22 04:30:12.732714 dv-cinder-810118-1-smb neutron-server[94624]: DEBUG neutron.plugins.ml2.db [req-64733adb-701f-4f64-925c-376913e8b203 req-f6fc5d37-0d65-4a96-a792-66735676fd8e service neutron] For port 5696b537-d3cc-4f2b-afa0-00418fd3f6ce, host hv-cinder-81011, set binding levels [PortBindingLevel(driver='hyperv',host='hv-cinder-81011',level=0,port_id=5696b537-d3cc-4f2b-afa0-00418fd3f6ce,segment=NetworkSegment(5f16a3fd-2b13-40d0-804b-9c9fa72e1eda),segment_id=5f16a3fd-2b13-40d0-804b-9c9fa72e1eda)] {{(pid=94624) set_binding_levels /opt/stack/neutron/neutron/plugins/ml2/db.py:59}}
Sep 22 04:30:12.760305 dv-cinder-810118-1-smb neutron-server[94623]: INFO neutron.wsgi [None req-8d8226d4-c711-4695-abe4-5e87609b7652 admin admin] 10.222.0.21 "GET /v2.0/security-groups?tenant_id=7a7d063e2ea64382accd303ea921a3be&name=default HTTP/1.1" status: 200 len: 2979 time: 0.2725244
Sep 22 04:30:12.762136 dv-cinder-810118-1-smb neutron-server[94623]: DEBUG neutron.api.rpc.handlers.resources_rpc [None req-8d8226d4-c711-4695-abe4-5e87609b7652 admin admin] Pushing event updated for resources: {'SecurityGroup': ['ID=3f9feb9e-81a9-4cc4-853c-10e66dbf5392,revision_number=1']} {{(pid=94623) push /opt/stack/neutron/neutron/api/rpc/handlers/resources_rpc.py:237}}
Sep 22 04:30:12.763698 dv-cinder-810118-1-smb neutron-server[94624]: DEBUG neutron.wsgi [-] (94624) accepted ('10.222.0.21', 49774) {{(pid=94624) server /usr/local/lib/python3.8/dist-packages/eventlet/wsgi.py:982}}
Sep 22 04:30:12.819229 dv-cinder-810118-1-smb neutron-server[94624]: DEBUG neutron_lib.callbacks.manager [None req-b2440a1b-bf91-4d69-b05a-7468f52e7087 admin admin] Notify callbacks [] for security_group, before_delete {{(pid=94624) _notify_loop /usr/local/lib/python3.8/dist-packages/neutron_lib/callbacks/manager.py:192}}
Sep 22 04:30:12.843039 dv-cinder-810118-1-smb neutron-server[94624]: DEBUG neutron_lib.callbacks.manager [None req-b2440a1b-bf91-4d69-b05a-7468f52e7087 admin admin] Notify callbacks [] for security_group, precommit_delete {{(pid=94624) _notify_loop /usr/local/lib/python3.8/dist-packages/neutron_lib/callbacks/manager.py:192}}
Sep 22 04:30:12.874926 dv-cinder-810118-1-smb neutron-server[94624]: DEBUG neutron_lib.callbacks.manager [req-64733adb-701f-4f64-925c-376913e8b203 req-f6fc5d37-0d65-4a96-a792-66735676fd8e service neutron] Notify callbacks ['neutron.plugins.ml2.plugin.SecurityGroupServerNotifierRpcMixin._notify_sg_on_port_change-33177531', 'neutron.plugins.ml2.ovo_rpc._ObjectChangeHandler.handle_event-196455', 'neutron.api.rpc.agentnotifiers.dhcp_rpc_agent_api.DhcpAgentNotifyAPI._native_event_send_dhcp_notification-532163', 'neutron.db.l3_db.L3RpcNotifierMixin._notify_gateway_port_ip_changed-8752253826820', 'neutron.db.l3_dvrscheduler_db._notify_l3_agent_port_update-8752253307832', 'neutron.db.l3_hascheduler_db._notify_l3_agent_ha_port_update-8752253307850'] for port, after_update {{(pid=94624) _notify_loop /usr/local/lib/python3.8/dist-packages/neutron_lib/callbacks/manager.py:192}}
Sep 22 04:30:12.914955 dv-cinder-810118-1-smb neutron-server[94624]: DEBUG neutron.pecan_wsgi.hooks.policy_enforcement [req-64733adb-701f-4f64-925c-376913e8b203 req-f6fc5d37-0d65-4a96-a792-66735676fd8e service neutron] Attributes excluded by policy engine: ['standard_attr_id'] {{(pid=94624) _exclude_attributes_by_policy /opt/stack/neutron/neutron/pecan_wsgi/hooks/policy_enforcement.py:255}}
Sep 22 04:30:12.915588 dv-cinder-810118-1-smb neutron-server[94624]: DEBUG neutron_lib.callbacks.manager [req-64733adb-701f-4f64-925c-376913e8b203 req-f6fc5d37-0d65-4a96-a792-66735676fd8e service neutron] Notify callbacks ['neutron.notifiers.nova.Notifier._send_nova_notification-27318'] for port, before_response {{(pid=94624) _notify_loop /usr/local/lib/python3.8/dist-packages/neutron_lib/callbacks/manager.py:192}}
Sep 22 04:30:12.917076 dv-cinder-810118-1-smb neutron-server[94624]: INFO neutron.wsgi [req-64733adb-701f-4f64-925c-376913e8b203 req-f6fc5d37-0d65-4a96-a792-66735676fd8e service neutron] 10.222.0.36 "PUT /v2.0/ports/5696b537-d3cc-4f2b-afa0-00418fd3f6ce HTTP/1.1" status: 200 len: 1094 time: 1.3173852
Sep 22 04:30:12.917534 dv-cinder-810118-1-smb neutron-server[94624]: DEBUG neutron.notifiers.nova [-] Sending events: [{'name': 'network-changed', 'server_uuid': 'aa19911b-3ffc-47b4-a00f-ce9581d44606', 'tag': '5696b537-d3cc-4f2b-afa0-00418fd3f6ce'}] {{(pid=94624) send_events /opt/stack/neutron/neutron/notifiers/nova.py:262}}
Sep 22 04:30:12.919866 dv-cinder-810118-1-smb neutron-server[94624]: DEBUG novaclient.v2.client [-] REQ: curl -g -i --cacert "/opt/stack/data/ca-bundle.pem" -X POST http://10.222.0.21/compute/v2.1/os-server-external-events -H "Accept: application/json" -H "Content-Type: application/json" -H "User-Agent: python-novaclient" -H "X-Auth-Token: {SHA256}0330c952865051919c75833fcdffd1c1420f8a17b70c4846f55bb3cba6c778e2" -H "X-OpenStack-Nova-API-Version: 2.1" -H "X-OpenStack-Request-ID: req-bd19edcc-f026-42ef-ad71-2882e136fa39" -d '{"events": [{"name": "network-changed", "server_uuid": "aa19911b-3ffc-47b4-a00f-ce9581d44606", "tag": "5696b537-d3cc-4f2b-afa0-00418fd3f6ce"}]}' {{(pid=94624) _http_log_request /usr/local/lib/python3.8/dist-packages/keystoneauth1/session.py:519}}
Sep 22 04:30:12.944489 dv-cinder-810118-1-smb neutron-server[94624]: DEBUG neutron.api.rpc.handlers.resources_rpc [None req-f6fc5d37-0d65-4a96-a792-66735676fd8e service neutron] Pushing event updated for resources: {'Port': ['ID=5696b537-d3cc-4f2b-afa0-00418fd3f6ce,revision_number=3']} {{(pid=94624) push /opt/stack/neutron/neutron/api/rpc/handlers/resources_rpc.py:237}}
Sep 22 04:30:12.960464 dv-cinder-810118-1-smb neutron-server[94624]: DEBUG novaclient.v2.client [-] RESP: [200] Connection: close Content-Length: 179 Content-Type: application/json Date: Wed, 22 Sep 2021 04:30:12 GMT OpenStack-API-Version: compute 2.1 Server: Apache/2.4.41 (Ubuntu) Vary: OpenStack-API-Version,X-OpenStack-Nova-API-Version X-OpenStack-Nova-API-Version: 2.1 x-compute-request-id: req-3bd8bc97-163b-453e-a33c-6f25a7bd1f7d x-openstack-request-id: req-3bd8bc97-163b-453e-a33c-6f25a7bd1f7d {{(pid=94624) _http_log_response /usr/local/lib/python3.8/dist-packages/keystoneauth1/session.py:550}}
Sep 22 04:30:12.960825 dv-cinder-810118-1-smb neutron-server[94624]: DEBUG novaclient.v2.client [-] RESP BODY: {"events": [{"name": "network-changed", "server_uuid": "aa19911b-3ffc-47b4-a00f-ce9581d44606", "tag": "5696b537-d3cc-4f2b-afa0-00418fd3f6ce", "status": "completed", "code": 200}]} {{(pid=94624) _http_log_response /usr/local/lib/python3.8/dist-packages/keystoneauth1/session.py:582}}
Sep 22 04:30:12.961151 dv-cinder-810118-1-smb neutron-server[94624]: DEBUG novaclient.v2.client [-] POST call to compute for http://10.222.0.21/compute/v2.1/os-server-external-events used request id req-3bd8bc97-163b-453e-a33c-6f25a7bd1f7d {{(pid=94624) request /usr/local/lib/python3.8/dist-packages/keystoneauth1/session.py:954}}
Sep 22 04:30:12.961585 dv-cinder-810118-1-smb neutron-server[94624]: INFO neutron.notifiers.nova [-] Nova event response: {'name': 'network-changed', 'server_uuid': 'aa19911b-3ffc-47b4-a00f-ce9581d44606', 'tag': '5696b537-d3cc-4f2b-afa0-00418fd3f6ce', 'status': 'completed', 'code': 200}
Sep 22 04:30:13.060256 dv-cinder-810118-1-smb neutron-server[94624]: DEBUG neutron_lib.callbacks.manager [None req-b2440a1b-bf91-4d69-b05a-7468f52e7087 admin admin] Notify callbacks ['neutron.plugins.ml2.ovo_rpc._ObjectChangeHandler.handle_event-583371'] for security_group, after_delete {{(pid=94624) _notify_loop /usr/local/lib/python3.8/dist-packages/neutron_lib/callbacks/manager.py:192}}
Sep 22 04:30:13.062797 dv-cinder-810118-1-smb neutron-server[94624]: DEBUG neutron_lib.callbacks.manager [None req-b2440a1b-bf91-4d69-b05a-7468f52e7087 admin admin] Notify callbacks [] for security_group, before_response {{(pid=94624) _notify_loop /usr/local/lib/python3.8/dist-packages/neutron_lib/callbacks/manager.py:192}}
Sep 22 04:30:13.063874 dv-cinder-810118-1-smb neutron-server[94624]: INFO neutron.wsgi [None req-b2440a1b-bf91-4d69-b05a-7468f52e7087 admin admin] 10.222.0.21 "DELETE /v2.0/security-groups/3f9feb9e-81a9-4cc4-853c-10e66dbf5392 HTTP/1.1" status: 204 len: 168 time: 0.2983181
Sep 22 04:30:13.095123 dv-cinder-810118-1-smb neutron-server[94624]: DEBUG neutron.api.rpc.handlers.resources_rpc [None req-b2440a1b-bf91-4d69-b05a-7468f52e7087 admin admin] Pushing event deleted for resources: {'SecurityGroup': ['ID=3f9feb9e-81a9-4cc4-853c-10e66dbf5392,revision_number=None']} {{(pid=94624) push /opt/stack/neutron/neutron/api/rpc/handlers/resources_rpc.py:237}}
Sep 22 04:30:13.130575 dv-cinder-810118-1-smb neutron-server[94624]: DEBUG neutron.pecan_wsgi.hooks.policy_enforcement [req-07c102c0-4e3c-4157-98c1-0335bddbf429 req-1d39016d-54c9-491b-a5a7-97963c29a5a9 tempest-ServerRescueNegativeTestJSON-1783610841 tempest-ServerRescueNegativeTestJSON-1783610841-project] Attributes excluded by policy engine: ['standard_attr_id', 'binding:profile', 'binding:host_id', 'binding:vif_type', 'binding:vif_details'] {{(pid=94624) _exclude_attributes_by_policy /opt/stack/neutron/neutron/pecan_wsgi/hooks/policy_enforcement.py:255}}
Sep 22 04:30:13.130575 dv-cinder-810118-1-smb neutron-server[94624]: INFO neutron.wsgi [req-07c102c0-4e3c-4157-98c1-0335bddbf429 req-1d39016d-54c9-491b-a5a7-97963c29a5a9 tempest-ServerRescueNegativeTestJSON-1783610841 tempest-ServerRescueNegativeTestJSON-1783610841-project] 10.222.0.21 "GET /v2.0/ports?device_id=515a1b3d-fb2d-49ba-aa73-a932c25445d1 HTTP/1.1" status: 200 len: 945 time: 0.1044259
Sep 22 04:30:13.133519 dv-cinder-810118-1-smb neutron-server[94624]: DEBUG neutron.pecan_wsgi.hooks.policy_enforcement [req-bd19edcc-f026-42ef-ad71-2882e136fa39 req-88004d12-0a45-4cb9-98f5-6f6d02e740e0 service neutron] Attributes excluded by policy engine: ['standard_attr_id'] {{(pid=94624) _exclude_attributes_by_policy /opt/stack/neutron/neutron/pecan_wsgi/hooks/policy_enforcement.py:255}}
Sep 22 04:30:13.135002 dv-cinder-810118-1-smb neutron-server[94624]: INFO neutron.wsgi [req-bd19edcc-f026-42ef-ad71-2882e136fa39 req-88004d12-0a45-4cb9-98f5-6f6d02e740e0 service neutron] 10.222.0.36 "GET /v2.0/ports?tenant_id=85d2ae56591345e482a7917f80111edd&device_id=aa19911b-3ffc-47b4-a00f-ce9581d44606 HTTP/1.1" status: 200 len: 1097 time: 0.0994153
Sep 22 04:30:13.204193 dv-cinder-810118-1-smb neutron-server[94624]: INFO neutron.wsgi [req-07c102c0-4e3c-4157-98c1-0335bddbf429 req-bc1fb980-3846-44fc-84d1-b23e74da65f9 tempest-ServerRescueNegativeTestJSON-1783610841 tempest-ServerRescueNegativeTestJSON-1783610841-project] 10.222.0.21 "GET /v2.0/security-groups?id=06c454e2-6209-476b-99af-ced7233a2a7b&fields=id&fields=name HTTP/1.1" status: 200 len: 286 time: 0.0667605
Sep 22 04:30:13.263278 dv-cinder-810118-1-smb neutron-server[94624]: DEBUG neutron.pecan_wsgi.hooks.policy_enforcement [req-bd19edcc-f026-42ef-ad71-2882e136fa39 req-ca0ffc03-3a03-4f2d-aa17-fe8aee3d3561 service neutron] Attributes excluded by policy engine: ['standard_attr_id', 'vlan_transparent'] {{(pid=94624) _exclude_attributes_by_policy /opt/stack/neutron/neutron/pecan_wsgi/hooks/policy_enforcement.py:255}}
Sep 22 04:30:13.264766 dv-cinder-810118-1-smb neutron-server[94624]: INFO neutron.wsgi [req-bd19edcc-f026-42ef-ad71-2882e136fa39 req-ca0ffc03-3a03-4f2d-aa17-fe8aee3d3561 service neutron] 10.222.0.36 "GET /v2.0/networks?tenant_id=85d2ae56591345e482a7917f80111edd&shared=False HTTP/1.1" status: 200 len: 916 time: 0.1111996
Sep 22 04:30:13.365124 dv-cinder-810118-1-smb neutron-server[94624]: DEBUG neutron.pecan_wsgi.hooks.policy_enforcement [req-bd19edcc-f026-42ef-ad71-2882e136fa39 req-f7e39c2c-6199-45e2-8300-26c2a13aa808 service neutron] Attributes excluded by policy engine: ['standard_attr_id', 'vlan_transparent'] {{(pid=94624) _exclude_attributes_by_policy /opt/stack/neutron/neutron/pecan_wsgi/hooks/policy_enforcement.py:255}}
Sep 22 04:30:13.366709 dv-cinder-810118-1-smb neutron-server[94624]: INFO neutron.wsgi [req-bd19edcc-f026-42ef-ad71-2882e136fa39 req-f7e39c2c-6199-45e2-8300-26c2a13aa808 service neutron] 10.222.0.36 "GET /v2.0/networks?shared=True HTTP/1.1" status: 200 len: 870 time: 0.0876560
Sep 22 04:30:13.503957 dv-cinder-810118-1-smb neutron-server[94624]: DEBUG neutron.pecan_wsgi.hooks.policy_enforcement [req-64733adb-701f-4f64-925c-376913e8b203 req-3da0e29f-8a11-4d53-9294-f7dad97217a1 service neutron] Attributes excluded by policy engine: ['standard_attr_id'] {{(pid=94624) _exclude_attributes_by_policy /opt/stack/neutron/neutron/pecan_wsgi/hooks/policy_enforcement.py:255}}
Sep 22 04:30:13.505655 dv-cinder-810118-1-smb neutron-server[94624]: INFO neutron.wsgi [req-64733adb-701f-4f64-925c-376913e8b203 req-3da0e29f-8a11-4d53-9294-f7dad97217a1 service neutron] 10.222.0.36 "GET /v2.0/ports?tenant_id=85d2ae56591345e482a7917f80111edd&device_id=aa19911b-3ffc-47b4-a00f-ce9581d44606 HTTP/1.1" status: 200 len: 1097 time: 0.0475442
Sep 22 04:30:13.561597 dv-cinder-810118-1-smb neutron-server[94624]: INFO neutron.wsgi [req-64733adb-701f-4f64-925c-376913e8b203 req-62bdaa46-48d6-4557-a178-934aefd6f52e service neutron] 10.222.0.36 "GET /v2.0/floatingips?fixed_ip_address=172.20.0.11&port_id=5696b537-d3cc-4f2b-afa0-00418fd3f6ce HTTP/1.1" status: 200 len: 217 time: 0.0344434
Sep 22 04:30:13.620270 dv-cinder-810118-1-smb neutron-server[94624]: DEBUG neutron.pecan_wsgi.hooks.policy_enforcement [req-64733adb-701f-4f64-925c-376913e8b203 req-37080e0f-e184-40bd-9fac-65930f756152 service neutron] Attributes excluded by policy engine: ['standard_attr_id', 'shared'] {{(pid=94624) _exclude_attributes_by_policy /opt/stack/neutron/neutron/pecan_wsgi/hooks/policy_enforcement.py:255}}
Sep 22 04:30:13.621808 dv-cinder-810118-1-smb neutron-server[94624]: INFO neutron.wsgi [req-64733adb-701f-4f64-925c-376913e8b203 req-37080e0f-e184-40bd-9fac-65930f756152 service neutron] 10.222.0.36 "GET /v2.0/subnets?id=e744fe65-5e08-4972-98b9-1d0e8ab135fe HTTP/1.1" status: 200 len: 855 time: 0.0481312
Sep 22 04:30:13.680174 dv-cinder-810118-1-smb neutron-server[94624]: INFO neutron.wsgi [req-64733adb-701f-4f64-925c-376913e8b203 req-9bfcc987-f3cf-4d20-9570-5e76d26ba64d service neutron] 10.222.0.36 "GET /v2.0/ports?network_id=02b23568-610a-4489-b2c6-589745af9d71&device_owner=network%3Adhcp HTTP/1.1" status: 200 len: 210 time: 0.0289609
Sep 22 04:30:13.854915 dv-cinder-810118-1-smb neutron-server[94624]: DEBUG neutron.pecan_wsgi.hooks.policy_enforcement [req-ce277a11-4fe8-42f4-bc80-3b62f446eb1e req-0e22af22-baa6-4afc-b744-b9db259551f7 tempest-AttachVolumeNegativeTest-1697391223 tempest-AttachVolumeNegativeTest-1697391223-project] Attributes excluded by policy engine: ['standard_attr_id', 'binding:profile', 'binding:host_id', 'binding:vif_type', 'binding:vif_details'] {{(pid=94624) _exclude_attributes_by_policy /opt/stack/neutron/neutron/pecan_wsgi/hooks/policy_enforcement.py:255}}
Sep 22 04:30:13.856479 dv-cinder-810118-1-smb neutron-server[94624]: INFO neutron.wsgi [req-ce277a11-4fe8-42f4-bc80-3b62f446eb1e req-0e22af22-baa6-4afc-b744-b9db259551f7 tempest-AttachVolumeNegativeTest-1697391223 tempest-AttachVolumeNegativeTest-1697391223-project] 10.222.0.21 "GET /v2.0/ports?device_id=aa19911b-3ffc-47b4-a00f-ce9581d44606 HTTP/1.1" status: 200 len: 944 time: 0.0660686
Sep 22 04:30:13.858515 dv-cinder-810118-1-smb neutron-server[94624]: INFO neutron.wsgi [req-64733adb-701f-4f64-925c-376913e8b203 req-7a135bca-27fe-43bf-9f04-6cfade31c3bf service neutron] 10.222.0.36 "GET /v2.0/networks/02b23568-610a-4489-b2c6-589745af9d71?fields=segments HTTP/1.1" status: 200 len: 212 time: 0.1264076
Sep 22 04:30:13.929281 dv-cinder-810118-1-smb neutron-server[94624]: INFO neutron.wsgi [req-ce277a11-4fe8-42f4-bc80-3b62f446eb1e req-1d45d88b-2c4c-4a1a-adcd-055e4caec966 tempest-AttachVolumeNegativeTest-1697391223 tempest-AttachVolumeNegativeTest-1697391223-project] 10.222.0.21 "GET /v2.0/security-groups?id=92c43fe1-9f44-49c6-abc7-27e975b50830&fields=id&fields=name HTTP/1.1" status: 200 len: 286 time: 0.0658011
Sep 22 04:30:13.997550 dv-cinder-810118-1-smb neutron-server[94624]: INFO neutron.wsgi [req-64733adb-701f-4f64-925c-376913e8b203 req-2d23dbb3-cf2d-4b69-bd41-0811fa6c27e4 service neutron] 10.222.0.36 "GET /v2.0/networks/02b23568-610a-4489-b2c6-589745af9d71?fields=provider%3Aphysical_network&fields=provider%3Anetwork_type HTTP/1.1" status: 200 len: 281 time: 0.1114287
Sep 22 04:30:14.336154 dv-cinder-810118-1-smb neutron-server[94624]: DEBUG neutron.pecan_wsgi.hooks.policy_enforcement [req-e3b30c22-64db-4076-b1c0-d76067f02b5b req-962c9fd7-321c-4d91-85fb-84a5e6aa8d5a tempest-ServerRescueNegativeTestJSON-1783610841 tempest-ServerRescueNegativeTestJSON-1783610841-project] Attributes excluded by policy engine: ['standard_attr_id', 'binding:profile', 'binding:host_id', 'binding:vif_type', 'binding:vif_details'] {{(pid=94624) _exclude_attributes_by_policy /opt/stack/neutron/neutron/pecan_wsgi/hooks/policy_enforcement.py:255}}
Sep 22 04:30:14.337891 dv-cinder-810118-1-smb neutron-server[94624]: INFO neutron.wsgi [req-e3b30c22-64db-4076-b1c0-d76067f02b5b req-962c9fd7-321c-4d91-85fb-84a5e6aa8d5a tempest-ServerRescueNegativeTestJSON-1783610841 tempest-ServerRescueNegativeTestJSON-1783610841-project] 10.222.0.21 "GET /v2.0/ports?device_id=515a1b3d-fb2d-49ba-aa73-a932c25445d1 HTTP/1.1" status: 200 len: 945 time: 0.0584519
Sep 22 04:30:14.376459 dv-cinder-810118-1-smb neutron-server[94624]: INFO neutron.wsgi [req-e3b30c22-64db-4076-b1c0-d76067f02b5b req-5d62e207-83d6-40a2-8111-88c0ac575d74 tempest-ServerRescueNegativeTestJSON-1783610841 tempest-ServerRescueNegativeTestJSON-1783610841-project] 10.222.0.21 "GET /v2.0/security-groups?id=06c454e2-6209-476b-99af-ced7233a2a7b&fields=id&fields=name HTTP/1.1" status: 200 len: 286 time: 0.0324826
Sep 22 04:30:15.069026 dv-cinder-810118-1-smb neutron-server[94624]: DEBUG neutron.pecan_wsgi.hooks.policy_enforcement [req-1aa38c43-c537-4856-9874-1b945dd6909f req-f69ed5c7-f5a4-406f-9364-e65c168c0bc3 tempest-AttachVolumeNegativeTest-1697391223 tempest-AttachVolumeNegativeTest-1697391223-project] Attributes excluded by policy engine: ['standard_attr_id', 'binding:profile', 'binding:host_id', 'binding:vif_type', 'binding:vif_details'] {{(pid=94624) _exclude_attributes_by_policy /opt/stack/neutron/neutron/pecan_wsgi/hooks/policy_enforcement.py:255}}
Sep 22 04:30:15.069026 dv-cinder-810118-1-smb neutron-server[94624]: INFO neutron.wsgi [req-1aa38c43-c537-4856-9874-1b945dd6909f req-f69ed5c7-f5a4-406f-9364-e65c168c0bc3 tempest-AttachVolumeNegativeTest-1697391223 tempest-AttachVolumeNegativeTest-1697391223-project] 10.222.0.21 "GET /v2.0/ports?device_id=aa19911b-3ffc-47b4-a00f-ce9581d44606 HTTP/1.1" status: 200 len: 944 time: 0.0620580
Sep 22 04:30:15.121687 dv-cinder-810118-1-smb neutron-server[94624]: INFO neutron.wsgi [req-1aa38c43-c537-4856-9874-1b945dd6909f req-244ee0d4-91a4-4860-9e2d-30298c3f38a3 tempest-AttachVolumeNegativeTest-1697391223 tempest-AttachVolumeNegativeTest-1697391223-project] 10.222.0.21 "GET /v2.0/security-groups?id=92c43fe1-9f44-49c6-abc7-27e975b50830&fields=id&fields=name HTTP/1.1" status: 200 len: 286 time: 0.0426996
Sep 22 04:30:15.529872 dv-cinder-810118-1-smb neutron-server[94624]: DEBUG neutron.pecan_wsgi.hooks.policy_enforcement [req-25b59e92-dd04-46d4-90ce-7f68b3494d39 req-daa832a4-8e73-4759-81fc-e77b5a1e32e2 tempest-ServerRescueNegativeTestJSON-1783610841 tempest-ServerRescueNegativeTestJSON-1783610841-project] Attributes excluded by policy engine: ['standard_attr_id', 'binding:profile', 'binding:host_id', 'binding:vif_type', 'binding:vif_details'] {{(pid=94624) _exclude_attributes_by_policy /opt/stack/neutron/neutron/pecan_wsgi/hooks/policy_enforcement.py:255}}
Sep 22 04:30:15.531734 dv-cinder-810118-1-smb neutron-server[94624]: INFO neutron.wsgi [req-25b59e92-dd04-46d4-90ce-7f68b3494d39 req-daa832a4-8e73-4759-81fc-e77b5a1e32e2 tempest-ServerRescueNegativeTestJSON-1783610841 tempest-ServerRescueNegativeTestJSON-1783610841-project] 10.222.0.21 "GET /v2.0/ports?device_id=515a1b3d-fb2d-49ba-aa73-a932c25445d1 HTTP/1.1" status: 200 len: 945 time: 0.0677598
Sep 22 04:30:15.589960 dv-cinder-810118-1-smb neutron-server[94624]: INFO neutron.wsgi [req-25b59e92-dd04-46d4-90ce-7f68b3494d39 req-60ed3ad6-3251-4e38-8019-07e7bf34f425 tempest-ServerRescueNegativeTestJSON-1783610841 tempest-ServerRescueNegativeTestJSON-1783610841-project] 10.222.0.21 "GET /v2.0/security-groups?id=06c454e2-6209-476b-99af-ced7233a2a7b&fields=id&fields=name HTTP/1.1" status: 200 len: 286 time: 0.0517247
Sep 22 04:30:16.225352 dv-cinder-810118-1-smb neutron-server[94624]: DEBUG neutron.pecan_wsgi.hooks.policy_enforcement [req-7d9b0af0-ea36-4c2f-94f8-a40780800f3d req-54af69b5-e5c6-4861-a0a4-46632c0b5a8d tempest-AttachVolumeNegativeTest-1697391223 tempest-AttachVolumeNegativeTest-1697391223-project] Attributes excluded by policy engine: ['standard_attr_id', 'binding:profile', 'binding:host_id', 'binding:vif_type', 'binding:vif_details'] {{(pid=94624) _exclude_attributes_by_policy /opt/stack/neutron/neutron/pecan_wsgi/hooks/policy_enforcement.py:255}}
Sep 22 04:30:16.226940 dv-cinder-810118-1-smb neutron-server[94624]: INFO neutron.wsgi [req-7d9b0af0-ea36-4c2f-94f8-a40780800f3d req-54af69b5-e5c6-4861-a0a4-46632c0b5a8d tempest-AttachVolumeNegativeTest-1697391223 tempest-AttachVolumeNegativeTest-1697391223-project] 10.222.0.21 "GET /v2.0/ports?device_id=aa19911b-3ffc-47b4-a00f-ce9581d44606 HTTP/1.1" status: 200 len: 944 time: 0.0495868
Sep 22 04:30:16.264591 dv-cinder-810118-1-smb neutron-server[94624]: INFO neutron.wsgi [req-7d9b0af0-ea36-4c2f-94f8-a40780800f3d req-537cf2f8-09ef-4795-ba78-0ba17b9342ef tempest-AttachVolumeNegativeTest-1697391223 tempest-AttachVolumeNegativeTest-1697391223-project] 10.222.0.21 "GET /v2.0/security-groups?id=92c43fe1-9f44-49c6-abc7-27e975b50830&fields=id&fields=name HTTP/1.1" status: 200 len: 286 time: 0.0316644
Sep 22 04:30:16.721203 dv-cinder-810118-1-smb neutron-server[94624]: DEBUG neutron.pecan_wsgi.hooks.policy_enforcement [req-c2da2f47-a8b0-48fa-96ee-126ee53e1877 req-68d04e72-13df-4f70-a7bc-807f96404a2d tempest-ServerRescueNegativeTestJSON-1783610841 tempest-ServerRescueNegativeTestJSON-1783610841-project] Attributes excluded by policy engine: ['standard_attr_id', 'binding:profile', 'binding:host_id', 'binding:vif_type', 'binding:vif_details'] {{(pid=94624) _exclude_attributes_by_policy /opt/stack/neutron/neutron/pecan_wsgi/hooks/policy_enforcement.py:255}}
Sep 22 04:30:16.723141 dv-cinder-810118-1-smb neutron-server[94624]: INFO neutron.wsgi [req-c2da2f47-a8b0-48fa-96ee-126ee53e1877 req-68d04e72-13df-4f70-a7bc-807f96404a2d tempest-ServerRescueNegativeTestJSON-1783610841 tempest-ServerRescueNegativeTestJSON-1783610841-project] 10.222.0.21 "GET /v2.0/ports?device_id=515a1b3d-fb2d-49ba-aa73-a932c25445d1 HTTP/1.1" status: 200 len: 945 time: 0.0654428
Sep 22 04:30:16.770927 dv-cinder-810118-1-smb neutron-server[94624]: INFO neutron.wsgi [req-c2da2f47-a8b0-48fa-96ee-126ee53e1877 req-41099d3e-af32-4cae-8e28-ad7044383593 tempest-ServerRescueNegativeTestJSON-1783610841 tempest-ServerRescueNegativeTestJSON-1783610841-project] 10.222.0.21 "GET /v2.0/security-groups?id=06c454e2-6209-476b-99af-ced7233a2a7b&fields=id&fields=name HTTP/1.1" status: 200 len: 286 time: 0.0418806
Sep 22 04:30:17.382048 dv-cinder-810118-1-smb neutron-server[94624]: DEBUG neutron.pecan_wsgi.hooks.policy_enforcement [req-2163abd6-cd69-4393-a60c-ad6f3af6cbb6 req-4eed66ac-3de5-4a3b-b025-0c74aaf93dd1 tempest-AttachVolumeNegativeTest-1697391223 tempest-AttachVolumeNegativeTest-1697391223-project] Attributes excluded by policy engine: ['standard_attr_id', 'binding:profile', 'binding:host_id', 'binding:vif_type', 'binding:vif_details'] {{(pid=94624) _exclude_attributes_by_policy /opt/stack/neutron/neutron/pecan_wsgi/hooks/policy_enforcement.py:255}}
Sep 22 04:30:17.383518 dv-cinder-810118-1-smb neutron-server[94624]: INFO neutron.wsgi [req-2163abd6-cd69-4393-a60c-ad6f3af6cbb6 req-4eed66ac-3de5-4a3b-b025-0c74aaf93dd1 tempest-AttachVolumeNegativeTest-1697391223 tempest-AttachVolumeNegativeTest-1697391223-project] 10.222.0.21 "GET /v2.0/ports?device_id=aa19911b-3ffc-47b4-a00f-ce9581d44606 HTTP/1.1" status: 200 len: 944 time: 0.0480273
Sep 22 04:30:17.425629 dv-cinder-810118-1-smb neutron-server[94624]: INFO neutron.wsgi [req-2163abd6-cd69-4393-a60c-ad6f3af6cbb6 req-86903b06-3fbf-4004-9003-c1dabe19d76b tempest-AttachVolumeNegativeTest-1697391223 tempest-AttachVolumeNegativeTest-1697391223-project] 10.222.0.21 "GET /v2.0/security-groups?id=92c43fe1-9f44-49c6-abc7-27e975b50830&fields=id&fields=name HTTP/1.1" status: 200 len: 286 time: 0.0354764
Sep 22 04:30:17.889194 dv-cinder-810118-1-smb neutron-server[94624]: DEBUG neutron.pecan_wsgi.hooks.policy_enforcement [req-080fe18a-25ba-43d5-a0f5-32d8c3ef3164 req-c55dd227-c963-43b0-8092-b96b04791c54 tempest-ServerRescueNegativeTestJSON-1783610841 tempest-ServerRescueNegativeTestJSON-1783610841-project] Attributes excluded by policy engine: ['standard_attr_id', 'binding:profile', 'binding:host_id', 'binding:vif_type', 'binding:vif_details'] {{(pid=94624) _exclude_attributes_by_policy /opt/stack/neutron/neutron/pecan_wsgi/hooks/policy_enforcement.py:255}}
Sep 22 04:30:17.890719 dv-cinder-810118-1-smb neutron-server[94624]: INFO neutron.wsgi [req-080fe18a-25ba-43d5-a0f5-32d8c3ef3164 req-c55dd227-c963-43b0-8092-b96b04791c54 tempest-ServerRescueNegativeTestJSON-1783610841 tempest-ServerRescueNegativeTestJSON-1783610841-project] 10.222.0.21 "GET /v2.0/ports?device_id=515a1b3d-fb2d-49ba-aa73-a932c25445d1 HTTP/1.1" status: 200 len: 945 time: 0.0482399
Sep 22 04:30:17.929590 dv-cinder-810118-1-smb neutron-server[94624]: INFO neutron.wsgi [req-080fe18a-25ba-43d5-a0f5-32d8c3ef3164 req-07d7ce49-2789-4021-8544-2bdcc9421184 tempest-ServerRescueNegativeTestJSON-1783610841 tempest-ServerRescueNegativeTestJSON-1783610841-project] 10.222.0.21 "GET /v2.0/security-groups?id=06c454e2-6209-476b-99af-ced7233a2a7b&fields=id&fields=name HTTP/1.1" status: 200 len: 286 time: 0.0315890
Sep 22 04:30:18.525309 dv-cinder-810118-1-smb neutron-server[94625]: DEBUG neutron.plugins.ml2.rpc [None req-14a6a216-d895-4045-8525-f4fbb87ba875 None None] Device 5696b537-d3cc-4f2b-afa0-00418fd3f6ce details requested by agent hyperv_hv-cinder-81011 with host hv-cinder-81011 {{(pid=94625) get_device_details /opt/stack/neutron/neutron/plugins/ml2/rpc.py:102}}
Sep 22 04:30:18.548577 dv-cinder-810118-1-smb neutron-server[94624]: DEBUG neutron.pecan_wsgi.hooks.policy_enforcement [req-900566c6-72bc-4856-9c60-e05f988c75ab req-e2c81ffb-2d6a-4b6d-acd9-f579cb1d808e tempest-AttachVolumeNegativeTest-1697391223 tempest-AttachVolumeNegativeTest-1697391223-project] Attributes excluded by policy engine: ['standard_attr_id', 'binding:profile', 'binding:host_id', 'binding:vif_type', 'binding:vif_details'] {{(pid=94624) _exclude_attributes_by_policy /opt/stack/neutron/neutron/pecan_wsgi/hooks/policy_enforcement.py:255}}
Sep 22 04:30:18.550691 dv-cinder-810118-1-smb neutron-server[94624]: INFO neutron.wsgi [req-900566c6-72bc-4856-9c60-e05f988c75ab req-e2c81ffb-2d6a-4b6d-acd9-f579cb1d808e tempest-AttachVolumeNegativeTest-1697391223 tempest-AttachVolumeNegativeTest-1697391223-project] 10.222.0.21 "GET /v2.0/ports?device_id=aa19911b-3ffc-47b4-a00f-ce9581d44606 HTTP/1.1" status: 200 len: 944 time: 0.0563610
Sep 22 04:30:18.590702 dv-cinder-810118-1-smb neutron-server[94624]: INFO neutron.wsgi [req-900566c6-72bc-4856-9c60-e05f988c75ab req-58f848ba-47c2-4d38-8b99-20fe0cc67ca2 tempest-AttachVolumeNegativeTest-1697391223 tempest-AttachVolumeNegativeTest-1697391223-project] 10.222.0.21 "GET /v2.0/security-groups?id=92c43fe1-9f44-49c6-abc7-27e975b50830&fields=id&fields=name HTTP/1.1" status: 200 len: 286 time: 0.0340388
Sep 22 04:30:18.642678 dv-cinder-810118-1-smb neutron-server[94625]: DEBUG neutron.plugins.ml2.db [None req-14a6a216-d895-4045-8525-f4fbb87ba875 None None] For port 5696b537-d3cc-4f2b-afa0-00418fd3f6ce, host hv-cinder-81011, got binding levels [PortBindingLevel(driver='hyperv',host='hv-cinder-81011',level=0,port_id=5696b537-d3cc-4f2b-afa0-00418fd3f6ce,segment=NetworkSegment(5f16a3fd-2b13-40d0-804b-9c9fa72e1eda),segment_id=5f16a3fd-2b13-40d0-804b-9c9fa72e1eda)] {{(pid=94625) get_binding_level_objs /opt/stack/neutron/neutron/plugins/ml2/db.py:74}}
Sep 22 04:30:18.655020 dv-cinder-810118-1-smb neutron-server[94625]: DEBUG neutron.plugins.ml2.rpc [None req-14a6a216-d895-4045-8525-f4fbb87ba875 None None] Returning: {'device': '5696b537-d3cc-4f2b-afa0-00418fd3f6ce', 'network_id': '02b23568-610a-4489-b2c6-589745af9d71', 'port_id': '5696b537-d3cc-4f2b-afa0-00418fd3f6ce', 'mac_address': 'fa:16:3e:66:a9:ab', 'admin_state_up': True, 'network_type': 'vlan', 'segmentation_id': 102, 'physical_network': 'physnet1', 'mtu': 1500, 'fixed_ips': [{'subnet_id': 'e744fe65-5e08-4972-98b9-1d0e8ab135fe', 'ip_address': '172.20.0.11'}], 'device_owner': 'compute:nova', 'allowed_address_pairs': [], 'port_security_enabled': True, 'qos_policy_id': None, 'network_qos_policy_id': None, 'profile': {}, 'propagate_uplink_status': False} {{(pid=94625) _get_device_details /opt/stack/neutron/neutron/plugins/ml2/rpc.py:184}}
Sep 22 04:30:18.692925 dv-cinder-810118-1-smb neutron-server[94625]: DEBUG neutron_lib.callbacks.manager [None req-14a6a216-d895-4045-8525-f4fbb87ba875 None None] Notify callbacks ['neutron.plugins.ml2.plugin.SecurityGroupDbMixin._ensure_default_security_group_handler-33177592'] for port, before_update {{(pid=94625) _notify_loop /usr/local/lib/python3.8/dist-packages/neutron_lib/callbacks/manager.py:192}}
Sep 22 04:30:18.706487 dv-cinder-810118-1-smb neutron-server[94625]: DEBUG neutron.notifiers.nova [None req-14a6a216-d895-4045-8525-f4fbb87ba875 None None] Ignoring state change previous_port_status: DOWN current_port_status: BUILD port_id 5696b537-d3cc-4f2b-afa0-00418fd3f6ce {{(pid=94625) record_port_status_changed /opt/stack/neutron/neutron/notifiers/nova.py:224}}
Sep 22 04:30:18.726396 dv-cinder-810118-1-smb neutron-server[94625]: DEBUG neutron.plugins.ml2.db [None req-14a6a216-d895-4045-8525-f4fbb87ba875 None None] For port 5696b537-d3cc-4f2b-afa0-00418fd3f6ce, host hv-cinder-81011, got binding levels [PortBindingLevel(driver='hyperv',host='hv-cinder-81011',level=0,port_id=5696b537-d3cc-4f2b-afa0-00418fd3f6ce,segment=NetworkSegment(5f16a3fd-2b13-40d0-804b-9c9fa72e1eda),segment_id=5f16a3fd-2b13-40d0-804b-9c9fa72e1eda)] {{(pid=94625) get_binding_level_objs /opt/stack/neutron/neutron/plugins/ml2/db.py:74}}
Sep 22 04:30:18.863614 dv-cinder-810118-1-smb neutron-server[94625]: DEBUG neutron_lib.callbacks.manager [None req-14a6a216-d895-4045-8525-f4fbb87ba875 None None] Notify callbacks ['neutron.plugins.ml2.plugin.SecurityGroupServerNotifierRpcMixin._notify_sg_on_port_change-33177531', 'neutron.plugins.ml2.ovo_rpc._ObjectChangeHandler.handle_event-196455', 'neutron.api.rpc.agentnotifiers.dhcp_rpc_agent_api.DhcpAgentNotifyAPI._native_event_send_dhcp_notification-532163', 'neutron.db.l3_db.L3RpcNotifierMixin._notify_gateway_port_ip_changed-8752253826820', 'neutron.db.l3_dvrscheduler_db._notify_l3_agent_port_update-8752253307832', 'neutron.db.l3_hascheduler_db._notify_l3_agent_ha_port_update-8752253307850'] for port, after_update {{(pid=94625) _notify_loop /usr/local/lib/python3.8/dist-packages/neutron_lib/callbacks/manager.py:192}}
Sep 22 04:30:18.910788 dv-cinder-810118-1-smb neutron-server[94625]: DEBUG neutron.api.rpc.handlers.resources_rpc [None req-14a6a216-d895-4045-8525-f4fbb87ba875 None None] Pushing event updated for resources: {'Port': ['ID=5696b537-d3cc-4f2b-afa0-00418fd3f6ce,revision_number=4']} {{(pid=94625) push /opt/stack/neutron/neutron/api/rpc/handlers/resources_rpc.py:237}}
Sep 22 04:30:19.045616 dv-cinder-810118-1-smb neutron-server[94624]: DEBUG neutron.pecan_wsgi.hooks.policy_enforcement [req-f4868eeb-4aca-48ba-853f-bd028da6b0f8 req-a605df9f-36e9-4ab2-87af-62b2758860db tempest-ServerRescueNegativeTestJSON-1783610841 tempest-ServerRescueNegativeTestJSON-1783610841-project] Attributes excluded by policy engine: ['standard_attr_id', 'binding:profile', 'binding:host_id', 'binding:vif_type', 'binding:vif_details'] {{(pid=94624) _exclude_attributes_by_policy /opt/stack/neutron/neutron/pecan_wsgi/hooks/policy_enforcement.py:255}}
Sep 22 04:30:19.047132 dv-cinder-810118-1-smb neutron-server[94624]: INFO neutron.wsgi [req-f4868eeb-4aca-48ba-853f-bd028da6b0f8 req-a605df9f-36e9-4ab2-87af-62b2758860db tempest-ServerRescueNegativeTestJSON-1783610841 tempest-ServerRescueNegativeTestJSON-1783610841-project] 10.222.0.21 "GET /v2.0/ports?device_id=515a1b3d-fb2d-49ba-aa73-a932c25445d1 HTTP/1.1" status: 200 len: 945 time: 0.0492122
Sep 22 04:30:19.086681 dv-cinder-810118-1-smb neutron-server[94624]: INFO neutron.wsgi [req-f4868eeb-4aca-48ba-853f-bd028da6b0f8 req-bd63a5fc-fb17-4ecc-b835-fd1841b79723 tempest-ServerRescueNegativeTestJSON-1783610841 tempest-ServerRescueNegativeTestJSON-1783610841-project] 10.222.0.21 "GET /v2.0/security-groups?id=06c454e2-6209-476b-99af-ced7233a2a7b&fields=id&fields=name HTTP/1.1" status: 200 len: 286 time: 0.0324020
Sep 22 04:30:19.485862 dv-cinder-810118-1-smb neutron-server[94625]: DEBUG neutron.plugins.ml2.db [None req-14a6a216-d895-4045-8525-f4fbb87ba875 None None] get_ports_and_sgs() called for port_ids ['5696b537-d3cc-4f2b-afa0-00418fd3f6ce'] {{(pid=94625) get_ports_and_sgs /opt/stack/neutron/neutron/plugins/ml2/db.py:156}}
Sep 22 04:30:19.713357 dv-cinder-810118-1-smb neutron-server[94624]: DEBUG neutron.pecan_wsgi.hooks.policy_enforcement [req-7a0ed8d4-3019-43d2-9587-c495527bf8b4 req-ca2d8dd5-513c-4111-874e-fc9a64c9b970 tempest-AttachVolumeNegativeTest-1697391223 tempest-AttachVolumeNegativeTest-1697391223-project] Attributes excluded by policy engine: ['standard_attr_id', 'binding:profile', 'binding:host_id', 'binding:vif_type', 'binding:vif_details'] {{(pid=94624) _exclude_attributes_by_policy /opt/stack/neutron/neutron/pecan_wsgi/hooks/policy_enforcement.py:255}}
Sep 22 04:30:19.714870 dv-cinder-810118-1-smb neutron-server[94624]: INFO neutron.wsgi [req-7a0ed8d4-3019-43d2-9587-c495527bf8b4 req-ca2d8dd5-513c-4111-874e-fc9a64c9b970 tempest-AttachVolumeNegativeTest-1697391223 tempest-AttachVolumeNegativeTest-1697391223-project] 10.222.0.21 "GET /v2.0/ports?device_id=aa19911b-3ffc-47b4-a00f-ce9581d44606 HTTP/1.1" status: 200 len: 945 time: 0.0486686
Sep 22 04:30:19.744902 dv-cinder-810118-1-smb neutron-server[94625]: DEBUG neutron_lib.callbacks.manager [None req-14a6a216-d895-4045-8525-f4fbb87ba875 None None] Notify callbacks ['neutron.services.segments.db._update_segment_host_mapping_for_agent-8752253606274', 'neutron.plugins.ml2.plugin.Ml2Plugin._retry_binding_revived_agents-33200881'] for agent, after_update {{(pid=94625) _notify_loop /usr/local/lib/python3.8/dist-packages/neutron_lib/callbacks/manager.py:192}}
Sep 22 04:30:19.754169 dv-cinder-810118-1-smb neutron-server[94624]: INFO neutron.wsgi [req-7a0ed8d4-3019-43d2-9587-c495527bf8b4 req-8acd51d2-58bc-468a-894a-1eb53ec0fe33 tempest-AttachVolumeNegativeTest-1697391223 tempest-AttachVolumeNegativeTest-1697391223-project] 10.222.0.21 "GET /v2.0/security-groups?id=92c43fe1-9f44-49c6-abc7-27e975b50830&fields=id&fields=name HTTP/1.1" status: 200 len: 286 time: 0.0330892
Sep 22 04:30:20.229217 dv-cinder-810118-1-smb neutron-server[94624]: DEBUG neutron.pecan_wsgi.hooks.policy_enforcement [req-c9161341-1ef8-4d7d-9b40-dee57328ac47 req-4761ad07-adfb-43ab-945f-bbc50e6cda22 tempest-ServerRescueNegativeTestJSON-1783610841 tempest-ServerRescueNegativeTestJSON-1783610841-project] Attributes excluded by policy engine: ['standard_attr_id', 'binding:profile', 'binding:host_id', 'binding:vif_type', 'binding:vif_details'] {{(pid=94624) _exclude_attributes_by_policy /opt/stack/neutron/neutron/pecan_wsgi/hooks/policy_enforcement.py:255}}
Sep 22 04:30:20.230942 dv-cinder-810118-1-smb neutron-server[94624]: INFO neutron.wsgi [req-c9161341-1ef8-4d7d-9b40-dee57328ac47 req-4761ad07-adfb-43ab-945f-bbc50e6cda22 tempest-ServerRescueNegativeTestJSON-1783610841 tempest-ServerRescueNegativeTestJSON-1783610841-project] 10.222.0.21 "GET /v2.0/ports?device_id=515a1b3d-fb2d-49ba-aa73-a932c25445d1 HTTP/1.1" status: 200 len: 945 time: 0.0684712
Sep 22 04:30:20.283508 dv-cinder-810118-1-smb neutron-server[94624]: INFO neutron.wsgi [req-c9161341-1ef8-4d7d-9b40-dee57328ac47 req-d00a43c9-8f51-4317-8237-b8021451bc9d tempest-ServerRescueNegativeTestJSON-1783610841 tempest-ServerRescueNegativeTestJSON-1783610841-project] 10.222.0.21 "GET /v2.0/security-groups?id=06c454e2-6209-476b-99af-ced7233a2a7b&fields=id&fields=name HTTP/1.1" status: 200 len: 286 time: 0.0426764
Sep 22 04:30:21.066527 dv-cinder-810118-1-smb neutron-server[94624]: DEBUG neutron.pecan_wsgi.hooks.policy_enforcement [req-617ee68d-3558-4598-b8bf-c85dab79dd6e req-d41f819c-a15d-4714-9edf-85494bec09e0 tempest-AttachVolumeNegativeTest-1697391223 tempest-AttachVolumeNegativeTest-1697391223-project] Attributes excluded by policy engine: ['standard_attr_id', 'binding:profile', 'binding:host_id', 'binding:vif_type', 'binding:vif_details'] {{(pid=94624) _exclude_attributes_by_policy /opt/stack/neutron/neutron/pecan_wsgi/hooks/policy_enforcement.py:255}}
Sep 22 04:30:21.068050 dv-cinder-810118-1-smb neutron-server[94624]: INFO neutron.wsgi [req-617ee68d-3558-4598-b8bf-c85dab79dd6e req-d41f819c-a15d-4714-9edf-85494bec09e0 tempest-AttachVolumeNegativeTest-1697391223 tempest-AttachVolumeNegativeTest-1697391223-project] 10.222.0.21 "GET /v2.0/ports?device_id=aa19911b-3ffc-47b4-a00f-ce9581d44606 HTTP/1.1" status: 200 len: 945 time: 0.0494003
Sep 22 04:30:21.105458 dv-cinder-810118-1-smb neutron-server[94624]: INFO neutron.wsgi [req-617ee68d-3558-4598-b8bf-c85dab79dd6e req-df21c018-39c7-4582-99dc-50d93236e0e1 tempest-AttachVolumeNegativeTest-1697391223 tempest-AttachVolumeNegativeTest-1697391223-project] 10.222.0.21 "GET /v2.0/security-groups?id=92c43fe1-9f44-49c6-abc7-27e975b50830&fields=id&fields=name HTTP/1.1" status: 200 len: 286 time: 0.0314412
Sep 22 04:30:21.417405 dv-cinder-810118-1-smb neutron-server[94624]: DEBUG neutron.pecan_wsgi.hooks.policy_enforcement [req-129dad2f-05b2-49ef-82e9-99fc66307ba3 req-8255cf2e-d268-46f3-a842-77d5de8f5558 tempest-ServerRescueNegativeTestJSON-1783610841 tempest-ServerRescueNegativeTestJSON-1783610841-project] Attributes excluded by policy engine: ['standard_attr_id', 'binding:profile', 'binding:host_id', 'binding:vif_type', 'binding:vif_details'] {{(pid=94624) _exclude_attributes_by_policy /opt/stack/neutron/neutron/pecan_wsgi/hooks/policy_enforcement.py:255}}
Sep 22 04:30:21.419014 dv-cinder-810118-1-smb neutron-server[94624]: INFO neutron.wsgi [req-129dad2f-05b2-49ef-82e9-99fc66307ba3 req-8255cf2e-d268-46f3-a842-77d5de8f5558 tempest-ServerRescueNegativeTestJSON-1783610841 tempest-ServerRescueNegativeTestJSON-1783610841-project] 10.222.0.21 "GET /v2.0/ports?device_id=515a1b3d-fb2d-49ba-aa73-a932c25445d1 HTTP/1.1" status: 200 len: 945 time: 0.0528162
Sep 22 04:30:21.461056 dv-cinder-810118-1-smb neutron-server[94624]: INFO neutron.wsgi [req-129dad2f-05b2-49ef-82e9-99fc66307ba3 req-9959106f-e515-4e16-a2b0-dc1ba565360b tempest-ServerRescueNegativeTestJSON-1783610841 tempest-ServerRescueNegativeTestJSON-1783610841-project] 10.222.0.21 "GET /v2.0/security-groups?id=06c454e2-6209-476b-99af-ced7233a2a7b&fields=id&fields=name HTTP/1.1" status: 200 len: 286 time: 0.0356305
Sep 22 04:30:22.189136 dv-cinder-810118-1-smb neutron-server[94623]: DEBUG neutron.wsgi [-] (94623) accepted ('10.222.0.21', 50056) {{(pid=94623) server /usr/local/lib/python3.8/dist-packages/eventlet/wsgi.py:982}}
Sep 22 04:30:22.246786 dv-cinder-810118-1-smb neutron-server[94624]: DEBUG neutron.pecan_wsgi.hooks.policy_enforcement [req-092f8858-9fe1-4da0-8afa-2c42771caef2 req-efbe3db7-750d-479c-a9bf-5a0bda99bed1 tempest-AttachVolumeNegativeTest-1697391223 tempest-AttachVolumeNegativeTest-1697391223-project] Attributes excluded by policy engine: ['standard_attr_id', 'binding:profile', 'binding:host_id', 'binding:vif_type', 'binding:vif_details'] {{(pid=94624) _exclude_attributes_by_policy /opt/stack/neutron/neutron/pecan_wsgi/hooks/policy_enforcement.py:255}}
Sep 22 04:30:22.248672 dv-cinder-810118-1-smb neutron-server[94624]: INFO neutron.wsgi [req-092f8858-9fe1-4da0-8afa-2c42771caef2 req-efbe3db7-750d-479c-a9bf-5a0bda99bed1 tempest-AttachVolumeNegativeTest-1697391223 tempest-AttachVolumeNegativeTest-1697391223-project] 10.222.0.21 "GET /v2.0/ports?device_id=aa19911b-3ffc-47b4-a00f-ce9581d44606 HTTP/1.1" status: 200 len: 945 time: 0.0621667
Sep 22 04:30:22.296028 dv-cinder-810118-1-smb neutron-server[94624]: INFO neutron.wsgi [req-092f8858-9fe1-4da0-8afa-2c42771caef2 req-4d84d02d-c600-4a01-a85c-e5bc3f6ec1ee tempest-AttachVolumeNegativeTest-1697391223 tempest-AttachVolumeNegativeTest-1697391223-project] 10.222.0.21 "GET /v2.0/security-groups?id=92c43fe1-9f44-49c6-abc7-27e975b50830&fields=id&fields=name HTTP/1.1" status: 200 len: 286 time: 0.0410354
Sep 22 04:30:22.317506 dv-cinder-810118-1-smb neutron-server[94623]: DEBUG neutron_lib.callbacks.manager [None req-e996acd5-3a20-4162-847a-84184e53eb4a admin admin] Notify callbacks [] for security_group, before_create {{(pid=94623) _notify_loop /usr/local/lib/python3.8/dist-packages/neutron_lib/callbacks/manager.py:192}}
Sep 22 04:30:22.405931 dv-cinder-810118-1-smb neutron-server[94623]: DEBUG neutron_lib.callbacks.manager [None req-e996acd5-3a20-4162-847a-84184e53eb4a admin admin] Notify callbacks [] for security_group, precommit_create {{(pid=94623) _notify_loop /usr/local/lib/python3.8/dist-packages/neutron_lib/callbacks/manager.py:192}}
Sep 22 04:30:22.510105 dv-cinder-810118-1-smb neutron-server[94623]: DEBUG neutron_lib.callbacks.manager [None req-e996acd5-3a20-4162-847a-84184e53eb4a admin admin] Notify callbacks ['neutron.plugins.ml2.ovo_rpc._ObjectChangeHandler.handle_event-583371'] for security_group, after_create {{(pid=94623) _notify_loop /usr/local/lib/python3.8/dist-packages/neutron_lib/callbacks/manager.py:192}}
Sep 22 04:30:22.547726 dv-cinder-810118-1-smb neutron-server[94623]: DEBUG neutron.api.rpc.handlers.resources_rpc [None req-e996acd5-3a20-4162-847a-84184e53eb4a admin admin] Pushing event updated for resources: {'SecurityGroup': ['ID=9581c709-b0c0-4d4a-9f1a-f245cf0bebd3,revision_number=1']} {{(pid=94623) push /opt/stack/neutron/neutron/api/rpc/handlers/resources_rpc.py:237}}
Sep 22 04:30:22.554241 dv-cinder-810118-1-smb neutron-server[94623]: INFO neutron.wsgi [None req-e996acd5-3a20-4162-847a-84184e53eb4a admin admin] 10.222.0.21 "GET /v2.0/security-groups?tenant_id=2511851045504758a1ac6500e0a07e0d&name=default HTTP/1.1" status: 200 len: 2979 time: 0.3640490
Sep 22 04:30:22.557844 dv-cinder-810118-1-smb neutron-server[94623]: DEBUG neutron.wsgi [-] (94623) accepted ('10.222.0.21', 50066) {{(pid=94623) server /usr/local/lib/python3.8/dist-packages/eventlet/wsgi.py:982}}
Sep 22 04:30:22.561094 dv-cinder-810118-1-smb neutron-server[94625]: DEBUG neutron.plugins.ml2.rpc [None req-14a6a216-d895-4045-8525-f4fbb87ba875 None None] Device 5696b537-d3cc-4f2b-afa0-00418fd3f6ce up at agent hyperv_hv-cinder-81011 {{(pid=94625) update_device_up /opt/stack/neutron/neutron/plugins/ml2/rpc.py:296}}
Sep 22 04:30:22.582787 dv-cinder-810118-1-smb neutron-server[94624]: DEBUG neutron.pecan_wsgi.hooks.policy_enforcement [req-1f8ce3ef-c416-4931-bc9c-a47fc68c658d req-4854eb44-a199-4841-9598-3fa5993b71f8 tempest-ServerRescueNegativeTestJSON-1783610841 tempest-ServerRescueNegativeTestJSON-1783610841-project] Attributes excluded by policy engine: ['standard_attr_id', 'binding:profile', 'binding:host_id', 'binding:vif_type', 'binding:vif_details'] {{(pid=94624) _exclude_attributes_by_policy /opt/stack/neutron/neutron/pecan_wsgi/hooks/policy_enforcement.py:255}}
Sep 22 04:30:22.584250 dv-cinder-810118-1-smb neutron-server[94624]: INFO neutron.wsgi [req-1f8ce3ef-c416-4931-bc9c-a47fc68c658d req-4854eb44-a199-4841-9598-3fa5993b71f8 tempest-ServerRescueNegativeTestJSON-1783610841 tempest-ServerRescueNegativeTestJSON-1783610841-project] 10.222.0.21 "GET /v2.0/ports?device_id=515a1b3d-fb2d-49ba-aa73-a932c25445d1 HTTP/1.1" status: 200 len: 945 time: 0.0532029
Sep 22 04:30:22.609935 dv-cinder-810118-1-smb neutron-server[94623]: DEBUG neutron_lib.callbacks.manager [None req-d11226be-c3f2-40da-ba58-3b94601948a3 admin admin] Notify callbacks [] for security_group, before_delete {{(pid=94623) _notify_loop /usr/local/lib/python3.8/dist-packages/neutron_lib/callbacks/manager.py:192}}
Sep 22 04:30:22.627666 dv-cinder-810118-1-smb neutron-server[94624]: INFO neutron.wsgi [req-1f8ce3ef-c416-4931-bc9c-a47fc68c658d req-662b1a53-5b35-4879-b200-304c994b095f tempest-ServerRescueNegativeTestJSON-1783610841 tempest-ServerRescueNegativeTestJSON-1783610841-project] 10.222.0.21 "GET /v2.0/security-groups?id=06c454e2-6209-476b-99af-ced7233a2a7b&fields=id&fields=name HTTP/1.1" status: 200 len: 286 time: 0.0371447
Sep 22 04:30:22.632957 dv-cinder-810118-1-smb neutron-server[94623]: DEBUG neutron_lib.callbacks.manager [None req-d11226be-c3f2-40da-ba58-3b94601948a3 admin admin] Notify callbacks [] for security_group, precommit_delete {{(pid=94623) _notify_loop /usr/local/lib/python3.8/dist-packages/neutron_lib/callbacks/manager.py:192}}
Sep 22 04:30:22.732574 dv-cinder-810118-1-smb neutron-server[94625]: DEBUG neutron.db.provisioning_blocks [None req-14a6a216-d895-4045-8525-f4fbb87ba875 None None] Provisioning for port 5696b537-d3cc-4f2b-afa0-00418fd3f6ce completed by entity L2. {{(pid=94625) provisioning_complete /opt/stack/neutron/neutron/db/provisioning_blocks.py:133}}
Sep 22 04:30:22.736525 dv-cinder-810118-1-smb neutron-server[94625]: DEBUG neutron.db.provisioning_blocks [None req-14a6a216-d895-4045-8525-f4fbb87ba875 None None] Provisioning complete for port 5696b537-d3cc-4f2b-afa0-00418fd3f6ce triggered by entity L2. {{(pid=94625) provisioning_complete /opt/stack/neutron/neutron/db/provisioning_blocks.py:139}}
Sep 22 04:30:22.741236 dv-cinder-810118-1-smb neutron-server[94625]: DEBUG neutron_lib.callbacks.manager [None req-14a6a216-d895-4045-8525-f4fbb87ba875 None None] Notify callbacks ['neutron.plugins.ml2.plugin.Ml2Plugin._port_provisioned-33200164'] for port, provisioning_complete {{(pid=94625) _notify_loop /usr/local/lib/python3.8/dist-packages/neutron_lib/callbacks/manager.py:192}}
Sep 22 04:30:22.771826 dv-cinder-810118-1-smb neutron-server[94623]: DEBUG neutron_lib.callbacks.manager [None req-d11226be-c3f2-40da-ba58-3b94601948a3 admin admin] Notify callbacks ['neutron.plugins.ml2.ovo_rpc._ObjectChangeHandler.handle_event-583371'] for security_group, after_delete {{(pid=94623) _notify_loop /usr/local/lib/python3.8/dist-packages/neutron_lib/callbacks/manager.py:192}}
Sep 22 04:30:22.774522 dv-cinder-810118-1-smb neutron-server[94623]: DEBUG neutron_lib.callbacks.manager [None req-d11226be-c3f2-40da-ba58-3b94601948a3 admin admin] Notify callbacks [] for security_group, before_response {{(pid=94623) _notify_loop /usr/local/lib/python3.8/dist-packages/neutron_lib/callbacks/manager.py:192}}
Sep 22 04:30:22.775731 dv-cinder-810118-1-smb neutron-server[94623]: INFO neutron.wsgi [None req-d11226be-c3f2-40da-ba58-3b94601948a3 admin admin] 10.222.0.21 "DELETE /v2.0/security-groups/9581c709-b0c0-4d4a-9f1a-f245cf0bebd3 HTTP/1.1" status: 204 len: 168 time: 0.2165456
Sep 22 04:30:22.783878 dv-cinder-810118-1-smb neutron-server[94623]: DEBUG neutron.api.rpc.handlers.resources_rpc [None req-d11226be-c3f2-40da-ba58-3b94601948a3 admin admin] Pushing event deleted for resources: {'SecurityGroup': ['ID=9581c709-b0c0-4d4a-9f1a-f245cf0bebd3,revision_number=None']} {{(pid=94623) push /opt/stack/neutron/neutron/api/rpc/handlers/resources_rpc.py:237}}
Sep 22 04:30:22.836621 dv-cinder-810118-1-smb neutron-server[94625]: DEBUG neutron_lib.callbacks.manager [None req-14a6a216-d895-4045-8525-f4fbb87ba875 None None] Notify callbacks ['neutron.plugins.ml2.plugin.SecurityGroupDbMixin._ensure_default_security_group_handler-33177592'] for port, before_update {{(pid=94625) _notify_loop /usr/local/lib/python3.8/dist-packages/neutron_lib/callbacks/manager.py:192}}
Sep 22 04:30:22.859470 dv-cinder-810118-1-smb neutron-server[94625]: DEBUG neutron.notifiers.nova [-] Sending events: [{'server_uuid': 'aa19911b-3ffc-47b4-a00f-ce9581d44606', 'name': 'network-vif-plugged', 'status': 'completed', 'tag': '5696b537-d3cc-4f2b-afa0-00418fd3f6ce'}] {{(pid=94625) send_events /opt/stack/neutron/neutron/notifiers/nova.py:262}}
Sep 22 04:30:22.861754 dv-cinder-810118-1-smb neutron-server[94625]: DEBUG novaclient.v2.client [-] REQ: curl -g -i --cacert "/opt/stack/data/ca-bundle.pem" -X POST http://10.222.0.21/compute/v2.1/os-server-external-events -H "Accept: application/json" -H "Content-Type: application/json" -H "User-Agent: python-novaclient" -H "X-Auth-Token: {SHA256}9ca105ce633cd9b67179069df38e930a7ba1cecf03aa23c68e9026bdce684711" -H "X-OpenStack-Nova-API-Version: 2.1" -H "X-OpenStack-Request-ID: req-2f91d703-6c53-420d-b5e1-9a796d6a7536" -d '{"events": [{"server_uuid": "aa19911b-3ffc-47b4-a00f-ce9581d44606", "name": "network-vif-plugged", "status": "completed", "tag": "5696b537-d3cc-4f2b-afa0-00418fd3f6ce"}]}' {{(pid=94625) _http_log_request /usr/local/lib/python3.8/dist-packages/keystoneauth1/session.py:519}}
Sep 22 04:30:22.874425 dv-cinder-810118-1-smb neutron-server[94625]: DEBUG neutron.plugins.ml2.db [None req-14a6a216-d895-4045-8525-f4fbb87ba875 None None] For port 5696b537-d3cc-4f2b-afa0-00418fd3f6ce, host hv-cinder-81011, got binding levels [PortBindingLevel(driver='hyperv',host='hv-cinder-81011',level=0,port_id=5696b537-d3cc-4f2b-afa0-00418fd3f6ce,segment=NetworkSegment(5f16a3fd-2b13-40d0-804b-9c9fa72e1eda),segment_id=5f16a3fd-2b13-40d0-804b-9c9fa72e1eda)] {{(pid=94625) get_binding_level_objs /opt/stack/neutron/neutron/plugins/ml2/db.py:74}}
