Sep 21 16:43:19.670906 dv-cinder-810035-1-smb neutron-server[223624]: DEBUG neutron.pecan_wsgi.hooks.policy_enforcement [req-4642a4d6-8540-40f5-a6ab-c78d49ecbfc7 req-03f598f3-f42a-4aad-973d-fe779a37ee4c service neutron] Attributes excluded by policy engine: ['standard_attr_id', 'shared'] {{(pid=223624) _exclude_attributes_by_policy /opt/stack/neutron/neutron/pecan_wsgi/hooks/policy_enforcement.py:255}}
Sep 21 16:43:19.673292 dv-cinder-810035-1-smb neutron-server[223624]: INFO neutron.wsgi [req-4642a4d6-8540-40f5-a6ab-c78d49ecbfc7 req-03f598f3-f42a-4aad-973d-fe779a37ee4c service neutron] 10.222.0.15 "GET /v2.0/subnets?id=9664e506-8eb1-4e58-9bc0-a1aeb770f75b HTTP/1.1" status: 200 len: 858 time: 0.0615685
Sep 21 16:43:19.683007 dv-cinder-810035-1-smb neutron-server[223625]: DEBUG neutron_lib.callbacks.manager [None req-0efe67f4-0ced-429c-aa00-fd6c4ba0ce91 admin admin] Notify callbacks [] for security_group, before_delete {{(pid=223625) _notify_loop /usr/local/lib/python3.8/dist-packages/neutron_lib/callbacks/manager.py:192}}
Sep 21 16:43:19.695396 dv-cinder-810035-1-smb neutron-server[223626]: DEBUG neutron_lib.callbacks.manager [None req-beefeb42-7631-4327-bc5a-7770d541b5f8 None None] Notify callbacks ['neutron.plugins.ml2.plugin.SecurityGroupDbMixin._ensure_default_security_group_handler-1470221'] for port, before_update {{(pid=223626) _notify_loop /usr/local/lib/python3.8/dist-packages/neutron_lib/callbacks/manager.py:192}}
Sep 21 16:43:19.726839 dv-cinder-810035-1-smb neutron-server[223626]: DEBUG neutron.notifiers.nova [None req-beefeb42-7631-4327-bc5a-7770d541b5f8 None None] Ignoring state change previous_port_status: DOWN current_port_status: BUILD port_id ecda518f-b89e-4ccf-8d75-4948efaae473 {{(pid=223626) record_port_status_changed /opt/stack/neutron/neutron/notifiers/nova.py:224}}
Sep 21 16:43:19.740371 dv-cinder-810035-1-smb neutron-server[223624]: INFO neutron.wsgi [req-4642a4d6-8540-40f5-a6ab-c78d49ecbfc7 req-948a2021-24ee-4209-b8ee-b424dacbea47 service neutron] 10.222.0.15 "GET /v2.0/ports?network_id=4ee91648-8ef1-4039-8b98-dc33b08625e3&device_owner=network%3Adhcp HTTP/1.1" status: 200 len: 210 time: 0.0557184
Sep 21 16:43:19.752300 dv-cinder-810035-1-smb neutron-server[223626]: DEBUG neutron.plugins.ml2.db [None req-beefeb42-7631-4327-bc5a-7770d541b5f8 None None] For port ecda518f-b89e-4ccf-8d75-4948efaae473, host hv-cinder-81003, got binding levels [PortBindingLevel(driver='hyperv',host='hv-cinder-81003',level=0,port_id=ecda518f-b89e-4ccf-8d75-4948efaae473,segment=NetworkSegment(d5055489-32d1-4a2e-a020-341e8ac1e33b),segment_id=d5055489-32d1-4a2e-a020-341e8ac1e33b)] {{(pid=223626) get_binding_level_objs /opt/stack/neutron/neutron/plugins/ml2/db.py:74}}
Sep 21 16:43:19.765319 dv-cinder-810035-1-smb neutron-server[223625]: DEBUG neutron_lib.callbacks.manager [None req-0efe67f4-0ced-429c-aa00-fd6c4ba0ce91 admin admin] Notify callbacks [] for security_group, precommit_delete {{(pid=223625) _notify_loop /usr/local/lib/python3.8/dist-packages/neutron_lib/callbacks/manager.py:192}}
Sep 21 16:43:19.811613 dv-cinder-810035-1-smb neutron-server[223625]: DEBUG neutron.pecan_wsgi.hooks.policy_enforcement [req-d2a9f9dc-928c-4e4b-9733-352bf4e1f2b1 req-16e68da6-17f8-43d6-a788-69c665bc393e tempest-ServerRescueNegativeTestJSON-1324824637 tempest-ServerRescueNegativeTestJSON-1324824637-project] Attributes excluded by policy engine: ['standard_attr_id', 'binding:profile', 'binding:host_id', 'binding:vif_type', 'binding:vif_details'] {{(pid=223625) _exclude_attributes_by_policy /opt/stack/neutron/neutron/pecan_wsgi/hooks/policy_enforcement.py:255}}
Sep 21 16:43:19.813133 dv-cinder-810035-1-smb neutron-server[223625]: INFO neutron.wsgi [req-d2a9f9dc-928c-4e4b-9733-352bf4e1f2b1 req-16e68da6-17f8-43d6-a788-69c665bc393e tempest-ServerRescueNegativeTestJSON-1324824637 tempest-ServerRescueNegativeTestJSON-1324824637-project] 10.222.0.36 "GET /v2.0/ports?device_id=f9a1824e-df30-4df3-b7f1-3f634bcc6dc5 HTTP/1.1" status: 200 len: 943 time: 0.0900974
Sep 21 16:43:19.847079 dv-cinder-810035-1-smb neutron-server[223626]: DEBUG neutron_lib.callbacks.manager [None req-beefeb42-7631-4327-bc5a-7770d541b5f8 None None] Notify callbacks ['neutron.plugins.ml2.plugin.SecurityGroupServerNotifierRpcMixin._notify_sg_on_port_change-1470274', 'neutron.plugins.ml2.ovo_rpc._ObjectChangeHandler.handle_event-2053946', 'neutron.api.rpc.agentnotifiers.dhcp_rpc_agent_api.DhcpAgentNotifyAPI._native_event_send_dhcp_notification-1702781', 'neutron.db.l3_db.L3RpcNotifierMixin._notify_gateway_port_ip_changed-8727810735638', 'neutron.db.l3_dvrscheduler_db._notify_l3_agent_port_update-8727810331603', 'neutron.db.l3_hascheduler_db._notify_l3_agent_ha_port_update-8727810331621'] for port, after_update {{(pid=223626) _notify_loop /usr/local/lib/python3.8/dist-packages/neutron_lib/callbacks/manager.py:192}}
Sep 21 16:43:19.866178 dv-cinder-810035-1-smb neutron-server[223624]: INFO neutron.wsgi [req-4642a4d6-8540-40f5-a6ab-c78d49ecbfc7 req-23952d1b-9f0b-4f52-848d-f618cba72238 service neutron] 10.222.0.15 "GET /v2.0/networks/4ee91648-8ef1-4039-8b98-dc33b08625e3?fields=segments HTTP/1.1" status: 200 len: 212 time: 0.1169357
Sep 21 16:43:19.893555 dv-cinder-810035-1-smb neutron-server[223625]: INFO neutron.wsgi [req-d2a9f9dc-928c-4e4b-9733-352bf4e1f2b1 req-6ecfd581-c913-443c-b57f-d29c83ca88af tempest-ServerRescueNegativeTestJSON-1324824637 tempest-ServerRescueNegativeTestJSON-1324824637-project] 10.222.0.36 "GET /v2.0/security-groups?id=11c19c64-f5c9-452b-9193-f8e0ef97dcb1&fields=id&fields=name HTTP/1.1" status: 200 len: 286 time: 0.0628929
Sep 21 16:43:19.918890 dv-cinder-810035-1-smb neutron-server[223626]: DEBUG neutron.api.rpc.handlers.resources_rpc [None req-beefeb42-7631-4327-bc5a-7770d541b5f8 None None] Pushing event updated for resources: {'Port': ['ID=ecda518f-b89e-4ccf-8d75-4948efaae473,revision_number=4']} {{(pid=223626) push /opt/stack/neutron/neutron/api/rpc/handlers/resources_rpc.py:237}}
Sep 21 16:43:19.931756 dv-cinder-810035-1-smb neutron-server[223625]: DEBUG neutron_lib.callbacks.manager [None req-0efe67f4-0ced-429c-aa00-fd6c4ba0ce91 admin admin] Notify callbacks ['neutron.plugins.ml2.ovo_rpc._ObjectChangeHandler.handle_event-1665415'] for security_group, after_delete {{(pid=223625) _notify_loop /usr/local/lib/python3.8/dist-packages/neutron_lib/callbacks/manager.py:192}}
Sep 21 16:43:19.934389 dv-cinder-810035-1-smb neutron-server[223625]: DEBUG neutron_lib.callbacks.manager [None req-0efe67f4-0ced-429c-aa00-fd6c4ba0ce91 admin admin] Notify callbacks [] for security_group, before_response {{(pid=223625) _notify_loop /usr/local/lib/python3.8/dist-packages/neutron_lib/callbacks/manager.py:192}}
Sep 21 16:43:19.945561 dv-cinder-810035-1-smb neutron-server[223625]: INFO neutron.wsgi [None req-0efe67f4-0ced-429c-aa00-fd6c4ba0ce91 admin admin] 10.222.0.36 "DELETE /v2.0/security-groups/1e2ca4df-ab70-4e89-931e-107901f885b7 HTTP/1.1" status: 204 len: 168 time: 0.4468758
Sep 21 16:43:19.945561 dv-cinder-810035-1-smb neutron-server[223625]: DEBUG neutron.api.rpc.handlers.resources_rpc [None req-0efe67f4-0ced-429c-aa00-fd6c4ba0ce91 admin admin] Pushing event deleted for resources: {'SecurityGroup': ['ID=1e2ca4df-ab70-4e89-931e-107901f885b7,revision_number=None']} {{(pid=223625) push /opt/stack/neutron/neutron/api/rpc/handlers/resources_rpc.py:237}}
Sep 21 16:43:20.024935 dv-cinder-810035-1-smb neutron-server[223624]: INFO neutron.wsgi [req-4642a4d6-8540-40f5-a6ab-c78d49ecbfc7 req-c8acd81a-5cf1-4589-ba62-89a03fbd4e80 service neutron] 10.222.0.15 "GET /v2.0/networks/4ee91648-8ef1-4039-8b98-dc33b08625e3?fields=provider%3Aphysical_network&fields=provider%3Anetwork_type HTTP/1.1" status: 200 len: 281 time: 0.1516604
Sep 21 16:43:20.080937 dv-cinder-810035-1-smb neutron-server[223625]: INFO neutron.wsgi [req-501ed819-e685-4cd8-b8d0-1d408a084eee req-3c2ef33f-86ed-41b3-94d7-418de2f25dde tempest-AttachVolumeShelveTestJSON-187719345 tempest-AttachVolumeShelveTestJSON-187719345-project] 10.222.0.36 "GET /v2.0/ports?device_id=f5bfd14f-5924-4262-a40e-85e839e85861 HTTP/1.1" status: 200 len: 210 time: 0.0495310
Sep 21 16:43:20.124715 dv-cinder-810035-1-smb neutron-server[223626]: DEBUG neutron.plugins.ml2.db [None req-beefeb42-7631-4327-bc5a-7770d541b5f8 None None] get_ports_and_sgs() called for port_ids ['ecda518f-b89e-4ccf-8d75-4948efaae473'] {{(pid=223626) get_ports_and_sgs /opt/stack/neutron/neutron/plugins/ml2/db.py:156}}
Sep 21 16:43:20.231335 dv-cinder-810035-1-smb neutron-server[223624]: DEBUG neutron.pecan_wsgi.hooks.policy_enforcement [req-abc947d0-19ec-4c69-ac5e-adf0d0543cdf req-9abe9e74-bf5a-4537-bc88-e227f5f63216 service neutron] Attributes excluded by policy engine: ['standard_attr_id'] {{(pid=223624) _exclude_attributes_by_policy /opt/stack/neutron/neutron/pecan_wsgi/hooks/policy_enforcement.py:255}}
Sep 21 16:43:20.232914 dv-cinder-810035-1-smb neutron-server[223624]: INFO neutron.wsgi [req-abc947d0-19ec-4c69-ac5e-adf0d0543cdf req-9abe9e74-bf5a-4537-bc88-e227f5f63216 service neutron] 10.222.0.15 "GET /v2.0/ports?tenant_id=57648c0084cf497199fd552b21fbb0a7&device_id=f9a1824e-df30-4df3-b7f1-3f634bcc6dc5 HTTP/1.1" status: 200 len: 1096 time: 0.0492337
Sep 21 16:43:20.329685 dv-cinder-810035-1-smb neutron-server[223624]: DEBUG neutron.pecan_wsgi.hooks.policy_enforcement [req-abc947d0-19ec-4c69-ac5e-adf0d0543cdf req-6693f155-9b13-49cf-bce8-fe0983e1fd30 service neutron] Attributes excluded by policy engine: ['standard_attr_id', 'vlan_transparent'] {{(pid=223624) _exclude_attributes_by_policy /opt/stack/neutron/neutron/pecan_wsgi/hooks/policy_enforcement.py:255}}
Sep 21 16:43:20.331265 dv-cinder-810035-1-smb neutron-server[223624]: INFO neutron.wsgi [req-abc947d0-19ec-4c69-ac5e-adf0d0543cdf req-6693f155-9b13-49cf-bce8-fe0983e1fd30 service neutron] 10.222.0.15 "GET /v2.0/networks?id=4ee91648-8ef1-4039-8b98-dc33b08625e3 HTTP/1.1" status: 200 len: 919 time: 0.0891261
Sep 21 16:43:20.384008 dv-cinder-810035-1-smb neutron-server[223624]: INFO neutron.wsgi [req-abc947d0-19ec-4c69-ac5e-adf0d0543cdf req-658316c2-01ba-4924-bf43-9e04bb204421 service neutron] 10.222.0.15 "GET /v2.0/floatingips?fixed_ip_address=172.20.0.9&port_id=06c4b6b5-151c-410b-a4ea-f704386fa590 HTTP/1.1" status: 200 len: 217 time: 0.0432525
Sep 21 16:43:20.465654 dv-cinder-810035-1-smb neutron-server[223624]: DEBUG neutron.pecan_wsgi.hooks.policy_enforcement [req-abc947d0-19ec-4c69-ac5e-adf0d0543cdf req-06c99b2a-c611-4950-a67c-493183569b87 service neutron] Attributes excluded by policy engine: ['standard_attr_id', 'shared'] {{(pid=223624) _exclude_attributes_by_policy /opt/stack/neutron/neutron/pecan_wsgi/hooks/policy_enforcement.py:255}}
Sep 21 16:43:20.467178 dv-cinder-810035-1-smb neutron-server[223624]: INFO neutron.wsgi [req-abc947d0-19ec-4c69-ac5e-adf0d0543cdf req-06c99b2a-c611-4950-a67c-493183569b87 service neutron] 10.222.0.15 "GET /v2.0/subnets?id=9664e506-8eb1-4e58-9bc0-a1aeb770f75b HTTP/1.1" status: 200 len: 858 time: 0.0740228
Sep 21 16:43:20.518475 dv-cinder-810035-1-smb neutron-server[223624]: INFO neutron.wsgi [req-abc947d0-19ec-4c69-ac5e-adf0d0543cdf req-b7f5752b-7316-4529-b59a-b85db38280da service neutron] 10.222.0.15 "GET /v2.0/ports?network_id=4ee91648-8ef1-4039-8b98-dc33b08625e3&device_owner=network%3Adhcp HTTP/1.1" status: 200 len: 210 time: 0.0424378
Sep 21 16:43:20.583060 dv-cinder-810035-1-smb neutron-server[223624]: DEBUG neutron.wsgi [-] (223624) accepted ('10.222.0.36', 60834) {{(pid=223624) server /usr/local/lib/python3.8/dist-packages/eventlet/wsgi.py:982}}
Sep 21 16:43:20.665913 dv-cinder-810035-1-smb neutron-server[223624]: INFO neutron.wsgi [req-abc947d0-19ec-4c69-ac5e-adf0d0543cdf req-21f1572a-dcb4-4ef4-a789-18a8b37453d3 service neutron] 10.222.0.15 "GET /v2.0/networks/4ee91648-8ef1-4039-8b98-dc33b08625e3?fields=segments HTTP/1.1" status: 200 len: 212 time: 0.1371837
Sep 21 16:43:20.727344 dv-cinder-810035-1-smb neutron-server[223625]: DEBUG neutron.pecan_wsgi.hooks.policy_enforcement [req-82977b43-c159-4198-9de8-75794d0395bc req-f4ac59cc-b329-442f-8355-466ac6d7e375 tempest-DeleteServersTestJSON-842543574 tempest-DeleteServersTestJSON-842543574-project] Attributes excluded by policy engine: ['standard_attr_id', 'binding:profile', 'binding:host_id', 'binding:vif_type', 'binding:vif_details'] {{(pid=223625) _exclude_attributes_by_policy /opt/stack/neutron/neutron/pecan_wsgi/hooks/policy_enforcement.py:255}}
Sep 21 16:43:20.730513 dv-cinder-810035-1-smb neutron-server[223625]: INFO neutron.wsgi [req-82977b43-c159-4198-9de8-75794d0395bc req-f4ac59cc-b329-442f-8355-466ac6d7e375 tempest-DeleteServersTestJSON-842543574 tempest-DeleteServersTestJSON-842543574-project] 10.222.0.36 "GET /v2.0/ports?device_id=4ca5ba67-571f-401c-a3b3-814f4a74934e HTTP/1.1" status: 200 len: 944 time: 0.2174847
Sep 21 16:43:20.802903 dv-cinder-810035-1-smb neutron-server[223625]: INFO neutron.wsgi [req-82977b43-c159-4198-9de8-75794d0395bc req-4471fe0a-c797-48b5-a9c5-0e54d761fe2e tempest-DeleteServersTestJSON-842543574 tempest-DeleteServersTestJSON-842543574-project] 10.222.0.36 "GET /v2.0/security-groups?id=0caea40d-7176-47ce-b063-1a88118889be&fields=id&fields=name HTTP/1.1" status: 200 len: 286 time: 0.0619798
Sep 21 16:43:20.851475 dv-cinder-810035-1-smb neutron-server[223624]: DEBUG neutron.pecan_wsgi.hooks.policy_enforcement [req-542082d5-48b3-4963-b5b1-b60fd374db25 req-1214e335-77ef-464d-bd9b-f6907762a762 tempest-AttachVolumeShelveTestJSON-187719345 tempest-AttachVolumeShelveTestJSON-187719345-project] Attributes excluded by policy engine: ['standard_attr_id', 'vlan_transparent', 'provider:network_type', 'provider:physical_network', 'provider:segmentation_id'] {{(pid=223624) _exclude_attributes_by_policy /opt/stack/neutron/neutron/pecan_wsgi/hooks/policy_enforcement.py:255}}
Sep 21 16:43:20.852960 dv-cinder-810035-1-smb neutron-server[223624]: INFO neutron.wsgi [req-542082d5-48b3-4963-b5b1-b60fd374db25 req-1214e335-77ef-464d-bd9b-f6907762a762 tempest-AttachVolumeShelveTestJSON-187719345 tempest-AttachVolumeShelveTestJSON-187719345-project] 10.222.0.15 "GET /v2.0/networks?id=ea46f680-3ed4-4953-a131-2796938aa0eb HTTP/1.1" status: 200 len: 816 time: 0.1858439
Sep 21 16:43:20.865648 dv-cinder-810035-1-smb neutron-server[223624]: INFO neutron.wsgi [req-abc947d0-19ec-4c69-ac5e-adf0d0543cdf req-551690a1-9a04-435f-bee5-6795eb939867 service neutron] 10.222.0.15 "GET /v2.0/networks/4ee91648-8ef1-4039-8b98-dc33b08625e3?fields=provider%3Aphysical_network&fields=provider%3Anetwork_type HTTP/1.1" status: 200 len: 281 time: 0.1757264
Sep 21 16:43:20.883341 dv-cinder-810035-1-smb neutron-server[223624]: DEBUG neutron_lib.callbacks.manager [None req-510c3483-e5e0-40e8-b13e-ecb2b939a15f admin admin] Notify callbacks [] for security_group, before_create {{(pid=223624) _notify_loop /usr/local/lib/python3.8/dist-packages/neutron_lib/callbacks/manager.py:192}}
Sep 21 16:43:20.929742 dv-cinder-810035-1-smb neutron-server[223624]: INFO neutron.wsgi [req-542082d5-48b3-4963-b5b1-b60fd374db25 req-7c7075a2-7281-4172-9aa0-38d42c1edc1c tempest-AttachVolumeShelveTestJSON-187719345 tempest-AttachVolumeShelveTestJSON-187719345-project] 10.222.0.15 "GET /v2.0/security-groups?fields=id&fields=name&tenant_id=8ec58411a5eb498d942e0ae761f98fad HTTP/1.1" status: 200 len: 380 time: 0.0663691
Sep 21 16:43:20.940586 dv-cinder-810035-1-smb neutron-server[223624]: DEBUG neutron.api.v2.base [req-542082d5-48b3-4963-b5b1-b60fd374db25 req-9246809c-1024-4808-8aa3-0e05c9a3f2de tempest-AttachVolumeShelveTestJSON-187719345 tempest-AttachVolumeShelveTestJSON-187719345-project] Request body: {'port': {'device_id': 'f5bfd14f-5924-4262-a40e-85e839e85861', 'network_id': 'ea46f680-3ed4-4953-a131-2796938aa0eb', 'admin_state_up': True, 'tenant_id': '8ec58411a5eb498d942e0ae761f98fad', 'security_groups': ['583ab824-2427-4355-a608-ca1e04326fc9']}} {{(pid=223624) prepare_request_body /opt/stack/neutron/neutron/api/v2/base.py:730}}
Sep 21 16:43:21.028385 dv-cinder-810035-1-smb neutron-server[223625]: DEBUG neutron.pecan_wsgi.hooks.policy_enforcement [req-2e95cddb-e53b-4c55-9db0-ef141cb03285 req-c72907bf-2bb5-40ac-92d7-1c1764068941 tempest-ServerRescueNegativeTestJSON-1324824637 tempest-ServerRescueNegativeTestJSON-1324824637-project] Attributes excluded by policy engine: ['standard_attr_id', 'binding:profile', 'binding:host_id', 'binding:vif_type', 'binding:vif_details'] {{(pid=223625) _exclude_attributes_by_policy /opt/stack/neutron/neutron/pecan_wsgi/hooks/policy_enforcement.py:255}}
Sep 21 16:43:21.030879 dv-cinder-810035-1-smb neutron-server[223625]: INFO neutron.wsgi [req-2e95cddb-e53b-4c55-9db0-ef141cb03285 req-c72907bf-2bb5-40ac-92d7-1c1764068941 tempest-ServerRescueNegativeTestJSON-1324824637 tempest-ServerRescueNegativeTestJSON-1324824637-project] 10.222.0.36 "GET /v2.0/ports?device_id=f9a1824e-df30-4df3-b7f1-3f634bcc6dc5 HTTP/1.1" status: 200 len: 943 time: 0.0582540
Sep 21 16:43:21.076538 dv-cinder-810035-1-smb neutron-server[223625]: INFO neutron.wsgi [req-2e95cddb-e53b-4c55-9db0-ef141cb03285 req-f8b07a8c-0ca9-4e8d-9229-3b86f04bd0e9 tempest-ServerRescueNegativeTestJSON-1324824637 tempest-ServerRescueNegativeTestJSON-1324824637-project] 10.222.0.36 "GET /v2.0/security-groups?id=11c19c64-f5c9-452b-9193-f8e0ef97dcb1&fields=id&fields=name HTTP/1.1" status: 200 len: 286 time: 0.0360816
Sep 21 16:43:21.103330 dv-cinder-810035-1-smb neutron-server[223624]: DEBUG neutron_lib.callbacks.manager [None req-510c3483-e5e0-40e8-b13e-ecb2b939a15f admin admin] Notify callbacks [] for security_group, precommit_create {{(pid=223624) _notify_loop /usr/local/lib/python3.8/dist-packages/neutron_lib/callbacks/manager.py:192}}
Sep 21 16:43:21.199399 dv-cinder-810035-1-smb neutron-server[223625]: INFO neutron.wsgi [req-0f9a7d30-d99c-4ba8-b451-4fecec34f513 req-f3a01ba0-a529-403e-b8cb-7b89a50e63c6 tempest-AttachVolumeShelveTestJSON-187719345 tempest-AttachVolumeShelveTestJSON-187719345-project] 10.222.0.36 "GET /v2.0/ports?device_id=f5bfd14f-5924-4262-a40e-85e839e85861 HTTP/1.1" status: 200 len: 210 time: 0.0394077
Sep 21 16:43:21.243219 dv-cinder-810035-1-smb neutron-server[223624]: DEBUG neutron_lib.callbacks.manager [None req-510c3483-e5e0-40e8-b13e-ecb2b939a15f admin admin] Notify callbacks ['neutron.plugins.ml2.ovo_rpc._ObjectChangeHandler.handle_event-1665415'] for security_group, after_create {{(pid=223624) _notify_loop /usr/local/lib/python3.8/dist-packages/neutron_lib/callbacks/manager.py:192}}
Sep 21 16:43:21.291788 dv-cinder-810035-1-smb neutron-server[223624]: INFO neutron.wsgi [None req-510c3483-e5e0-40e8-b13e-ecb2b939a15f admin admin] 10.222.0.36 "GET /v2.0/security-groups?tenant_id=a877ade63690495a823d2fcb3db39acd&name=default HTTP/1.1" status: 200 len: 2979 time: 0.7121544
Sep 21 16:43:21.292645 dv-cinder-810035-1-smb neutron-server[223624]: DEBUG neutron.api.rpc.handlers.resources_rpc [None req-510c3483-e5e0-40e8-b13e-ecb2b939a15f admin admin] Pushing event updated for resources: {'SecurityGroup': ['ID=60dabec7-a016-44d9-8ae5-8f6b82b3aeef,revision_number=1']} {{(pid=223624) push /opt/stack/neutron/neutron/api/rpc/handlers/resources_rpc.py:237}}
Sep 21 16:43:21.295295 dv-cinder-810035-1-smb neutron-server[223625]: DEBUG neutron.wsgi [-] (223625) accepted ('10.222.0.36', 60860) {{(pid=223625) server /usr/local/lib/python3.8/dist-packages/eventlet/wsgi.py:982}}
Sep 21 16:43:21.338970 dv-cinder-810035-1-smb neutron-server[223626]: DEBUG neutron.plugins.ml2.rpc [None req-beefeb42-7631-4327-bc5a-7770d541b5f8 None None] Device 322d2124-e46d-47cf-b5a8-6417a8dfa5af details requested by agent hyperv_hv-cinder-81003 with host hv-cinder-81003 {{(pid=223626) get_device_details /opt/stack/neutron/neutron/plugins/ml2/rpc.py:102}}
Sep 21 16:43:21.368874 dv-cinder-810035-1-smb neutron-server[223625]: DEBUG neutron_lib.callbacks.manager [None req-3cdd5b08-4093-417b-b6bf-f025cba8b0e8 admin admin] Notify callbacks [] for security_group, before_delete {{(pid=223625) _notify_loop /usr/local/lib/python3.8/dist-packages/neutron_lib/callbacks/manager.py:192}}
Sep 21 16:43:21.389411 dv-cinder-810035-1-smb neutron-server[223624]: DEBUG neutron.pecan_wsgi.hooks.quota_enforcement [req-542082d5-48b3-4963-b5b1-b60fd374db25 req-9246809c-1024-4808-8aa3-0e05c9a3f2de tempest-AttachVolumeShelveTestJSON-187719345 tempest-AttachVolumeShelveTestJSON-187719345-project] Made reservation on behalf of 8ec58411a5eb498d942e0ae761f98fad for: {'port': 1} {{(pid=223624) before /opt/stack/neutron/neutron/pecan_wsgi/hooks/quota_enforcement.py:53}}
Sep 21 16:43:21.393244 dv-cinder-810035-1-smb neutron-server[223624]: DEBUG neutron_lib.callbacks.manager [req-542082d5-48b3-4963-b5b1-b60fd374db25 req-9246809c-1024-4808-8aa3-0e05c9a3f2de tempest-AttachVolumeShelveTestJSON-187719345 tempest-AttachVolumeShelveTestJSON-187719345-project] Notify callbacks ['neutron.plugins.ml2.plugin.SecurityGroupDbMixin._ensure_default_security_group_handler-1470221'] for port, before_create {{(pid=223624) _notify_loop /usr/local/lib/python3.8/dist-packages/neutron_lib/callbacks/manager.py:192}}
Sep 21 16:43:21.395336 dv-cinder-810035-1-smb neutron-server[223625]: DEBUG neutron_lib.callbacks.manager [None req-3cdd5b08-4093-417b-b6bf-f025cba8b0e8 admin admin] Notify callbacks [] for security_group, precommit_delete {{(pid=223625) _notify_loop /usr/local/lib/python3.8/dist-packages/neutron_lib/callbacks/manager.py:192}}
Sep 21 16:43:21.532035 dv-cinder-810035-1-smb neutron-server[223625]: DEBUG neutron_lib.callbacks.manager [None req-3cdd5b08-4093-417b-b6bf-f025cba8b0e8 admin admin] Notify callbacks ['neutron.plugins.ml2.ovo_rpc._ObjectChangeHandler.handle_event-1665415'] for security_group, after_delete {{(pid=223625) _notify_loop /usr/local/lib/python3.8/dist-packages/neutron_lib/callbacks/manager.py:192}}
Sep 21 16:43:21.535152 dv-cinder-810035-1-smb neutron-server[223625]: DEBUG neutron_lib.callbacks.manager [None req-3cdd5b08-4093-417b-b6bf-f025cba8b0e8 admin admin] Notify callbacks [] for security_group, before_response {{(pid=223625) _notify_loop /usr/local/lib/python3.8/dist-packages/neutron_lib/callbacks/manager.py:192}}
Sep 21 16:43:21.536977 dv-cinder-810035-1-smb neutron-server[223625]: INFO neutron.wsgi [None req-3cdd5b08-4093-417b-b6bf-f025cba8b0e8 admin admin] 10.222.0.36 "DELETE /v2.0/security-groups/60dabec7-a016-44d9-8ae5-8f6b82b3aeef HTTP/1.1" status: 204 len: 168 time: 0.2402756
Sep 21 16:43:21.547717 dv-cinder-810035-1-smb neutron-server[223625]: DEBUG neutron.api.rpc.handlers.resources_rpc [None req-3cdd5b08-4093-417b-b6bf-f025cba8b0e8 admin admin] Pushing event deleted for resources: {'SecurityGroup': ['ID=60dabec7-a016-44d9-8ae5-8f6b82b3aeef,revision_number=None']} {{(pid=223625) push /opt/stack/neutron/neutron/api/rpc/handlers/resources_rpc.py:237}}
Sep 21 16:43:21.561068 dv-cinder-810035-1-smb neutron-server[223626]: DEBUG neutron.plugins.ml2.rpc [None req-beefeb42-7631-4327-bc5a-7770d541b5f8 None None] Device ecda518f-b89e-4ccf-8d75-4948efaae473 up at agent hyperv_hv-cinder-81003 {{(pid=223626) update_device_up /opt/stack/neutron/neutron/plugins/ml2/rpc.py:296}}
Sep 21 16:43:21.587428 dv-cinder-810035-1-smb neutron-server[223624]: DEBUG neutron.db.db_base_plugin_common [req-542082d5-48b3-4963-b5b1-b60fd374db25 req-9246809c-1024-4808-8aa3-0e05c9a3f2de tempest-AttachVolumeShelveTestJSON-187719345 tempest-AttachVolumeShelveTestJSON-187719345-project] Allocated IP 172.20.0.5 (ea46f680-3ed4-4953-a131-2796938aa0eb/2da1336c-ea89-486d-98d3-b881a55898e1/e113cddd-2790-4ba2-b36c-a952fe20f11d) {{(pid=223624) _store_ip_allocation /opt/stack/neutron/neutron/db/db_base_plugin_common.py:131}}
Sep 21 16:43:21.654869 dv-cinder-810035-1-smb neutron-server[223626]: DEBUG neutron.plugins.ml2.db [None req-beefeb42-7631-4327-bc5a-7770d541b5f8 None None] For port 322d2124-e46d-47cf-b5a8-6417a8dfa5af, host hv-cinder-81003, got binding levels [PortBindingLevel(driver='hyperv',host='hv-cinder-81003',level=0,port_id=322d2124-e46d-47cf-b5a8-6417a8dfa5af,segment=NetworkSegment(a017817c-fcbe-4887-806f-112b2165ecd1),segment_id=a017817c-fcbe-4887-806f-112b2165ecd1)] {{(pid=223626) get_binding_level_objs /opt/stack/neutron/neutron/plugins/ml2/db.py:74}}
Sep 21 16:43:21.670932 dv-cinder-810035-1-smb neutron-server[223626]: DEBUG neutron.plugins.ml2.rpc [None req-beefeb42-7631-4327-bc5a-7770d541b5f8 None None] Returning: {'device': '322d2124-e46d-47cf-b5a8-6417a8dfa5af', 'network_id': '4ee91648-8ef1-4039-8b98-dc33b08625e3', 'port_id': '322d2124-e46d-47cf-b5a8-6417a8dfa5af', 'mac_address': 'fa:16:3e:6c:07:87', 'admin_state_up': True, 'network_type': 'vlan', 'segmentation_id': 303, 'physical_network': 'physnet1', 'mtu': 1500, 'fixed_ips': [{'subnet_id': '9664e506-8eb1-4e58-9bc0-a1aeb770f75b', 'ip_address': '172.20.0.14'}], 'device_owner': 'compute:nova', 'allowed_address_pairs': [], 'port_security_enabled': True, 'qos_policy_id': None, 'network_qos_policy_id': None, 'profile': {}, 'propagate_uplink_status': False} {{(pid=223626) _get_device_details /opt/stack/neutron/neutron/plugins/ml2/rpc.py:184}}
Sep 21 16:43:21.714713 dv-cinder-810035-1-smb neutron-server[223626]: DEBUG neutron_lib.callbacks.manager [None req-beefeb42-7631-4327-bc5a-7770d541b5f8 None None] Notify callbacks ['neutron.plugins.ml2.plugin.SecurityGroupDbMixin._ensure_default_security_group_handler-1470221'] for port, before_update {{(pid=223626) _notify_loop /usr/local/lib/python3.8/dist-packages/neutron_lib/callbacks/manager.py:192}}
Sep 21 16:43:21.719549 dv-cinder-810035-1-smb neutron-server[223626]: DEBUG neutron.db.provisioning_blocks [None req-beefeb42-7631-4327-bc5a-7770d541b5f8 None None] Provisioning for port ecda518f-b89e-4ccf-8d75-4948efaae473 completed by entity L2. {{(pid=223626) provisioning_complete /opt/stack/neutron/neutron/db/provisioning_blocks.py:133}}
Sep 21 16:43:21.739681 dv-cinder-810035-1-smb neutron-server[223626]: DEBUG neutron.db.provisioning_blocks [None req-beefeb42-7631-4327-bc5a-7770d541b5f8 None None] Provisioning complete for port ecda518f-b89e-4ccf-8d75-4948efaae473 triggered by entity L2. {{(pid=223626) provisioning_complete /opt/stack/neutron/neutron/db/provisioning_blocks.py:139}}
Sep 21 16:43:21.740054 dv-cinder-810035-1-smb neutron-server[223626]: DEBUG neutron_lib.callbacks.manager [None req-beefeb42-7631-4327-bc5a-7770d541b5f8 None None] Notify callbacks ['neutron.plugins.ml2.plugin.Ml2Plugin._port_provisioned-1536505'] for port, provisioning_complete {{(pid=223626) _notify_loop /usr/local/lib/python3.8/dist-packages/neutron_lib/callbacks/manager.py:192}}
Sep 21 16:43:21.768199 dv-cinder-810035-1-smb neutron-server[223626]: DEBUG neutron.notifiers.nova [None req-beefeb42-7631-4327-bc5a-7770d541b5f8 None None] Ignoring state change previous_port_status: DOWN current_port_status: BUILD port_id 322d2124-e46d-47cf-b5a8-6417a8dfa5af {{(pid=223626) record_port_status_changed /opt/stack/neutron/neutron/notifiers/nova.py:224}}
Sep 21 16:43:21.780473 dv-cinder-810035-1-smb neutron-server[223624]: DEBUG neutron_lib.callbacks.manager [req-542082d5-48b3-4963-b5b1-b60fd374db25 req-9246809c-1024-4808-8aa3-0e05c9a3f2de tempest-AttachVolumeShelveTestJSON-187719345 tempest-AttachVolumeShelveTestJSON-187719345-project] Notify callbacks [] for port, precommit_create {{(pid=223624) _notify_loop /usr/local/lib/python3.8/dist-packages/neutron_lib/callbacks/manager.py:192}}
Sep 21 16:43:21.800220 dv-cinder-810035-1-smb neutron-server[223626]: DEBUG neutron.plugins.ml2.db [None req-beefeb42-7631-4327-bc5a-7770d541b5f8 None None] For port 322d2124-e46d-47cf-b5a8-6417a8dfa5af, host hv-cinder-81003, got binding levels [PortBindingLevel(driver='hyperv',host='hv-cinder-81003',level=0,port_id=322d2124-e46d-47cf-b5a8-6417a8dfa5af,segment=NetworkSegment(a017817c-fcbe-4887-806f-112b2165ecd1),segment_id=a017817c-fcbe-4887-806f-112b2165ecd1)] {{(pid=223626) get_binding_level_objs /opt/stack/neutron/neutron/plugins/ml2/db.py:74}}
Sep 21 16:43:21.843955 dv-cinder-810035-1-smb neutron-server[223626]: DEBUG neutron_lib.callbacks.manager [None req-beefeb42-7631-4327-bc5a-7770d541b5f8 None None] Notify callbacks ['neutron.plugins.ml2.plugin.SecurityGroupDbMixin._ensure_default_security_group_handler-1470221'] for port, before_update {{(pid=223626) _notify_loop /usr/local/lib/python3.8/dist-packages/neutron_lib/callbacks/manager.py:192}}
Sep 21 16:43:21.868031 dv-cinder-810035-1-smb neutron-server[223626]: DEBUG neutron.notifiers.nova [-] Sending events: [{'server_uuid': '4ca5ba67-571f-401c-a3b3-814f4a74934e', 'name': 'network-vif-plugged', 'status': 'completed', 'tag': 'ecda518f-b89e-4ccf-8d75-4948efaae473'}] {{(pid=223626) send_events /opt/stack/neutron/neutron/notifiers/nova.py:262}}
Sep 21 16:43:21.913389 dv-cinder-810035-1-smb neutron-server[223625]: DEBUG neutron.pecan_wsgi.hooks.policy_enforcement [req-0a90c563-9228-4d1d-a012-9d0d0e4d48ae req-365faa05-cd96-407e-ab87-fea86cf4de0e tempest-DeleteServersTestJSON-842543574 tempest-DeleteServersTestJSON-842543574-project] Attributes excluded by policy engine: ['standard_attr_id', 'binding:profile', 'binding:host_id', 'binding:vif_type', 'binding:vif_details'] {{(pid=223625) _exclude_attributes_by_policy /opt/stack/neutron/neutron/pecan_wsgi/hooks/policy_enforcement.py:255}}
Sep 21 16:43:21.915179 dv-cinder-810035-1-smb neutron-server[223625]: INFO neutron.wsgi [req-0a90c563-9228-4d1d-a012-9d0d0e4d48ae req-365faa05-cd96-407e-ab87-fea86cf4de0e tempest-DeleteServersTestJSON-842543574 tempest-DeleteServersTestJSON-842543574-project] 10.222.0.36 "GET /v2.0/ports?device_id=4ca5ba67-571f-401c-a3b3-814f4a74934e HTTP/1.1" status: 200 len: 944 time: 0.0500216
Sep 21 16:43:21.921510 dv-cinder-810035-1-smb neutron-server[223624]: DEBUG neutron_lib.callbacks.manager [req-542082d5-48b3-4963-b5b1-b60fd374db25 req-9246809c-1024-4808-8aa3-0e05c9a3f2de tempest-AttachVolumeShelveTestJSON-187719345 tempest-AttachVolumeShelveTestJSON-187719345-project] Notify callbacks ['neutron.plugins.ml2.plugin.SecurityGroupServerNotifierRpcMixin._notify_sg_on_port_change-1470274', 'neutron.plugins.ml2.ovo_rpc._ObjectChangeHandler.handle_event-2053946', 'neutron.api.rpc.agentnotifiers.dhcp_rpc_agent_api.DhcpAgentNotifyAPI._native_event_send_dhcp_notification-1702781', 'neutron.db.l3_dvrscheduler_db._notify_l3_agent_new_port-8727810331585'] for port, after_create {{(pid=223624) _notify_loop /usr/local/lib/python3.8/dist-packages/neutron_lib/callbacks/manager.py:192}}
Sep 21 16:43:21.947952 dv-cinder-810035-1-smb neutron-server[223626]: DEBUG neutron_lib.callbacks.manager [None req-beefeb42-7631-4327-bc5a-7770d541b5f8 None None] Notify callbacks ['neutron.plugins.ml2.plugin.SecurityGroupServerNotifierRpcMixin._notify_sg_on_port_change-1470274', 'neutron.plugins.ml2.ovo_rpc._ObjectChangeHandler.handle_event-2053946', 'neutron.api.rpc.agentnotifiers.dhcp_rpc_agent_api.DhcpAgentNotifyAPI._native_event_send_dhcp_notification-1702781', 'neutron.db.l3_db.L3RpcNotifierMixin._notify_gateway_port_ip_changed-8727810735638', 'neutron.db.l3_dvrscheduler_db._notify_l3_agent_port_update-8727810331603', 'neutron.db.l3_hascheduler_db._notify_l3_agent_ha_port_update-8727810331621'] for port, after_update {{(pid=223626) _notify_loop /usr/local/lib/python3.8/dist-packages/neutron_lib/callbacks/manager.py:192}}
Sep 21 16:43:21.980380 dv-cinder-810035-1-smb neutron-server[223626]: DEBUG neutron.plugins.ml2.db [None req-beefeb42-7631-4327-bc5a-7770d541b5f8 None None] For port ecda518f-b89e-4ccf-8d75-4948efaae473, host hv-cinder-81003, got binding levels [PortBindingLevel(driver='hyperv',host='hv-cinder-81003',level=0,port_id=ecda518f-b89e-4ccf-8d75-4948efaae473,segment=NetworkSegment(d5055489-32d1-4a2e-a020-341e8ac1e33b),segment_id=d5055489-32d1-4a2e-a020-341e8ac1e33b)] {{(pid=223626) get_binding_level_objs /opt/stack/neutron/neutron/plugins/ml2/db.py:74}}
Sep 21 16:43:21.987212 dv-cinder-810035-1-smb neutron-server[223624]: DEBUG neutron.scheduler.dhcp_agent_scheduler [req-542082d5-48b3-4963-b5b1-b60fd374db25 req-9246809c-1024-4808-8aa3-0e05c9a3f2de tempest-AttachVolumeShelveTestJSON-187719345 tempest-AttachVolumeShelveTestJSON-187719345-project] Network ea46f680-3ed4-4953-a131-2796938aa0eb is already hosted by enough agents. {{(pid=223624) _get_dhcp_agents_hosting_network /opt/stack/neutron/neutron/scheduler/dhcp_agent_scheduler.py:275}}
Sep 21 16:43:21.989453 dv-cinder-810035-1-smb neutron-server[223625]: INFO neutron.wsgi [req-0a90c563-9228-4d1d-a012-9d0d0e4d48ae req-98eba93d-1b5d-4a55-9ab4-98785f48685f tempest-DeleteServersTestJSON-842543574 tempest-DeleteServersTestJSON-842543574-project] 10.222.0.36 "GET /v2.0/security-groups?id=0caea40d-7176-47ce-b063-1a88118889be&fields=id&fields=name HTTP/1.1" status: 200 len: 286 time: 0.0603802
Sep 21 16:43:21.991520 dv-cinder-810035-1-smb neutron-server[223624]: DEBUG neutron.scheduler.base_scheduler [req-542082d5-48b3-4963-b5b1-b60fd374db25 req-9246809c-1024-4808-8aa3-0e05c9a3f2de tempest-AttachVolumeShelveTestJSON-187719345 tempest-AttachVolumeShelveTestJSON-187719345-project] Resources bound (agent type, host, resource id): {{(pid=223624) schedule /opt/stack/neutron/neutron/scheduler/base_scheduler.py:57}}
Sep 21 16:43:21.996034 dv-cinder-810035-1-smb neutron-server[223624]: DEBUG neutron.db.l3_dvrscheduler_db [req-542082d5-48b3-4963-b5b1-b60fd374db25 req-9246809c-1024-4808-8aa3-0e05c9a3f2de tempest-AttachVolumeShelveTestJSON-187719345 tempest-AttachVolumeShelveTestJSON-187719345-project] Received port after_create {{(pid=223624) _notify_l3_agent_new_port /opt/stack/neutron/neutron/db/l3_dvrscheduler_db.py:535}}
Sep 21 16:43:22.001791 dv-cinder-810035-1-smb neutron-server[223624]: DEBUG neutron.pecan_wsgi.hooks.policy_enforcement [req-542082d5-48b3-4963-b5b1-b60fd374db25 req-9246809c-1024-4808-8aa3-0e05c9a3f2de tempest-AttachVolumeShelveTestJSON-187719345 tempest-AttachVolumeShelveTestJSON-187719345-project] Attributes excluded by policy engine: ['standard_attr_id', 'binding:profile', 'binding:host_id', 'binding:vif_type', 'binding:vif_details', 'network'] {{(pid=223624) _exclude_attributes_by_policy /opt/stack/neutron/neutron/pecan_wsgi/hooks/policy_enforcement.py:255}}
Sep 21 16:43:22.002451 dv-cinder-810035-1-smb neutron-server[223624]: DEBUG neutron_lib.callbacks.manager [req-542082d5-48b3-4963-b5b1-b60fd374db25 req-9246809c-1024-4808-8aa3-0e05c9a3f2de tempest-AttachVolumeShelveTestJSON-187719345 tempest-AttachVolumeShelveTestJSON-187719345-project] Notify callbacks ['neutron.notifiers.nova.Notifier._send_nova_notification-126049', 'neutron.api.rpc.agentnotifiers.dhcp_rpc_agent_api.DhcpAgentNotifyAPI._send_dhcp_notification-1702767'] for port, before_response {{(pid=223624) _notify_loop /usr/local/lib/python3.8/dist-packages/neutron_lib/callbacks/manager.py:192}}
Sep 21 16:43:22.016410 dv-cinder-810035-1-smb neutron-server[223626]: DEBUG neutron.api.rpc.handlers.resources_rpc [None req-beefeb42-7631-4327-bc5a-7770d541b5f8 None None] Pushing event updated for resources: {'Port': ['ID=322d2124-e46d-47cf-b5a8-6417a8dfa5af,revision_number=4']} {{(pid=223626) push /opt/stack/neutron/neutron/api/rpc/handlers/resources_rpc.py:237}}
Sep 21 16:43:22.024718 dv-cinder-810035-1-smb neutron-server[223624]: DEBUG neutron.api.rpc.handlers.resources_rpc [None req-9246809c-1024-4808-8aa3-0e05c9a3f2de tempest-AttachVolumeShelveTestJSON-187719345 tempest-AttachVolumeShelveTestJSON-187719345-project] Pushing event updated for resources: {'Port': ['ID=e113cddd-2790-4ba2-b36c-a952fe20f11d,revision_number=1']} {{(pid=223624) push /opt/stack/neutron/neutron/api/rpc/handlers/resources_rpc.py:237}}
Sep 21 16:43:22.138357 dv-cinder-810035-1-smb neutron-server[223626]: DEBUG neutron_lib.callbacks.manager [None req-beefeb42-7631-4327-bc5a-7770d541b5f8 None None] Notify callbacks ['neutron.plugins.ml2.plugin.SecurityGroupServerNotifierRpcMixin._notify_sg_on_port_change-1470274', 'neutron.plugins.ml2.ovo_rpc._ObjectChangeHandler.handle_event-2053946', 'neutron.api.rpc.agentnotifiers.dhcp_rpc_agent_api.DhcpAgentNotifyAPI._native_event_send_dhcp_notification-1702781', 'neutron.db.l3_db.L3RpcNotifierMixin._notify_gateway_port_ip_changed-8727810735638', 'neutron.db.l3_dvrscheduler_db._notify_l3_agent_port_update-8727810331603', 'neutron.db.l3_hascheduler_db._notify_l3_agent_ha_port_update-8727810331621'] for port, after_update {{(pid=223626) _notify_loop /usr/local/lib/python3.8/dist-packages/neutron_lib/callbacks/manager.py:192}}
Sep 21 16:43:22.166186 dv-cinder-810035-1-smb neutron-server[223626]: DEBUG neutron.plugins.ml2.db [None req-beefeb42-7631-4327-bc5a-7770d541b5f8 None None] get_ports_and_sgs() called for port_ids ['322d2124-e46d-47cf-b5a8-6417a8dfa5af'] {{(pid=223626) get_ports_and_sgs /opt/stack/neutron/neutron/plugins/ml2/db.py:156}}
Sep 21 16:43:22.193255 dv-cinder-810035-1-smb neutron-server[223624]: INFO neutron.wsgi [req-542082d5-48b3-4963-b5b1-b60fd374db25 req-9246809c-1024-4808-8aa3-0e05c9a3f2de tempest-AttachVolumeShelveTestJSON-187719345 tempest-AttachVolumeShelveTestJSON-187719345-project] 10.222.0.15 "POST /v2.0/ports HTTP/1.1" status: 201 len: 933 time: 1.2564986
Sep 21 16:43:22.215574 dv-cinder-810035-1-smb neutron-server[223624]: DEBUG neutron.api.v2.base [req-542082d5-48b3-4963-b5b1-b60fd374db25 req-980e1cfd-79eb-4d22-af89-a6d53de5b591 service neutron] Request body: {'port': {'device_id': 'f5bfd14f-5924-4262-a40e-85e839e85861', 'device_owner': 'compute:nova', 'binding:host_id': 'hv-cinder-81003'}} {{(pid=223624) prepare_request_body /opt/stack/neutron/neutron/api/v2/base.py:730}}
Sep 21 16:43:22.288952 dv-cinder-810035-1-smb neutron-server[223626]: DEBUG neutron.api.rpc.handlers.resources_rpc [None req-beefeb42-7631-4327-bc5a-7770d541b5f8 None None] Pushing event updated for resources: {'Port': ['ID=ecda518f-b89e-4ccf-8d75-4948efaae473,revision_number=5']} {{(pid=223626) push /opt/stack/neutron/neutron/api/rpc/handlers/resources_rpc.py:237}}
Sep 21 16:43:22.302711 dv-cinder-810035-1-smb neutron-server[223625]: DEBUG neutron.pecan_wsgi.hooks.policy_enforcement [req-4169f2a4-ef21-4e8a-a97f-b233b5bd0b13 req-34d5107f-2b8d-48c0-ac98-55967eb1bafb tempest-ServerRescueNegativeTestJSON-1324824637 tempest-ServerRescueNegativeTestJSON-1324824637-project] Attributes excluded by policy engine: ['standard_attr_id', 'binding:profile', 'binding:host_id', 'binding:vif_type', 'binding:vif_details'] {{(pid=223625) _exclude_attributes_by_policy /opt/stack/neutron/neutron/pecan_wsgi/hooks/policy_enforcement.py:255}}
Sep 21 16:43:22.313123 dv-cinder-810035-1-smb neutron-server[223625]: INFO neutron.wsgi [req-4169f2a4-ef21-4e8a-a97f-b233b5bd0b13 req-34d5107f-2b8d-48c0-ac98-55967eb1bafb tempest-ServerRescueNegativeTestJSON-1324824637 tempest-ServerRescueNegativeTestJSON-1324824637-project] 10.222.0.36 "GET /v2.0/ports?device_id=f9a1824e-df30-4df3-b7f1-3f634bcc6dc5 HTTP/1.1" status: 200 len: 943 time: 0.1063869
Sep 21 16:43:22.336181 dv-cinder-810035-1-smb neutron-server[223626]: DEBUG neutron.db.provisioning_blocks [None req-19fa4cf2-5be4-48d8-95c0-5f8e57dabf9b None None] Provisioning complete for port e113cddd-2790-4ba2-b36c-a952fe20f11d triggered by entity DHCP. {{(pid=223626) provisioning_complete /opt/stack/neutron/neutron/db/provisioning_blocks.py:139}}
Sep 21 16:43:22.336794 dv-cinder-810035-1-smb neutron-server[223626]: DEBUG neutron_lib.callbacks.manager [None req-19fa4cf2-5be4-48d8-95c0-5f8e57dabf9b None None] Notify callbacks ['neutron.plugins.ml2.plugin.Ml2Plugin._port_provisioned-1536505'] for port, provisioning_complete {{(pid=223626) _notify_loop /usr/local/lib/python3.8/dist-packages/neutron_lib/callbacks/manager.py:192}}
Sep 21 16:43:22.376531 dv-cinder-810035-1-smb neutron-server[223624]: DEBUG neutron_lib.callbacks.manager [req-542082d5-48b3-4963-b5b1-b60fd374db25 req-980e1cfd-79eb-4d22-af89-a6d53de5b591 service neutron] Notify callbacks ['neutron.plugins.ml2.plugin.SecurityGroupDbMixin._ensure_default_security_group_handler-1470221'] for port, before_update {{(pid=223624) _notify_loop /usr/local/lib/python3.8/dist-packages/neutron_lib/callbacks/manager.py:192}}
Sep 21 16:43:22.421697 dv-cinder-810035-1-smb neutron-server[223625]: INFO neutron.wsgi [req-4169f2a4-ef21-4e8a-a97f-b233b5bd0b13 req-4a4e2699-7382-422e-948a-e142277fca05 tempest-ServerRescueNegativeTestJSON-1324824637 tempest-ServerRescueNegativeTestJSON-1324824637-project] 10.222.0.36 "GET /v2.0/security-groups?id=11c19c64-f5c9-452b-9193-f8e0ef97dcb1&fields=id&fields=name HTTP/1.1" status: 200 len: 286 time: 0.1074185
Sep 21 16:43:22.423563 dv-cinder-810035-1-smb neutron-server[223626]: DEBUG neutron.plugins.ml2.plugin [None req-19fa4cf2-5be4-48d8-95c0-5f8e57dabf9b None None] Port e113cddd-2790-4ba2-b36c-a952fe20f11d cannot update to ACTIVE because it is not bound. {{(pid=223626) _port_provisioned /opt/stack/neutron/neutron/plugins/ml2/plugin.py:338}}
Sep 21 16:43:22.449681 dv-cinder-810035-1-smb neutron-server[223625]: DEBUG neutron.pecan_wsgi.hooks.policy_enforcement [req-f673b74f-a04f-4641-b7a0-055244bdf273 req-498a2a31-04f3-427c-a93b-9d67778e2d18 tempest-AttachVolumeShelveTestJSON-187719345 tempest-AttachVolumeShelveTestJSON-187719345-project] Attributes excluded by policy engine: ['standard_attr_id', 'binding:profile', 'binding:host_id', 'binding:vif_type', 'binding:vif_details'] {{(pid=223625) _exclude_attributes_by_policy /opt/stack/neutron/neutron/pecan_wsgi/hooks/policy_enforcement.py:255}}
Sep 21 16:43:22.461065 dv-cinder-810035-1-smb neutron-server[223625]: INFO neutron.wsgi [req-f673b74f-a04f-4641-b7a0-055244bdf273 req-498a2a31-04f3-427c-a93b-9d67778e2d18 tempest-AttachVolumeShelveTestJSON-187719345 tempest-AttachVolumeShelveTestJSON-187719345-project] 10.222.0.36 "GET /v2.0/ports?device_id=f5bfd14f-5924-4262-a40e-85e839e85861 HTTP/1.1" status: 200 len: 931 time: 0.1066773
Sep 21 16:43:22.509896 dv-cinder-810035-1-smb neutron-server[223625]: INFO neutron.wsgi [req-f673b74f-a04f-4641-b7a0-055244bdf273 req-d2a34dee-98fc-4a98-9d99-7c44f02c62ec tempest-AttachVolumeShelveTestJSON-187719345 tempest-AttachVolumeShelveTestJSON-187719345-project] 10.222.0.36 "GET /v2.0/security-groups?id=583ab824-2427-4355-a608-ca1e04326fc9&fields=id&fields=name HTTP/1.1" status: 200 len: 313 time: 0.0458732
Sep 21 16:43:22.656676 dv-cinder-810035-1-smb neutron-server[223625]: DEBUG neutron.wsgi [-] (223625) accepted ('10.222.0.36', 60916) {{(pid=223625) server /usr/local/lib/python3.8/dist-packages/eventlet/wsgi.py:982}}
Sep 21 16:43:22.672055 dv-cinder-810035-1-smb neutron-server[223625]: DEBUG neutron_lib.callbacks.manager [None req-08c565d0-c17e-4ceb-b9c6-d9ebc4da8f50 admin admin] Notify callbacks [] for security_group, before_create {{(pid=223625) _notify_loop /usr/local/lib/python3.8/dist-packages/neutron_lib/callbacks/manager.py:192}}
Sep 21 16:43:22.737199 dv-cinder-810035-1-smb neutron-server[223624]: DEBUG neutron.notifiers.nova [req-542082d5-48b3-4963-b5b1-b60fd374db25 req-980e1cfd-79eb-4d22-af89-a6d53de5b591 service neutron] Ignoring state change previous_port_status: DOWN current_port_status: DOWN port_id e113cddd-2790-4ba2-b36c-a952fe20f11d {{(pid=223624) record_port_status_changed /opt/stack/neutron/neutron/notifiers/nova.py:224}}
Sep 21 16:43:22.748742 dv-cinder-810035-1-smb neutron-server[223624]: DEBUG neutron_lib.callbacks.manager [req-542082d5-48b3-4963-b5b1-b60fd374db25 req-980e1cfd-79eb-4d22-af89-a6d53de5b591 service neutron] Notify callbacks [] for port, precommit_update {{(pid=223624) _notify_loop /usr/local/lib/python3.8/dist-packages/neutron_lib/callbacks/manager.py:192}}
Sep 21 16:43:22.765172 dv-cinder-810035-1-smb neutron-server[223624]: DEBUG neutron.db.provisioning_blocks [req-542082d5-48b3-4963-b5b1-b60fd374db25 req-980e1cfd-79eb-4d22-af89-a6d53de5b591 service neutron] Transition to ACTIVE for port object e113cddd-2790-4ba2-b36c-a952fe20f11d will not be triggered until provisioned by entity L2. {{(pid=223624) add_provisioning_component /opt/stack/neutron/neutron/db/provisioning_blocks.py:73}}
Sep 21 16:43:22.775222 dv-cinder-810035-1-smb neutron-server[223626]: DEBUG novaclient.v2.client [-] REQ: curl -g -i --cacert "/opt/stack/data/ca-bundle.pem" -X POST http://10.222.0.36/compute/v2.1/os-server-external-events -H "Accept: application/json" -H "Content-Type: application/json" -H "User-Agent: python-novaclient" -H "X-Auth-Token: {SHA256}bea573d5b95a89dc9332916b6d66ba25603bb3e6f43ee1b4b70a8e4a8c5aedcc" -H "X-OpenStack-Nova-API-Version: 2.1" -H "X-OpenStack-Request-ID: req-105c5349-8733-4245-bdb1-441c1f82e0ab" -d '{"events": [{"server_uuid": "4ca5ba67-571f-401c-a3b3-814f4a74934e", "name": "network-vif-plugged", "status": "completed", "tag": "ecda518f-b89e-4ccf-8d75-4948efaae473"}]}' {{(pid=223626) _http_log_request /usr/local/lib/python3.8/dist-packages/keystoneauth1/session.py:519}}
Sep 21 16:43:22.788139 dv-cinder-810035-1-smb neutron-server[223625]: DEBUG neutron_lib.callbacks.manager [None req-08c565d0-c17e-4ceb-b9c6-d9ebc4da8f50 admin admin] Notify callbacks [] for security_group, precommit_create {{(pid=223625) _notify_loop /usr/local/lib/python3.8/dist-packages/neutron_lib/callbacks/manager.py:192}}
Sep 21 16:43:22.829438 dv-cinder-810035-1-smb neutron-server[223624]: DEBUG neutron_lib.callbacks.manager [req-542082d5-48b3-4963-b5b1-b60fd374db25 req-980e1cfd-79eb-4d22-af89-a6d53de5b591 service neutron] Notify callbacks ['neutron.plugins.ml2.plugin.SecurityGroupServerNotifierRpcMixin._notify_sg_on_port_change-1470274', 'neutron.plugins.ml2.ovo_rpc._ObjectChangeHandler.handle_event-2053946', 'neutron.api.rpc.agentnotifiers.dhcp_rpc_agent_api.DhcpAgentNotifyAPI._native_event_send_dhcp_notification-1702781', 'neutron.db.l3_db.L3RpcNotifierMixin._notify_gateway_port_ip_changed-8727810735638', 'neutron.db.l3_dvrscheduler_db._notify_l3_agent_port_update-8727810331603', 'neutron.db.l3_hascheduler_db._notify_l3_agent_ha_port_update-8727810331621'] for port, after_update {{(pid=223624) _notify_loop /usr/local/lib/python3.8/dist-packages/neutron_lib/callbacks/manager.py:192}}
Sep 21 16:43:22.846643 dv-cinder-810035-1-smb neutron-server[223625]: DEBUG neutron_lib.callbacks.manager [None req-08c565d0-c17e-4ceb-b9c6-d9ebc4da8f50 admin admin] Notify callbacks ['neutron.plugins.ml2.ovo_rpc._ObjectChangeHandler.handle_event-1665415'] for security_group, after_create {{(pid=223625) _notify_loop /usr/local/lib/python3.8/dist-packages/neutron_lib/callbacks/manager.py:192}}
Sep 21 16:43:22.896761 dv-cinder-810035-1-smb neutron-server[223625]: INFO neutron.wsgi [None req-08c565d0-c17e-4ceb-b9c6-d9ebc4da8f50 admin admin] 10.222.0.36 "GET /v2.0/security-groups?tenant_id=fb7700cf23cd43408f7339aeb67199df&name=default HTTP/1.1" status: 200 len: 2979 time: 0.2386732
Sep 21 16:43:22.898152 dv-cinder-810035-1-smb neutron-server[223625]: DEBUG neutron.api.rpc.handlers.resources_rpc [None req-08c565d0-c17e-4ceb-b9c6-d9ebc4da8f50 admin admin] Pushing event updated for resources: {'SecurityGroup': ['ID=da69e445-e210-457a-96f7-a98c7da305c5,revision_number=1']} {{(pid=223625) push /opt/stack/neutron/neutron/api/rpc/handlers/resources_rpc.py:237}}
Sep 21 16:43:22.901855 dv-cinder-810035-1-smb neutron-server[223625]: DEBUG neutron.wsgi [-] (223625) accepted ('10.222.0.36', 60924) {{(pid=223625) server /usr/local/lib/python3.8/dist-packages/eventlet/wsgi.py:982}}
Sep 21 16:43:22.906663 dv-cinder-810035-1-smb neutron-server[223624]: DEBUG neutron.api.rpc.handlers.resources_rpc [None req-980e1cfd-79eb-4d22-af89-a6d53de5b591 service neutron] Pushing event updated for resources: {'Port': ['ID=e113cddd-2790-4ba2-b36c-a952fe20f11d,revision_number=2']} {{(pid=223624) push /opt/stack/neutron/neutron/api/rpc/handlers/resources_rpc.py:237}}
Sep 21 16:43:22.919799 dv-cinder-810035-1-smb neutron-server[223624]: DEBUG neutron.plugins.ml2.managers [req-542082d5-48b3-4963-b5b1-b60fd374db25 req-980e1cfd-79eb-4d22-af89-a6d53de5b591 service neutron] Attempting to bind port e113cddd-2790-4ba2-b36c-a952fe20f11d on host hv-cinder-81003 for vnic_type normal with profile {{(pid=223624) bind_port /opt/stack/neutron/neutron/plugins/ml2/managers.py:790}}
Sep 21 16:43:22.920144 dv-cinder-810035-1-smb neutron-server[223624]: DEBUG neutron.plugins.ml2.managers [req-542082d5-48b3-4963-b5b1-b60fd374db25 req-980e1cfd-79eb-4d22-af89-a6d53de5b591 service neutron] Attempting to bind port e113cddd-2790-4ba2-b36c-a952fe20f11d by drivers openvswitch,hyperv on host hv-cinder-81003 at level 0 using segments [{'id': 'd0eea7a0-a723-438e-bb0a-db2f82bf5f8b', 'network_type': 'vlan', 'physical_network': 'physnet1', 'segmentation_id': 342, 'network_id': 'ea46f680-3ed4-4953-a131-2796938aa0eb'}] {{(pid=223624) _bind_port_level /opt/stack/neutron/neutron/plugins/ml2/managers.py:815}}
Sep 21 16:43:22.920484 dv-cinder-810035-1-smb neutron-server[223624]: DEBUG neutron.plugins.ml2.drivers.mech_agent [req-542082d5-48b3-4963-b5b1-b60fd374db25 req-980e1cfd-79eb-4d22-af89-a6d53de5b591 service neutron] Attempting to bind port e113cddd-2790-4ba2-b36c-a952fe20f11d on network ea46f680-3ed4-4953-a131-2796938aa0eb {{(pid=223624) bind_port /opt/stack/neutron/neutron/plugins/ml2/drivers/mech_agent.py:91}}
Sep 21 16:43:22.925783 dv-cinder-810035-1-smb neutron-server[223624]: DEBUG neutron.plugins.ml2.drivers.mech_agent [req-542082d5-48b3-4963-b5b1-b60fd374db25 req-980e1cfd-79eb-4d22-af89-a6d53de5b591 service neutron] Port e113cddd-2790-4ba2-b36c-a952fe20f11d on network ea46f680-3ed4-4953-a131-2796938aa0eb not bound, no agent of type Open vSwitch agent registered on host hv-cinder-81003 {{(pid=223624) bind_port /opt/stack/neutron/neutron/plugins/ml2/drivers/mech_agent.py:103}}
Sep 21 16:43:22.926354 dv-cinder-810035-1-smb neutron-server[223624]: DEBUG neutron.plugins.ml2.drivers.mech_agent [req-542082d5-48b3-4963-b5b1-b60fd374db25 req-980e1cfd-79eb-4d22-af89-a6d53de5b591 service neutron] Attempting to bind port e113cddd-2790-4ba2-b36c-a952fe20f11d on network ea46f680-3ed4-4953-a131-2796938aa0eb {{(pid=223624) bind_port /opt/stack/neutron/neutron/plugins/ml2/drivers/mech_agent.py:91}}
