Sep 21 14:11:10.667328 dv-cinder-810004-1-smb devstack@c-api.service[100960]: /usr/local/lib/python3.8/dist-packages/oslo_context/context.py:105: DeprecationWarning: Policy enforcement is depending on the value of is_admin. This key is deprecated. Please update your policy file to use the standard policy values.
Sep 21 14:11:10.667328 dv-cinder-810004-1-smb devstack@c-api.service[100960]: warnings.warn('Policy enforcement is depending on the value of '
Sep 21 14:11:10.689762 dv-cinder-810004-1-smb devstack@c-api.service[100960]: INFO cinder.api.openstack.wsgi [None req-23169309-4561-4ea6-a5ff-21a877b4f774 tempest-VolumeRetypeWithoutMigrationTest-1232193055 tempest-VolumeRetypeWithoutMigrationTest-1232193055-project-admin] http://10.222.0.24/volume/v3/6c4891d5ade1449dbd9651cf8359f0a9/types returned with HTTP 200
Sep 21 14:11:10.691615 dv-cinder-810004-1-smb devstack@c-api.service[100960]: [pid: 100960|app: 0|req: 85/171] 10.222.0.24 () {60 vars in 1229 bytes} [Tue Sep 21 14:11:10 2021] POST /volume/v3/6c4891d5ade1449dbd9651cf8359f0a9/types => generated 188 bytes in 247 msecs (HTTP/1.1 200) 7 headers in 285 bytes (1 switches on core 0)
Sep 21 14:11:10.700511 dv-cinder-810004-1-smb devstack@c-api.service[100959]: INFO cinder.api.openstack.wsgi [None req-f6f0317f-348c-415a-8920-bb2d64f502a9 tempest-VolumeRetypeWithoutMigrationTest-1232193055 tempest-VolumeRetypeWithoutMigrationTest-1232193055-project-admin] POST http://10.222.0.24/volume/v3/6c4891d5ade1449dbd9651cf8359f0a9/types
Sep 21 14:11:10.700949 dv-cinder-810004-1-smb devstack@c-api.service[100959]: /usr/local/lib/python3.8/dist-packages/webob/acceptparse.py:1047: DeprecationWarning: The behavior of AcceptValidHeader.best_match is currently being maintained for backward compatibility, but it will be deprecated in the future, as it does not conform to the RFC.
Sep 21 14:11:10.700949 dv-cinder-810004-1-smb devstack@c-api.service[100959]: warnings.warn(
Sep 21 14:11:10.701347 dv-cinder-810004-1-smb devstack@c-api.service[100959]: DEBUG cinder.api.openstack.wsgi [None req-f6f0317f-348c-415a-8920-bb2d64f502a9 tempest-VolumeRetypeWithoutMigrationTest-1232193055 tempest-VolumeRetypeWithoutMigrationTest-1232193055-project-admin] Action: 'create', calling method: _create, body: {"volume_type": {"name": "volume-type-2"}} {{(pid=100959) _process_stack /opt/stack/cinder/cinder/api/openstack/wsgi.py:854}}
Sep 21 14:11:10.731234 dv-cinder-810004-1-smb devstack@c-api.service[100959]: INFO cinder.api.openstack.wsgi [None req-f6f0317f-348c-415a-8920-bb2d64f502a9 tempest-VolumeRetypeWithoutMigrationTest-1232193055 tempest-VolumeRetypeWithoutMigrationTest-1232193055-project-admin] http://10.222.0.24/volume/v3/6c4891d5ade1449dbd9651cf8359f0a9/types returned with HTTP 200
Sep 21 14:11:10.732830 dv-cinder-810004-1-smb devstack@c-api.service[100959]: [pid: 100959|app: 0|req: 87/172] 10.222.0.24 () {60 vars in 1229 bytes} [Tue Sep 21 14:11:10 2021] POST /volume/v3/6c4891d5ade1449dbd9651cf8359f0a9/types => generated 188 bytes in 36 msecs (HTTP/1.1 200) 7 headers in 285 bytes (1 switches on core 0)
Sep 21 14:11:10.847570 dv-cinder-810004-1-smb devstack@c-api.service[100959]: INFO cinder.api.openstack.wsgi [None req-154aacb1-b5ea-4dd7-8036-c58d35f5fa7a tempest-GroupSnapshotsTest-393282537 tempest-GroupSnapshotsTest-393282537-project] GET http://10.222.0.24/volume/v3/4b31c98424074e52ae37f17fff1df386/groups/7a9f89d3-f7b4-4135-b5ff-b671e7af4a4f
Sep 21 14:11:10.848217 dv-cinder-810004-1-smb devstack@c-api.service[100959]: DEBUG cinder.api.openstack.wsgi [None req-154aacb1-b5ea-4dd7-8036-c58d35f5fa7a tempest-GroupSnapshotsTest-393282537 tempest-GroupSnapshotsTest-393282537-project] Empty body provided in request {{(pid=100959) get_body /opt/stack/cinder/cinder/api/openstack/wsgi.py:703}}
Sep 21 14:11:10.848844 dv-cinder-810004-1-smb devstack@c-api.service[100959]: DEBUG cinder.api.openstack.wsgi [None req-154aacb1-b5ea-4dd7-8036-c58d35f5fa7a tempest-GroupSnapshotsTest-393282537 tempest-GroupSnapshotsTest-393282537-project] Calling method 'version_select' {{(pid=100959) _process_stack /opt/stack/cinder/cinder/api/openstack/wsgi.py:856}}
Sep 21 14:11:10.849360 dv-cinder-810004-1-smb devstack@c-api.service[100959]: DEBUG cinder.api.v3.groups [None req-154aacb1-b5ea-4dd7-8036-c58d35f5fa7a tempest-GroupSnapshotsTest-393282537 tempest-GroupSnapshotsTest-393282537-project] show called for member 7a9f89d3-f7b4-4135-b5ff-b671e7af4a4f {{(pid=100959) show /opt/stack/cinder/cinder/api/v3/groups.py:58}}
Sep 21 14:11:10.856230 dv-cinder-810004-1-smb devstack@c-api.service[100959]: /usr/local/lib/python3.8/dist-packages/oslo_context/context.py:105: DeprecationWarning: Policy enforcement is depending on the value of is_admin. This key is deprecated. Please update your policy file to use the standard policy values.
Sep 21 14:11:10.856230 dv-cinder-810004-1-smb devstack@c-api.service[100959]: warnings.warn('Policy enforcement is depending on the value of '
Sep 21 14:11:10.888615 dv-cinder-810004-1-smb devstack@c-api.service[100959]: INFO cinder.api.openstack.wsgi [None req-154aacb1-b5ea-4dd7-8036-c58d35f5fa7a tempest-GroupSnapshotsTest-393282537 tempest-GroupSnapshotsTest-393282537-project] http://10.222.0.24/volume/v3/4b31c98424074e52ae37f17fff1df386/groups/7a9f89d3-f7b4-4135-b5ff-b671e7af4a4f returned with HTTP 200
Sep 21 14:11:10.896833 dv-cinder-810004-1-smb devstack@c-api.service[100959]: [pid: 100959|app: 0|req: 88/173] 10.222.0.24 () {60 vars in 1363 bytes} [Tue Sep 21 14:11:10 2021] GET /volume/v3/4b31c98424074e52ae37f17fff1df386/groups/7a9f89d3-f7b4-4135-b5ff-b671e7af4a4f => generated 392 bytes in 52 msecs (HTTP/1.1 200) 7 headers in 286 bytes (2 switches on core 0)
Sep 21 14:11:10.904315 dv-cinder-810004-1-smb devstack@c-api.service[100959]: INFO cinder.api.openstack.wsgi [None req-07b0957f-7327-48ca-9df8-a3747ab6ca89 tempest-GroupSnapshotsTest-393282537 tempest-GroupSnapshotsTest-393282537-project] PUT http://10.222.0.24/volume/v3/4b31c98424074e52ae37f17fff1df386/groups/7a9f89d3-f7b4-4135-b5ff-b671e7af4a4f
Sep 21 14:11:10.904748 dv-cinder-810004-1-smb devstack@c-api.service[100959]: /usr/local/lib/python3.8/dist-packages/webob/acceptparse.py:1047: DeprecationWarning: The behavior of AcceptValidHeader.best_match is currently being maintained for backward compatibility, but it will be deprecated in the future, as it does not conform to the RFC.
Sep 21 14:11:10.904748 dv-cinder-810004-1-smb devstack@c-api.service[100959]: warnings.warn(
Sep 21 14:11:10.905101 dv-cinder-810004-1-smb devstack@c-api.service[100959]: DEBUG cinder.api.openstack.wsgi [None req-07b0957f-7327-48ca-9df8-a3747ab6ca89 tempest-GroupSnapshotsTest-393282537 tempest-GroupSnapshotsTest-393282537-project] Action: 'update', calling method: version_select, body: {"group": {"add_volumes": "aaafaa50-2f57-48dd-b71c-2fb4becb6779"}} {{(pid=100959) _process_stack /opt/stack/cinder/cinder/api/openstack/wsgi.py:854}}
Sep 21 14:11:10.906727 dv-cinder-810004-1-smb devstack@c-api.service[100959]: DEBUG cinder.api.v3.groups [None req-07b0957f-7327-48ca-9df8-a3747ab6ca89 tempest-GroupSnapshotsTest-393282537 tempest-GroupSnapshotsTest-393282537-project] Update called for group 7a9f89d3-f7b4-4135-b5ff-b671e7af4a4f. {{(pid=100959) update /opt/stack/cinder/cinder/api/v3/groups.py:302}}
Sep 21 14:11:10.907024 dv-cinder-810004-1-smb devstack@c-api.service[100959]: INFO cinder.api.v3.groups [None req-07b0957f-7327-48ca-9df8-a3747ab6ca89 tempest-GroupSnapshotsTest-393282537 tempest-GroupSnapshotsTest-393282537-project] Updating group 7a9f89d3-f7b4-4135-b5ff-b671e7af4a4f with name None description: None add_volumes: aaafaa50-2f57-48dd-b71c-2fb4becb6779 remove_volumes: None.
Sep 21 14:11:10.918652 dv-cinder-810004-1-smb devstack@c-api.service[100959]: /usr/local/lib/python3.8/dist-packages/oslo_context/context.py:105: DeprecationWarning: Policy enforcement is depending on the value of is_admin. This key is deprecated. Please update your policy file to use the standard policy values.
Sep 21 14:11:10.918652 dv-cinder-810004-1-smb devstack@c-api.service[100959]: warnings.warn('Policy enforcement is depending on the value of '
Sep 21 14:11:10.938512 dv-cinder-810004-1-smb devstack@c-api.service[100960]: INFO cinder.api.openstack.wsgi [None req-4defc67c-67db-4c5b-bc24-97a7e1e1869d tempest-VolumeRetypeWithoutMigrationTest-1326008419 tempest-VolumeRetypeWithoutMigrationTest-1326008419-project] POST http://10.222.0.24/volume/v3/0752f3da710f4f0794a27ef31a468714/volumes
Sep 21 14:11:10.939257 dv-cinder-810004-1-smb devstack@c-api.service[100960]: DEBUG cinder.api.openstack.wsgi [None req-4defc67c-67db-4c5b-bc24-97a7e1e1869d tempest-VolumeRetypeWithoutMigrationTest-1326008419 tempest-VolumeRetypeWithoutMigrationTest-1326008419-project] Action: 'create', calling method: create, body: {"volume": {"volume_type": "volume-type-1", "size": 1, "name": "tempest-VolumeRetypeWithoutMigrationTest-Volume-1046077811"}} {{(pid=100960) _process_stack /opt/stack/cinder/cinder/api/openstack/wsgi.py:854}}
Sep 21 14:11:10.940435 dv-cinder-810004-1-smb devstack@c-api.service[100960]: DEBUG cinder.api.v3.volumes [None req-4defc67c-67db-4c5b-bc24-97a7e1e1869d tempest-VolumeRetypeWithoutMigrationTest-1326008419 tempest-VolumeRetypeWithoutMigrationTest-1326008419-project] Create volume request body: {'volume': {'volume_type': 'volume-type-1', 'size': 1, 'name': 'tempest-VolumeRetypeWithoutMigrationTest-Volume-1046077811'}} {{(pid=100960) create /opt/stack/cinder/cinder/api/v3/volumes.py:298}}
Sep 21 14:11:10.947764 dv-cinder-810004-1-smb devstack@c-api.service[100960]: INFO cinder.api.v3.volumes [None req-4defc67c-67db-4c5b-bc24-97a7e1e1869d tempest-VolumeRetypeWithoutMigrationTest-1326008419 tempest-VolumeRetypeWithoutMigrationTest-1326008419-project] Create volume of 1 GB
Sep 21 14:11:10.948379 dv-cinder-810004-1-smb devstack@c-api.service[100960]: /usr/local/lib/python3.8/dist-packages/oslo_context/context.py:105: DeprecationWarning: Policy enforcement is depending on the value of is_admin. This key is deprecated. Please update your policy file to use the standard policy values.
Sep 21 14:11:10.948379 dv-cinder-810004-1-smb devstack@c-api.service[100960]: warnings.warn('Policy enforcement is depending on the value of '
Sep 21 14:11:10.949412 dv-cinder-810004-1-smb devstack@c-api.service[100960]: INFO cinder.volume.api [None req-4defc67c-67db-4c5b-bc24-97a7e1e1869d tempest-VolumeRetypeWithoutMigrationTest-1326008419 tempest-VolumeRetypeWithoutMigrationTest-1326008419-project] Availability Zones retrieved successfully.
Sep 21 14:11:10.971210 dv-cinder-810004-1-smb devstack@c-api.service[100960]: DEBUG cinder.volume.api [None req-4defc67c-67db-4c5b-bc24-97a7e1e1869d tempest-VolumeRetypeWithoutMigrationTest-1326008419 tempest-VolumeRetypeWithoutMigrationTest-1326008419-project] Flow 'volume_create_api' (59555028-bf8b-4160-ab1d-a2314ee83016) transitioned into state 'RUNNING' from state 'PENDING' {{(pid=100960) _flow_receiver /usr/local/lib/python3.8/dist-packages/taskflow/listeners/logging.py:141}}
Sep 21 14:11:10.974260 dv-cinder-810004-1-smb devstack@c-api.service[100960]: DEBUG cinder.volume.api [None req-4defc67c-67db-4c5b-bc24-97a7e1e1869d tempest-VolumeRetypeWithoutMigrationTest-1326008419 tempest-VolumeRetypeWithoutMigrationTest-1326008419-project] Task 'cinder.volume.flows.api.create_volume.ExtractVolumeRequestTask;volume:create' (2c67638e-6565-46d7-a417-e886ca678e53) transitioned into state 'RUNNING' from state 'PENDING' {{(pid=100960) _task_receiver /usr/local/lib/python3.8/dist-packages/taskflow/listeners/logging.py:190}}
Sep 21 14:11:10.981019 dv-cinder-810004-1-smb devstack@c-api.service[100960]: DEBUG cinder.volume.flows.api.create_volume [None req-4defc67c-67db-4c5b-bc24-97a7e1e1869d tempest-VolumeRetypeWithoutMigrationTest-1326008419 tempest-VolumeRetypeWithoutMigrationTest-1326008419-project] Validating volume size '1' using validate_int {{(pid=100960) _extract_size /opt/stack/cinder/cinder/volume/flows/api/create_volume.py:225}}
Sep 21 14:11:10.987970 dv-cinder-810004-1-smb devstack@c-api.service[100959]: INFO cinder.api.openstack.wsgi [None req-07b0957f-7327-48ca-9df8-a3747ab6ca89 tempest-GroupSnapshotsTest-393282537 tempest-GroupSnapshotsTest-393282537-project] http://10.222.0.24/volume/v3/4b31c98424074e52ae37f17fff1df386/groups/7a9f89d3-f7b4-4135-b5ff-b671e7af4a4f returned with HTTP 202
Sep 21 14:11:10.990066 dv-cinder-810004-1-smb devstack@c-api.service[100959]: [pid: 100959|app: 0|req: 89/174] 10.222.0.24 () {62 vars in 1383 bytes} [Tue Sep 21 14:11:10 2021] PUT /volume/v3/4b31c98424074e52ae37f17fff1df386/groups/7a9f89d3-f7b4-4135-b5ff-b671e7af4a4f => generated 0 bytes in 91 msecs (HTTP/1.1 202) 6 headers in 234 bytes (1 switches on core 0)
Sep 21 14:11:11.012892 dv-cinder-810004-1-smb devstack@c-api.service[100960]: DEBUG cinder.volume.api [None req-4defc67c-67db-4c5b-bc24-97a7e1e1869d tempest-VolumeRetypeWithoutMigrationTest-1326008419 tempest-VolumeRetypeWithoutMigrationTest-1326008419-project] Task 'cinder.volume.flows.api.create_volume.ExtractVolumeRequestTask;volume:create' (2c67638e-6565-46d7-a417-e886ca678e53) transitioned into state 'SUCCESS' from state 'RUNNING' with result '{'size': 1, 'snapshot_id': None, 'source_volid': None, 'volume_type': VolumeType(created_at=2021-09-21T14:11:11Z,deleted=False,deleted_at=None,description=None,extra_specs={},id=116c7c19-6463-4c37-b6ad-3f3b9207cb49,is_public=True,name='volume-type-1',projects=[],qos_specs=,qos_specs_id=None,updated_at=None), 'volume_type_id': '116c7c19-6463-4c37-b6ad-3f3b9207cb49', 'encryption_key_id': None, 'qos_specs': None, 'consistencygroup_id': None, 'cgsnapshot_id': None, 'group_id': None, 'replication_status': 'disabled', 'refresh_az': False, 'backup_id': None, 'multiattach': False, 'availability_zones': ['nova']}' {{(pid=100960) _task_receiver /usr/local/lib/python3.8/dist-packages/taskflow/listeners/logging.py:178}}
Sep 21 14:11:11.014925 dv-cinder-810004-1-smb devstack@c-api.service[100959]: INFO cinder.api.openstack.wsgi [None req-cb1c0e96-74ee-4e24-a042-0bd3cb93da36 tempest-GroupSnapshotsTest-393282537 tempest-GroupSnapshotsTest-393282537-project] GET http://10.222.0.24/volume/v3/4b31c98424074e52ae37f17fff1df386/groups/7a9f89d3-f7b4-4135-b5ff-b671e7af4a4f
Sep 21 14:11:11.015451 dv-cinder-810004-1-smb devstack@c-api.service[100960]: DEBUG cinder.volume.api [None req-4defc67c-67db-4c5b-bc24-97a7e1e1869d tempest-VolumeRetypeWithoutMigrationTest-1326008419 tempest-VolumeRetypeWithoutMigrationTest-1326008419-project] Task 'cinder.volume.flows.api.create_volume.QuotaReserveTask;volume:create' (757ba981-e729-499d-bb2b-170dc68c8391) transitioned into state 'RUNNING' from state 'PENDING' {{(pid=100960) _task_receiver /usr/local/lib/python3.8/dist-packages/taskflow/listeners/logging.py:190}}
Sep 21 14:11:11.015579 dv-cinder-810004-1-smb devstack@c-api.service[100959]: DEBUG cinder.api.openstack.wsgi [None req-cb1c0e96-74ee-4e24-a042-0bd3cb93da36 tempest-GroupSnapshotsTest-393282537 tempest-GroupSnapshotsTest-393282537-project] Empty body provided in request {{(pid=100959) get_body /opt/stack/cinder/cinder/api/openstack/wsgi.py:703}}
Sep 21 14:11:11.015708 dv-cinder-810004-1-smb devstack@c-api.service[100959]: /usr/local/lib/python3.8/dist-packages/webob/acceptparse.py:1047: DeprecationWarning: The behavior of AcceptValidHeader.best_match is currently being maintained for backward compatibility, but it will be deprecated in the future, as it does not conform to the RFC.
Sep 21 14:11:11.015708 dv-cinder-810004-1-smb devstack@c-api.service[100959]: warnings.warn(
Sep 21 14:11:11.021379 dv-cinder-810004-1-smb devstack@c-api.service[100959]: DEBUG cinder.api.openstack.wsgi [None req-cb1c0e96-74ee-4e24-a042-0bd3cb93da36 tempest-GroupSnapshotsTest-393282537 tempest-GroupSnapshotsTest-393282537-project] Calling method 'version_select' {{(pid=100959) _process_stack /opt/stack/cinder/cinder/api/openstack/wsgi.py:856}}
Sep 21 14:11:11.021953 dv-cinder-810004-1-smb devstack@c-api.service[100959]: DEBUG cinder.api.v3.groups [None req-cb1c0e96-74ee-4e24-a042-0bd3cb93da36 tempest-GroupSnapshotsTest-393282537 tempest-GroupSnapshotsTest-393282537-project] show called for member 7a9f89d3-f7b4-4135-b5ff-b671e7af4a4f {{(pid=100959) show /opt/stack/cinder/cinder/api/v3/groups.py:58}}
Sep 21 14:11:11.033829 dv-cinder-810004-1-smb devstack@c-api.service[100959]: /usr/local/lib/python3.8/dist-packages/oslo_context/context.py:105: DeprecationWarning: Policy enforcement is depending on the value of is_admin. This key is deprecated. Please update your policy file to use the standard policy values.
Sep 21 14:11:11.033829 dv-cinder-810004-1-smb devstack@c-api.service[100959]: warnings.warn('Policy enforcement is depending on the value of '
Sep 21 14:11:11.097554 dv-cinder-810004-1-smb devstack@c-api.service[100959]: INFO cinder.api.openstack.wsgi [None req-cb1c0e96-74ee-4e24-a042-0bd3cb93da36 tempest-GroupSnapshotsTest-393282537 tempest-GroupSnapshotsTest-393282537-project] http://10.222.0.24/volume/v3/4b31c98424074e52ae37f17fff1df386/groups/7a9f89d3-f7b4-4135-b5ff-b671e7af4a4f returned with HTTP 200
Sep 21 14:11:11.098484 dv-cinder-810004-1-smb devstack@c-api.service[100959]: [pid: 100959|app: 0|req: 90/175] 10.222.0.24 () {60 vars in 1363 bytes} [Tue Sep 21 14:11:10 2021] GET /volume/v3/4b31c98424074e52ae37f17fff1df386/groups/7a9f89d3-f7b4-4135-b5ff-b671e7af4a4f => generated 391 bytes in 103 msecs (HTTP/1.1 200) 7 headers in 286 bytes (1 switches on core 0)
Sep 21 14:11:11.108004 dv-cinder-810004-1-smb devstack@c-api.service[100959]: INFO cinder.api.openstack.wsgi [None req-b404c5e5-b8cf-4571-bdb9-efc9bd031fa3 tempest-VolumesTestJSON-1222878765 tempest-VolumesTestJSON-1222878765-project] GET http://10.222.0.24/volume/v3/4adf33b670de4bc889926478ea843a29/volumes/261c81c5-8fe1-4512-b175-e55a417395a6
Sep 21 14:11:11.108491 dv-cinder-810004-1-smb devstack@c-api.service[100959]: DEBUG cinder.api.openstack.wsgi [None req-b404c5e5-b8cf-4571-bdb9-efc9bd031fa3 tempest-VolumesTestJSON-1222878765 tempest-VolumesTestJSON-1222878765-project] Empty body provided in request {{(pid=100959) get_body /opt/stack/cinder/cinder/api/openstack/wsgi.py:703}}
Sep 21 14:11:11.108666 dv-cinder-810004-1-smb devstack@c-api.service[100959]: /usr/local/lib/python3.8/dist-packages/webob/acceptparse.py:1047: DeprecationWarning: The behavior of AcceptValidHeader.best_match is currently being maintained for backward compatibility, but it will be deprecated in the future, as it does not conform to the RFC.
Sep 21 14:11:11.108666 dv-cinder-810004-1-smb devstack@c-api.service[100959]: warnings.warn(
Sep 21 14:11:11.108986 dv-cinder-810004-1-smb devstack@c-api.service[100959]: DEBUG cinder.api.openstack.wsgi [None req-b404c5e5-b8cf-4571-bdb9-efc9bd031fa3 tempest-VolumesTestJSON-1222878765 tempest-VolumesTestJSON-1222878765-project] Calling method 'show' {{(pid=100959) _process_stack /opt/stack/cinder/cinder/api/openstack/wsgi.py:856}}
Sep 21 14:11:11.119227 dv-cinder-810004-1-smb devstack@c-api.service[100960]: WARNING cinder.quota [None req-4defc67c-67db-4c5b-bc24-97a7e1e1869d tempest-VolumeRetypeWithoutMigrationTest-1326008419 tempest-VolumeRetypeWithoutMigrationTest-1326008419-project] Deprecated: Default quota for resource: volumes_volume-type-1 is set by the default quota flag: quota_volumes_volume-type-1, it is now deprecated. Please use the default quota class for default quota.
Sep 21 14:11:11.120689 dv-cinder-810004-1-smb devstack@c-api.service[100960]: WARNING cinder.quota [None req-4defc67c-67db-4c5b-bc24-97a7e1e1869d tempest-VolumeRetypeWithoutMigrationTest-1326008419 tempest-VolumeRetypeWithoutMigrationTest-1326008419-project] Deprecated: Default quota for resource: gigabytes_volume-type-1 is set by the default quota flag: quota_gigabytes_volume-type-1, it is now deprecated. Please use the default quota class for default quota.
Sep 21 14:11:11.136797 dv-cinder-810004-1-smb devstack@c-api.service[100959]: /usr/local/lib/python3.8/dist-packages/oslo_context/context.py:105: DeprecationWarning: Policy enforcement is depending on the value of is_admin. This key is deprecated. Please update your policy file to use the standard policy values.
Sep 21 14:11:11.136797 dv-cinder-810004-1-smb devstack@c-api.service[100959]: warnings.warn('Policy enforcement is depending on the value of '
Sep 21 14:11:11.162891 dv-cinder-810004-1-smb devstack@c-api.service[100959]: INFO cinder.volume.api [None req-b404c5e5-b8cf-4571-bdb9-efc9bd031fa3 tempest-VolumesTestJSON-1222878765 tempest-VolumesTestJSON-1222878765-project] Volume info retrieved successfully.
Sep 21 14:11:11.186220 dv-cinder-810004-1-smb devstack@c-api.service[100960]: DEBUG cinder.quota [None req-4defc67c-67db-4c5b-bc24-97a7e1e1869d tempest-VolumeRetypeWithoutMigrationTest-1326008419 tempest-VolumeRetypeWithoutMigrationTest-1326008419-project] Created reservations ['843f385c-6205-4dcf-954e-e9cf9e7cc6c3', '70af244b-9abd-4f0d-9c9e-dea53f57a3cb', 'c47ae28e-8423-4546-8167-30c678ac962e', '5b56351b-5147-4e43-b729-e6cf5d4e9344'] {{(pid=100960) reserve /opt/stack/cinder/cinder/quota.py:755}}
Sep 21 14:11:11.189000 dv-cinder-810004-1-smb devstack@c-api.service[100960]: DEBUG cinder.volume.api [None req-4defc67c-67db-4c5b-bc24-97a7e1e1869d tempest-VolumeRetypeWithoutMigrationTest-1326008419 tempest-VolumeRetypeWithoutMigrationTest-1326008419-project] Task 'cinder.volume.flows.api.create_volume.QuotaReserveTask;volume:create' (757ba981-e729-499d-bb2b-170dc68c8391) transitioned into state 'SUCCESS' from state 'RUNNING' with result '{'reservations': ['843f385c-6205-4dcf-954e-e9cf9e7cc6c3', '70af244b-9abd-4f0d-9c9e-dea53f57a3cb', 'c47ae28e-8423-4546-8167-30c678ac962e', '5b56351b-5147-4e43-b729-e6cf5d4e9344']}' {{(pid=100960) _task_receiver /usr/local/lib/python3.8/dist-packages/taskflow/listeners/logging.py:178}}
Sep 21 14:11:11.192606 dv-cinder-810004-1-smb devstack@c-api.service[100960]: DEBUG cinder.volume.api [None req-4defc67c-67db-4c5b-bc24-97a7e1e1869d tempest-VolumeRetypeWithoutMigrationTest-1326008419 tempest-VolumeRetypeWithoutMigrationTest-1326008419-project] Task 'cinder.volume.flows.api.create_volume.EntryCreateTask;volume:create' (78c27b73-386e-41cb-964e-c043233f5fea) transitioned into state 'RUNNING' from state 'PENDING' {{(pid=100960) _task_receiver /usr/local/lib/python3.8/dist-packages/taskflow/listeners/logging.py:190}}
Sep 21 14:11:11.193952 dv-cinder-810004-1-smb devstack@c-api.service[100959]: INFO cinder.api.openstack.wsgi [None req-b404c5e5-b8cf-4571-bdb9-efc9bd031fa3 tempest-VolumesTestJSON-1222878765 tempest-VolumesTestJSON-1222878765-project] http://10.222.0.24/volume/v3/4adf33b670de4bc889926478ea843a29/volumes/261c81c5-8fe1-4512-b175-e55a417395a6 returned with HTTP 200
Sep 21 14:11:11.194743 dv-cinder-810004-1-smb devstack@c-api.service[100959]: [pid: 100959|app: 0|req: 91/176] 10.222.0.24 () {58 vars in 1325 bytes} [Tue Sep 21 14:11:11 2021] GET /volume/v3/4adf33b670de4bc889926478ea843a29/volumes/261c81c5-8fe1-4512-b175-e55a417395a6 => generated 922 bytes in 96 msecs (HTTP/1.1 200) 7 headers in 285 bytes (1 switches on core 0)
Sep 21 14:11:11.232389 dv-cinder-810004-1-smb devstack@c-api.service[100959]: INFO cinder.api.openstack.wsgi [req-9ea592df-da06-4648-9645-5a87cd57efc9 req-1d83ee8e-92f7-4343-adac-e43a73457afc tempest-VolumesTestJSON-1222878765 tempest-VolumesTestJSON-1222878765-project] GET http://10.222.0.24/volume/v3/4adf33b670de4bc889926478ea843a29/volumes/261c81c5-8fe1-4512-b175-e55a417395a6
Sep 21 14:11:11.233374 dv-cinder-810004-1-smb devstack@c-api.service[100959]: DEBUG cinder.api.openstack.wsgi [req-9ea592df-da06-4648-9645-5a87cd57efc9 req-1d83ee8e-92f7-4343-adac-e43a73457afc tempest-VolumesTestJSON-1222878765 tempest-VolumesTestJSON-1222878765-project] Empty body provided in request {{(pid=100959) get_body /opt/stack/cinder/cinder/api/openstack/wsgi.py:703}}
Sep 21 14:11:11.233788 dv-cinder-810004-1-smb devstack@c-api.service[100959]: /usr/local/lib/python3.8/dist-packages/webob/acceptparse.py:1047: DeprecationWarning: The behavior of AcceptValidHeader.best_match is currently being maintained for backward compatibility, but it will be deprecated in the future, as it does not conform to the RFC.
Sep 21 14:11:11.233788 dv-cinder-810004-1-smb devstack@c-api.service[100959]: warnings.warn(
Sep 21 14:11:11.234366 dv-cinder-810004-1-smb devstack@c-api.service[100959]: DEBUG cinder.api.openstack.wsgi [req-9ea592df-da06-4648-9645-5a87cd57efc9 req-1d83ee8e-92f7-4343-adac-e43a73457afc tempest-VolumesTestJSON-1222878765 tempest-VolumesTestJSON-1222878765-project] Calling method 'show' {{(pid=100959) _process_stack /opt/stack/cinder/cinder/api/openstack/wsgi.py:856}}
Sep 21 14:11:11.239914 dv-cinder-810004-1-smb devstack@c-api.service[100960]: DEBUG cinder.volume.api [None req-4defc67c-67db-4c5b-bc24-97a7e1e1869d tempest-VolumeRetypeWithoutMigrationTest-1326008419 tempest-VolumeRetypeWithoutMigrationTest-1326008419-project] Task 'cinder.volume.flows.api.create_volume.EntryCreateTask;volume:create' (78c27b73-386e-41cb-964e-c043233f5fea) transitioned into state 'SUCCESS' from state 'RUNNING' with result '{'volume_id': '973f4c11-42d0-4edd-af9f-09a186c470e0', 'volume_properties': VolumeProperties(attach_status='detached',availability_zone='nova',cgsnapshot_id=None,consistencygroup_id=None,display_description=None,display_name='tempest-VolumeRetypeWithoutMigrationTest-Volume-1046077811',encryption_key_id=None,group_id=None,group_type_id=,metadata={},multiattach=False,project_id='0752f3da710f4f0794a27ef31a468714',qos_specs=None,replication_status=,reservations=['843f385c-6205-4dcf-954e-e9cf9e7cc6c3','70af244b-9abd-4f0d-9c9e-dea53f57a3cb','c47ae28e-8423-4546-8167-30c678ac962e','5b56351b-5147-4e43-b729-e6cf5d4e9344'],size=1,snapshot_id=None,source_replicaid=,source_volid=None,status='creating',user_id='97cc09a2803b4d83873e6076be7eb486',volume_type_id=116c7c19-6463-4c37-b6ad-3f3b9207cb49), 'volume': Volume(_name_id=None,admin_metadata=,attach_status='detached',availability_zone='nova',bootable=False,cluster=,cluster_name=None,consistencygroup=,consistencygroup_id=None,created_at=2021-09-21T14:11:11Z,deleted=False,deleted_at=None,display_description=None,display_name='tempest-VolumeRetypeWithoutMigrationTest-Volume-1046077811',ec2_id=None,encryption_key_id=None,glance_metadata=,group=,group_id=None,host=None,id=973f4c11-42d0-4edd-af9f-09a186c470e0,launched_at=None,metadata={},migration_status=None,multiattach=False,previous_status=None,project_id='0752f3da710f4f0794a27ef31a468714',provider_auth=None,provider_geometry=None,provider_id=None,provider_location=None,replication_driver_data=None,replication_extended_status=None,replication_status=None,scheduled_at=None,service_uuid=None,shared_targets=True,size=1,snapshot_id=None,snapshots=,source_volid=None,status='creating',terminated_at=None,updated_at=None,use_quota=True,user_id='97cc09a2803b4d83873e6076be7eb486',volume_attachment=,volume_type=VolumeType(116c7c19-6463-4c37-b6ad-3f3b9207cb49),volume_type_id=116c7c19-6463-4c37-b6ad-3f3b9207cb49)}' {{(pid=100960) _task_receiver /usr/local/lib/python3.8/dist-packages/taskflow/listeners/logging.py:178}}
Sep 21 14:11:11.241959 dv-cinder-810004-1-smb devstack@c-api.service[100960]: DEBUG cinder.volume.api [None req-4defc67c-67db-4c5b-bc24-97a7e1e1869d tempest-VolumeRetypeWithoutMigrationTest-1326008419 tempest-VolumeRetypeWithoutMigrationTest-1326008419-project] Task 'cinder.volume.flows.api.create_volume.QuotaCommitTask;volume:create' (713d3dae-9f86-449e-bfb9-4bfdf4706a21) transitioned into state 'RUNNING' from state 'PENDING' {{(pid=100960) _task_receiver /usr/local/lib/python3.8/dist-packages/taskflow/listeners/logging.py:190}}
Sep 21 14:11:11.267549 dv-cinder-810004-1-smb devstack@c-api.service[100959]: /usr/local/lib/python3.8/dist-packages/oslo_context/context.py:105: DeprecationWarning: Policy enforcement is depending on the value of is_admin. This key is deprecated. Please update your policy file to use the standard policy values.
Sep 21 14:11:11.267549 dv-cinder-810004-1-smb devstack@c-api.service[100959]: warnings.warn('Policy enforcement is depending on the value of '
Sep 21 14:11:11.285828 dv-cinder-810004-1-smb devstack@c-api.service[100959]: INFO cinder.volume.api [req-9ea592df-da06-4648-9645-5a87cd57efc9 req-1d83ee8e-92f7-4343-adac-e43a73457afc tempest-VolumesTestJSON-1222878765 tempest-VolumesTestJSON-1222878765-project] Volume info retrieved successfully.
Sep 21 14:11:11.309756 dv-cinder-810004-1-smb devstack@c-api.service[100959]: INFO cinder.api.openstack.wsgi [req-9ea592df-da06-4648-9645-5a87cd57efc9 req-1d83ee8e-92f7-4343-adac-e43a73457afc tempest-VolumesTestJSON-1222878765 tempest-VolumesTestJSON-1222878765-project] http://10.222.0.24/volume/v3/4adf33b670de4bc889926478ea843a29/volumes/261c81c5-8fe1-4512-b175-e55a417395a6 returned with HTTP 200
Sep 21 14:11:11.310923 dv-cinder-810004-1-smb devstack@c-api.service[100959]: [pid: 100959|app: 0|req: 92/177] 10.222.0.24 () {60 vars in 1579 bytes} [Tue Sep 21 14:11:11 2021] GET /volume/v3/4adf33b670de4bc889926478ea843a29/volumes/261c81c5-8fe1-4512-b175-e55a417395a6 => generated 922 bytes in 84 msecs (HTTP/1.1 200) 7 headers in 285 bytes (2 switches on core 0)
Sep 21 14:11:11.343046 dv-cinder-810004-1-smb devstack@c-api.service[100960]: DEBUG cinder.volume.api [None req-4defc67c-67db-4c5b-bc24-97a7e1e1869d tempest-VolumeRetypeWithoutMigrationTest-1326008419 tempest-VolumeRetypeWithoutMigrationTest-1326008419-project] Task 'cinder.volume.flows.api.create_volume.QuotaCommitTask;volume:create' (713d3dae-9f86-449e-bfb9-4bfdf4706a21) transitioned into state 'SUCCESS' from state 'RUNNING' with result '{'volume_properties': VolumeProperties(attach_status='detached',availability_zone='nova',cgsnapshot_id=None,consistencygroup_id=None,display_description=None,display_name='tempest-VolumeRetypeWithoutMigrationTest-Volume-1046077811',encryption_key_id=None,group_id=None,group_type_id=,metadata={},multiattach=False,project_id='0752f3da710f4f0794a27ef31a468714',qos_specs=None,replication_status=,reservations=['843f385c-6205-4dcf-954e-e9cf9e7cc6c3','70af244b-9abd-4f0d-9c9e-dea53f57a3cb','c47ae28e-8423-4546-8167-30c678ac962e','5b56351b-5147-4e43-b729-e6cf5d4e9344'],size=1,snapshot_id=None,source_replicaid=,source_volid=None,status='creating',user_id='97cc09a2803b4d83873e6076be7eb486',volume_type_id=116c7c19-6463-4c37-b6ad-3f3b9207cb49)}' {{(pid=100960) _task_receiver /usr/local/lib/python3.8/dist-packages/taskflow/listeners/logging.py:178}}
Sep 21 14:11:11.345263 dv-cinder-810004-1-smb devstack@c-api.service[100960]: DEBUG cinder.volume.api [None req-4defc67c-67db-4c5b-bc24-97a7e1e1869d tempest-VolumeRetypeWithoutMigrationTest-1326008419 tempest-VolumeRetypeWithoutMigrationTest-1326008419-project] Task 'cinder.volume.flows.api.create_volume.VolumeCastTask;volume:create' (cb83a4c6-f6e0-4f43-8eed-f232fb0f6203) transitioned into state 'RUNNING' from state 'PENDING' {{(pid=100960) _task_receiver /usr/local/lib/python3.8/dist-packages/taskflow/listeners/logging.py:190}}
Sep 21 14:11:11.366159 dv-cinder-810004-1-smb devstack@c-api.service[100959]: INFO cinder.api.openstack.wsgi [req-ac4ec9d9-9fc4-4e8f-9caa-57e5abb1c733 req-56132892-c884-4974-bc0d-ef8485c6971d tempest-VolumesTestJSON-1222878765 tempest-VolumesTestJSON-1222878765-project] GET http://10.222.0.24/volume/v3/4adf33b670de4bc889926478ea843a29/volumes/detail
Sep 21 14:11:11.366906 dv-cinder-810004-1-smb devstack@c-api.service[100959]: DEBUG cinder.api.openstack.wsgi [req-ac4ec9d9-9fc4-4e8f-9caa-57e5abb1c733 req-56132892-c884-4974-bc0d-ef8485c6971d tempest-VolumesTestJSON-1222878765 tempest-VolumesTestJSON-1222878765-project] Empty body provided in request {{(pid=100959) get_body /opt/stack/cinder/cinder/api/openstack/wsgi.py:703}}
Sep 21 14:11:11.367253 dv-cinder-810004-1-smb devstack@c-api.service[100959]: /usr/local/lib/python3.8/dist-packages/webob/acceptparse.py:1047: DeprecationWarning: The behavior of AcceptValidHeader.best_match is currently being maintained for backward compatibility, but it will be deprecated in the future, as it does not conform to the RFC.
Sep 21 14:11:11.367253 dv-cinder-810004-1-smb devstack@c-api.service[100959]: warnings.warn(
Sep 21 14:11:11.367852 dv-cinder-810004-1-smb devstack@c-api.service[100959]: DEBUG cinder.api.openstack.wsgi [req-ac4ec9d9-9fc4-4e8f-9caa-57e5abb1c733 req-56132892-c884-4974-bc0d-ef8485c6971d tempest-VolumesTestJSON-1222878765 tempest-VolumesTestJSON-1222878765-project] Calling method 'detail' {{(pid=100959) _process_stack /opt/stack/cinder/cinder/api/openstack/wsgi.py:856}}
Sep 21 14:11:11.374144 dv-cinder-810004-1-smb devstack@c-api.service[100960]: DEBUG cinder.volume.api [None req-4defc67c-67db-4c5b-bc24-97a7e1e1869d tempest-VolumeRetypeWithoutMigrationTest-1326008419 tempest-VolumeRetypeWithoutMigrationTest-1326008419-project] Task 'cinder.volume.flows.api.create_volume.VolumeCastTask;volume:create' (cb83a4c6-f6e0-4f43-8eed-f232fb0f6203) transitioned into state 'SUCCESS' from state 'RUNNING' with result 'None' {{(pid=100960) _task_receiver /usr/local/lib/python3.8/dist-packages/taskflow/listeners/logging.py:178}}
Sep 21 14:11:11.377346 dv-cinder-810004-1-smb devstack@c-api.service[100960]: DEBUG cinder.volume.api [None req-4defc67c-67db-4c5b-bc24-97a7e1e1869d tempest-VolumeRetypeWithoutMigrationTest-1326008419 tempest-VolumeRetypeWithoutMigrationTest-1326008419-project] Flow 'volume_create_api' (59555028-bf8b-4160-ab1d-a2314ee83016) transitioned into state 'SUCCESS' from state 'RUNNING' {{(pid=100960) _flow_receiver /usr/local/lib/python3.8/dist-packages/taskflow/listeners/logging.py:141}}
Sep 21 14:11:11.378604 dv-cinder-810004-1-smb devstack@c-api.service[100960]: INFO cinder.volume.api [None req-4defc67c-67db-4c5b-bc24-97a7e1e1869d tempest-VolumeRetypeWithoutMigrationTest-1326008419 tempest-VolumeRetypeWithoutMigrationTest-1326008419-project] Create volume request issued successfully.
Sep 21 14:11:11.386143 dv-cinder-810004-1-smb devstack@c-api.service[100959]: DEBUG cinder.api.api_utils [req-ac4ec9d9-9fc4-4e8f-9caa-57e5abb1c733 req-56132892-c884-4974-bc0d-ef8485c6971d tempest-VolumesTestJSON-1222878765 tempest-VolumesTestJSON-1222878765-project] Removing options '' from query. {{(pid=100959) remove_invalid_filter_options /opt/stack/cinder/cinder/api/api_utils.py:73}}
Sep 21 14:11:11.393401 dv-cinder-810004-1-smb devstack@c-api.service[100959]: DEBUG cinder.volume.api [req-ac4ec9d9-9fc4-4e8f-9caa-57e5abb1c733 req-56132892-c884-4974-bc0d-ef8485c6971d tempest-VolumesTestJSON-1222878765 tempest-VolumesTestJSON-1222878765-project] Searching by: MultiDict([('no_migration_targets', True)]). {{(pid=100959) get_all /opt/stack/cinder/cinder/volume/api.py:619}}
Sep 21 14:11:11.398545 dv-cinder-810004-1-smb devstack@c-api.service[100960]: INFO cinder.api.openstack.wsgi [None req-4defc67c-67db-4c5b-bc24-97a7e1e1869d tempest-VolumeRetypeWithoutMigrationTest-1326008419 tempest-VolumeRetypeWithoutMigrationTest-1326008419-project] http://10.222.0.24/volume/v3/0752f3da710f4f0794a27ef31a468714/volumes returned with HTTP 202
Sep 21 14:11:11.401043 dv-cinder-810004-1-smb devstack@c-api.service[100960]: [pid: 100960|app: 0|req: 86/178] 10.222.0.24 () {60 vars in 1236 bytes} [Tue Sep 21 14:11:10 2021] POST /volume/v3/0752f3da710f4f0794a27ef31a468714/volumes => generated 834 bytes in 663 msecs (HTTP/1.1 202) 7 headers in 291 bytes (1 switches on core 0)
Sep 21 14:11:11.414835 dv-cinder-810004-1-smb devstack@c-api.service[100960]: INFO cinder.api.openstack.wsgi [None req-b1abc8f0-8290-49a9-95bc-af7ef2cf7922 tempest-VolumeRetypeWithoutMigrationTest-1326008419 tempest-VolumeRetypeWithoutMigrationTest-1326008419-project] GET http://10.222.0.24/volume/v3/0752f3da710f4f0794a27ef31a468714/volumes/973f4c11-42d0-4edd-af9f-09a186c470e0
Sep 21 14:11:11.417761 dv-cinder-810004-1-smb devstack@c-api.service[100960]: DEBUG cinder.api.openstack.wsgi [None req-b1abc8f0-8290-49a9-95bc-af7ef2cf7922 tempest-VolumeRetypeWithoutMigrationTest-1326008419 tempest-VolumeRetypeWithoutMigrationTest-1326008419-project] Empty body provided in request {{(pid=100960) get_body /opt/stack/cinder/cinder/api/openstack/wsgi.py:703}}
Sep 21 14:11:11.418268 dv-cinder-810004-1-smb devstack@c-api.service[100960]: /usr/local/lib/python3.8/dist-packages/webob/acceptparse.py:1047: DeprecationWarning: The behavior of AcceptValidHeader.best_match is currently being maintained for backward compatibility, but it will be deprecated in the future, as it does not conform to the RFC.
Sep 21 14:11:11.418268 dv-cinder-810004-1-smb devstack@c-api.service[100960]: warnings.warn(
Sep 21 14:11:11.418852 dv-cinder-810004-1-smb devstack@c-api.service[100960]: DEBUG cinder.api.openstack.wsgi [None req-b1abc8f0-8290-49a9-95bc-af7ef2cf7922 tempest-VolumeRetypeWithoutMigrationTest-1326008419 tempest-VolumeRetypeWithoutMigrationTest-1326008419-project] Calling method 'show' {{(pid=100960) _process_stack /opt/stack/cinder/cinder/api/openstack/wsgi.py:856}}
Sep 21 14:11:11.447272 dv-cinder-810004-1-smb devstack@c-api.service[100960]: /usr/local/lib/python3.8/dist-packages/oslo_context/context.py:105: DeprecationWarning: Policy enforcement is depending on the value of is_admin. This key is deprecated. Please update your policy file to use the standard policy values.
Sep 21 14:11:11.447272 dv-cinder-810004-1-smb devstack@c-api.service[100960]: warnings.warn('Policy enforcement is depending on the value of '
Sep 21 14:11:11.458825 dv-cinder-810004-1-smb devstack@c-api.service[100960]: INFO cinder.volume.api [None req-b1abc8f0-8290-49a9-95bc-af7ef2cf7922 tempest-VolumeRetypeWithoutMigrationTest-1326008419 tempest-VolumeRetypeWithoutMigrationTest-1326008419-project] Volume info retrieved successfully.
Sep 21 14:11:11.474985 dv-cinder-810004-1-smb devstack@c-api.service[100960]: INFO cinder.api.openstack.wsgi [None req-b1abc8f0-8290-49a9-95bc-af7ef2cf7922 tempest-VolumeRetypeWithoutMigrationTest-1326008419 tempest-VolumeRetypeWithoutMigrationTest-1326008419-project] http://10.222.0.24/volume/v3/0752f3da710f4f0794a27ef31a468714/volumes/973f4c11-42d0-4edd-af9f-09a186c470e0 returned with HTTP 200
Sep 21 14:11:11.476066 dv-cinder-810004-1-smb devstack@c-api.service[100960]: [pid: 100960|app: 0|req: 87/179] 10.222.0.24 () {58 vars in 1325 bytes} [Tue Sep 21 14:11:11 2021] GET /volume/v3/0752f3da710f4f0794a27ef31a468714/volumes/973f4c11-42d0-4edd-af9f-09a186c470e0 => generated 902 bytes in 66 msecs (HTTP/1.1 200) 7 headers in 285 bytes (1 switches on core 0)
Sep 21 14:11:11.559859 dv-cinder-810004-1-smb devstack@c-api.service[100959]: INFO cinder.volume.api [req-ac4ec9d9-9fc4-4e8f-9caa-57e5abb1c733 req-56132892-c884-4974-bc0d-ef8485c6971d tempest-VolumesTestJSON-1222878765 tempest-VolumesTestJSON-1222878765-project] Get all volumes completed successfully.
Sep 21 14:11:11.564995 dv-cinder-810004-1-smb devstack@c-api.service[100959]: /usr/local/lib/python3.8/dist-packages/oslo_context/context.py:105: DeprecationWarning: Policy enforcement is depending on the value of is_admin. This key is deprecated. Please update your policy file to use the standard policy values.
Sep 21 14:11:11.564995 dv-cinder-810004-1-smb devstack@c-api.service[100959]: warnings.warn('Policy enforcement is depending on the value of '
Sep 21 14:11:11.601776 dv-cinder-810004-1-smb devstack@c-api.service[100959]: INFO cinder.api.openstack.wsgi [req-ac4ec9d9-9fc4-4e8f-9caa-57e5abb1c733 req-56132892-c884-4974-bc0d-ef8485c6971d tempest-VolumesTestJSON-1222878765 tempest-VolumesTestJSON-1222878765-project] http://10.222.0.24/volume/v3/4adf33b670de4bc889926478ea843a29/volumes/detail returned with HTTP 200
Sep 21 14:11:11.603309 dv-cinder-810004-1-smb devstack@c-api.service[100959]: [pid: 100959|app: 0|req: 93/180] 10.222.0.24 () {60 vars in 1489 bytes} [Tue Sep 21 14:11:11 2021] GET /volume/v3/4adf33b670de4bc889926478ea843a29/volumes/detail => generated 2748 bytes in 243 msecs (HTTP/1.1 200) 7 headers in 286 bytes (2 switches on core 0)
Sep 21 14:11:11.644005 dv-cinder-810004-1-smb devstack@c-api.service[100960]: INFO cinder.api.openstack.wsgi [req-63e4479a-ba05-4011-b85b-8c0b6b644667 req-67fbdd72-e706-42a2-b5ad-f1e3c910222c tempest-VolumesTestJSON-1222878765 tempest-VolumesTestJSON-1222878765-project] GET http://10.222.0.24/volume/v3/4adf33b670de4bc889926478ea843a29/volumes/detail
Sep 21 14:11:11.644790 dv-cinder-810004-1-smb devstack@c-api.service[100960]: DEBUG cinder.api.openstack.wsgi [req-63e4479a-ba05-4011-b85b-8c0b6b644667 req-67fbdd72-e706-42a2-b5ad-f1e3c910222c tempest-VolumesTestJSON-1222878765 tempest-VolumesTestJSON-1222878765-project] Empty body provided in request {{(pid=100960) get_body /opt/stack/cinder/cinder/api/openstack/wsgi.py:703}}
Sep 21 14:11:11.645148 dv-cinder-810004-1-smb devstack@c-api.service[100960]: /usr/local/lib/python3.8/dist-packages/webob/acceptparse.py:1047: DeprecationWarning: The behavior of AcceptValidHeader.best_match is currently being maintained for backward compatibility, but it will be deprecated in the future, as it does not conform to the RFC.
Sep 21 14:11:11.645148 dv-cinder-810004-1-smb devstack@c-api.service[100960]: warnings.warn(
Sep 21 14:11:11.645768 dv-cinder-810004-1-smb devstack@c-api.service[100960]: DEBUG cinder.api.openstack.wsgi [req-63e4479a-ba05-4011-b85b-8c0b6b644667 req-67fbdd72-e706-42a2-b5ad-f1e3c910222c tempest-VolumesTestJSON-1222878765 tempest-VolumesTestJSON-1222878765-project] Calling method 'detail' {{(pid=100960) _process_stack /opt/stack/cinder/cinder/api/openstack/wsgi.py:856}}
Sep 21 14:11:11.646680 dv-cinder-810004-1-smb devstack@c-api.service[100960]: DEBUG cinder.api.api_utils [req-63e4479a-ba05-4011-b85b-8c0b6b644667 req-67fbdd72-e706-42a2-b5ad-f1e3c910222c tempest-VolumesTestJSON-1222878765 tempest-VolumesTestJSON-1222878765-project] Removing options '' from query. {{(pid=100960) remove_invalid_filter_options /opt/stack/cinder/cinder/api/api_utils.py:73}}
Sep 21 14:11:11.648745 dv-cinder-810004-1-smb devstack@c-api.service[100960]: DEBUG cinder.volume.api [req-63e4479a-ba05-4011-b85b-8c0b6b644667 req-67fbdd72-e706-42a2-b5ad-f1e3c910222c tempest-VolumesTestJSON-1222878765 tempest-VolumesTestJSON-1222878765-project] Searching by: MultiDict([('no_migration_targets', True)]). {{(pid=100960) get_all /opt/stack/cinder/cinder/volume/api.py:619}}
Sep 21 14:11:11.722854 dv-cinder-810004-1-smb devstack@c-api.service[100960]: INFO cinder.volume.api [req-63e4479a-ba05-4011-b85b-8c0b6b644667 req-67fbdd72-e706-42a2-b5ad-f1e3c910222c tempest-VolumesTestJSON-1222878765 tempest-VolumesTestJSON-1222878765-project] Get all volumes completed successfully.
Sep 21 14:11:11.726089 dv-cinder-810004-1-smb devstack@c-api.service[100960]: /usr/local/lib/python3.8/dist-packages/oslo_context/context.py:105: DeprecationWarning: Policy enforcement is depending on the value of is_admin. This key is deprecated. Please update your policy file to use the standard policy values.
Sep 21 14:11:11.726089 dv-cinder-810004-1-smb devstack@c-api.service[100960]: warnings.warn('Policy enforcement is depending on the value of '
Sep 21 14:11:11.736140 dv-cinder-810004-1-smb devstack@c-api.service[100960]: INFO cinder.api.openstack.wsgi [req-63e4479a-ba05-4011-b85b-8c0b6b644667 req-67fbdd72-e706-42a2-b5ad-f1e3c910222c tempest-VolumesTestJSON-1222878765 tempest-VolumesTestJSON-1222878765-project] http://10.222.0.24/volume/v3/4adf33b670de4bc889926478ea843a29/volumes/detail returned with HTTP 200
Sep 21 14:11:11.738245 dv-cinder-810004-1-smb devstack@c-api.service[100960]: [pid: 100960|app: 0|req: 88/181] 10.222.0.24 () {60 vars in 1489 bytes} [Tue Sep 21 14:11:11 2021] GET /volume/v3/4adf33b670de4bc889926478ea843a29/volumes/detail => generated 2748 bytes in 97 msecs (HTTP/1.1 200) 7 headers in 286 bytes (1 switches on core 0)
Sep 21 14:11:11.774239 dv-cinder-810004-1-smb devstack@c-api.service[100959]: INFO cinder.api.openstack.wsgi [req-e988daa1-10e8-4582-9d0a-a3b3d234b3ad req-ae864832-a82c-4bb1-b1e6-abd3035c67fd tempest-VolumesTestJSON-1222878765 tempest-VolumesTestJSON-1222878765-project] GET http://10.222.0.24/volume/v3/4adf33b670de4bc889926478ea843a29/volumes/detail
Sep 21 14:11:11.775454 dv-cinder-810004-1-smb devstack@c-api.service[100959]: DEBUG cinder.api.openstack.wsgi [req-e988daa1-10e8-4582-9d0a-a3b3d234b3ad req-ae864832-a82c-4bb1-b1e6-abd3035c67fd tempest-VolumesTestJSON-1222878765 tempest-VolumesTestJSON-1222878765-project] Empty body provided in request {{(pid=100959) get_body /opt/stack/cinder/cinder/api/openstack/wsgi.py:703}}
Sep 21 14:11:11.776228 dv-cinder-810004-1-smb devstack@c-api.service[100959]: /usr/local/lib/python3.8/dist-packages/webob/acceptparse.py:1047: DeprecationWarning: The behavior of AcceptValidHeader.best_match is currently being maintained for backward compatibility, but it will be deprecated in the future, as it does not conform to the RFC.
Sep 21 14:11:11.776228 dv-cinder-810004-1-smb devstack@c-api.service[100959]: warnings.warn(
Sep 21 14:11:11.776745 dv-cinder-810004-1-smb devstack@c-api.service[100959]: DEBUG cinder.api.openstack.wsgi [req-e988daa1-10e8-4582-9d0a-a3b3d234b3ad req-ae864832-a82c-4bb1-b1e6-abd3035c67fd tempest-VolumesTestJSON-1222878765 tempest-VolumesTestJSON-1222878765-project] Calling method 'detail' {{(pid=100959) _process_stack /opt/stack/cinder/cinder/api/openstack/wsgi.py:856}}
Sep 21 14:11:11.777606 dv-cinder-810004-1-smb devstack@c-api.service[100959]: DEBUG cinder.api.api_utils [req-e988daa1-10e8-4582-9d0a-a3b3d234b3ad req-ae864832-a82c-4bb1-b1e6-abd3035c67fd tempest-VolumesTestJSON-1222878765 tempest-VolumesTestJSON-1222878765-project] Removing options '' from query. {{(pid=100959) remove_invalid_filter_options /opt/stack/cinder/cinder/api/api_utils.py:73}}
Sep 21 14:11:11.780101 dv-cinder-810004-1-smb devstack@c-api.service[100959]: DEBUG cinder.volume.api [req-e988daa1-10e8-4582-9d0a-a3b3d234b3ad req-ae864832-a82c-4bb1-b1e6-abd3035c67fd tempest-VolumesTestJSON-1222878765 tempest-VolumesTestJSON-1222878765-project] Searching by: MultiDict([('no_migration_targets', True)]). {{(pid=100959) get_all /opt/stack/cinder/cinder/volume/api.py:619}}
Sep 21 14:11:11.859397 dv-cinder-810004-1-smb devstack@c-api.service[100959]: INFO cinder.volume.api [req-e988daa1-10e8-4582-9d0a-a3b3d234b3ad req-ae864832-a82c-4bb1-b1e6-abd3035c67fd tempest-VolumesTestJSON-1222878765 tempest-VolumesTestJSON-1222878765-project] Get all volumes completed successfully.
Sep 21 14:11:11.862904 dv-cinder-810004-1-smb devstack@c-api.service[100959]: /usr/local/lib/python3.8/dist-packages/oslo_context/context.py:105: DeprecationWarning: Policy enforcement is depending on the value of is_admin. This key is deprecated. Please update your policy file to use the standard policy values.
Sep 21 14:11:11.862904 dv-cinder-810004-1-smb devstack@c-api.service[100959]: warnings.warn('Policy enforcement is depending on the value of '
Sep 21 14:11:11.881697 dv-cinder-810004-1-smb devstack@c-api.service[100959]: INFO cinder.api.openstack.wsgi [req-e988daa1-10e8-4582-9d0a-a3b3d234b3ad req-ae864832-a82c-4bb1-b1e6-abd3035c67fd tempest-VolumesTestJSON-1222878765 tempest-VolumesTestJSON-1222878765-project] http://10.222.0.24/volume/v3/4adf33b670de4bc889926478ea843a29/volumes/detail returned with HTTP 200
Sep 21 14:11:11.884458 dv-cinder-810004-1-smb devstack@c-api.service[100959]: [pid: 100959|app: 0|req: 94/182] 10.222.0.24 () {60 vars in 1489 bytes} [Tue Sep 21 14:11:11 2021] GET /volume/v3/4adf33b670de4bc889926478ea843a29/volumes/detail => generated 2748 bytes in 115 msecs (HTTP/1.1 200) 7 headers in 286 bytes (1 switches on core 0)
Sep 21 14:11:11.935657 dv-cinder-810004-1-smb devstack@c-api.service[100960]: INFO cinder.api.openstack.wsgi [req-e5877b5d-a22d-4371-8c73-ebd4e66ee53f req-9a4eeeb2-b8f0-4ee3-ad3b-b683334e6d55 tempest-VolumesTestJSON-1222878765 tempest-VolumesTestJSON-1222878765-project] GET http://10.222.0.24/volume/v3/4adf33b670de4bc889926478ea843a29/volumes/detail
Sep 21 14:11:11.936266 dv-cinder-810004-1-smb devstack@c-api.service[100960]: DEBUG cinder.api.openstack.wsgi [req-e5877b5d-a22d-4371-8c73-ebd4e66ee53f req-9a4eeeb2-b8f0-4ee3-ad3b-b683334e6d55 tempest-VolumesTestJSON-1222878765 tempest-VolumesTestJSON-1222878765-project] Empty body provided in request {{(pid=100960) get_body /opt/stack/cinder/cinder/api/openstack/wsgi.py:703}}
Sep 21 14:11:11.936535 dv-cinder-810004-1-smb devstack@c-api.service[100960]: /usr/local/lib/python3.8/dist-packages/webob/acceptparse.py:1047: DeprecationWarning: The behavior of AcceptValidHeader.best_match is currently being maintained for backward compatibility, but it will be deprecated in the future, as it does not conform to the RFC.
Sep 21 14:11:11.936535 dv-cinder-810004-1-smb devstack@c-api.service[100960]: warnings.warn(
Sep 21 14:11:11.936953 dv-cinder-810004-1-smb devstack@c-api.service[100960]: DEBUG cinder.api.openstack.wsgi [req-e5877b5d-a22d-4371-8c73-ebd4e66ee53f req-9a4eeeb2-b8f0-4ee3-ad3b-b683334e6d55 tempest-VolumesTestJSON-1222878765 tempest-VolumesTestJSON-1222878765-project] Calling method 'detail' {{(pid=100960) _process_stack /opt/stack/cinder/cinder/api/openstack/wsgi.py:856}}
Sep 21 14:11:11.937704 dv-cinder-810004-1-smb devstack@c-api.service[100960]: DEBUG cinder.api.api_utils [req-e5877b5d-a22d-4371-8c73-ebd4e66ee53f req-9a4eeeb2-b8f0-4ee3-ad3b-b683334e6d55 tempest-VolumesTestJSON-1222878765 tempest-VolumesTestJSON-1222878765-project] Removing options '' from query. {{(pid=100960) remove_invalid_filter_options /opt/stack/cinder/cinder/api/api_utils.py:73}}
Sep 21 14:11:11.939994 dv-cinder-810004-1-smb devstack@c-api.service[100960]: DEBUG cinder.volume.api [req-e5877b5d-a22d-4371-8c73-ebd4e66ee53f req-9a4eeeb2-b8f0-4ee3-ad3b-b683334e6d55 tempest-VolumesTestJSON-1222878765 tempest-VolumesTestJSON-1222878765-project] Searching by: MultiDict([('no_migration_targets', True)]). {{(pid=100960) get_all /opt/stack/cinder/cinder/volume/api.py:619}}
