Sep 22 13:09:39.310182 dv-cinder-810000-3-smb neutron-server[94773]: DEBUG neutron.plugins.ml2.db [req-6ea27ee6-9932-4ad2-a756-7dba918709ff req-c9d9c2ea-268d-4191-8b82-126187ec9513 service neutron] For port 89ff068f-3fbc-452b-8f13-5566e74afbe2, host hv-cinder-81000, cleared binding levels {{(pid=94773) clear_binding_levels /opt/stack/neutron/neutron/plugins/ml2/db.py:87}}
Sep 22 13:09:39.320922 dv-cinder-810000-3-smb neutron-server[94773]: DEBUG neutron.plugins.ml2.db [req-6ea27ee6-9932-4ad2-a756-7dba918709ff req-c9d9c2ea-268d-4191-8b82-126187ec9513 service neutron] For port 89ff068f-3fbc-452b-8f13-5566e74afbe2, host hv-cinder-81000, set binding levels [PortBindingLevel(driver='hyperv',host='hv-cinder-81000',level=0,port_id=89ff068f-3fbc-452b-8f13-5566e74afbe2,segment=NetworkSegment(55ad6413-19c0-4688-acc5-a083b0e229f0),segment_id=55ad6413-19c0-4688-acc5-a083b0e229f0)] {{(pid=94773) set_binding_levels /opt/stack/neutron/neutron/plugins/ml2/db.py:59}}
Sep 22 13:09:39.321277 dv-cinder-810000-3-smb neutron-server[94774]: DEBUG neutron_lib.callbacks.manager [None req-8eb5a60e-fbcc-4140-83ff-51e1e02dae8f None None] Notify callbacks ['neutron.plugins.ml2.plugin.SecurityGroupServerNotifierRpcMixin._notify_sg_on_port_change-928673', 'neutron.plugins.ml2.ovo_rpc._ObjectChangeHandler.handle_event-458356', 'neutron.api.rpc.agentnotifiers.dhcp_rpc_agent_api.DhcpAgentNotifyAPI._native_event_send_dhcp_notification-1578189', 'neutron.db.l3_db.L3RpcNotifierMixin._notify_gateway_port_ip_changed-8768290291204', 'neutron.db.l3_dvrscheduler_db._notify_l3_agent_port_update-8768289769939', 'neutron.db.l3_hascheduler_db._notify_l3_agent_ha_port_update-8768289769957'] for port, after_update {{(pid=94774) _notify_loop /usr/local/lib/python3.8/dist-packages/neutron_lib/callbacks/manager.py:192}}
Sep 22 13:09:39.395884 dv-cinder-810000-3-smb neutron-server[94774]: DEBUG neutron.api.rpc.handlers.resources_rpc [None req-8eb5a60e-fbcc-4140-83ff-51e1e02dae8f None None] Pushing event updated for resources: {'Port': ['ID=e9df7da2-fb57-4fe9-b803-f3d79616ad3b,revision_number=4']} {{(pid=94774) push /opt/stack/neutron/neutron/api/rpc/handlers/resources_rpc.py:237}}
Sep 22 13:09:39.396645 dv-cinder-810000-3-smb neutron-server[94773]: DEBUG neutron_lib.callbacks.manager [req-6ea27ee6-9932-4ad2-a756-7dba918709ff req-c9d9c2ea-268d-4191-8b82-126187ec9513 service neutron] Notify callbacks ['neutron.plugins.ml2.plugin.SecurityGroupServerNotifierRpcMixin._notify_sg_on_port_change-928673', 'neutron.plugins.ml2.ovo_rpc._ObjectChangeHandler.handle_event-458356', 'neutron.api.rpc.agentnotifiers.dhcp_rpc_agent_api.DhcpAgentNotifyAPI._native_event_send_dhcp_notification-1578189', 'neutron.db.l3_db.L3RpcNotifierMixin._notify_gateway_port_ip_changed-8768290291204', 'neutron.db.l3_dvrscheduler_db._notify_l3_agent_port_update-8768289769939', 'neutron.db.l3_hascheduler_db._notify_l3_agent_ha_port_update-8768289769957'] for port, after_update {{(pid=94773) _notify_loop /usr/local/lib/python3.8/dist-packages/neutron_lib/callbacks/manager.py:192}}
Sep 22 13:09:39.399302 dv-cinder-810000-3-smb neutron-server[94774]: DEBUG neutron_lib.callbacks.manager [None req-8eb5a60e-fbcc-4140-83ff-51e1e02dae8f None None] Notify callbacks ['neutron.plugins.ml2.plugin.SecurityGroupDbMixin._ensure_default_security_group_handler-928738'] for port, before_update {{(pid=94774) _notify_loop /usr/local/lib/python3.8/dist-packages/neutron_lib/callbacks/manager.py:192}}
Sep 22 13:09:39.406169 dv-cinder-810000-3-smb neutron-server[94772]: DEBUG neutron.pecan_wsgi.hooks.policy_enforcement [req-7c2b769b-edd6-4ad5-a560-d1287a4ea8ce req-ce37a00e-d9b3-4449-95f2-a76a47ecb530 tempest-AttachVolumeNegativeTest-2117769463 tempest-AttachVolumeNegativeTest-2117769463-project] Attributes excluded by policy engine: ['standard_attr_id', 'binding:profile', 'binding:host_id', 'binding:vif_type', 'binding:vif_details'] {{(pid=94772) _exclude_attributes_by_policy /opt/stack/neutron/neutron/pecan_wsgi/hooks/policy_enforcement.py:255}}
Sep 22 13:09:39.416113 dv-cinder-810000-3-smb neutron-server[94772]: INFO neutron.wsgi [req-7c2b769b-edd6-4ad5-a560-d1287a4ea8ce req-ce37a00e-d9b3-4449-95f2-a76a47ecb530 tempest-AttachVolumeNegativeTest-2117769463 tempest-AttachVolumeNegativeTest-2117769463-project] 10.222.0.11 "GET /v2.0/ports?device_id=ffb79ff5-f20f-416f-8076-343c0f0aaab7 HTTP/1.1" status: 200 len: 946 time: 0.2923992
Sep 22 13:09:39.449832 dv-cinder-810000-3-smb neutron-server[94772]: DEBUG neutron.pecan_wsgi.hooks.policy_enforcement [req-b4086bd2-e9d5-4807-a4e2-347ea8533629 req-521c68a1-f15c-4acf-8ee9-7fa14d26e398 tempest-AttachVolumeTestJSON-187170311 tempest-AttachVolumeTestJSON-187170311-project] Attributes excluded by policy engine: ['standard_attr_id', 'vlan_transparent', 'provider:network_type', 'provider:physical_network', 'provider:segmentation_id'] {{(pid=94772) _exclude_attributes_by_policy /opt/stack/neutron/neutron/pecan_wsgi/hooks/policy_enforcement.py:255}}
Sep 22 13:09:39.451363 dv-cinder-810000-3-smb neutron-server[94772]: INFO neutron.wsgi [req-b4086bd2-e9d5-4807-a4e2-347ea8533629 req-521c68a1-f15c-4acf-8ee9-7fa14d26e398 tempest-AttachVolumeTestJSON-187170311 tempest-AttachVolumeTestJSON-187170311-project] 10.222.0.42 "GET /v2.0/networks?id=ddbfaa9f-2952-49ee-9264-ddb3edc6eb59 HTTP/1.1" status: 200 len: 811 time: 0.4450343
Sep 22 13:09:39.491875 dv-cinder-810000-3-smb neutron-server[94773]: DEBUG neutron.pecan_wsgi.hooks.policy_enforcement [req-6ea27ee6-9932-4ad2-a756-7dba918709ff req-c9d9c2ea-268d-4191-8b82-126187ec9513 service neutron] Attributes excluded by policy engine: ['standard_attr_id'] {{(pid=94773) _exclude_attributes_by_policy /opt/stack/neutron/neutron/pecan_wsgi/hooks/policy_enforcement.py:255}}
Sep 22 13:09:39.492611 dv-cinder-810000-3-smb neutron-server[94773]: DEBUG neutron_lib.callbacks.manager [req-6ea27ee6-9932-4ad2-a756-7dba918709ff req-c9d9c2ea-268d-4191-8b82-126187ec9513 service neutron] Notify callbacks ['neutron.notifiers.nova.Notifier._send_nova_notification-100646', 'neutron.api.rpc.agentnotifiers.dhcp_rpc_agent_api.DhcpAgentNotifyAPI._send_dhcp_notification-1577783'] for port, before_response {{(pid=94773) _notify_loop /usr/local/lib/python3.8/dist-packages/neutron_lib/callbacks/manager.py:192}}
Sep 22 13:09:39.494192 dv-cinder-810000-3-smb neutron-server[94773]: INFO neutron.wsgi [req-6ea27ee6-9932-4ad2-a756-7dba918709ff req-c9d9c2ea-268d-4191-8b82-126187ec9513 service neutron] 10.222.0.42 "PUT /v2.0/ports/89ff068f-3fbc-452b-8f13-5566e74afbe2 HTTP/1.1" status: 200 len: 1093 time: 1.1894920
Sep 22 13:09:39.494622 dv-cinder-810000-3-smb neutron-server[94773]: DEBUG neutron.notifiers.nova [-] Sending events: [{'name': 'network-changed', 'server_uuid': '59ed506d-b494-4dc3-91fd-0406d665310d', 'tag': '89ff068f-3fbc-452b-8f13-5566e74afbe2'}] {{(pid=94773) send_events /opt/stack/neutron/neutron/notifiers/nova.py:262}}
Sep 22 13:09:39.497329 dv-cinder-810000-3-smb neutron-server[94773]: DEBUG novaclient.v2.client [-] REQ: curl -g -i --cacert "/opt/stack/data/ca-bundle.pem" -X POST http://10.222.0.11/compute/v2.1/os-server-external-events -H "Accept: application/json" -H "Content-Type: application/json" -H "User-Agent: python-novaclient" -H "X-Auth-Token: {SHA256}0feb0f2fe93fd50e13d10b6e2b89bed6e73731a326a1b64cb038de2099f13371" -H "X-OpenStack-Nova-API-Version: 2.1" -H "X-OpenStack-Request-ID: req-ba6c0721-1612-4b80-9ce5-22bb492b5c76" -d '{"events": [{"name": "network-changed", "server_uuid": "59ed506d-b494-4dc3-91fd-0406d665310d", "tag": "89ff068f-3fbc-452b-8f13-5566e74afbe2"}]}' {{(pid=94773) _http_log_request /usr/local/lib/python3.8/dist-packages/keystoneauth1/session.py:519}}
Sep 22 13:09:39.501871 dv-cinder-810000-3-smb neutron-server[94772]: INFO neutron.wsgi [req-7c2b769b-edd6-4ad5-a560-d1287a4ea8ce req-4efc88a6-cba8-42e3-b4a1-325ad0ebb011 tempest-AttachVolumeNegativeTest-2117769463 tempest-AttachVolumeNegativeTest-2117769463-project] 10.222.0.11 "GET /v2.0/security-groups?id=f12244fd-71cd-466d-a25d-054400675481&fields=id&fields=name HTTP/1.1" status: 200 len: 286 time: 0.0803022
Sep 22 13:09:39.537863 dv-cinder-810000-3-smb neutron-server[94773]: DEBUG neutron.api.rpc.handlers.resources_rpc [None req-c9d9c2ea-268d-4191-8b82-126187ec9513 service neutron] Pushing event updated for resources: {'Port': ['ID=89ff068f-3fbc-452b-8f13-5566e74afbe2,revision_number=3']} {{(pid=94773) push /opt/stack/neutron/neutron/api/rpc/handlers/resources_rpc.py:237}}
Sep 22 13:09:39.562293 dv-cinder-810000-3-smb neutron-server[94772]: INFO neutron.wsgi [req-b4086bd2-e9d5-4807-a4e2-347ea8533629 req-fcf03283-8773-4427-bd8d-8bb98bcb22e0 tempest-AttachVolumeTestJSON-187170311 tempest-AttachVolumeTestJSON-187170311-project] 10.222.0.42 "GET /v2.0/security-groups?fields=id&fields=name&tenant_id=73b810847fdc4d8b8d712265abd51cde HTTP/1.1" status: 200 len: 380 time: 0.0964346
Sep 22 13:09:39.577359 dv-cinder-810000-3-smb neutron-server[94772]: DEBUG neutron.api.v2.base [req-b4086bd2-e9d5-4807-a4e2-347ea8533629 req-3da4ac4b-1497-4736-90a5-4f7e7ff6c47a tempest-AttachVolumeTestJSON-187170311 tempest-AttachVolumeTestJSON-187170311-project] Request body: {'port': {'device_id': '90d6cf24-9e7b-40b8-8d1f-90c4a5a0636e', 'network_id': 'ddbfaa9f-2952-49ee-9264-ddb3edc6eb59', 'admin_state_up': True, 'tenant_id': '73b810847fdc4d8b8d712265abd51cde', 'security_groups': ['24d9f0bf-e99c-4b9a-a0e2-d6c4402b39ac']}} {{(pid=94772) prepare_request_body /opt/stack/neutron/neutron/api/v2/base.py:730}}
Sep 22 13:09:39.604217 dv-cinder-810000-3-smb neutron-server[94773]: DEBUG novaclient.v2.client [-] RESP: [200] Connection: close Content-Length: 179 Content-Type: application/json Date: Wed, 22 Sep 2021 13:09:39 GMT OpenStack-API-Version: compute 2.1 Server: Apache/2.4.41 (Ubuntu) Vary: OpenStack-API-Version,X-OpenStack-Nova-API-Version X-OpenStack-Nova-API-Version: 2.1 x-compute-request-id: req-ffc9d728-b94d-440c-bf0d-b657af350e3a x-openstack-request-id: req-ffc9d728-b94d-440c-bf0d-b657af350e3a {{(pid=94773) _http_log_response /usr/local/lib/python3.8/dist-packages/keystoneauth1/session.py:550}}
Sep 22 13:09:39.604527 dv-cinder-810000-3-smb neutron-server[94773]: DEBUG novaclient.v2.client [-] RESP BODY: {"events": [{"name": "network-changed", "server_uuid": "59ed506d-b494-4dc3-91fd-0406d665310d", "tag": "89ff068f-3fbc-452b-8f13-5566e74afbe2", "status": "completed", "code": 200}]} {{(pid=94773) _http_log_response /usr/local/lib/python3.8/dist-packages/keystoneauth1/session.py:582}}
Sep 22 13:09:39.604768 dv-cinder-810000-3-smb neutron-server[94773]: DEBUG novaclient.v2.client [-] POST call to compute for http://10.222.0.11/compute/v2.1/os-server-external-events used request id req-ffc9d728-b94d-440c-bf0d-b657af350e3a {{(pid=94773) request /usr/local/lib/python3.8/dist-packages/keystoneauth1/session.py:954}}
Sep 22 13:09:39.605234 dv-cinder-810000-3-smb neutron-server[94773]: INFO neutron.notifiers.nova [-] Nova event response: {'name': 'network-changed', 'server_uuid': '59ed506d-b494-4dc3-91fd-0406d665310d', 'tag': '89ff068f-3fbc-452b-8f13-5566e74afbe2', 'status': 'completed', 'code': 200}
Sep 22 13:09:39.699995 dv-cinder-810000-3-smb neutron-server[94774]: DEBUG neutron.notifiers.nova [-] Sending events: [{'server_uuid': '2bbdc0c8-5daf-40ca-b6f0-4da7e0814e8c', 'name': 'network-vif-plugged', 'status': 'completed', 'tag': 'b78a13f4-8081-4e80-86e0-29495cc68d08'}] {{(pid=94774) send_events /opt/stack/neutron/neutron/notifiers/nova.py:262}}
Sep 22 13:09:39.702791 dv-cinder-810000-3-smb neutron-server[94774]: DEBUG novaclient.v2.client [-] REQ: curl -g -i --cacert "/opt/stack/data/ca-bundle.pem" -X POST http://10.222.0.11/compute/v2.1/os-server-external-events -H "Accept: application/json" -H "Content-Type: application/json" -H "User-Agent: python-novaclient" -H "X-Auth-Token: {SHA256}2d129977375c942292f93c52c34e64e09ac529fd801c4c3ce339c1ce631ba606" -H "X-OpenStack-Nova-API-Version: 2.1" -H "X-OpenStack-Request-ID: req-cbbb055c-2e36-4ec0-9749-ef21a645b60c" -d '{"events": [{"server_uuid": "2bbdc0c8-5daf-40ca-b6f0-4da7e0814e8c", "name": "network-vif-plugged", "status": "completed", "tag": "b78a13f4-8081-4e80-86e0-29495cc68d08"}]}' {{(pid=94774) _http_log_request /usr/local/lib/python3.8/dist-packages/keystoneauth1/session.py:519}}
Sep 22 13:09:39.703052 dv-cinder-810000-3-smb neutron-server[94773]: DEBUG neutron.pecan_wsgi.hooks.policy_enforcement [req-ba6c0721-1612-4b80-9ce5-22bb492b5c76 req-02f06421-00f4-4d4c-adfb-a95a8d67850f service neutron] Attributes excluded by policy engine: ['standard_attr_id'] {{(pid=94773) _exclude_attributes_by_policy /opt/stack/neutron/neutron/pecan_wsgi/hooks/policy_enforcement.py:255}}
Sep 22 13:09:39.705439 dv-cinder-810000-3-smb neutron-server[94773]: INFO neutron.wsgi [req-ba6c0721-1612-4b80-9ce5-22bb492b5c76 req-02f06421-00f4-4d4c-adfb-a95a8d67850f service neutron] 10.222.0.42 "GET /v2.0/ports?tenant_id=092138d18ccd4221b35e2cb68ceeccfb&device_id=59ed506d-b494-4dc3-91fd-0406d665310d HTTP/1.1" status: 200 len: 1096 time: 0.0750556
Sep 22 13:09:39.712764 dv-cinder-810000-3-smb neutron-server[94774]: DEBUG neutron.plugins.ml2.db [None req-8eb5a60e-fbcc-4140-83ff-51e1e02dae8f None None] For port b78a13f4-8081-4e80-86e0-29495cc68d08, host hv-cinder-81000, got binding levels [PortBindingLevel(driver='hyperv',host='hv-cinder-81000',level=0,port_id=b78a13f4-8081-4e80-86e0-29495cc68d08,segment=NetworkSegment(8e221795-542e-4110-bcc9-96fbde604eb1),segment_id=8e221795-542e-4110-bcc9-96fbde604eb1)] {{(pid=94774) get_binding_level_objs /opt/stack/neutron/neutron/plugins/ml2/db.py:74}}
Sep 22 13:09:39.799107 dv-cinder-810000-3-smb neutron-server[94774]: DEBUG novaclient.v2.client [-] RESP: [200] Connection: close Content-Length: 183 Content-Type: application/json Date: Wed, 22 Sep 2021 13:09:39 GMT OpenStack-API-Version: compute 2.1 Server: Apache/2.4.41 (Ubuntu) Vary: OpenStack-API-Version,X-OpenStack-Nova-API-Version X-OpenStack-Nova-API-Version: 2.1 x-compute-request-id: req-c66c35da-ba66-4cb2-8685-2f183a3a172d x-openstack-request-id: req-c66c35da-ba66-4cb2-8685-2f183a3a172d {{(pid=94774) _http_log_response /usr/local/lib/python3.8/dist-packages/keystoneauth1/session.py:550}}
Sep 22 13:09:39.799107 dv-cinder-810000-3-smb neutron-server[94774]: DEBUG novaclient.v2.client [-] RESP BODY: {"events": [{"server_uuid": "2bbdc0c8-5daf-40ca-b6f0-4da7e0814e8c", "name": "network-vif-plugged", "status": "completed", "tag": "b78a13f4-8081-4e80-86e0-29495cc68d08", "code": 200}]} {{(pid=94774) _http_log_response /usr/local/lib/python3.8/dist-packages/keystoneauth1/session.py:582}}
Sep 22 13:09:39.799107 dv-cinder-810000-3-smb neutron-server[94774]: DEBUG novaclient.v2.client [-] POST call to compute for http://10.222.0.11/compute/v2.1/os-server-external-events used request id req-c66c35da-ba66-4cb2-8685-2f183a3a172d {{(pid=94774) request /usr/local/lib/python3.8/dist-packages/keystoneauth1/session.py:954}}
Sep 22 13:09:39.799107 dv-cinder-810000-3-smb neutron-server[94774]: INFO neutron.notifiers.nova [-] Nova event response: {'server_uuid': '2bbdc0c8-5daf-40ca-b6f0-4da7e0814e8c', 'name': 'network-vif-plugged', 'status': 'completed', 'tag': 'b78a13f4-8081-4e80-86e0-29495cc68d08', 'code': 200}
Sep 22 13:09:39.807314 dv-cinder-810000-3-smb neutron-server[94774]: DEBUG neutron.plugins.ml2.db [None req-8eb5a60e-fbcc-4140-83ff-51e1e02dae8f None None] get_ports_and_sgs() called for port_ids ['e9df7da2-fb57-4fe9-b803-f3d79616ad3b'] {{(pid=94774) get_ports_and_sgs /opt/stack/neutron/neutron/plugins/ml2/db.py:156}}
Sep 22 13:09:39.844527 dv-cinder-810000-3-smb neutron-server[94774]: DEBUG neutron_lib.callbacks.manager [None req-8eb5a60e-fbcc-4140-83ff-51e1e02dae8f None None] Notify callbacks ['neutron.plugins.ml2.plugin.SecurityGroupServerNotifierRpcMixin._notify_sg_on_port_change-928673', 'neutron.plugins.ml2.ovo_rpc._ObjectChangeHandler.handle_event-458356', 'neutron.api.rpc.agentnotifiers.dhcp_rpc_agent_api.DhcpAgentNotifyAPI._native_event_send_dhcp_notification-1578189', 'neutron.db.l3_db.L3RpcNotifierMixin._notify_gateway_port_ip_changed-8768290291204', 'neutron.db.l3_dvrscheduler_db._notify_l3_agent_port_update-8768289769939', 'neutron.db.l3_hascheduler_db._notify_l3_agent_ha_port_update-8768289769957'] for port, after_update {{(pid=94774) _notify_loop /usr/local/lib/python3.8/dist-packages/neutron_lib/callbacks/manager.py:192}}
Sep 22 13:09:39.939454 dv-cinder-810000-3-smb neutron-server[94772]: DEBUG neutron.pecan_wsgi.hooks.quota_enforcement [req-b4086bd2-e9d5-4807-a4e2-347ea8533629 req-3da4ac4b-1497-4736-90a5-4f7e7ff6c47a tempest-AttachVolumeTestJSON-187170311 tempest-AttachVolumeTestJSON-187170311-project] Made reservation on behalf of 73b810847fdc4d8b8d712265abd51cde for: {'port': 1} {{(pid=94772) before /opt/stack/neutron/neutron/pecan_wsgi/hooks/quota_enforcement.py:53}}
Sep 22 13:09:39.943565 dv-cinder-810000-3-smb neutron-server[94772]: DEBUG neutron_lib.callbacks.manager [req-b4086bd2-e9d5-4807-a4e2-347ea8533629 req-3da4ac4b-1497-4736-90a5-4f7e7ff6c47a tempest-AttachVolumeTestJSON-187170311 tempest-AttachVolumeTestJSON-187170311-project] Notify callbacks ['neutron.plugins.ml2.plugin.SecurityGroupDbMixin._ensure_default_security_group_handler-928738'] for port, before_create {{(pid=94772) _notify_loop /usr/local/lib/python3.8/dist-packages/neutron_lib/callbacks/manager.py:192}}
Sep 22 13:09:39.985485 dv-cinder-810000-3-smb neutron-server[94774]: DEBUG neutron.api.rpc.handlers.resources_rpc [None req-8eb5a60e-fbcc-4140-83ff-51e1e02dae8f None None] Pushing event updated for resources: {'Port': ['ID=b78a13f4-8081-4e80-86e0-29495cc68d08,revision_number=5']} {{(pid=94774) push /opt/stack/neutron/neutron/api/rpc/handlers/resources_rpc.py:237}}
Sep 22 13:09:39.988395 dv-cinder-810000-3-smb neutron-server[94773]: DEBUG neutron.pecan_wsgi.hooks.policy_enforcement [req-ba6c0721-1612-4b80-9ce5-22bb492b5c76 req-082e30b4-ccf3-469a-ab6c-cbe28d7d5aef service neutron] Attributes excluded by policy engine: ['standard_attr_id', 'vlan_transparent'] {{(pid=94773) _exclude_attributes_by_policy /opt/stack/neutron/neutron/pecan_wsgi/hooks/policy_enforcement.py:255}}
Sep 22 13:09:39.991031 dv-cinder-810000-3-smb neutron-server[94773]: INFO neutron.wsgi [req-ba6c0721-1612-4b80-9ce5-22bb492b5c76 req-082e30b4-ccf3-469a-ab6c-cbe28d7d5aef service neutron] 10.222.0.42 "GET /v2.0/networks?tenant_id=092138d18ccd4221b35e2cb68ceeccfb&shared=False HTTP/1.1" status: 200 len: 918 time: 0.2766049
Sep 22 13:09:40.251026 dv-cinder-810000-3-smb neutron-server[94772]: DEBUG neutron.pecan_wsgi.hooks.policy_enforcement [req-56be1c83-65ca-444f-99d4-9a6f839bd0ee req-4ef4ef55-545b-49c8-9926-8b0ed355f7a4 tempest-AttachVolumeShelveTestJSON-1615669374 tempest-AttachVolumeShelveTestJSON-1615669374-project] Attributes excluded by policy engine: ['standard_attr_id', 'binding:profile', 'binding:host_id', 'binding:vif_type', 'binding:vif_details'] {{(pid=94772) _exclude_attributes_by_policy /opt/stack/neutron/neutron/pecan_wsgi/hooks/policy_enforcement.py:255}}
Sep 22 13:09:40.252578 dv-cinder-810000-3-smb neutron-server[94772]: INFO neutron.wsgi [req-56be1c83-65ca-444f-99d4-9a6f839bd0ee req-4ef4ef55-545b-49c8-9926-8b0ed355f7a4 tempest-AttachVolumeShelveTestJSON-1615669374 tempest-AttachVolumeShelveTestJSON-1615669374-project] 10.222.0.11 "GET /v2.0/ports?device_id=59ed506d-b494-4dc3-91fd-0406d665310d HTTP/1.1" status: 200 len: 943 time: 0.2380562
Sep 22 13:09:40.305539 dv-cinder-810000-3-smb neutron-server[94772]: DEBUG neutron.pecan_wsgi.hooks.policy_enforcement [req-f17a3ed8-33a8-4f1b-9175-6bea5c3e595a req-1dc9a8eb-a87e-4e53-b2ca-6168b7068fe0 tempest-ServerRescueNegativeTestJSON-339976553 tempest-ServerRescueNegativeTestJSON-339976553-project] Attributes excluded by policy engine: ['standard_attr_id', 'binding:profile', 'binding:host_id', 'binding:vif_type', 'binding:vif_details'] {{(pid=94772) _exclude_attributes_by_policy /opt/stack/neutron/neutron/pecan_wsgi/hooks/policy_enforcement.py:255}}
Sep 22 13:09:40.307226 dv-cinder-810000-3-smb neutron-server[94772]: INFO neutron.wsgi [req-f17a3ed8-33a8-4f1b-9175-6bea5c3e595a req-1dc9a8eb-a87e-4e53-b2ca-6168b7068fe0 tempest-ServerRescueNegativeTestJSON-339976553 tempest-ServerRescueNegativeTestJSON-339976553-project] 10.222.0.11 "GET /v2.0/ports?device_id=fdfb4d8e-5b87-4901-af7a-657a288b4f62 HTTP/1.1" status: 200 len: 944 time: 0.2466266
Sep 22 13:09:40.319549 dv-cinder-810000-3-smb neutron-server[94772]: DEBUG neutron.db.db_base_plugin_common [req-b4086bd2-e9d5-4807-a4e2-347ea8533629 req-3da4ac4b-1497-4736-90a5-4f7e7ff6c47a tempest-AttachVolumeTestJSON-187170311 tempest-AttachVolumeTestJSON-187170311-project] Allocated IP 172.20.0.9 (ddbfaa9f-2952-49ee-9264-ddb3edc6eb59/a935b5e4-b51f-44b6-9798-81eef332f74f/ffe910e4-7427-42ed-917f-9a675c7c26a4) {{(pid=94772) _store_ip_allocation /opt/stack/neutron/neutron/db/db_base_plugin_common.py:131}}
Sep 22 13:09:40.380162 dv-cinder-810000-3-smb neutron-server[94772]: INFO neutron.wsgi [req-56be1c83-65ca-444f-99d4-9a6f839bd0ee req-3df0b0c2-4c24-432b-abd3-098f384d40bd tempest-AttachVolumeShelveTestJSON-1615669374 tempest-AttachVolumeShelveTestJSON-1615669374-project] 10.222.0.11 "GET /v2.0/security-groups?id=3799e601-2500-43f6-94f8-9c2a115181b1&fields=id&fields=name HTTP/1.1" status: 200 len: 312 time: 0.1098318
Sep 22 13:09:40.429291 dv-cinder-810000-3-smb neutron-server[94772]: INFO neutron.wsgi [req-f17a3ed8-33a8-4f1b-9175-6bea5c3e595a req-5175a40f-d1a5-42ae-a8e0-d9235d6ad3da tempest-ServerRescueNegativeTestJSON-339976553 tempest-ServerRescueNegativeTestJSON-339976553-project] 10.222.0.11 "GET /v2.0/security-groups?id=1574416e-13c2-49c0-a694-d0078c4ead68&fields=id&fields=name HTTP/1.1" status: 200 len: 286 time: 0.1006892
Sep 22 13:09:40.536846 dv-cinder-810000-3-smb neutron-server[94773]: DEBUG neutron.pecan_wsgi.hooks.policy_enforcement [req-ba6c0721-1612-4b80-9ce5-22bb492b5c76 req-f194dccf-0d0e-4a0d-8394-fd97406a1cdf service neutron] Attributes excluded by policy engine: ['standard_attr_id', 'vlan_transparent'] {{(pid=94773) _exclude_attributes_by_policy /opt/stack/neutron/neutron/pecan_wsgi/hooks/policy_enforcement.py:255}}
Sep 22 13:09:40.538425 dv-cinder-810000-3-smb neutron-server[94773]: INFO neutron.wsgi [req-ba6c0721-1612-4b80-9ce5-22bb492b5c76 req-f194dccf-0d0e-4a0d-8394-fd97406a1cdf service neutron] 10.222.0.42 "GET /v2.0/networks?shared=True HTTP/1.1" status: 200 len: 870 time: 0.5398645
Sep 22 13:09:40.550967 dv-cinder-810000-3-smb neutron-server[94773]: DEBUG neutron.pecan_wsgi.hooks.policy_enforcement [req-3f0cd76d-3e58-46ba-8ecf-3843e8179491 req-4c32fb29-909e-4d20-805d-ff80c9e90bb0 service neutron] Attributes excluded by policy engine: ['standard_attr_id'] {{(pid=94773) _exclude_attributes_by_policy /opt/stack/neutron/neutron/pecan_wsgi/hooks/policy_enforcement.py:255}}
Sep 22 13:09:40.552595 dv-cinder-810000-3-smb neutron-server[94773]: INFO neutron.wsgi [req-3f0cd76d-3e58-46ba-8ecf-3843e8179491 req-4c32fb29-909e-4d20-805d-ff80c9e90bb0 service neutron] 10.222.0.42 "GET /v2.0/ports?device_id=2bbdc0c8-5daf-40ca-b6f0-4da7e0814e8c HTTP/1.1" status: 200 len: 1099 time: 0.0582063
Sep 22 13:09:40.648797 dv-cinder-810000-3-smb neutron-server[94773]: INFO neutron.wsgi [req-3f0cd76d-3e58-46ba-8ecf-3843e8179491 req-46644ad8-d5af-44a5-9b90-985a3f879993 service neutron] 10.222.0.42 "GET /v2.0/security-groups?id=1574416e-13c2-49c0-a694-d0078c4ead68&fields=id&fields=name HTTP/1.1" status: 200 len: 286 time: 0.0826998
Sep 22 13:09:40.655062 dv-cinder-810000-3-smb neutron-server[94773]: DEBUG neutron.pecan_wsgi.hooks.policy_enforcement [req-6ea27ee6-9932-4ad2-a756-7dba918709ff req-d9a4c1b9-9576-4c14-afda-7a76544cbbf1 service neutron] Attributes excluded by policy engine: ['standard_attr_id'] {{(pid=94773) _exclude_attributes_by_policy /opt/stack/neutron/neutron/pecan_wsgi/hooks/policy_enforcement.py:255}}
Sep 22 13:09:40.656603 dv-cinder-810000-3-smb neutron-server[94773]: INFO neutron.wsgi [req-6ea27ee6-9932-4ad2-a756-7dba918709ff req-d9a4c1b9-9576-4c14-afda-7a76544cbbf1 service neutron] 10.222.0.42 "GET /v2.0/ports?tenant_id=092138d18ccd4221b35e2cb68ceeccfb&device_id=59ed506d-b494-4dc3-91fd-0406d665310d HTTP/1.1" status: 200 len: 1096 time: 0.0667415
Sep 22 13:09:40.690074 dv-cinder-810000-3-smb neutron-server[94772]: INFO neutron.wsgi [req-7daee188-b324-4813-9fb4-5ef60123dc16 req-8e0e2857-744c-42ec-9deb-d959859c7c7d tempest-AttachVolumeTestJSON-187170311 tempest-AttachVolumeTestJSON-187170311-project] 10.222.0.11 "GET /v2.0/ports?device_id=90d6cf24-9e7b-40b8-8d1f-90c4a5a0636e HTTP/1.1" status: 200 len: 210 time: 0.2254684
Sep 22 13:09:40.795382 dv-cinder-810000-3-smb neutron-server[94772]: DEBUG neutron_lib.callbacks.manager [req-b4086bd2-e9d5-4807-a4e2-347ea8533629 req-3da4ac4b-1497-4736-90a5-4f7e7ff6c47a tempest-AttachVolumeTestJSON-187170311 tempest-AttachVolumeTestJSON-187170311-project] Notify callbacks [] for port, precommit_create {{(pid=94772) _notify_loop /usr/local/lib/python3.8/dist-packages/neutron_lib/callbacks/manager.py:192}}
Sep 22 13:09:40.804474 dv-cinder-810000-3-smb neutron-server[94774]: DEBUG neutron.plugins.ml2.rpc [None req-8eb5a60e-fbcc-4140-83ff-51e1e02dae8f None None] Device e9df7da2-fb57-4fe9-b803-f3d79616ad3b up at agent hyperv_hv-cinder-81000 {{(pid=94774) update_device_up /opt/stack/neutron/neutron/plugins/ml2/rpc.py:296}}
Sep 22 13:09:40.903686 dv-cinder-810000-3-smb neutron-server[94773]: INFO neutron.wsgi [req-6ea27ee6-9932-4ad2-a756-7dba918709ff req-1f41532d-fce9-4eec-8d77-3a52f0187cb7 service neutron] 10.222.0.42 "GET /v2.0/floatingips?fixed_ip_address=172.20.0.8&port_id=89ff068f-3fbc-452b-8f13-5566e74afbe2 HTTP/1.1" status: 200 len: 217 time: 0.0447359
Sep 22 13:09:40.905453 dv-cinder-810000-3-smb neutron-server[94772]: DEBUG neutron_lib.callbacks.manager [req-b4086bd2-e9d5-4807-a4e2-347ea8533629 req-3da4ac4b-1497-4736-90a5-4f7e7ff6c47a tempest-AttachVolumeTestJSON-187170311 tempest-AttachVolumeTestJSON-187170311-project] Notify callbacks ['neutron.plugins.ml2.plugin.SecurityGroupServerNotifierRpcMixin._notify_sg_on_port_change-928673', 'neutron.plugins.ml2.ovo_rpc._ObjectChangeHandler.handle_event-458356', 'neutron.api.rpc.agentnotifiers.dhcp_rpc_agent_api.DhcpAgentNotifyAPI._native_event_send_dhcp_notification-1578189', 'neutron.db.l3_dvrscheduler_db._notify_l3_agent_new_port-8768289769921', 'neutron.services.segments.plugin.NovaSegmentNotifier._notify_port_created_or_deleted-5130127'] for port, after_create {{(pid=94772) _notify_loop /usr/local/lib/python3.8/dist-packages/neutron_lib/callbacks/manager.py:192}}
Sep 22 13:09:40.935551 dv-cinder-810000-3-smb neutron-server[94774]: DEBUG neutron.db.provisioning_blocks [None req-8eb5a60e-fbcc-4140-83ff-51e1e02dae8f None None] Provisioning for port e9df7da2-fb57-4fe9-b803-f3d79616ad3b completed by entity L2. {{(pid=94774) provisioning_complete /opt/stack/neutron/neutron/db/provisioning_blocks.py:133}}
Sep 22 13:09:40.947620 dv-cinder-810000-3-smb neutron-server[94774]: DEBUG neutron.db.provisioning_blocks [None req-8eb5a60e-fbcc-4140-83ff-51e1e02dae8f None None] Provisioning complete for port e9df7da2-fb57-4fe9-b803-f3d79616ad3b triggered by entity L2. {{(pid=94774) provisioning_complete /opt/stack/neutron/neutron/db/provisioning_blocks.py:139}}
Sep 22 13:09:40.948146 dv-cinder-810000-3-smb neutron-server[94774]: DEBUG neutron_lib.callbacks.manager [None req-8eb5a60e-fbcc-4140-83ff-51e1e02dae8f None None] Notify callbacks ['neutron.plugins.ml2.plugin.Ml2Plugin._port_provisioned-953150'] for port, provisioning_complete {{(pid=94774) _notify_loop /usr/local/lib/python3.8/dist-packages/neutron_lib/callbacks/manager.py:192}}
Sep 22 13:09:40.977840 dv-cinder-810000-3-smb neutron-server[94773]: DEBUG neutron.pecan_wsgi.hooks.policy_enforcement [req-6ea27ee6-9932-4ad2-a756-7dba918709ff req-defffcb5-a507-4982-af20-2819e2557b68 service neutron] Attributes excluded by policy engine: ['standard_attr_id', 'shared'] {{(pid=94773) _exclude_attributes_by_policy /opt/stack/neutron/neutron/pecan_wsgi/hooks/policy_enforcement.py:255}}
Sep 22 13:09:40.981551 dv-cinder-810000-3-smb neutron-server[94773]: INFO neutron.wsgi [req-6ea27ee6-9932-4ad2-a756-7dba918709ff req-defffcb5-a507-4982-af20-2819e2557b68 service neutron] 10.222.0.42 "GET /v2.0/subnets?id=58fb0bf4-9a08-4971-a191-c3ee8129484d HTTP/1.1" status: 200 len: 856 time: 0.0696447
Sep 22 13:09:40.990967 dv-cinder-810000-3-smb neutron-server[94772]: DEBUG neutron.scheduler.dhcp_agent_scheduler [req-b4086bd2-e9d5-4807-a4e2-347ea8533629 req-3da4ac4b-1497-4736-90a5-4f7e7ff6c47a tempest-AttachVolumeTestJSON-187170311 tempest-AttachVolumeTestJSON-187170311-project] Network ddbfaa9f-2952-49ee-9264-ddb3edc6eb59 is already hosted by enough agents. {{(pid=94772) _get_dhcp_agents_hosting_network /opt/stack/neutron/neutron/scheduler/dhcp_agent_scheduler.py:275}}
Sep 22 13:09:40.996133 dv-cinder-810000-3-smb neutron-server[94772]: DEBUG neutron.scheduler.base_scheduler [req-b4086bd2-e9d5-4807-a4e2-347ea8533629 req-3da4ac4b-1497-4736-90a5-4f7e7ff6c47a tempest-AttachVolumeTestJSON-187170311 tempest-AttachVolumeTestJSON-187170311-project] Resources bound (agent type, host, resource id): {{(pid=94772) schedule /opt/stack/neutron/neutron/scheduler/base_scheduler.py:57}}
Sep 22 13:09:41.002558 dv-cinder-810000-3-smb neutron-server[94772]: DEBUG neutron.db.l3_dvrscheduler_db [req-b4086bd2-e9d5-4807-a4e2-347ea8533629 req-3da4ac4b-1497-4736-90a5-4f7e7ff6c47a tempest-AttachVolumeTestJSON-187170311 tempest-AttachVolumeTestJSON-187170311-project] Received port after_create {{(pid=94772) _notify_l3_agent_new_port /opt/stack/neutron/neutron/db/l3_dvrscheduler_db.py:535}}
Sep 22 13:09:41.042046 dv-cinder-810000-3-smb neutron-server[94772]: DEBUG neutron.api.rpc.handlers.resources_rpc [None req-3da4ac4b-1497-4736-90a5-4f7e7ff6c47a tempest-AttachVolumeTestJSON-187170311 tempest-AttachVolumeTestJSON-187170311-project] Pushing event updated for resources: {'Port': ['ID=ffe910e4-7427-42ed-917f-9a675c7c26a4,revision_number=1']} {{(pid=94772) push /opt/stack/neutron/neutron/api/rpc/handlers/resources_rpc.py:237}}
Sep 22 13:09:41.092338 dv-cinder-810000-3-smb neutron-server[94774]: DEBUG neutron_lib.callbacks.manager [None req-8eb5a60e-fbcc-4140-83ff-51e1e02dae8f None None] Notify callbacks ['neutron.plugins.ml2.plugin.SecurityGroupDbMixin._ensure_default_security_group_handler-928738'] for port, before_update {{(pid=94774) _notify_loop /usr/local/lib/python3.8/dist-packages/neutron_lib/callbacks/manager.py:192}}
Sep 22 13:09:41.099441 dv-cinder-810000-3-smb neutron-server[94773]: DEBUG neutron.pecan_wsgi.hooks.policy_enforcement [req-6ea27ee6-9932-4ad2-a756-7dba918709ff req-1915bd56-b942-43ad-bd89-78da95194ce1 service neutron] Attributes excluded by policy engine: ['standard_attr_id'] {{(pid=94773) _exclude_attributes_by_policy /opt/stack/neutron/neutron/pecan_wsgi/hooks/policy_enforcement.py:255}}
Sep 22 13:09:41.099441 dv-cinder-810000-3-smb neutron-server[94773]: INFO neutron.wsgi [req-6ea27ee6-9932-4ad2-a756-7dba918709ff req-1915bd56-b942-43ad-bd89-78da95194ce1 service neutron] 10.222.0.42 "GET /v2.0/ports?network_id=88368552-1f59-403f-83ee-7acdf9bc2c2f&device_owner=network%3Adhcp HTTP/1.1" status: 200 len: 1173 time: 0.1104264
Sep 22 13:09:41.100345 dv-cinder-810000-3-smb neutron-server[94772]: DEBUG neutron.pecan_wsgi.hooks.policy_enforcement [req-b4086bd2-e9d5-4807-a4e2-347ea8533629 req-3da4ac4b-1497-4736-90a5-4f7e7ff6c47a tempest-AttachVolumeTestJSON-187170311 tempest-AttachVolumeTestJSON-187170311-project] Attributes excluded by policy engine: ['standard_attr_id', 'binding:profile', 'binding:host_id', 'binding:vif_type', 'binding:vif_details', 'network'] {{(pid=94772) _exclude_attributes_by_policy /opt/stack/neutron/neutron/pecan_wsgi/hooks/policy_enforcement.py:255}}
Sep 22 13:09:41.101173 dv-cinder-810000-3-smb neutron-server[94772]: DEBUG neutron_lib.callbacks.manager [req-b4086bd2-e9d5-4807-a4e2-347ea8533629 req-3da4ac4b-1497-4736-90a5-4f7e7ff6c47a tempest-AttachVolumeTestJSON-187170311 tempest-AttachVolumeTestJSON-187170311-project] Notify callbacks ['neutron.notifiers.nova.Notifier._send_nova_notification-100646', 'neutron.api.rpc.agentnotifiers.dhcp_rpc_agent_api.DhcpAgentNotifyAPI._send_dhcp_notification-1577783'] for port, before_response {{(pid=94772) _notify_loop /usr/local/lib/python3.8/dist-packages/neutron_lib/callbacks/manager.py:192}}
Sep 22 13:09:41.327341 dv-cinder-810000-3-smb neutron-server[94774]: DEBUG neutron.plugins.ml2.db [None req-8eb5a60e-fbcc-4140-83ff-51e1e02dae8f None None] For port e9df7da2-fb57-4fe9-b803-f3d79616ad3b, host hv-cinder-81000, got binding levels [PortBindingLevel(driver='hyperv',host='hv-cinder-81000',level=0,port_id=e9df7da2-fb57-4fe9-b803-f3d79616ad3b,segment=NetworkSegment(8e221795-542e-4110-bcc9-96fbde604eb1),segment_id=8e221795-542e-4110-bcc9-96fbde604eb1)] {{(pid=94774) get_binding_level_objs /opt/stack/neutron/neutron/plugins/ml2/db.py:74}}
Sep 22 13:09:41.329844 dv-cinder-810000-3-smb neutron-server[94773]: INFO neutron.wsgi [req-6ea27ee6-9932-4ad2-a756-7dba918709ff req-4a6d2c91-8499-4365-b6f5-dddc1200aecd service neutron] 10.222.0.42 "GET /v2.0/networks/88368552-1f59-403f-83ee-7acdf9bc2c2f?fields=segments HTTP/1.1" status: 200 len: 212 time: 0.1019180
Sep 22 13:09:41.329844 dv-cinder-810000-3-smb neutron-server[94773]: INFO neutron.wsgi [req-6ea27ee6-9932-4ad2-a756-7dba918709ff req-f0f0ae60-0b29-45a6-9591-caf1c7f1e028 service neutron] 10.222.0.42 "GET /v2.0/networks/88368552-1f59-403f-83ee-7acdf9bc2c2f?fields=provider%3Aphysical_network&fields=provider%3Anetwork_type HTTP/1.1" status: 200 len: 281 time: 0.1014049
Sep 22 13:09:41.424569 dv-cinder-810000-3-smb neutron-server[94774]: DEBUG neutron_lib.callbacks.manager [None req-8eb5a60e-fbcc-4140-83ff-51e1e02dae8f None None] Notify callbacks ['neutron.plugins.ml2.plugin.SecurityGroupServerNotifierRpcMixin._notify_sg_on_port_change-928673', 'neutron.plugins.ml2.ovo_rpc._ObjectChangeHandler.handle_event-458356', 'neutron.api.rpc.agentnotifiers.dhcp_rpc_agent_api.DhcpAgentNotifyAPI._native_event_send_dhcp_notification-1578189', 'neutron.db.l3_db.L3RpcNotifierMixin._notify_gateway_port_ip_changed-8768290291204', 'neutron.db.l3_dvrscheduler_db._notify_l3_agent_port_update-8768289769939', 'neutron.db.l3_hascheduler_db._notify_l3_agent_ha_port_update-8768289769957'] for port, after_update {{(pid=94774) _notify_loop /usr/local/lib/python3.8/dist-packages/neutron_lib/callbacks/manager.py:192}}
Sep 22 13:09:41.426076 dv-cinder-810000-3-smb neutron-server[94772]: INFO neutron.wsgi [req-b4086bd2-e9d5-4807-a4e2-347ea8533629 req-3da4ac4b-1497-4736-90a5-4f7e7ff6c47a tempest-AttachVolumeTestJSON-187170311 tempest-AttachVolumeTestJSON-187170311-project] 10.222.0.42 "POST /v2.0/ports HTTP/1.1" status: 201 len: 933 time: 1.8559701
Sep 22 13:09:41.439449 dv-cinder-810000-3-smb neutron-server[94772]: DEBUG neutron.api.v2.base [req-b4086bd2-e9d5-4807-a4e2-347ea8533629 req-372f8b23-a2b7-41f8-b664-4ee89741c845 service neutron] Request body: {'port': {'device_id': '90d6cf24-9e7b-40b8-8d1f-90c4a5a0636e', 'device_owner': 'compute:nova', 'binding:host_id': 'hv-cinder-81000'}} {{(pid=94772) prepare_request_body /opt/stack/neutron/neutron/api/v2/base.py:730}}
Sep 22 13:09:41.487514 dv-cinder-810000-3-smb neutron-server[94774]: DEBUG neutron.db.provisioning_blocks [None req-1371b6c9-29b3-4213-958c-93484a7abb1c None None] Provisioning complete for port ffe910e4-7427-42ed-917f-9a675c7c26a4 triggered by entity DHCP. {{(pid=94774) provisioning_complete /opt/stack/neutron/neutron/db/provisioning_blocks.py:139}}
Sep 22 13:09:41.489348 dv-cinder-810000-3-smb neutron-server[94774]: DEBUG neutron_lib.callbacks.manager [None req-1371b6c9-29b3-4213-958c-93484a7abb1c None None] Notify callbacks ['neutron.plugins.ml2.plugin.Ml2Plugin._port_provisioned-953150'] for port, provisioning_complete {{(pid=94774) _notify_loop /usr/local/lib/python3.8/dist-packages/neutron_lib/callbacks/manager.py:192}}
Sep 22 13:09:41.507833 dv-cinder-810000-3-smb neutron-server[94774]: DEBUG neutron.api.rpc.handlers.resources_rpc [None req-8eb5a60e-fbcc-4140-83ff-51e1e02dae8f None None] Pushing event updated for resources: {'Port': ['ID=e9df7da2-fb57-4fe9-b803-f3d79616ad3b,revision_number=5']} {{(pid=94774) push /opt/stack/neutron/neutron/api/rpc/handlers/resources_rpc.py:237}}
Sep 22 13:09:41.523256 dv-cinder-810000-3-smb neutron-server[94772]: DEBUG neutron_lib.callbacks.manager [req-b4086bd2-e9d5-4807-a4e2-347ea8533629 req-372f8b23-a2b7-41f8-b664-4ee89741c845 service neutron] Notify callbacks ['neutron.plugins.ml2.plugin.SecurityGroupDbMixin._ensure_default_security_group_handler-928738'] for port, before_update {{(pid=94772) _notify_loop /usr/local/lib/python3.8/dist-packages/neutron_lib/callbacks/manager.py:192}}
Sep 22 13:09:41.529259 dv-cinder-810000-3-smb neutron-server[94774]: DEBUG neutron.plugins.ml2.plugin [None req-1371b6c9-29b3-4213-958c-93484a7abb1c None None] Port ffe910e4-7427-42ed-917f-9a675c7c26a4 cannot update to ACTIVE because it is not bound. {{(pid=94774) _port_provisioned /opt/stack/neutron/neutron/plugins/ml2/plugin.py:338}}
Sep 22 13:09:41.569280 dv-cinder-810000-3-smb neutron-server[94772]: DEBUG neutron.pecan_wsgi.hooks.policy_enforcement [req-b7220703-4d34-454d-9f41-bed1d500bd07 req-7a14a02f-ec06-49ef-8f1e-bee4823fb4d7 tempest-AttachVolumeShelveTestJSON-1615669374 tempest-AttachVolumeShelveTestJSON-1615669374-project] Attributes excluded by policy engine: ['standard_attr_id', 'binding:profile', 'binding:host_id', 'binding:vif_type', 'binding:vif_details'] {{(pid=94772) _exclude_attributes_by_policy /opt/stack/neutron/neutron/pecan_wsgi/hooks/policy_enforcement.py:255}}
Sep 22 13:09:41.570762 dv-cinder-810000-3-smb neutron-server[94772]: INFO neutron.wsgi [req-b7220703-4d34-454d-9f41-bed1d500bd07 req-7a14a02f-ec06-49ef-8f1e-bee4823fb4d7 tempest-AttachVolumeShelveTestJSON-1615669374 tempest-AttachVolumeShelveTestJSON-1615669374-project] 10.222.0.11 "GET /v2.0/ports?device_id=59ed506d-b494-4dc3-91fd-0406d665310d HTTP/1.1" status: 200 len: 943 time: 0.0915849
Sep 22 13:09:41.718129 dv-cinder-810000-3-smb neutron-server[94772]: INFO neutron.wsgi [req-b7220703-4d34-454d-9f41-bed1d500bd07 req-4191516a-0d94-4ee1-b5f5-e5fb87088a15 tempest-AttachVolumeShelveTestJSON-1615669374 tempest-AttachVolumeShelveTestJSON-1615669374-project] 10.222.0.11 "GET /v2.0/security-groups?id=3799e601-2500-43f6-94f8-9c2a115181b1&fields=id&fields=name HTTP/1.1" status: 200 len: 312 time: 0.1412363
Sep 22 13:09:41.796106 dv-cinder-810000-3-smb neutron-server[94774]: DEBUG neutron.notifiers.nova [-] Sending events: [{'server_uuid': 'fdfb4d8e-5b87-4901-af7a-657a288b4f62', 'name': 'network-vif-plugged', 'status': 'completed', 'tag': 'e9df7da2-fb57-4fe9-b803-f3d79616ad3b'}] {{(pid=94774) send_events /opt/stack/neutron/neutron/notifiers/nova.py:262}}
Sep 22 13:09:41.798472 dv-cinder-810000-3-smb neutron-server[94774]: DEBUG novaclient.v2.client [-] REQ: curl -g -i --cacert "/opt/stack/data/ca-bundle.pem" -X POST http://10.222.0.11/compute/v2.1/os-server-external-events -H "Accept: application/json" -H "Content-Type: application/json" -H "User-Agent: python-novaclient" -H "X-Auth-Token: {SHA256}2d129977375c942292f93c52c34e64e09ac529fd801c4c3ce339c1ce631ba606" -H "X-OpenStack-Nova-API-Version: 2.1" -H "X-OpenStack-Request-ID: req-52f68d1f-734c-4073-9a2a-5d2f95ee183d" -d '{"events": [{"server_uuid": "fdfb4d8e-5b87-4901-af7a-657a288b4f62", "name": "network-vif-plugged", "status": "completed", "tag": "e9df7da2-fb57-4fe9-b803-f3d79616ad3b"}]}' {{(pid=94774) _http_log_request /usr/local/lib/python3.8/dist-packages/keystoneauth1/session.py:519}}
Sep 22 13:09:41.871388 dv-cinder-810000-3-smb neutron-server[94772]: DEBUG neutron.pecan_wsgi.hooks.policy_enforcement [req-b1a062d4-7186-4547-8216-cda26f4eb025 req-d4551484-e835-46bf-90ec-b0adc60fd41d tempest-ServerRescueNegativeTestJSON-339976553 tempest-ServerRescueNegativeTestJSON-339976553-project] Attributes excluded by policy engine: ['standard_attr_id', 'binding:profile', 'binding:host_id', 'binding:vif_type', 'binding:vif_details'] {{(pid=94772) _exclude_attributes_by_policy /opt/stack/neutron/neutron/pecan_wsgi/hooks/policy_enforcement.py:255}}
Sep 22 13:09:41.872928 dv-cinder-810000-3-smb neutron-server[94772]: INFO neutron.wsgi [req-b1a062d4-7186-4547-8216-cda26f4eb025 req-d4551484-e835-46bf-90ec-b0adc60fd41d tempest-ServerRescueNegativeTestJSON-339976553 tempest-ServerRescueNegativeTestJSON-339976553-project] 10.222.0.11 "GET /v2.0/ports?device_id=fdfb4d8e-5b87-4901-af7a-657a288b4f62 HTTP/1.1" status: 200 len: 945 time: 0.0817807
Sep 22 13:09:41.977037 dv-cinder-810000-3-smb neutron-server[94772]: INFO neutron.wsgi [req-b1a062d4-7186-4547-8216-cda26f4eb025 req-8747057d-19a1-4dcb-a1c0-75ea2267131b tempest-ServerRescueNegativeTestJSON-339976553 tempest-ServerRescueNegativeTestJSON-339976553-project] 10.222.0.11 "GET /v2.0/security-groups?id=1574416e-13c2-49c0-a694-d0078c4ead68&fields=id&fields=name HTTP/1.1" status: 200 len: 286 time: 0.0910163
Sep 22 13:09:41.981244 dv-cinder-810000-3-smb neutron-server[94772]: DEBUG neutron.notifiers.nova [req-b4086bd2-e9d5-4807-a4e2-347ea8533629 req-372f8b23-a2b7-41f8-b664-4ee89741c845 service neutron] Ignoring state change previous_port_status: DOWN current_port_status: DOWN port_id ffe910e4-7427-42ed-917f-9a675c7c26a4 {{(pid=94772) record_port_status_changed /opt/stack/neutron/neutron/notifiers/nova.py:224}}
Sep 22 13:09:41.989845 dv-cinder-810000-3-smb neutron-server[94772]: DEBUG neutron_lib.callbacks.manager [req-b4086bd2-e9d5-4807-a4e2-347ea8533629 req-372f8b23-a2b7-41f8-b664-4ee89741c845 service neutron] Notify callbacks [] for port, precommit_update {{(pid=94772) _notify_loop /usr/local/lib/python3.8/dist-packages/neutron_lib/callbacks/manager.py:192}}
Sep 22 13:09:42.016501 dv-cinder-810000-3-smb neutron-server[94772]: DEBUG neutron.db.provisioning_blocks [req-b4086bd2-e9d5-4807-a4e2-347ea8533629 req-372f8b23-a2b7-41f8-b664-4ee89741c845 service neutron] Transition to ACTIVE for port object ffe910e4-7427-42ed-917f-9a675c7c26a4 will not be triggered until provisioned by entity L2. {{(pid=94772) add_provisioning_component /opt/stack/neutron/neutron/db/provisioning_blocks.py:73}}
Sep 22 13:09:42.092971 dv-cinder-810000-3-smb neutron-server[94772]: DEBUG neutron.pecan_wsgi.hooks.policy_enforcement [req-6fa3475b-ec78-4a4d-b088-10e8e4dbc93e req-274fb811-95c9-4e58-b12e-ba30fb9704a1 tempest-AttachVolumeTestJSON-187170311 tempest-AttachVolumeTestJSON-187170311-project] Attributes excluded by policy engine: ['standard_attr_id', 'binding:profile', 'binding:host_id', 'binding:vif_type', 'binding:vif_details'] {{(pid=94772) _exclude_attributes_by_policy /opt/stack/neutron/neutron/pecan_wsgi/hooks/policy_enforcement.py:255}}
Sep 22 13:09:42.096340 dv-cinder-810000-3-smb neutron-server[94772]: INFO neutron.wsgi [req-6fa3475b-ec78-4a4d-b088-10e8e4dbc93e req-274fb811-95c9-4e58-b12e-ba30fb9704a1 tempest-AttachVolumeTestJSON-187170311 tempest-AttachVolumeTestJSON-187170311-project] 10.222.0.11 "GET /v2.0/ports?device_id=90d6cf24-9e7b-40b8-8d1f-90c4a5a0636e HTTP/1.1" status: 200 len: 931 time: 0.0483534
Sep 22 13:09:42.133382 dv-cinder-810000-3-smb neutron-server[94772]: INFO neutron.wsgi [req-6fa3475b-ec78-4a4d-b088-10e8e4dbc93e req-ea4b8adf-bf82-44b0-8c48-22bfdf8dff42 tempest-AttachVolumeTestJSON-187170311 tempest-AttachVolumeTestJSON-187170311-project] 10.222.0.11 "GET /v2.0/security-groups?id=24d9f0bf-e99c-4b9a-a0e2-d6c4402b39ac&fields=id&fields=name HTTP/1.1" status: 200 len: 313 time: 0.0304863
Sep 22 13:09:42.154859 dv-cinder-810000-3-smb neutron-server[94772]: DEBUG neutron_lib.callbacks.manager [req-b4086bd2-e9d5-4807-a4e2-347ea8533629 req-372f8b23-a2b7-41f8-b664-4ee89741c845 service neutron] Notify callbacks ['neutron.plugins.ml2.plugin.SecurityGroupServerNotifierRpcMixin._notify_sg_on_port_change-928673', 'neutron.plugins.ml2.ovo_rpc._ObjectChangeHandler.handle_event-458356', 'neutron.api.rpc.agentnotifiers.dhcp_rpc_agent_api.DhcpAgentNotifyAPI._native_event_send_dhcp_notification-1578189', 'neutron.db.l3_db.L3RpcNotifierMixin._notify_gateway_port_ip_changed-8768290291204', 'neutron.db.l3_dvrscheduler_db._notify_l3_agent_port_update-8768289769939', 'neutron.db.l3_hascheduler_db._notify_l3_agent_ha_port_update-8768289769957', 'neutron.services.segments.plugin.NovaSegmentNotifier._notify_port_updated-5130116'] for port, after_update {{(pid=94772) _notify_loop /usr/local/lib/python3.8/dist-packages/neutron_lib/callbacks/manager.py:192}}
Sep 22 13:09:42.201961 dv-cinder-810000-3-smb neutron-server[94774]: DEBUG novaclient.v2.client [-] RESP: [200] Connection: close Content-Length: 183 Content-Type: application/json Date: Wed, 22 Sep 2021 13:09:41 GMT OpenStack-API-Version: compute 2.1 Server: Apache/2.4.41 (Ubuntu) Vary: OpenStack-API-Version,X-OpenStack-Nova-API-Version X-OpenStack-Nova-API-Version: 2.1 x-compute-request-id: req-8c9edf14-2350-4367-9310-5a812b23a47c x-openstack-request-id: req-8c9edf14-2350-4367-9310-5a812b23a47c {{(pid=94774) _http_log_response /usr/local/lib/python3.8/dist-packages/keystoneauth1/session.py:550}}
Sep 22 13:09:42.202481 dv-cinder-810000-3-smb neutron-server[94774]: DEBUG novaclient.v2.client [-] RESP BODY: {"events": [{"server_uuid": "fdfb4d8e-5b87-4901-af7a-657a288b4f62", "name": "network-vif-plugged", "status": "completed", "tag": "e9df7da2-fb57-4fe9-b803-f3d79616ad3b", "code": 200}]} {{(pid=94774) _http_log_response /usr/local/lib/python3.8/dist-packages/keystoneauth1/session.py:582}}
Sep 22 13:09:42.203064 dv-cinder-810000-3-smb neutron-server[94774]: DEBUG novaclient.v2.client [-] POST call to compute for http://10.222.0.11/compute/v2.1/os-server-external-events used request id req-8c9edf14-2350-4367-9310-5a812b23a47c {{(pid=94774) request /usr/local/lib/python3.8/dist-packages/keystoneauth1/session.py:954}}
Sep 22 13:09:42.209845 dv-cinder-810000-3-smb neutron-server[94774]: INFO neutron.notifiers.nova [-] Nova event response: {'server_uuid': 'fdfb4d8e-5b87-4901-af7a-657a288b4f62', 'name': 'network-vif-plugged', 'status': 'completed', 'tag': 'e9df7da2-fb57-4fe9-b803-f3d79616ad3b', 'code': 200}
Sep 22 13:09:42.242301 dv-cinder-810000-3-smb neutron-server[94772]: DEBUG neutron.api.rpc.handlers.resources_rpc [None req-372f8b23-a2b7-41f8-b664-4ee89741c845 service neutron] Pushing event updated for resources: {'Port': ['ID=ffe910e4-7427-42ed-917f-9a675c7c26a4,revision_number=2']} {{(pid=94772) push /opt/stack/neutron/neutron/api/rpc/handlers/resources_rpc.py:237}}
Sep 22 13:09:42.367429 dv-cinder-810000-3-smb neutron-server[94772]: DEBUG neutron.plugins.ml2.managers [req-b4086bd2-e9d5-4807-a4e2-347ea8533629 req-372f8b23-a2b7-41f8-b664-4ee89741c845 service neutron] Attempting to bind port ffe910e4-7427-42ed-917f-9a675c7c26a4 on host hv-cinder-81000 for vnic_type normal with profile {{(pid=94772) bind_port /opt/stack/neutron/neutron/plugins/ml2/managers.py:790}}
Sep 22 13:09:42.367793 dv-cinder-810000-3-smb neutron-server[94772]: DEBUG neutron.plugins.ml2.managers [req-b4086bd2-e9d5-4807-a4e2-347ea8533629 req-372f8b23-a2b7-41f8-b664-4ee89741c845 service neutron] Attempting to bind port ffe910e4-7427-42ed-917f-9a675c7c26a4 by drivers openvswitch,hyperv on host hv-cinder-81000 at level 0 using segments [{'id': '2f82c257-51b4-484b-9154-ba5ecde4434f', 'network_type': 'vlan', 'physical_network': 'physnet1', 'segmentation_id': 505, 'network_id': 'ddbfaa9f-2952-49ee-9264-ddb3edc6eb59'}] {{(pid=94772) _bind_port_level /opt/stack/neutron/neutron/plugins/ml2/managers.py:815}}
Sep 22 13:09:42.368147 dv-cinder-810000-3-smb neutron-server[94772]: DEBUG neutron.plugins.ml2.drivers.mech_agent [req-b4086bd2-e9d5-4807-a4e2-347ea8533629 req-372f8b23-a2b7-41f8-b664-4ee89741c845 service neutron] Attempting to bind port ffe910e4-7427-42ed-917f-9a675c7c26a4 on network ddbfaa9f-2952-49ee-9264-ddb3edc6eb59 {{(pid=94772) bind_port /opt/stack/neutron/neutron/plugins/ml2/drivers/mech_agent.py:91}}
Sep 22 13:09:42.372689 dv-cinder-810000-3-smb neutron-server[94772]: DEBUG neutron.plugins.ml2.drivers.mech_agent [req-b4086bd2-e9d5-4807-a4e2-347ea8533629 req-372f8b23-a2b7-41f8-b664-4ee89741c845 service neutron] Port ffe910e4-7427-42ed-917f-9a675c7c26a4 on network ddbfaa9f-2952-49ee-9264-ddb3edc6eb59 not bound, no agent of type Open vSwitch agent registered on host hv-cinder-81000 {{(pid=94772) bind_port /opt/stack/neutron/neutron/plugins/ml2/drivers/mech_agent.py:103}}
Sep 22 13:09:42.373039 dv-cinder-810000-3-smb neutron-server[94772]: DEBUG neutron.plugins.ml2.drivers.mech_agent [req-b4086bd2-e9d5-4807-a4e2-347ea8533629 req-372f8b23-a2b7-41f8-b664-4ee89741c845 service neutron] Attempting to bind port ffe910e4-7427-42ed-917f-9a675c7c26a4 on network ddbfaa9f-2952-49ee-9264-ddb3edc6eb59 {{(pid=94772) bind_port /opt/stack/neutron/neutron/plugins/ml2/drivers/mech_agent.py:91}}
Sep 22 13:09:42.378537 dv-cinder-810000-3-smb neutron-server[94772]: DEBUG neutron.plugins.ml2.drivers.mech_agent [req-b4086bd2-e9d5-4807-a4e2-347ea8533629 req-372f8b23-a2b7-41f8-b664-4ee89741c845 service neutron] Checking agent: {'id': 'a48c5c68-4dd2-4d18-81ec-e885c10ed21f', 'agent_type': 'HyperV agent', 'binary': 'neutron-hyperv-agent', 'topic': 'N/A', 'host': 'hv-cinder-81000', 'admin_state_up': True, 'created_at': datetime.datetime(2021, 9, 22, 13, 7, 3), 'started_at': datetime.datetime(2021, 9, 22, 13, 7, 3), 'heartbeat_timestamp': datetime.datetime(2021, 9, 22, 13, 9, 33), 'description': None, 'resources_synced': None, 'availability_zone': None, 'alive': True, 'configurations': {'vswitch_mappings': {'physnet1$': 'br-data'}}, 'resource_versions': {}} {{(pid=94772) bind_port /opt/stack/neutron/neutron/plugins/ml2/drivers/mech_agent.py:110}}
