Sep 20 06:19:22.529579 dv-cinder-809968-1-smb devstack@c-api.service[163389]: DEBUG cinder.volume.api [None req-2dce7584-3a51-4e31-86a5-7383805e7093 tempest-VolumeQuotasNegativeTestJSON-449396740 tempest-VolumeQuotasNegativeTestJSON-449396740-project] Task 'cinder.volume.flows.api.create_volume.ExtractVolumeRequestTask;volume:create' (150bc3c9-5b4e-42c3-88f8-5be7f9cac2e2) transitioned into state 'SUCCESS' from state 'RUNNING' with result '{'size': 1, 'snapshot_id': None, 'source_volid': None, 'volume_type': VolumeType(created_at=2021-09-20T06:09:18Z,deleted=False,deleted_at=None,description='Default Volume Type',extra_specs={},id=a157fccf-daab-4d9e-8513-c7ed1941b23b,is_public=True,name='__DEFAULT__',projects=[],qos_specs=,qos_specs_id=None,updated_at=2021-09-20T06:09:18Z), 'volume_type_id': 'a157fccf-daab-4d9e-8513-c7ed1941b23b', 'encryption_key_id': None, 'qos_specs': None, 'consistencygroup_id': None, 'cgsnapshot_id': None, 'group_id': None, 'replication_status': 'disabled', 'refresh_az': False, 'backup_id': None, 'multiattach': False, 'availability_zones': ['nova']}' {{(pid=163389) _task_receiver /usr/local/lib/python3.8/dist-packages/taskflow/listeners/logging.py:178}}
Sep 20 06:19:22.532375 dv-cinder-809968-1-smb devstack@c-api.service[163389]: DEBUG cinder.volume.api [None req-2dce7584-3a51-4e31-86a5-7383805e7093 tempest-VolumeQuotasNegativeTestJSON-449396740 tempest-VolumeQuotasNegativeTestJSON-449396740-project] Task 'cinder.volume.flows.api.create_volume.QuotaReserveTask;volume:create' (be8bd08f-b74f-48a5-af05-544e9f6e54bf) transitioned into state 'RUNNING' from state 'PENDING' {{(pid=163389) _task_receiver /usr/local/lib/python3.8/dist-packages/taskflow/listeners/logging.py:190}}
Sep 20 06:19:22.549213 dv-cinder-809968-1-smb devstack@c-api.service[163390]: INFO cinder.api.openstack.wsgi [None req-d2347dd8-5634-472e-9f51-d46ea6e1bd7b tempest-GroupsTest-858341957 tempest-GroupsTest-858341957-project] http://10.222.0.15/volume/v3/e778b11f842147cf8f28db3161f471a7/volumes/3bee370c-d681-447a-9abc-7364e274b841 returned with HTTP 200
Sep 20 06:19:22.561132 dv-cinder-809968-1-smb devstack@c-api.service[163390]: [pid: 163390|app: 0|req: 90/175] 10.222.0.15 () {60 vars in 1366 bytes} [Mon Sep 20 06:19:22 2021] GET /volume/v3/e778b11f842147cf8f28db3161f471a7/volumes/3bee370c-d681-447a-9abc-7364e274b841 => generated 983 bytes in 116 msecs (HTTP/1.1 200) 7 headers in 286 bytes (2 switches on core 0)
Sep 20 06:19:22.576209 dv-cinder-809968-1-smb devstack@c-api.service[163390]: INFO cinder.api.openstack.wsgi [None req-17888f7e-edb3-49d2-b1ec-5c1f07ba3229 tempest-GroupsTest-858341957 tempest-GroupsTest-858341957-project] POST http://10.222.0.15/volume/v3/e778b11f842147cf8f28db3161f471a7/volumes
Sep 20 06:19:22.576748 dv-cinder-809968-1-smb devstack@c-api.service[163390]: /usr/local/lib/python3.8/dist-packages/webob/acceptparse.py:1047: DeprecationWarning: The behavior of AcceptValidHeader.best_match is currently being maintained for backward compatibility, but it will be deprecated in the future, as it does not conform to the RFC.
Sep 20 06:19:22.576748 dv-cinder-809968-1-smb devstack@c-api.service[163390]: warnings.warn(
Sep 20 06:19:22.577113 dv-cinder-809968-1-smb devstack@c-api.service[163390]: DEBUG cinder.api.openstack.wsgi [None req-17888f7e-edb3-49d2-b1ec-5c1f07ba3229 tempest-GroupsTest-858341957 tempest-GroupsTest-858341957-project] Action: 'create', calling method: create, body: {"volume": {"volume_type": "3f6428bb-f792-454a-abc7-09209497656a", "group_id": "044b9700-6c91-43a5-ac66-2f0100f96fdd", "size": 1, "name": "tempest-GroupsTest-Volume-2090300862"}} {{(pid=163390) _process_stack /opt/stack/cinder/cinder/api/openstack/wsgi.py:854}}
Sep 20 06:19:22.579234 dv-cinder-809968-1-smb devstack@c-api.service[163390]: DEBUG cinder.api.v3.volumes [None req-17888f7e-edb3-49d2-b1ec-5c1f07ba3229 tempest-GroupsTest-858341957 tempest-GroupsTest-858341957-project] Create volume request body: {'volume': {'volume_type': '3f6428bb-f792-454a-abc7-09209497656a', 'group_id': '044b9700-6c91-43a5-ac66-2f0100f96fdd', 'size': 1, 'name': 'tempest-GroupsTest-Volume-2090300862'}} {{(pid=163390) create /opt/stack/cinder/cinder/api/v3/volumes.py:298}}
Sep 20 06:19:22.618315 dv-cinder-809968-1-smb devstack@c-api.service[163389]: WARNING cinder.quota_utils [None req-2dce7584-3a51-4e31-86a5-7383805e7093 tempest-VolumeQuotasNegativeTestJSON-449396740 tempest-VolumeQuotasNegativeTestJSON-449396740-project] Quota exceeded for d6eb9eb58b274dc6aba5bde63b20257c, tried to create volume (1 volumes already consumed).: cinder.exception.OverQuota: Quota exceeded for resources: ['volumes']
Sep 20 06:19:22.625637 dv-cinder-809968-1-smb devstack@c-api.service[163390]: /usr/local/lib/python3.8/dist-packages/oslo_context/context.py:105: DeprecationWarning: Policy enforcement is depending on the value of is_admin. This key is deprecated. Please update your policy file to use the standard policy values.
Sep 20 06:19:22.625637 dv-cinder-809968-1-smb devstack@c-api.service[163390]: warnings.warn('Policy enforcement is depending on the value of '
Sep 20 06:19:22.626918 dv-cinder-809968-1-smb devstack@c-api.service[163390]: INFO cinder.api.v3.volumes [None req-17888f7e-edb3-49d2-b1ec-5c1f07ba3229 tempest-GroupsTest-858341957 tempest-GroupsTest-858341957-project] Create volume of 1 GB
Sep 20 06:19:22.628488 dv-cinder-809968-1-smb devstack@c-api.service[163389]: WARNING cinder.volume.api [None req-2dce7584-3a51-4e31-86a5-7383805e7093 tempest-VolumeQuotasNegativeTestJSON-449396740 tempest-VolumeQuotasNegativeTestJSON-449396740-project] Task 'cinder.volume.flows.api.create_volume.QuotaReserveTask;volume:create' (be8bd08f-b74f-48a5-af05-544e9f6e54bf) transitioned into state 'FAILURE' from state 'RUNNING'
Sep 20 06:19:22.628488 dv-cinder-809968-1-smb devstack@c-api.service[163389]: Failure: cinder.exception.VolumeLimitExceeded: Maximum number of volumes allowed (1) exceeded for quota 'volumes'.
Sep 20 06:19:22.648714 dv-cinder-809968-1-smb devstack@c-api.service[163389]: DEBUG cinder.volume.api [None req-2dce7584-3a51-4e31-86a5-7383805e7093 tempest-VolumeQuotasNegativeTestJSON-449396740 tempest-VolumeQuotasNegativeTestJSON-449396740-project] Task 'cinder.volume.flows.api.create_volume.QuotaReserveTask;volume:create' (be8bd08f-b74f-48a5-af05-544e9f6e54bf) transitioned into state 'REVERTING' from state 'FAILURE' {{(pid=163389) _task_receiver /usr/local/lib/python3.8/dist-packages/taskflow/listeners/logging.py:190}}
Sep 20 06:19:22.653225 dv-cinder-809968-1-smb devstack@c-api.service[163389]: WARNING cinder.volume.api [None req-2dce7584-3a51-4e31-86a5-7383805e7093 tempest-VolumeQuotasNegativeTestJSON-449396740 tempest-VolumeQuotasNegativeTestJSON-449396740-project] Task 'cinder.volume.flows.api.create_volume.QuotaReserveTask;volume:create' (be8bd08f-b74f-48a5-af05-544e9f6e54bf) transitioned into state 'REVERTED' from state 'REVERTING' with result 'None'
Sep 20 06:19:22.655242 dv-cinder-809968-1-smb devstack@c-api.service[163389]: DEBUG cinder.volume.api [None req-2dce7584-3a51-4e31-86a5-7383805e7093 tempest-VolumeQuotasNegativeTestJSON-449396740 tempest-VolumeQuotasNegativeTestJSON-449396740-project] Task 'cinder.volume.flows.api.create_volume.ExtractVolumeRequestTask;volume:create' (150bc3c9-5b4e-42c3-88f8-5be7f9cac2e2) transitioned into state 'REVERTING' from state 'SUCCESS' {{(pid=163389) _task_receiver /usr/local/lib/python3.8/dist-packages/taskflow/listeners/logging.py:190}}
Sep 20 06:19:22.656103 dv-cinder-809968-1-smb devstack@c-api.service[163390]: INFO cinder.volume.api [None req-17888f7e-edb3-49d2-b1ec-5c1f07ba3229 tempest-GroupsTest-858341957 tempest-GroupsTest-858341957-project] Availability Zones retrieved successfully.
Sep 20 06:19:22.659004 dv-cinder-809968-1-smb devstack@c-api.service[163389]: WARNING cinder.volume.api [None req-2dce7584-3a51-4e31-86a5-7383805e7093 tempest-VolumeQuotasNegativeTestJSON-449396740 tempest-VolumeQuotasNegativeTestJSON-449396740-project] Task 'cinder.volume.flows.api.create_volume.ExtractVolumeRequestTask;volume:create' (150bc3c9-5b4e-42c3-88f8-5be7f9cac2e2) transitioned into state 'REVERTED' from state 'REVERTING' with result 'None'
Sep 20 06:19:22.662093 dv-cinder-809968-1-smb devstack@c-api.service[163389]: WARNING cinder.volume.api [None req-2dce7584-3a51-4e31-86a5-7383805e7093 tempest-VolumeQuotasNegativeTestJSON-449396740 tempest-VolumeQuotasNegativeTestJSON-449396740-project] Flow 'volume_create_api' (1613675e-97fb-4502-b107-d8e6552847ae) transitioned into state 'REVERTED' from state 'RUNNING'
Sep 20 06:19:22.663166 dv-cinder-809968-1-smb devstack@c-api.service[163389]: INFO cinder.api.middleware.fault [None req-2dce7584-3a51-4e31-86a5-7383805e7093 tempest-VolumeQuotasNegativeTestJSON-449396740 tempest-VolumeQuotasNegativeTestJSON-449396740-project] http://10.222.0.15/volume/v3/d6eb9eb58b274dc6aba5bde63b20257c/volumes returned with HTTP 413
Sep 20 06:19:22.665482 dv-cinder-809968-1-smb devstack@c-api.service[163389]: [pid: 163389|app: 0|req: 86/176] 10.222.0.15 () {60 vars in 1235 bytes} [Mon Sep 20 06:19:22 2021] POST /volume/v3/d6eb9eb58b274dc6aba5bde63b20257c/volumes => generated 150 bytes in 218 msecs (HTTP/1.1 413) 8 headers in 323 bytes (1 switches on core 0)
Sep 20 06:19:22.679480 dv-cinder-809968-1-smb devstack@c-api.service[163390]: DEBUG cinder.volume.api [None req-17888f7e-edb3-49d2-b1ec-5c1f07ba3229 tempest-GroupsTest-858341957 tempest-GroupsTest-858341957-project] Flow 'volume_create_api' (9efd7ad9-da88-4e52-aa38-cb3ee2b6693a) transitioned into state 'RUNNING' from state 'PENDING' {{(pid=163390) _flow_receiver /usr/local/lib/python3.8/dist-packages/taskflow/listeners/logging.py:141}}
Sep 20 06:19:22.679739 dv-cinder-809968-1-smb devstack@c-api.service[163389]: INFO cinder.api.openstack.wsgi [None req-e09db553-1262-480e-91f5-36f0c1d792e7 tempest-VolumeQuotasNegativeTestJSON-1042151398 tempest-VolumeQuotasNegativeTestJSON-1042151398-project-admin] PUT http://10.222.0.15/volume/v3/9853f517231140228b1de9c5adb4a957/os-quota-sets/d6eb9eb58b274dc6aba5bde63b20257c
Sep 20 06:19:22.680061 dv-cinder-809968-1-smb devstack@c-api.service[163389]: /usr/local/lib/python3.8/dist-packages/webob/acceptparse.py:1047: DeprecationWarning: The behavior of AcceptValidHeader.best_match is currently being maintained for backward compatibility, but it will be deprecated in the future, as it does not conform to the RFC.
Sep 20 06:19:22.680061 dv-cinder-809968-1-smb devstack@c-api.service[163389]: warnings.warn(
Sep 20 06:19:22.680448 dv-cinder-809968-1-smb devstack@c-api.service[163389]: DEBUG cinder.api.openstack.wsgi [None req-e09db553-1262-480e-91f5-36f0c1d792e7 tempest-VolumeQuotasNegativeTestJSON-1042151398 tempest-VolumeQuotasNegativeTestJSON-1042151398-project-admin] Action: 'update', calling method: update, body: {"quota_set": {"gigabytes": 1}} {{(pid=163389) _process_stack /opt/stack/cinder/cinder/api/openstack/wsgi.py:854}}
Sep 20 06:19:22.684754 dv-cinder-809968-1-smb devstack@c-api.service[163390]: DEBUG cinder.volume.api [None req-17888f7e-edb3-49d2-b1ec-5c1f07ba3229 tempest-GroupsTest-858341957 tempest-GroupsTest-858341957-project] Task 'cinder.volume.flows.api.create_volume.ExtractVolumeRequestTask;volume:create' (98e12665-e0e4-41ce-a346-8fdb4e6d46c1) transitioned into state 'RUNNING' from state 'PENDING' {{(pid=163390) _task_receiver /usr/local/lib/python3.8/dist-packages/taskflow/listeners/logging.py:190}}
Sep 20 06:19:22.686674 dv-cinder-809968-1-smb devstack@c-api.service[163390]: /usr/local/lib/python3.8/dist-packages/oslo_context/context.py:105: DeprecationWarning: Policy enforcement is depending on the value of is_admin. This key is deprecated. Please update your policy file to use the standard policy values.
Sep 20 06:19:22.686674 dv-cinder-809968-1-smb devstack@c-api.service[163390]: warnings.warn('Policy enforcement is depending on the value of '
Sep 20 06:19:22.687903 dv-cinder-809968-1-smb devstack@c-api.service[163390]: DEBUG cinder.volume.flows.api.create_volume [None req-17888f7e-edb3-49d2-b1ec-5c1f07ba3229 tempest-GroupsTest-858341957 tempest-GroupsTest-858341957-project] Validating volume size '1' using validate_int {{(pid=163390) _extract_size /opt/stack/cinder/cinder/volume/flows/api/create_volume.py:225}}
Sep 20 06:19:22.698300 dv-cinder-809968-1-smb devstack@c-api.service[163389]: /usr/local/lib/python3.8/dist-packages/oslo_context/context.py:105: DeprecationWarning: Policy enforcement is depending on the value of is_admin. This key is deprecated. Please update your policy file to use the standard policy values.
Sep 20 06:19:22.698300 dv-cinder-809968-1-smb devstack@c-api.service[163389]: warnings.warn('Policy enforcement is depending on the value of '
Sep 20 06:19:22.714156 dv-cinder-809968-1-smb devstack@c-api.service[163390]: DEBUG cinder.volume.api [None req-17888f7e-edb3-49d2-b1ec-5c1f07ba3229 tempest-GroupsTest-858341957 tempest-GroupsTest-858341957-project] Task 'cinder.volume.flows.api.create_volume.ExtractVolumeRequestTask;volume:create' (98e12665-e0e4-41ce-a346-8fdb4e6d46c1) transitioned into state 'SUCCESS' from state 'RUNNING' with result '{'size': 1, 'snapshot_id': None, 'source_volid': None, 'volume_type': VolumeType(created_at=2021-09-20T06:19:19Z,deleted=False,deleted_at=None,description=None,extra_specs={},id=3f6428bb-f792-454a-abc7-09209497656a,is_public=True,name='tempest-GroupsTest-volume-type-302521958',projects=[],qos_specs=,qos_specs_id=None,updated_at=None), 'volume_type_id': '3f6428bb-f792-454a-abc7-09209497656a', 'encryption_key_id': None, 'qos_specs': None, 'consistencygroup_id': None, 'cgsnapshot_id': None, 'group_id': '044b9700-6c91-43a5-ac66-2f0100f96fdd', 'replication_status': 'disabled', 'refresh_az': False, 'backup_id': None, 'multiattach': False, 'availability_zones': ['nova']}' {{(pid=163390) _task_receiver /usr/local/lib/python3.8/dist-packages/taskflow/listeners/logging.py:178}}
Sep 20 06:19:22.716904 dv-cinder-809968-1-smb devstack@c-api.service[163390]: DEBUG cinder.volume.api [None req-17888f7e-edb3-49d2-b1ec-5c1f07ba3229 tempest-GroupsTest-858341957 tempest-GroupsTest-858341957-project] Task 'cinder.volume.flows.api.create_volume.QuotaReserveTask;volume:create' (dffb4df3-a771-4dda-8d99-d841c6796e8c) transitioned into state 'RUNNING' from state 'PENDING' {{(pid=163390) _task_receiver /usr/local/lib/python3.8/dist-packages/taskflow/listeners/logging.py:190}}
Sep 20 06:19:22.785840 dv-cinder-809968-1-smb devstack@c-api.service[163389]: INFO cinder.api.openstack.wsgi [None req-e09db553-1262-480e-91f5-36f0c1d792e7 tempest-VolumeQuotasNegativeTestJSON-1042151398 tempest-VolumeQuotasNegativeTestJSON-1042151398-project-admin] http://10.222.0.15/volume/v3/9853f517231140228b1de9c5adb4a957/os-quota-sets/d6eb9eb58b274dc6aba5bde63b20257c returned with HTTP 200
Sep 20 06:19:22.788670 dv-cinder-809968-1-smb devstack@c-api.service[163389]: [pid: 163389|app: 0|req: 87/177] 10.222.0.15 () {60 vars in 1351 bytes} [Mon Sep 20 06:19:22 2021] PUT /volume/v3/9853f517231140228b1de9c5adb4a957/os-quota-sets/d6eb9eb58b274dc6aba5bde63b20257c => generated 1039 bytes in 119 msecs (HTTP/1.1 200) 7 headers in 286 bytes (1 switches on core 0)
Sep 20 06:19:22.793697 dv-cinder-809968-1-smb devstack@c-api.service[163389]: INFO cinder.api.openstack.wsgi [None req-5b050c01-95c5-4e63-a9f6-97ab4defa9d3 tempest-VolumeTypesTest-1822297897 tempest-VolumeTypesTest-1822297897-project] GET http://10.222.0.15/volume/v3/163f4fa412df439da40648b20f5fe0df/volumes/b20e147d-a84c-4c98-bb95-3909ccaf0906
Sep 20 06:19:22.794254 dv-cinder-809968-1-smb devstack@c-api.service[163389]: DEBUG cinder.api.openstack.wsgi [None req-5b050c01-95c5-4e63-a9f6-97ab4defa9d3 tempest-VolumeTypesTest-1822297897 tempest-VolumeTypesTest-1822297897-project] Empty body provided in request {{(pid=163389) get_body /opt/stack/cinder/cinder/api/openstack/wsgi.py:703}}
Sep 20 06:19:22.795059 dv-cinder-809968-1-smb devstack@c-api.service[163389]: DEBUG cinder.api.openstack.wsgi [None req-5b050c01-95c5-4e63-a9f6-97ab4defa9d3 tempest-VolumeTypesTest-1822297897 tempest-VolumeTypesTest-1822297897-project] Calling method 'show' {{(pid=163389) _process_stack /opt/stack/cinder/cinder/api/openstack/wsgi.py:856}}
Sep 20 06:19:22.797313 dv-cinder-809968-1-smb devstack@c-api.service[163390]: DEBUG cinder.quota [None req-17888f7e-edb3-49d2-b1ec-5c1f07ba3229 tempest-GroupsTest-858341957 tempest-GroupsTest-858341957-project] Created reservations ['88e196d2-37c8-4df4-b02d-6060fbe01880', '6d786c5c-6c69-44bb-8461-caa7d2483e5e', '37e7dcd1-cc12-4515-90b0-e890cacd1111', '0fbdd64c-4378-4902-b6b6-979609b8096f'] {{(pid=163390) reserve /opt/stack/cinder/cinder/quota.py:755}}
Sep 20 06:19:22.799864 dv-cinder-809968-1-smb devstack@c-api.service[163390]: DEBUG cinder.volume.api [None req-17888f7e-edb3-49d2-b1ec-5c1f07ba3229 tempest-GroupsTest-858341957 tempest-GroupsTest-858341957-project] Task 'cinder.volume.flows.api.create_volume.QuotaReserveTask;volume:create' (dffb4df3-a771-4dda-8d99-d841c6796e8c) transitioned into state 'SUCCESS' from state 'RUNNING' with result '{'reservations': ['88e196d2-37c8-4df4-b02d-6060fbe01880', '6d786c5c-6c69-44bb-8461-caa7d2483e5e', '37e7dcd1-cc12-4515-90b0-e890cacd1111', '0fbdd64c-4378-4902-b6b6-979609b8096f']}' {{(pid=163390) _task_receiver /usr/local/lib/python3.8/dist-packages/taskflow/listeners/logging.py:178}}
Sep 20 06:19:22.803028 dv-cinder-809968-1-smb devstack@c-api.service[163390]: DEBUG cinder.volume.api [None req-17888f7e-edb3-49d2-b1ec-5c1f07ba3229 tempest-GroupsTest-858341957 tempest-GroupsTest-858341957-project] Task 'cinder.volume.flows.api.create_volume.EntryCreateTask;volume:create' (11cee8f2-66f8-4438-b3da-93fd2feca324) transitioned into state 'RUNNING' from state 'PENDING' {{(pid=163390) _task_receiver /usr/local/lib/python3.8/dist-packages/taskflow/listeners/logging.py:190}}
Sep 20 06:19:22.817392 dv-cinder-809968-1-smb devstack@c-api.service[163389]: /usr/local/lib/python3.8/dist-packages/oslo_context/context.py:105: DeprecationWarning: Policy enforcement is depending on the value of is_admin. This key is deprecated. Please update your policy file to use the standard policy values.
Sep 20 06:19:22.817392 dv-cinder-809968-1-smb devstack@c-api.service[163389]: warnings.warn('Policy enforcement is depending on the value of '
Sep 20 06:19:22.863327 dv-cinder-809968-1-smb devstack@c-api.service[163389]: INFO cinder.volume.api [None req-5b050c01-95c5-4e63-a9f6-97ab4defa9d3 tempest-VolumeTypesTest-1822297897 tempest-VolumeTypesTest-1822297897-project] Volume info retrieved successfully.
Sep 20 06:19:22.881835 dv-cinder-809968-1-smb devstack@c-api.service[163390]: DEBUG cinder.volume.api [None req-17888f7e-edb3-49d2-b1ec-5c1f07ba3229 tempest-GroupsTest-858341957 tempest-GroupsTest-858341957-project] Task 'cinder.volume.flows.api.create_volume.EntryCreateTask;volume:create' (11cee8f2-66f8-4438-b3da-93fd2feca324) transitioned into state 'SUCCESS' from state 'RUNNING' with result '{'volume_id': '011e6a56-6440-448e-a246-aa7bb9469296', 'volume_properties': VolumeProperties(attach_status='detached',availability_zone='nova',cgsnapshot_id=None,consistencygroup_id=None,display_description=None,display_name='tempest-GroupsTest-Volume-2090300862',encryption_key_id=None,group_id=044b9700-6c91-43a5-ac66-2f0100f96fdd,group_type_id=,metadata={},multiattach=False,project_id='e778b11f842147cf8f28db3161f471a7',qos_specs=None,replication_status=,reservations=['88e196d2-37c8-4df4-b02d-6060fbe01880','6d786c5c-6c69-44bb-8461-caa7d2483e5e','37e7dcd1-cc12-4515-90b0-e890cacd1111','0fbdd64c-4378-4902-b6b6-979609b8096f'],size=1,snapshot_id=None,source_replicaid=,source_volid=None,status='creating',user_id='81d91e51f6bf440d9cc7c506c1f79a96',volume_type_id=3f6428bb-f792-454a-abc7-09209497656a), 'volume': Volume(_name_id=None,admin_metadata=,attach_status='detached',availability_zone='nova',bootable=False,cluster=,cluster_name=None,consistencygroup=,consistencygroup_id=None,created_at=2021-09-20T06:19:22Z,deleted=False,deleted_at=None,display_description=None,display_name='tempest-GroupsTest-Volume-2090300862',ec2_id=None,encryption_key_id=None,glance_metadata=,group=,group_id=044b9700-6c91-43a5-ac66-2f0100f96fdd,host=None,id=011e6a56-6440-448e-a246-aa7bb9469296,launched_at=None,metadata={},migration_status=None,multiattach=False,previous_status=None,project_id='e778b11f842147cf8f28db3161f471a7',provider_auth=None,provider_geometry=None,provider_id=None,provider_location=None,replication_driver_data=None,replication_extended_status=None,replication_status=None,scheduled_at=None,service_uuid=None,shared_targets=True,size=1,snapshot_id=None,snapshots=,source_volid=None,status='creating',terminated_at=None,updated_at=None,use_quota=True,user_id='81d91e51f6bf440d9cc7c506c1f79a96',volume_attachment=,volume_type=VolumeType(3f6428bb-f792-454a-abc7-09209497656a),volume_type_id=3f6428bb-f792-454a-abc7-09209497656a)}' {{(pid=163390) _task_receiver /usr/local/lib/python3.8/dist-packages/taskflow/listeners/logging.py:178}}
Sep 20 06:19:22.886377 dv-cinder-809968-1-smb devstack@c-api.service[163389]: INFO cinder.api.openstack.wsgi [None req-5b050c01-95c5-4e63-a9f6-97ab4defa9d3 tempest-VolumeTypesTest-1822297897 tempest-VolumeTypesTest-1822297897-project] http://10.222.0.15/volume/v3/163f4fa412df439da40648b20f5fe0df/volumes/b20e147d-a84c-4c98-bb95-3909ccaf0906 returned with HTTP 200
Sep 20 06:19:22.897844 dv-cinder-809968-1-smb devstack@c-api.service[163390]: DEBUG cinder.volume.api [None req-17888f7e-edb3-49d2-b1ec-5c1f07ba3229 tempest-GroupsTest-858341957 tempest-GroupsTest-858341957-project] Task 'cinder.volume.flows.api.create_volume.QuotaCommitTask;volume:create' (d112eea7-1b77-40fd-88da-8033c48f4c65) transitioned into state 'RUNNING' from state 'PENDING' {{(pid=163390) _task_receiver /usr/local/lib/python3.8/dist-packages/taskflow/listeners/logging.py:190}}
Sep 20 06:19:22.899219 dv-cinder-809968-1-smb devstack@c-api.service[163389]: [pid: 163389|app: 0|req: 88/178] 10.222.0.15 () {58 vars in 1325 bytes} [Mon Sep 20 06:19:22 2021] GET /volume/v3/163f4fa412df439da40648b20f5fe0df/volumes/b20e147d-a84c-4c98-bb95-3909ccaf0906 => generated 942 bytes in 110 msecs (HTTP/1.1 200) 7 headers in 285 bytes (1 switches on core 0)
Sep 20 06:19:22.906394 dv-cinder-809968-1-smb devstack@c-api.service[163389]: INFO cinder.api.openstack.wsgi [None req-7aa1430d-7705-4ab8-b432-3028e7ac9269 tempest-VolumeQuotasNegativeTestJSON-449396740 tempest-VolumeQuotasNegativeTestJSON-449396740-project] POST http://10.222.0.15/volume/v3/d6eb9eb58b274dc6aba5bde63b20257c/volumes/9f4bbc0c-e60b-4efc-8507-876098579f4b/action
Sep 20 06:19:22.907014 dv-cinder-809968-1-smb devstack@c-api.service[163389]: /usr/local/lib/python3.8/dist-packages/webob/acceptparse.py:1047: DeprecationWarning: The behavior of AcceptValidHeader.best_match is currently being maintained for backward compatibility, but it will be deprecated in the future, as it does not conform to the RFC.
Sep 20 06:19:22.907014 dv-cinder-809968-1-smb devstack@c-api.service[163389]: warnings.warn(
Sep 20 06:19:22.908395 dv-cinder-809968-1-smb devstack@c-api.service[163389]: DEBUG cinder.api.openstack.wsgi [None req-7aa1430d-7705-4ab8-b432-3028e7ac9269 tempest-VolumeQuotasNegativeTestJSON-449396740 tempest-VolumeQuotasNegativeTestJSON-449396740-project] Action body: b'{"os-extend": {"new_size": 2}}' {{(pid=163389) get_method /opt/stack/cinder/cinder/api/openstack/wsgi.py:971}}
Sep 20 06:19:22.911549 dv-cinder-809968-1-smb devstack@c-api.service[163389]: DEBUG cinder.api.openstack.wsgi [None req-7aa1430d-7705-4ab8-b432-3028e7ac9269 tempest-VolumeQuotasNegativeTestJSON-449396740 tempest-VolumeQuotasNegativeTestJSON-449396740-project] Action: 'action', calling method: _extend, body: {"os-extend": {"new_size": 2}} {{(pid=163389) _process_stack /opt/stack/cinder/cinder/api/openstack/wsgi.py:854}}
Sep 20 06:19:22.957180 dv-cinder-809968-1-smb devstack@c-api.service[163389]: /usr/local/lib/python3.8/dist-packages/oslo_context/context.py:105: DeprecationWarning: Policy enforcement is depending on the value of is_admin. This key is deprecated. Please update your policy file to use the standard policy values.
Sep 20 06:19:22.957180 dv-cinder-809968-1-smb devstack@c-api.service[163389]: warnings.warn('Policy enforcement is depending on the value of '
Sep 20 06:19:22.958499 dv-cinder-809968-1-smb devstack@c-api.service[163389]: INFO cinder.volume.api [None req-7aa1430d-7705-4ab8-b432-3028e7ac9269 tempest-VolumeQuotasNegativeTestJSON-449396740 tempest-VolumeQuotasNegativeTestJSON-449396740-project] Volume info retrieved successfully.
Sep 20 06:19:22.966492 dv-cinder-809968-1-smb devstack@c-api.service[163390]: DEBUG cinder.volume.api [None req-17888f7e-edb3-49d2-b1ec-5c1f07ba3229 tempest-GroupsTest-858341957 tempest-GroupsTest-858341957-project] Task 'cinder.volume.flows.api.create_volume.QuotaCommitTask;volume:create' (d112eea7-1b77-40fd-88da-8033c48f4c65) transitioned into state 'SUCCESS' from state 'RUNNING' with result '{'volume_properties': VolumeProperties(attach_status='detached',availability_zone='nova',cgsnapshot_id=None,consistencygroup_id=None,display_description=None,display_name='tempest-GroupsTest-Volume-2090300862',encryption_key_id=None,group_id=044b9700-6c91-43a5-ac66-2f0100f96fdd,group_type_id=,metadata={},multiattach=False,project_id='e778b11f842147cf8f28db3161f471a7',qos_specs=None,replication_status=,reservations=['88e196d2-37c8-4df4-b02d-6060fbe01880','6d786c5c-6c69-44bb-8461-caa7d2483e5e','37e7dcd1-cc12-4515-90b0-e890cacd1111','0fbdd64c-4378-4902-b6b6-979609b8096f'],size=1,snapshot_id=None,source_replicaid=,source_volid=None,status='creating',user_id='81d91e51f6bf440d9cc7c506c1f79a96',volume_type_id=3f6428bb-f792-454a-abc7-09209497656a)}' {{(pid=163390) _task_receiver /usr/local/lib/python3.8/dist-packages/taskflow/listeners/logging.py:178}}
Sep 20 06:19:22.970260 dv-cinder-809968-1-smb devstack@c-api.service[163390]: DEBUG cinder.volume.api [None req-17888f7e-edb3-49d2-b1ec-5c1f07ba3229 tempest-GroupsTest-858341957 tempest-GroupsTest-858341957-project] Task 'cinder.volume.flows.api.create_volume.VolumeCastTask;volume:create' (6ef6be37-f848-429c-8ee0-e8920a391a2e) transitioned into state 'RUNNING' from state 'PENDING' {{(pid=163390) _task_receiver /usr/local/lib/python3.8/dist-packages/taskflow/listeners/logging.py:190}}
Sep 20 06:19:23.017209 dv-cinder-809968-1-smb devstack@c-api.service[163390]: DEBUG cinder.volume.api [None req-17888f7e-edb3-49d2-b1ec-5c1f07ba3229 tempest-GroupsTest-858341957 tempest-GroupsTest-858341957-project] Task 'cinder.volume.flows.api.create_volume.VolumeCastTask;volume:create' (6ef6be37-f848-429c-8ee0-e8920a391a2e) transitioned into state 'SUCCESS' from state 'RUNNING' with result 'None' {{(pid=163390) _task_receiver /usr/local/lib/python3.8/dist-packages/taskflow/listeners/logging.py:178}}
Sep 20 06:19:23.022803 dv-cinder-809968-1-smb devstack@c-api.service[163390]: DEBUG cinder.volume.api [None req-17888f7e-edb3-49d2-b1ec-5c1f07ba3229 tempest-GroupsTest-858341957 tempest-GroupsTest-858341957-project] Flow 'volume_create_api' (9efd7ad9-da88-4e52-aa38-cb3ee2b6693a) transitioned into state 'SUCCESS' from state 'RUNNING' {{(pid=163390) _flow_receiver /usr/local/lib/python3.8/dist-packages/taskflow/listeners/logging.py:141}}
Sep 20 06:19:23.024485 dv-cinder-809968-1-smb devstack@c-api.service[163390]: INFO cinder.volume.api [None req-17888f7e-edb3-49d2-b1ec-5c1f07ba3229 tempest-GroupsTest-858341957 tempest-GroupsTest-858341957-project] Create volume request issued successfully.
Sep 20 06:19:23.038520 dv-cinder-809968-1-smb devstack@c-api.service[163390]: WARNING stevedore.named [None req-17888f7e-edb3-49d2-b1ec-5c1f07ba3229 tempest-GroupsTest-858341957 tempest-GroupsTest-858341957-project] Could not load cinder.keymgr.conf_key_mgr.ConfKeyManager
Sep 20 06:19:23.039177 dv-cinder-809968-1-smb devstack@c-api.service[163390]: WARNING castellan.key_manager [None req-17888f7e-edb3-49d2-b1ec-5c1f07ba3229 tempest-GroupsTest-858341957 tempest-GroupsTest-858341957-project] Deprecation Warning : cinder.keymgr.conf_key_mgr.ConfKeyManager is not a stevedore based driver, trying to load it as a class: stevedore.exception.NoMatches: No 'castellan.drivers' driver found, looking for 'cinder.keymgr.conf_key_mgr.ConfKeyManager'
Sep 20 06:19:23.048262 dv-cinder-809968-1-smb devstack@c-api.service[163390]: DEBUG oslo_db.sqlalchemy.engines [None req-17888f7e-edb3-49d2-b1ec-5c1f07ba3229 tempest-GroupsTest-858341957 tempest-GroupsTest-858341957-project] MySQL server mode set to STRICT_TRANS_TABLES,STRICT_ALL_TABLES,NO_ZERO_IN_DATE,NO_ZERO_DATE,ERROR_FOR_DIVISION_BY_ZERO,TRADITIONAL,NO_ENGINE_SUBSTITUTION {{(pid=163390) _check_effective_sql_mode /usr/local/lib/python3.8/dist-packages/oslo_db/sqlalchemy/engines.py:314}}
Sep 20 06:19:23.055887 dv-cinder-809968-1-smb devstack@c-api.service[163390]: /usr/local/lib/python3.8/dist-packages/oslo_context/context.py:105: DeprecationWarning: Policy enforcement is depending on the value of is_admin. This key is deprecated. Please update your policy file to use the standard policy values.
Sep 20 06:19:23.055887 dv-cinder-809968-1-smb devstack@c-api.service[163390]: warnings.warn('Policy enforcement is depending on the value of '
Sep 20 06:19:23.065415 dv-cinder-809968-1-smb devstack@c-api.service[163390]: INFO cinder.api.openstack.wsgi [None req-17888f7e-edb3-49d2-b1ec-5c1f07ba3229 tempest-GroupsTest-858341957 tempest-GroupsTest-858341957-project] http://10.222.0.15/volume/v3/e778b11f842147cf8f28db3161f471a7/volumes returned with HTTP 202
Sep 20 06:19:23.076590 dv-cinder-809968-1-smb devstack@c-api.service[163390]: [pid: 163390|app: 0|req: 91/179] 10.222.0.15 () {62 vars in 1277 bytes} [Mon Sep 20 06:19:22 2021] POST /volume/v3/e778b11f842147cf8f28db3161f471a7/volumes => generated 891 bytes in 515 msecs (HTTP/1.1 202) 7 headers in 292 bytes (1 switches on core 0)
Sep 20 06:19:23.081079 dv-cinder-809968-1-smb devstack@c-api.service[163390]: INFO cinder.api.openstack.wsgi [None req-dec1c76d-95ca-490e-ba12-5ac34ae347fb tempest-VolumeTypesTest-1822297897 tempest-VolumeTypesTest-1822297897-project] POST http://10.222.0.15/volume/v3/163f4fa412df439da40648b20f5fe0df/volumes/b20e147d-a84c-4c98-bb95-3909ccaf0906/action
Sep 20 06:19:23.081934 dv-cinder-809968-1-smb devstack@c-api.service[163390]: /usr/local/lib/python3.8/dist-packages/webob/acceptparse.py:1047: DeprecationWarning: The behavior of AcceptValidHeader.best_match is currently being maintained for backward compatibility, but it will be deprecated in the future, as it does not conform to the RFC.
Sep 20 06:19:23.081934 dv-cinder-809968-1-smb devstack@c-api.service[163390]: warnings.warn(
Sep 20 06:19:23.082836 dv-cinder-809968-1-smb devstack@c-api.service[163390]: DEBUG cinder.api.openstack.wsgi [None req-dec1c76d-95ca-490e-ba12-5ac34ae347fb tempest-VolumeTypesTest-1822297897 tempest-VolumeTypesTest-1822297897-project] Action body: b'{"os-retype": {"new_type": "e3cc3c2a-cf92-447f-a535-1a82f49ba954"}}' {{(pid=163390) get_method /opt/stack/cinder/cinder/api/openstack/wsgi.py:971}}
Sep 20 06:19:23.083318 dv-cinder-809968-1-smb devstack@c-api.service[163390]: DEBUG cinder.api.openstack.wsgi [None req-dec1c76d-95ca-490e-ba12-5ac34ae347fb tempest-VolumeTypesTest-1822297897 tempest-VolumeTypesTest-1822297897-project] Action: 'action', calling method: _retype, body: {"os-retype": {"new_type": "e3cc3c2a-cf92-447f-a535-1a82f49ba954"}} {{(pid=163390) _process_stack /opt/stack/cinder/cinder/api/openstack/wsgi.py:854}}
Sep 20 06:19:23.100851 dv-cinder-809968-1-smb devstack@c-api.service[163389]: ERROR cinder.volume.api [None req-7aa1430d-7705-4ab8-b432-3028e7ac9269 tempest-VolumeQuotasNegativeTestJSON-449396740 tempest-VolumeQuotasNegativeTestJSON-449396740-project] Quota exceeded for d6eb9eb58b274dc6aba5bde63b20257c, tried to extend volume by 1G, (1G of 1G already consumed).: cinder.exception.OverQuota: Quota exceeded for resources: ['gigabytes']
Sep 20 06:19:23.112421 dv-cinder-809968-1-smb devstack@c-api.service[163390]: /usr/local/lib/python3.8/dist-packages/oslo_context/context.py:105: DeprecationWarning: Policy enforcement is depending on the value of is_admin. This key is deprecated. Please update your policy file to use the standard policy values.
Sep 20 06:19:23.112421 dv-cinder-809968-1-smb devstack@c-api.service[163390]: warnings.warn('Policy enforcement is depending on the value of '
Sep 20 06:19:23.114193 dv-cinder-809968-1-smb devstack@c-api.service[163390]: INFO cinder.volume.api [None req-dec1c76d-95ca-490e-ba12-5ac34ae347fb tempest-VolumeTypesTest-1822297897 tempest-VolumeTypesTest-1822297897-project] Volume info retrieved successfully.
Sep 20 06:19:23.118641 dv-cinder-809968-1-smb devstack@c-api.service[163389]: INFO cinder.api.middleware.fault [None req-7aa1430d-7705-4ab8-b432-3028e7ac9269 tempest-VolumeQuotasNegativeTestJSON-449396740 tempest-VolumeQuotasNegativeTestJSON-449396740-project] http://10.222.0.15/volume/v3/d6eb9eb58b274dc6aba5bde63b20257c/volumes/9f4bbc0c-e60b-4efc-8507-876098579f4b/action returned with HTTP 413
Sep 20 06:19:23.125780 dv-cinder-809968-1-smb devstack@c-api.service[163389]: [pid: 163389|app: 0|req: 89/180] 10.222.0.15 () {60 vars in 1367 bytes} [Mon Sep 20 06:19:22 2021] POST /volume/v3/d6eb9eb58b274dc6aba5bde63b20257c/volumes/9f4bbc0c-e60b-4efc-8507-876098579f4b/action => generated 208 bytes in 226 msecs (HTTP/1.1 413) 8 headers in 323 bytes (1 switches on core 0)
Sep 20 06:19:23.187032 dv-cinder-809968-1-smb devstack@c-api.service[163390]: WARNING cinder.quota [None req-dec1c76d-95ca-490e-ba12-5ac34ae347fb tempest-VolumeTypesTest-1822297897 tempest-VolumeTypesTest-1822297897-project] Deprecated: Default quota for resource: volumes_tempest-VolumeTypesTest-volume-type-917019810 is set by the default quota flag: quota_volumes_tempest-VolumeTypesTest-volume-type-917019810, it is now deprecated. Please use the default quota class for default quota.
Sep 20 06:19:23.187960 dv-cinder-809968-1-smb devstack@c-api.service[163390]: WARNING cinder.quota [None req-dec1c76d-95ca-490e-ba12-5ac34ae347fb tempest-VolumeTypesTest-1822297897 tempest-VolumeTypesTest-1822297897-project] Deprecated: Default quota for resource: gigabytes_tempest-VolumeTypesTest-volume-type-917019810 is set by the default quota flag: quota_gigabytes_tempest-VolumeTypesTest-volume-type-917019810, it is now deprecated. Please use the default quota class for default quota.
Sep 20 06:19:23.274969 dv-cinder-809968-1-smb devstack@c-api.service[163390]: DEBUG cinder.quota [None req-dec1c76d-95ca-490e-ba12-5ac34ae347fb tempest-VolumeTypesTest-1822297897 tempest-VolumeTypesTest-1822297897-project] Created reservations ['1ee7692b-0c6d-41ae-874f-428ea8894854', 'a3ab2a42-03d1-423a-bffe-a9589b282e0e'] {{(pid=163390) reserve /opt/stack/cinder/cinder/quota.py:755}}
Sep 20 06:19:23.346428 dv-cinder-809968-1-smb devstack@c-api.service[163390]: DEBUG cinder.quota [None req-dec1c76d-95ca-490e-ba12-5ac34ae347fb tempest-VolumeTypesTest-1822297897 tempest-VolumeTypesTest-1822297897-project] Created reservations ['3c45c779-d368-43ff-91cb-abda35cd6aec', 'ab1cfb13-77e0-4149-90c0-74687f519cb3'] {{(pid=163390) reserve /opt/stack/cinder/cinder/quota.py:755}}
Sep 20 06:19:23.347539 dv-cinder-809968-1-smb devstack@c-api.service[163390]: /opt/stack/cinder/cinder/db/sqlalchemy/api.py:2718: SADeprecationWarning: The SelectBase.as_scalar() method is deprecated and will be removed in a future release. Please refer to SelectBase.scalar_subquery(). (deprecated since: 1.4)
Sep 20 06:19:23.347539 dv-cinder-809968-1-smb devstack@c-api.service[163390]: models.VolumeType.qos_specs_id == q.as_scalar())),
Sep 20 06:19:23.370806 dv-cinder-809968-1-smb devstack@c-api.service[163389]: INFO cinder.api.openstack.wsgi [None req-e72aebb6-16d5-46cf-945a-82361c2c0d8b tempest-VolumeManageAdminTest-508999511 tempest-VolumeManageAdminTest-508999511-project] POST http://10.222.0.15/volume/v3/34d47386b0374d76b68dc43ccdea118f/volumes
Sep 20 06:19:23.371234 dv-cinder-809968-1-smb devstack@c-api.service[163389]: /usr/local/lib/python3.8/dist-packages/webob/acceptparse.py:1047: DeprecationWarning: The behavior of AcceptValidHeader.best_match is currently being maintained for backward compatibility, but it will be deprecated in the future, as it does not conform to the RFC.
Sep 20 06:19:23.371234 dv-cinder-809968-1-smb devstack@c-api.service[163389]: warnings.warn(
Sep 20 06:19:23.372092 dv-cinder-809968-1-smb devstack@c-api.service[163389]: DEBUG cinder.api.openstack.wsgi [None req-e72aebb6-16d5-46cf-945a-82361c2c0d8b tempest-VolumeManageAdminTest-508999511 tempest-VolumeManageAdminTest-508999511-project] Action: 'create', calling method: create, body: {"volume": {"size": 1, "name": "tempest-VolumeManageAdminTest-Volume-1507232042"}} {{(pid=163389) _process_stack /opt/stack/cinder/cinder/api/openstack/wsgi.py:854}}
Sep 20 06:19:23.373242 dv-cinder-809968-1-smb devstack@c-api.service[163389]: DEBUG cinder.api.v3.volumes [None req-e72aebb6-16d5-46cf-945a-82361c2c0d8b tempest-VolumeManageAdminTest-508999511 tempest-VolumeManageAdminTest-508999511-project] Create volume request body: {'volume': {'size': 1, 'name': 'tempest-VolumeManageAdminTest-Volume-1507232042'}} {{(pid=163389) create /opt/stack/cinder/cinder/api/v3/volumes.py:298}}
Sep 20 06:19:23.373760 dv-cinder-809968-1-smb devstack@c-api.service[163389]: INFO cinder.api.v3.volumes [None req-e72aebb6-16d5-46cf-945a-82361c2c0d8b tempest-VolumeManageAdminTest-508999511 tempest-VolumeManageAdminTest-508999511-project] Create volume of 1 GB
Sep 20 06:19:23.385068 dv-cinder-809968-1-smb devstack@c-api.service[163389]: INFO cinder.volume.api [None req-e72aebb6-16d5-46cf-945a-82361c2c0d8b tempest-VolumeManageAdminTest-508999511 tempest-VolumeManageAdminTest-508999511-project] Availability Zones retrieved successfully.
Sep 20 06:19:23.444617 dv-cinder-809968-1-smb devstack@c-api.service[163390]: INFO cinder.volume.api [None req-dec1c76d-95ca-490e-ba12-5ac34ae347fb tempest-VolumeTypesTest-1822297897 tempest-VolumeTypesTest-1822297897-project] Retype volume request issued successfully.
Sep 20 06:19:23.445108 dv-cinder-809968-1-smb devstack@c-api.service[163390]: INFO cinder.api.openstack.wsgi [None req-dec1c76d-95ca-490e-ba12-5ac34ae347fb tempest-VolumeTypesTest-1822297897 tempest-VolumeTypesTest-1822297897-project] http://10.222.0.15/volume/v3/163f4fa412df439da40648b20f5fe0df/volumes/b20e147d-a84c-4c98-bb95-3909ccaf0906/action returned with HTTP 202
Sep 20 06:19:23.449256 dv-cinder-809968-1-smb devstack@c-api.service[163390]: [pid: 163390|app: 0|req: 92/181] 10.222.0.15 () {60 vars in 1367 bytes} [Mon Sep 20 06:19:23 2021] POST /volume/v3/163f4fa412df439da40648b20f5fe0df/volumes/b20e147d-a84c-4c98-bb95-3909ccaf0906/action => generated 0 bytes in 369 msecs (HTTP/1.1 202) 7 headers in 289 bytes (1 switches on core 0)
Sep 20 06:19:23.450745 dv-cinder-809968-1-smb devstack@c-api.service[163390]: INFO cinder.api.openstack.wsgi [None req-b18cc94d-b0b0-48c4-856a-f0a4feebe159 tempest-GroupsTest-858341957 tempest-GroupsTest-858341957-project] GET http://10.222.0.15/volume/v3/e778b11f842147cf8f28db3161f471a7/volumes/011e6a56-6440-448e-a246-aa7bb9469296
Sep 20 06:19:23.451282 dv-cinder-809968-1-smb devstack@c-api.service[163390]: DEBUG cinder.api.openstack.wsgi [None req-b18cc94d-b0b0-48c4-856a-f0a4feebe159 tempest-GroupsTest-858341957 tempest-GroupsTest-858341957-project] Empty body provided in request {{(pid=163390) get_body /opt/stack/cinder/cinder/api/openstack/wsgi.py:703}}
Sep 20 06:19:23.451446 dv-cinder-809968-1-smb devstack@c-api.service[163390]: /usr/local/lib/python3.8/dist-packages/webob/acceptparse.py:1047: DeprecationWarning: The behavior of AcceptValidHeader.best_match is currently being maintained for backward compatibility, but it will be deprecated in the future, as it does not conform to the RFC.
Sep 20 06:19:23.451446 dv-cinder-809968-1-smb devstack@c-api.service[163390]: warnings.warn(
Sep 20 06:19:23.452162 dv-cinder-809968-1-smb devstack@c-api.service[163390]: DEBUG cinder.api.openstack.wsgi [None req-b18cc94d-b0b0-48c4-856a-f0a4feebe159 tempest-GroupsTest-858341957 tempest-GroupsTest-858341957-project] Calling method 'show' {{(pid=163390) _process_stack /opt/stack/cinder/cinder/api/openstack/wsgi.py:856}}
Sep 20 06:19:23.453926 dv-cinder-809968-1-smb devstack@c-api.service[163389]: DEBUG cinder.volume.api [None req-e72aebb6-16d5-46cf-945a-82361c2c0d8b tempest-VolumeManageAdminTest-508999511 tempest-VolumeManageAdminTest-508999511-project] Flow 'volume_create_api' (021cdc8d-1852-4a69-9f92-0d3b7fb87880) transitioned into state 'RUNNING' from state 'PENDING' {{(pid=163389) _flow_receiver /usr/local/lib/python3.8/dist-packages/taskflow/listeners/logging.py:141}}
Sep 20 06:19:23.456419 dv-cinder-809968-1-smb devstack@c-api.service[163389]: DEBUG cinder.volume.api [None req-e72aebb6-16d5-46cf-945a-82361c2c0d8b tempest-VolumeManageAdminTest-508999511 tempest-VolumeManageAdminTest-508999511-project] Task 'cinder.volume.flows.api.create_volume.ExtractVolumeRequestTask;volume:create' (5aaec3f1-bc43-49ea-b621-936d94ab322a) transitioned into state 'RUNNING' from state 'PENDING' {{(pid=163389) _task_receiver /usr/local/lib/python3.8/dist-packages/taskflow/listeners/logging.py:190}}
Sep 20 06:19:23.461687 dv-cinder-809968-1-smb devstack@c-api.service[163389]: DEBUG cinder.volume.flows.api.create_volume [None req-e72aebb6-16d5-46cf-945a-82361c2c0d8b tempest-VolumeManageAdminTest-508999511 tempest-VolumeManageAdminTest-508999511-project] Validating volume size '1' using validate_int {{(pid=163389) _extract_size /opt/stack/cinder/cinder/volume/flows/api/create_volume.py:225}}
Sep 20 06:19:23.470317 dv-cinder-809968-1-smb devstack@c-api.service[163390]: /usr/local/lib/python3.8/dist-packages/oslo_context/context.py:105: DeprecationWarning: Policy enforcement is depending on the value of is_admin. This key is deprecated. Please update your policy file to use the standard policy values.
Sep 20 06:19:23.470317 dv-cinder-809968-1-smb devstack@c-api.service[163390]: warnings.warn('Policy enforcement is depending on the value of '
Sep 20 06:19:23.478330 dv-cinder-809968-1-smb devstack@c-api.service[163390]: INFO cinder.volume.api [None req-b18cc94d-b0b0-48c4-856a-f0a4feebe159 tempest-GroupsTest-858341957 tempest-GroupsTest-858341957-project] Volume info retrieved successfully.
Sep 20 06:19:23.486089 dv-cinder-809968-1-smb devstack@c-api.service[163390]: WARNING stevedore.named [None req-b18cc94d-b0b0-48c4-856a-f0a4feebe159 tempest-GroupsTest-858341957 tempest-GroupsTest-858341957-project] Could not load cinder.keymgr.conf_key_mgr.ConfKeyManager
Sep 20 06:19:23.486721 dv-cinder-809968-1-smb devstack@c-api.service[163390]: WARNING castellan.key_manager [None req-b18cc94d-b0b0-48c4-856a-f0a4feebe159 tempest-GroupsTest-858341957 tempest-GroupsTest-858341957-project] Deprecation Warning : cinder.keymgr.conf_key_mgr.ConfKeyManager is not a stevedore based driver, trying to load it as a class: stevedore.exception.NoMatches: No 'castellan.drivers' driver found, looking for 'cinder.keymgr.conf_key_mgr.ConfKeyManager'
Sep 20 06:19:23.493235 dv-cinder-809968-1-smb devstack@c-api.service[163390]: DEBUG oslo_db.sqlalchemy.engines [None req-b18cc94d-b0b0-48c4-856a-f0a4feebe159 tempest-GroupsTest-858341957 tempest-GroupsTest-858341957-project] MySQL server mode set to STRICT_TRANS_TABLES,STRICT_ALL_TABLES,NO_ZERO_IN_DATE,NO_ZERO_DATE,ERROR_FOR_DIVISION_BY_ZERO,TRADITIONAL,NO_ENGINE_SUBSTITUTION {{(pid=163390) _check_effective_sql_mode /usr/local/lib/python3.8/dist-packages/oslo_db/sqlalchemy/engines.py:314}}
Sep 20 06:19:23.496738 dv-cinder-809968-1-smb devstack@c-api.service[163389]: DEBUG cinder.volume.api [None req-e72aebb6-16d5-46cf-945a-82361c2c0d8b tempest-VolumeManageAdminTest-508999511 tempest-VolumeManageAdminTest-508999511-project] Task 'cinder.volume.flows.api.create_volume.ExtractVolumeRequestTask;volume:create' (5aaec3f1-bc43-49ea-b621-936d94ab322a) transitioned into state 'SUCCESS' from state 'RUNNING' with result '{'size': 1, 'snapshot_id': None, 'source_volid': None, 'volume_type': VolumeType(created_at=2021-09-20T06:09:18Z,deleted=False,deleted_at=None,description='Default Volume Type',extra_specs={},id=a157fccf-daab-4d9e-8513-c7ed1941b23b,is_public=True,name='__DEFAULT__',projects=[],qos_specs=,qos_specs_id=None,updated_at=2021-09-20T06:09:18Z), 'volume_type_id': 'a157fccf-daab-4d9e-8513-c7ed1941b23b', 'encryption_key_id': None, 'qos_specs': None, 'consistencygroup_id': None, 'cgsnapshot_id': None, 'group_id': None, 'replication_status': 'disabled', 'refresh_az': False, 'backup_id': None, 'multiattach': False, 'availability_zones': ['nova']}' {{(pid=163389) _task_receiver /usr/local/lib/python3.8/dist-packages/taskflow/listeners/logging.py:178}}
Sep 20 06:19:23.498743 dv-cinder-809968-1-smb devstack@c-api.service[163390]: /usr/local/lib/python3.8/dist-packages/oslo_context/context.py:105: DeprecationWarning: Policy enforcement is depending on the value of is_admin. This key is deprecated. Please update your policy file to use the standard policy values.
Sep 20 06:19:23.498743 dv-cinder-809968-1-smb devstack@c-api.service[163390]: warnings.warn('Policy enforcement is depending on the value of '
Sep 20 06:19:23.498993 dv-cinder-809968-1-smb devstack@c-api.service[163389]: DEBUG cinder.volume.api [None req-e72aebb6-16d5-46cf-945a-82361c2c0d8b tempest-VolumeManageAdminTest-508999511 tempest-VolumeManageAdminTest-508999511-project] Task 'cinder.volume.flows.api.create_volume.QuotaReserveTask;volume:create' (8037c52a-6efc-4190-a190-a9bdf2f11e42) transitioned into state 'RUNNING' from state 'PENDING' {{(pid=163389) _task_receiver /usr/local/lib/python3.8/dist-packages/taskflow/listeners/logging.py:190}}
Sep 20 06:19:23.514516 dv-cinder-809968-1-smb devstack@c-api.service[163390]: INFO cinder.api.openstack.wsgi [None req-b18cc94d-b0b0-48c4-856a-f0a4feebe159 tempest-GroupsTest-858341957 tempest-GroupsTest-858341957-project] http://10.222.0.15/volume/v3/e778b11f842147cf8f28db3161f471a7/volumes/011e6a56-6440-448e-a246-aa7bb9469296 returned with HTTP 200
Sep 20 06:19:23.516096 dv-cinder-809968-1-smb devstack@c-api.service[163390]: [pid: 163390|app: 0|req: 93/182] 10.222.0.15 () {60 vars in 1366 bytes} [Mon Sep 20 06:19:23 2021] GET /volume/v3/e778b11f842147cf8f28db3161f471a7/volumes/011e6a56-6440-448e-a246-aa7bb9469296 => generated 984 bytes in 70 msecs (HTTP/1.1 200) 7 headers in 286 bytes (1 switches on core 0)
Sep 20 06:19:23.531048 dv-cinder-809968-1-smb devstack@c-api.service[163390]: INFO cinder.api.openstack.wsgi [None req-5e7b8c1d-dc57-4ab7-82e2-98a616e9e59c tempest-VolumeQuotasNegativeTestJSON-449396740 tempest-VolumeQuotasNegativeTestJSON-449396740-project] DELETE http://10.222.0.15/volume/v3/d6eb9eb58b274dc6aba5bde63b20257c/volumes/9f4bbc0c-e60b-4efc-8507-876098579f4b
Sep 20 06:19:23.531625 dv-cinder-809968-1-smb devstack@c-api.service[163390]: DEBUG cinder.api.openstack.wsgi [None req-5e7b8c1d-dc57-4ab7-82e2-98a616e9e59c tempest-VolumeQuotasNegativeTestJSON-449396740 tempest-VolumeQuotasNegativeTestJSON-449396740-project] Empty body provided in request {{(pid=163390) get_body /opt/stack/cinder/cinder/api/openstack/wsgi.py:703}}
Sep 20 06:19:23.531899 dv-cinder-809968-1-smb devstack@c-api.service[163390]: /usr/local/lib/python3.8/dist-packages/webob/acceptparse.py:1047: DeprecationWarning: The behavior of AcceptValidHeader.best_match is currently being maintained for backward compatibility, but it will be deprecated in the future, as it does not conform to the RFC.
Sep 20 06:19:23.531899 dv-cinder-809968-1-smb devstack@c-api.service[163390]: warnings.warn(
Sep 20 06:19:23.532801 dv-cinder-809968-1-smb devstack@c-api.service[163390]: DEBUG cinder.api.openstack.wsgi [None req-5e7b8c1d-dc57-4ab7-82e2-98a616e9e59c tempest-VolumeQuotasNegativeTestJSON-449396740 tempest-VolumeQuotasNegativeTestJSON-449396740-project] Calling method 'delete' {{(pid=163390) _process_stack /opt/stack/cinder/cinder/api/openstack/wsgi.py:856}}
Sep 20 06:19:23.533377 dv-cinder-809968-1-smb devstack@c-api.service[163390]: INFO cinder.api.v3.volumes [None req-5e7b8c1d-dc57-4ab7-82e2-98a616e9e59c tempest-VolumeQuotasNegativeTestJSON-449396740 tempest-VolumeQuotasNegativeTestJSON-449396740-project] Delete volume with id: 9f4bbc0c-e60b-4efc-8507-876098579f4b
Sep 20 06:19:23.555212 dv-cinder-809968-1-smb devstack@c-api.service[163390]: /usr/local/lib/python3.8/dist-packages/oslo_context/context.py:105: DeprecationWarning: Policy enforcement is depending on the value of is_admin. This key is deprecated. Please update your policy file to use the standard policy values.
Sep 20 06:19:23.555212 dv-cinder-809968-1-smb devstack@c-api.service[163390]: warnings.warn('Policy enforcement is depending on the value of '
Sep 20 06:19:23.557626 dv-cinder-809968-1-smb devstack@c-api.service[163390]: INFO cinder.volume.api [None req-5e7b8c1d-dc57-4ab7-82e2-98a616e9e59c tempest-VolumeQuotasNegativeTestJSON-449396740 tempest-VolumeQuotasNegativeTestJSON-449396740-project] Volume info retrieved successfully.
Sep 20 06:19:23.589229 dv-cinder-809968-1-smb devstack@c-api.service[163390]: INFO cinder.volume.api [None req-5e7b8c1d-dc57-4ab7-82e2-98a616e9e59c tempest-VolumeQuotasNegativeTestJSON-449396740 tempest-VolumeQuotasNegativeTestJSON-449396740-project] Delete volume request issued successfully.
Sep 20 06:19:23.589648 dv-cinder-809968-1-smb devstack@c-api.service[163390]: INFO cinder.api.openstack.wsgi [None req-5e7b8c1d-dc57-4ab7-82e2-98a616e9e59c tempest-VolumeQuotasNegativeTestJSON-449396740 tempest-VolumeQuotasNegativeTestJSON-449396740-project] http://10.222.0.15/volume/v3/d6eb9eb58b274dc6aba5bde63b20257c/volumes/9f4bbc0c-e60b-4efc-8507-876098579f4b returned with HTTP 202
