Sep 20 23:04:04.356578 dv-cinder-809965-2-smb devstack@c-api.service[100990]: warnings.warn('Policy enforcement is depending on the value of '
Sep 20 23:04:04.364799 dv-cinder-809965-2-smb devstack@c-api.service[100990]: INFO cinder.api.openstack.wsgi [req-5c7d408b-0817-41e7-a9f0-4b5ee772a278 req-4593fe27-b7f0-4637-9dd0-c8d35d317d75 tempest-AttachVolumeNegativeTest-1715764654 tempest-AttachVolumeNegativeTest-1715764654-project] http://10.222.0.41/volume/v3/14d7589d437649bfb982a3e219c486d6/volumes/28c8540d-43ce-45ab-b1d5-ea95f10fcb1e returned with HTTP 200
Sep 20 23:04:04.365542 dv-cinder-809965-2-smb devstack@c-api.service[100990]: [pid: 100990|app: 0|req: 108/193] 10.222.0.43 () {60 vars in 1413 bytes} [Mon Sep 20 23:04:04 2021] GET /volume/v3/14d7589d437649bfb982a3e219c486d6/volumes/28c8540d-43ce-45ab-b1d5-ea95f10fcb1e => generated 1014 bytes in 58 msecs (HTTP/1.1 200) 7 headers in 287 bytes (2 switches on core 0)
Sep 20 23:04:04.414359 dv-cinder-809965-2-smb devstack@c-api.service[100990]: INFO cinder.api.openstack.wsgi [req-5c7d408b-0817-41e7-a9f0-4b5ee772a278 req-d0a81aeb-6642-465d-aba5-12155a3d4c83 tempest-AttachVolumeNegativeTest-1715764654 tempest-AttachVolumeNegativeTest-1715764654-project] PUT http://10.222.0.41/volume/v3/14d7589d437649bfb982a3e219c486d6/attachments/507ee31d-cf22-4d35-adff-57499b13f512
Sep 20 23:04:04.415084 dv-cinder-809965-2-smb devstack@c-api.service[100990]: /usr/local/lib/python3.8/dist-packages/webob/acceptparse.py:1047: DeprecationWarning: The behavior of AcceptValidHeader.best_match is currently being maintained for backward compatibility, but it will be deprecated in the future, as it does not conform to the RFC.
Sep 20 23:04:04.415084 dv-cinder-809965-2-smb devstack@c-api.service[100990]: warnings.warn(
Sep 20 23:04:04.415551 dv-cinder-809965-2-smb devstack@c-api.service[100990]: DEBUG cinder.api.openstack.wsgi [req-5c7d408b-0817-41e7-a9f0-4b5ee772a278 req-d0a81aeb-6642-465d-aba5-12155a3d4c83 tempest-AttachVolumeNegativeTest-1715764654 tempest-AttachVolumeNegativeTest-1715764654-project] Action: 'update', calling method: version_select, body: {"attachment": {"connector": {"platform": "AMD64", "os_type": "win32", "ip": "10.222.0.43", "host": "hv-cinder-80996", "multipath": false, "initiator": "iqn.1991-05.com.microsoft:hv-cinder-80996", "mountpoint": "/dev/sdb"}}} {{(pid=100990) _process_stack /opt/stack/cinder/cinder/api/openstack/wsgi.py:854}}
Sep 20 23:04:04.443840 dv-cinder-809965-2-smb devstack@c-api.service[100990]: /usr/local/lib/python3.8/dist-packages/tenacity/__init__.py:333: DeprecationWarning: "retry" function must accept single "retry_state" parameter, please update tooz._retry.retry..
Sep 20 23:04:04.443840 dv-cinder-809965-2-smb devstack@c-api.service[100990]: return self(f, *args, **kw)
Sep 20 23:04:04.444595 dv-cinder-809965-2-smb devstack@c-api.service[100990]: DEBUG cinder.coordination [req-5c7d408b-0817-41e7-a9f0-4b5ee772a278 req-d0a81aeb-6642-465d-aba5-12155a3d4c83 tempest-AttachVolumeNegativeTest-1715764654 tempest-AttachVolumeNegativeTest-1715764654-project] Lock "b'cinder-attachment_update-28c8540d-43ce-45ab-b1d5-ea95f10fcb1e-hv-cinder-80996'" acquired by "attachment_update" :: waited 0.014s {{(pid=100990) _synchronized /opt/stack/cinder/cinder/coordination.py:181}}
Sep 20 23:04:04.448689 dv-cinder-809965-2-smb devstack@c-api.service[100990]: /usr/local/lib/python3.8/dist-packages/oslo_context/context.py:105: DeprecationWarning: Policy enforcement is depending on the value of is_admin. This key is deprecated. Please update your policy file to use the standard policy values.
Sep 20 23:04:04.448689 dv-cinder-809965-2-smb devstack@c-api.service[100990]: warnings.warn('Policy enforcement is depending on the value of '
Sep 20 23:04:04.553960 dv-cinder-809965-2-smb devstack@c-api.service[100989]: DEBUG cinder.coordination [req-608dba9e-205e-4d07-ab30-4e85171f6380 req-489b6e7a-9d8a-4a25-b47a-a95a16edf3d7 tempest-DeleteServersTestJSON-1700615362 tempest-DeleteServersTestJSON-1700615362-project] Lock "b'cinder-attachment_update-4346b38d-07c4-4c89-ae93-9dcd52b65af9-hv-cinder-80996'" released by "attachment_update" :: held 0.259s {{(pid=100989) _synchronized /opt/stack/cinder/cinder/coordination.py:193}}
Sep 20 23:04:04.554559 dv-cinder-809965-2-smb devstack@c-api.service[100989]: INFO cinder.api.openstack.wsgi [req-608dba9e-205e-4d07-ab30-4e85171f6380 req-489b6e7a-9d8a-4a25-b47a-a95a16edf3d7 tempest-DeleteServersTestJSON-1700615362 tempest-DeleteServersTestJSON-1700615362-project] http://10.222.0.41/volume/v3/851f002617ed4b67ad1ef2b9326f3a94/attachments/727a69c9-8ad2-4c45-9b0e-e263dcb85caa returned with HTTP 200
Sep 20 23:04:04.555372 dv-cinder-809965-2-smb devstack@c-api.service[100989]: [pid: 100989|app: 0|req: 86/194] 10.222.0.43 () {64 vars in 1478 bytes} [Mon Sep 20 23:04:04 2021] PUT /volume/v3/851f002617ed4b67ad1ef2b9326f3a94/attachments/727a69c9-8ad2-4c45-9b0e-e263dcb85caa => generated 652 bytes in 322 msecs (HTTP/1.1 200) 7 headers in 286 bytes (1 switches on core 0)
Sep 20 23:04:04.680053 dv-cinder-809965-2-smb devstack@c-api.service[100990]: DEBUG cinder.coordination [req-5c7d408b-0817-41e7-a9f0-4b5ee772a278 req-d0a81aeb-6642-465d-aba5-12155a3d4c83 tempest-AttachVolumeNegativeTest-1715764654 tempest-AttachVolumeNegativeTest-1715764654-project] Lock "b'cinder-attachment_update-28c8540d-43ce-45ab-b1d5-ea95f10fcb1e-hv-cinder-80996'" released by "attachment_update" :: held 0.235s {{(pid=100990) _synchronized /opt/stack/cinder/cinder/coordination.py:193}}
Sep 20 23:04:04.680615 dv-cinder-809965-2-smb devstack@c-api.service[100990]: INFO cinder.api.openstack.wsgi [req-5c7d408b-0817-41e7-a9f0-4b5ee772a278 req-d0a81aeb-6642-465d-aba5-12155a3d4c83 tempest-AttachVolumeNegativeTest-1715764654 tempest-AttachVolumeNegativeTest-1715764654-project] http://10.222.0.41/volume/v3/14d7589d437649bfb982a3e219c486d6/attachments/507ee31d-cf22-4d35-adff-57499b13f512 returned with HTTP 200
Sep 20 23:04:04.681460 dv-cinder-809965-2-smb devstack@c-api.service[100990]: [pid: 100990|app: 0|req: 109/195] 10.222.0.43 () {64 vars in 1478 bytes} [Mon Sep 20 23:04:04 2021] PUT /volume/v3/14d7589d437649bfb982a3e219c486d6/attachments/507ee31d-cf22-4d35-adff-57499b13f512 => generated 652 bytes in 272 msecs (HTTP/1.1 200) 7 headers in 286 bytes (2 switches on core 0)
Sep 20 23:04:04.794732 dv-cinder-809965-2-smb devstack@c-api.service[100989]: INFO cinder.api.openstack.wsgi [None req-02ecd40d-af16-49e3-a0e3-f5af084de566 tempest-DeleteServersTestJSON-1700615362 tempest-DeleteServersTestJSON-1700615362-project] GET http://10.222.0.41/volume/v3/851f002617ed4b67ad1ef2b9326f3a94/volumes/4346b38d-07c4-4c89-ae93-9dcd52b65af9
Sep 20 23:04:04.795180 dv-cinder-809965-2-smb devstack@c-api.service[100989]: DEBUG cinder.api.openstack.wsgi [None req-02ecd40d-af16-49e3-a0e3-f5af084de566 tempest-DeleteServersTestJSON-1700615362 tempest-DeleteServersTestJSON-1700615362-project] Empty body provided in request {{(pid=100989) get_body /opt/stack/cinder/cinder/api/openstack/wsgi.py:703}}
Sep 20 23:04:04.795352 dv-cinder-809965-2-smb devstack@c-api.service[100989]: /usr/local/lib/python3.8/dist-packages/webob/acceptparse.py:1047: DeprecationWarning: The behavior of AcceptValidHeader.best_match is currently being maintained for backward compatibility, but it will be deprecated in the future, as it does not conform to the RFC.
Sep 20 23:04:04.795352 dv-cinder-809965-2-smb devstack@c-api.service[100989]: warnings.warn(
Sep 20 23:04:04.795666 dv-cinder-809965-2-smb devstack@c-api.service[100989]: DEBUG cinder.api.openstack.wsgi [None req-02ecd40d-af16-49e3-a0e3-f5af084de566 tempest-DeleteServersTestJSON-1700615362 tempest-DeleteServersTestJSON-1700615362-project] Calling method 'show' {{(pid=100989) _process_stack /opt/stack/cinder/cinder/api/openstack/wsgi.py:856}}
Sep 20 23:04:04.809990 dv-cinder-809965-2-smb devstack@c-api.service[100989]: /usr/local/lib/python3.8/dist-packages/oslo_context/context.py:105: DeprecationWarning: Policy enforcement is depending on the value of is_admin. This key is deprecated. Please update your policy file to use the standard policy values.
Sep 20 23:04:04.809990 dv-cinder-809965-2-smb devstack@c-api.service[100989]: warnings.warn('Policy enforcement is depending on the value of '
Sep 20 23:04:04.816830 dv-cinder-809965-2-smb devstack@c-api.service[100989]: INFO cinder.volume.api [None req-02ecd40d-af16-49e3-a0e3-f5af084de566 tempest-DeleteServersTestJSON-1700615362 tempest-DeleteServersTestJSON-1700615362-project] Volume info retrieved successfully.
Sep 20 23:04:04.827967 dv-cinder-809965-2-smb devstack@c-api.service[100989]: /usr/local/lib/python3.8/dist-packages/oslo_context/context.py:105: DeprecationWarning: Policy enforcement is depending on the value of is_admin. This key is deprecated. Please update your policy file to use the standard policy values.
Sep 20 23:04:04.827967 dv-cinder-809965-2-smb devstack@c-api.service[100989]: warnings.warn('Policy enforcement is depending on the value of '
Sep 20 23:04:04.835056 dv-cinder-809965-2-smb devstack@c-api.service[100989]: INFO cinder.api.openstack.wsgi [None req-02ecd40d-af16-49e3-a0e3-f5af084de566 tempest-DeleteServersTestJSON-1700615362 tempest-DeleteServersTestJSON-1700615362-project] http://10.222.0.41/volume/v3/851f002617ed4b67ad1ef2b9326f3a94/volumes/4346b38d-07c4-4c89-ae93-9dcd52b65af9 returned with HTTP 200
Sep 20 23:04:04.835777 dv-cinder-809965-2-smb devstack@c-api.service[100989]: [pid: 100989|app: 0|req: 87/196] 10.222.0.41 () {58 vars in 1325 bytes} [Mon Sep 20 23:04:04 2021] GET /volume/v3/851f002617ed4b67ad1ef2b9326f3a94/volumes/4346b38d-07c4-4c89-ae93-9dcd52b65af9 => generated 914 bytes in 44 msecs (HTTP/1.1 200) 7 headers in 285 bytes (1 switches on core 0)
Sep 20 23:04:04.958149 dv-cinder-809965-2-smb devstack@c-api.service[100990]: INFO cinder.api.openstack.wsgi [None req-7782d77e-0a37-4ab9-ac56-06caebfbb58e tempest-VolumesTransfersTest-56536862 tempest-VolumesTransfersTest-56536862-project-admin] GET http://10.222.0.41/volume/v3/dcec0618df4d45528cd6d62279423276/volumes/7f686233-9a56-40a2-8809-84a42c63bb2d
Sep 20 23:04:04.958619 dv-cinder-809965-2-smb devstack@c-api.service[100990]: DEBUG cinder.api.openstack.wsgi [None req-7782d77e-0a37-4ab9-ac56-06caebfbb58e tempest-VolumesTransfersTest-56536862 tempest-VolumesTransfersTest-56536862-project-admin] Empty body provided in request {{(pid=100990) get_body /opt/stack/cinder/cinder/api/openstack/wsgi.py:703}}
Sep 20 23:04:04.958824 dv-cinder-809965-2-smb devstack@c-api.service[100990]: /usr/local/lib/python3.8/dist-packages/webob/acceptparse.py:1047: DeprecationWarning: The behavior of AcceptValidHeader.best_match is currently being maintained for backward compatibility, but it will be deprecated in the future, as it does not conform to the RFC.
Sep 20 23:04:04.958824 dv-cinder-809965-2-smb devstack@c-api.service[100990]: warnings.warn(
Sep 20 23:04:04.959209 dv-cinder-809965-2-smb devstack@c-api.service[100990]: DEBUG cinder.api.openstack.wsgi [None req-7782d77e-0a37-4ab9-ac56-06caebfbb58e tempest-VolumesTransfersTest-56536862 tempest-VolumesTransfersTest-56536862-project-admin] Calling method 'show' {{(pid=100990) _process_stack /opt/stack/cinder/cinder/api/openstack/wsgi.py:856}}
Sep 20 23:04:04.989517 dv-cinder-809965-2-smb devstack@c-api.service[100990]: INFO cinder.api.openstack.wsgi [None req-7782d77e-0a37-4ab9-ac56-06caebfbb58e tempest-VolumesTransfersTest-56536862 tempest-VolumesTransfersTest-56536862-project-admin] http://10.222.0.41/volume/v3/dcec0618df4d45528cd6d62279423276/volumes/7f686233-9a56-40a2-8809-84a42c63bb2d returned with HTTP 404
Sep 20 23:04:04.990631 dv-cinder-809965-2-smb devstack@c-api.service[100990]: [pid: 100990|app: 0|req: 110/197] 10.222.0.41 () {58 vars in 1325 bytes} [Mon Sep 20 23:04:04 2021] GET /volume/v3/dcec0618df4d45528cd6d62279423276/volumes/7f686233-9a56-40a2-8809-84a42c63bb2d => generated 109 bytes in 36 msecs (HTTP/1.1 404) 7 headers in 292 bytes (1 switches on core 0)
Sep 20 23:04:04.999674 dv-cinder-809965-2-smb devstack@c-api.service[100989]: INFO cinder.api.openstack.wsgi [None req-e60f959b-9c8e-46f2-bfd3-53990c19aad5 tempest-VolumesTransfersTest-2105134031 tempest-VolumesTransfersTest-2105134031-project] POST http://10.222.0.41/volume/v3/95611b4dc74646f0b2633fa0bf9a4cb7/volumes
Sep 20 23:04:05.000185 dv-cinder-809965-2-smb devstack@c-api.service[100989]: /usr/local/lib/python3.8/dist-packages/webob/acceptparse.py:1047: DeprecationWarning: The behavior of AcceptValidHeader.best_match is currently being maintained for backward compatibility, but it will be deprecated in the future, as it does not conform to the RFC.
Sep 20 23:04:05.000185 dv-cinder-809965-2-smb devstack@c-api.service[100989]: warnings.warn(
Sep 20 23:04:05.000757 dv-cinder-809965-2-smb devstack@c-api.service[100989]: DEBUG cinder.api.openstack.wsgi [None req-e60f959b-9c8e-46f2-bfd3-53990c19aad5 tempest-VolumesTransfersTest-2105134031 tempest-VolumesTransfersTest-2105134031-project] Action: 'create', calling method: create, body: {"volume": {"size": 1, "name": "tempest-VolumesTransfersTest-Volume-1874125924"}} {{(pid=100989) _process_stack /opt/stack/cinder/cinder/api/openstack/wsgi.py:854}}
Sep 20 23:04:05.001801 dv-cinder-809965-2-smb devstack@c-api.service[100989]: DEBUG cinder.api.v3.volumes [None req-e60f959b-9c8e-46f2-bfd3-53990c19aad5 tempest-VolumesTransfersTest-2105134031 tempest-VolumesTransfersTest-2105134031-project] Create volume request body: {'volume': {'size': 1, 'name': 'tempest-VolumesTransfersTest-Volume-1874125924'}} {{(pid=100989) create /opt/stack/cinder/cinder/api/v3/volumes.py:298}}
Sep 20 23:04:05.002106 dv-cinder-809965-2-smb devstack@c-api.service[100989]: INFO cinder.api.v3.volumes [None req-e60f959b-9c8e-46f2-bfd3-53990c19aad5 tempest-VolumesTransfersTest-2105134031 tempest-VolumesTransfersTest-2105134031-project] Create volume of 1 GB
Sep 20 23:04:05.016792 dv-cinder-809965-2-smb devstack@c-api.service[100989]: INFO cinder.volume.api [None req-e60f959b-9c8e-46f2-bfd3-53990c19aad5 tempest-VolumesTransfersTest-2105134031 tempest-VolumesTransfersTest-2105134031-project] Availability Zones retrieved successfully.
Sep 20 23:04:05.036257 dv-cinder-809965-2-smb devstack@c-api.service[100989]: DEBUG cinder.volume.api [None req-e60f959b-9c8e-46f2-bfd3-53990c19aad5 tempest-VolumesTransfersTest-2105134031 tempest-VolumesTransfersTest-2105134031-project] Flow 'volume_create_api' (b2220729-316e-4820-957b-99bf5ad72624) transitioned into state 'RUNNING' from state 'PENDING' {{(pid=100989) _flow_receiver /usr/local/lib/python3.8/dist-packages/taskflow/listeners/logging.py:141}}
Sep 20 23:04:05.038912 dv-cinder-809965-2-smb devstack@c-api.service[100989]: DEBUG cinder.volume.api [None req-e60f959b-9c8e-46f2-bfd3-53990c19aad5 tempest-VolumesTransfersTest-2105134031 tempest-VolumesTransfersTest-2105134031-project] Task 'cinder.volume.flows.api.create_volume.ExtractVolumeRequestTask;volume:create' (abdfe6ca-0ce0-4d08-ba88-9bfcd94a4d12) transitioned into state 'RUNNING' from state 'PENDING' {{(pid=100989) _task_receiver /usr/local/lib/python3.8/dist-packages/taskflow/listeners/logging.py:190}}
Sep 20 23:04:05.041384 dv-cinder-809965-2-smb devstack@c-api.service[100989]: DEBUG cinder.volume.flows.api.create_volume [None req-e60f959b-9c8e-46f2-bfd3-53990c19aad5 tempest-VolumesTransfersTest-2105134031 tempest-VolumesTransfersTest-2105134031-project] Validating volume size '1' using validate_int {{(pid=100989) _extract_size /opt/stack/cinder/cinder/volume/flows/api/create_volume.py:225}}
Sep 20 23:04:05.074004 dv-cinder-809965-2-smb devstack@c-api.service[100989]: DEBUG cinder.volume.api [None req-e60f959b-9c8e-46f2-bfd3-53990c19aad5 tempest-VolumesTransfersTest-2105134031 tempest-VolumesTransfersTest-2105134031-project] Task 'cinder.volume.flows.api.create_volume.ExtractVolumeRequestTask;volume:create' (abdfe6ca-0ce0-4d08-ba88-9bfcd94a4d12) transitioned into state 'SUCCESS' from state 'RUNNING' with result '{'size': 1, 'snapshot_id': None, 'source_volid': None, 'volume_type': VolumeType(created_at=2021-09-20T22:53:59Z,deleted=False,deleted_at=None,description='Default Volume Type',extra_specs={},id=2ad52785-0790-447e-85d7-2a3b52967b92,is_public=True,name='__DEFAULT__',projects=[],qos_specs=,qos_specs_id=None,updated_at=2021-09-20T22:53:59Z), 'volume_type_id': '2ad52785-0790-447e-85d7-2a3b52967b92', 'encryption_key_id': None, 'qos_specs': None, 'consistencygroup_id': None, 'cgsnapshot_id': None, 'group_id': None, 'replication_status': 'disabled', 'refresh_az': False, 'backup_id': None, 'multiattach': False, 'availability_zones': ['nova']}' {{(pid=100989) _task_receiver /usr/local/lib/python3.8/dist-packages/taskflow/listeners/logging.py:178}}
Sep 20 23:04:05.075957 dv-cinder-809965-2-smb devstack@c-api.service[100989]: DEBUG cinder.volume.api [None req-e60f959b-9c8e-46f2-bfd3-53990c19aad5 tempest-VolumesTransfersTest-2105134031 tempest-VolumesTransfersTest-2105134031-project] Task 'cinder.volume.flows.api.create_volume.QuotaReserveTask;volume:create' (4ec32bb6-70a1-4cc8-a66d-fb716abfc634) transitioned into state 'RUNNING' from state 'PENDING' {{(pid=100989) _task_receiver /usr/local/lib/python3.8/dist-packages/taskflow/listeners/logging.py:190}}
Sep 20 23:04:05.152431 dv-cinder-809965-2-smb devstack@c-api.service[100989]: DEBUG cinder.quota [None req-e60f959b-9c8e-46f2-bfd3-53990c19aad5 tempest-VolumesTransfersTest-2105134031 tempest-VolumesTransfersTest-2105134031-project] Created reservations ['914ffaea-74ab-4d1f-a2b6-09c2693d3d0d', '2b16008d-7f35-418b-858a-ff9597041bbd', '81118916-4a61-4fe6-999f-16e6eec7562b', 'e0de1770-016e-4dd8-baa8-8f960ff64e23'] {{(pid=100989) reserve /opt/stack/cinder/cinder/quota.py:755}}
Sep 20 23:04:05.154192 dv-cinder-809965-2-smb devstack@c-api.service[100989]: DEBUG cinder.volume.api [None req-e60f959b-9c8e-46f2-bfd3-53990c19aad5 tempest-VolumesTransfersTest-2105134031 tempest-VolumesTransfersTest-2105134031-project] Task 'cinder.volume.flows.api.create_volume.QuotaReserveTask;volume:create' (4ec32bb6-70a1-4cc8-a66d-fb716abfc634) transitioned into state 'SUCCESS' from state 'RUNNING' with result '{'reservations': ['914ffaea-74ab-4d1f-a2b6-09c2693d3d0d', '2b16008d-7f35-418b-858a-ff9597041bbd', '81118916-4a61-4fe6-999f-16e6eec7562b', 'e0de1770-016e-4dd8-baa8-8f960ff64e23']}' {{(pid=100989) _task_receiver /usr/local/lib/python3.8/dist-packages/taskflow/listeners/logging.py:178}}
Sep 20 23:04:05.156136 dv-cinder-809965-2-smb devstack@c-api.service[100989]: DEBUG cinder.volume.api [None req-e60f959b-9c8e-46f2-bfd3-53990c19aad5 tempest-VolumesTransfersTest-2105134031 tempest-VolumesTransfersTest-2105134031-project] Task 'cinder.volume.flows.api.create_volume.EntryCreateTask;volume:create' (c705ae76-8de4-4149-938d-6c68b25f4243) transitioned into state 'RUNNING' from state 'PENDING' {{(pid=100989) _task_receiver /usr/local/lib/python3.8/dist-packages/taskflow/listeners/logging.py:190}}
Sep 20 23:04:05.181356 dv-cinder-809965-2-smb devstack@c-api.service[100989]: DEBUG cinder.volume.api [None req-e60f959b-9c8e-46f2-bfd3-53990c19aad5 tempest-VolumesTransfersTest-2105134031 tempest-VolumesTransfersTest-2105134031-project] Task 'cinder.volume.flows.api.create_volume.EntryCreateTask;volume:create' (c705ae76-8de4-4149-938d-6c68b25f4243) transitioned into state 'SUCCESS' from state 'RUNNING' with result '{'volume_id': 'eca02164-69b5-4bc9-b5c2-74618dd1ce15', 'volume_properties': VolumeProperties(attach_status='detached',availability_zone='nova',cgsnapshot_id=None,consistencygroup_id=None,display_description=None,display_name='tempest-VolumesTransfersTest-Volume-1874125924',encryption_key_id=None,group_id=None,group_type_id=,metadata={},multiattach=False,project_id='95611b4dc74646f0b2633fa0bf9a4cb7',qos_specs=None,replication_status=,reservations=['914ffaea-74ab-4d1f-a2b6-09c2693d3d0d','2b16008d-7f35-418b-858a-ff9597041bbd','81118916-4a61-4fe6-999f-16e6eec7562b','e0de1770-016e-4dd8-baa8-8f960ff64e23'],size=1,snapshot_id=None,source_replicaid=,source_volid=None,status='creating',user_id='d31d3e8978d7423fbabc39147b2c4bbe',volume_type_id=2ad52785-0790-447e-85d7-2a3b52967b92), 'volume': Volume(_name_id=None,admin_metadata=,attach_status='detached',availability_zone='nova',bootable=False,cluster=,cluster_name=None,consistencygroup=,consistencygroup_id=None,created_at=2021-09-20T23:04:05Z,deleted=False,deleted_at=None,display_description=None,display_name='tempest-VolumesTransfersTest-Volume-1874125924',ec2_id=None,encryption_key_id=None,glance_metadata=,group=,group_id=None,host=None,id=eca02164-69b5-4bc9-b5c2-74618dd1ce15,launched_at=None,metadata={},migration_status=None,multiattach=False,previous_status=None,project_id='95611b4dc74646f0b2633fa0bf9a4cb7',provider_auth=None,provider_geometry=None,provider_id=None,provider_location=None,replication_driver_data=None,replication_extended_status=None,replication_status=None,scheduled_at=None,service_uuid=None,shared_targets=True,size=1,snapshot_id=None,snapshots=,source_volid=None,status='creating',terminated_at=None,updated_at=None,use_quota=True,user_id='d31d3e8978d7423fbabc39147b2c4bbe',volume_attachment=,volume_type=VolumeType(2ad52785-0790-447e-85d7-2a3b52967b92),volume_type_id=2ad52785-0790-447e-85d7-2a3b52967b92)}' {{(pid=100989) _task_receiver /usr/local/lib/python3.8/dist-packages/taskflow/listeners/logging.py:178}}
Sep 20 23:04:05.184029 dv-cinder-809965-2-smb devstack@c-api.service[100989]: DEBUG cinder.volume.api [None req-e60f959b-9c8e-46f2-bfd3-53990c19aad5 tempest-VolumesTransfersTest-2105134031 tempest-VolumesTransfersTest-2105134031-project] Task 'cinder.volume.flows.api.create_volume.QuotaCommitTask;volume:create' (a00d9592-63f8-4ac3-be32-c0c3b1c57195) transitioned into state 'RUNNING' from state 'PENDING' {{(pid=100989) _task_receiver /usr/local/lib/python3.8/dist-packages/taskflow/listeners/logging.py:190}}
Sep 20 23:04:05.190482 dv-cinder-809965-2-smb devstack@c-api.service[100990]: INFO cinder.api.openstack.wsgi [None req-7c4c203a-ccf2-4ac3-9f84-12317c3e0da5 tempest-GroupSnapshotsTest-653259358 tempest-GroupSnapshotsTest-653259358-project] GET http://10.222.0.41/volume/v3/0eb903eb494d45a489732685faaca9fe/groups/8ef4286f-f109-4ce5-a65a-f66c0ba7eedf
Sep 20 23:04:05.197877 dv-cinder-809965-2-smb devstack@c-api.service[100990]: DEBUG cinder.api.openstack.wsgi [None req-7c4c203a-ccf2-4ac3-9f84-12317c3e0da5 tempest-GroupSnapshotsTest-653259358 tempest-GroupSnapshotsTest-653259358-project] Empty body provided in request {{(pid=100990) get_body /opt/stack/cinder/cinder/api/openstack/wsgi.py:703}}
Sep 20 23:04:05.199414 dv-cinder-809965-2-smb devstack@c-api.service[100990]: DEBUG cinder.api.openstack.wsgi [None req-7c4c203a-ccf2-4ac3-9f84-12317c3e0da5 tempest-GroupSnapshotsTest-653259358 tempest-GroupSnapshotsTest-653259358-project] Calling method 'version_select' {{(pid=100990) _process_stack /opt/stack/cinder/cinder/api/openstack/wsgi.py:856}}
Sep 20 23:04:05.201354 dv-cinder-809965-2-smb devstack@c-api.service[100990]: DEBUG cinder.api.v3.groups [None req-7c4c203a-ccf2-4ac3-9f84-12317c3e0da5 tempest-GroupSnapshotsTest-653259358 tempest-GroupSnapshotsTest-653259358-project] show called for member 8ef4286f-f109-4ce5-a65a-f66c0ba7eedf {{(pid=100990) show /opt/stack/cinder/cinder/api/v3/groups.py:58}}
Sep 20 23:04:05.211273 dv-cinder-809965-2-smb devstack@c-api.service[100989]: DEBUG cinder.volume.api [None req-e60f959b-9c8e-46f2-bfd3-53990c19aad5 tempest-VolumesTransfersTest-2105134031 tempest-VolumesTransfersTest-2105134031-project] Task 'cinder.volume.flows.api.create_volume.QuotaCommitTask;volume:create' (a00d9592-63f8-4ac3-be32-c0c3b1c57195) transitioned into state 'SUCCESS' from state 'RUNNING' with result '{'volume_properties': VolumeProperties(attach_status='detached',availability_zone='nova',cgsnapshot_id=None,consistencygroup_id=None,display_description=None,display_name='tempest-VolumesTransfersTest-Volume-1874125924',encryption_key_id=None,group_id=None,group_type_id=,metadata={},multiattach=False,project_id='95611b4dc74646f0b2633fa0bf9a4cb7',qos_specs=None,replication_status=,reservations=['914ffaea-74ab-4d1f-a2b6-09c2693d3d0d','2b16008d-7f35-418b-858a-ff9597041bbd','81118916-4a61-4fe6-999f-16e6eec7562b','e0de1770-016e-4dd8-baa8-8f960ff64e23'],size=1,snapshot_id=None,source_replicaid=,source_volid=None,status='creating',user_id='d31d3e8978d7423fbabc39147b2c4bbe',volume_type_id=2ad52785-0790-447e-85d7-2a3b52967b92)}' {{(pid=100989) _task_receiver /usr/local/lib/python3.8/dist-packages/taskflow/listeners/logging.py:178}}
Sep 20 23:04:05.214285 dv-cinder-809965-2-smb devstack@c-api.service[100989]: DEBUG cinder.volume.api [None req-e60f959b-9c8e-46f2-bfd3-53990c19aad5 tempest-VolumesTransfersTest-2105134031 tempest-VolumesTransfersTest-2105134031-project] Task 'cinder.volume.flows.api.create_volume.VolumeCastTask;volume:create' (3cd61d02-e207-474c-b5c9-699eb618ef3c) transitioned into state 'RUNNING' from state 'PENDING' {{(pid=100989) _task_receiver /usr/local/lib/python3.8/dist-packages/taskflow/listeners/logging.py:190}}
Sep 20 23:04:05.216806 dv-cinder-809965-2-smb devstack@c-api.service[100990]: /usr/local/lib/python3.8/dist-packages/oslo_context/context.py:105: DeprecationWarning: Policy enforcement is depending on the value of is_admin. This key is deprecated. Please update your policy file to use the standard policy values.
Sep 20 23:04:05.216806 dv-cinder-809965-2-smb devstack@c-api.service[100990]: warnings.warn('Policy enforcement is depending on the value of '
Sep 20 23:04:05.236861 dv-cinder-809965-2-smb devstack@c-api.service[100989]: DEBUG cinder.volume.api [None req-e60f959b-9c8e-46f2-bfd3-53990c19aad5 tempest-VolumesTransfersTest-2105134031 tempest-VolumesTransfersTest-2105134031-project] Task 'cinder.volume.flows.api.create_volume.VolumeCastTask;volume:create' (3cd61d02-e207-474c-b5c9-699eb618ef3c) transitioned into state 'SUCCESS' from state 'RUNNING' with result 'None' {{(pid=100989) _task_receiver /usr/local/lib/python3.8/dist-packages/taskflow/listeners/logging.py:178}}
Sep 20 23:04:05.239996 dv-cinder-809965-2-smb devstack@c-api.service[100989]: DEBUG cinder.volume.api [None req-e60f959b-9c8e-46f2-bfd3-53990c19aad5 tempest-VolumesTransfersTest-2105134031 tempest-VolumesTransfersTest-2105134031-project] Flow 'volume_create_api' (b2220729-316e-4820-957b-99bf5ad72624) transitioned into state 'SUCCESS' from state 'RUNNING' {{(pid=100989) _flow_receiver /usr/local/lib/python3.8/dist-packages/taskflow/listeners/logging.py:141}}
Sep 20 23:04:05.241422 dv-cinder-809965-2-smb devstack@c-api.service[100989]: INFO cinder.volume.api [None req-e60f959b-9c8e-46f2-bfd3-53990c19aad5 tempest-VolumesTransfersTest-2105134031 tempest-VolumesTransfersTest-2105134031-project] Create volume request issued successfully.
Sep 20 23:04:05.245375 dv-cinder-809965-2-smb devstack@c-api.service[100990]: INFO cinder.api.openstack.wsgi [None req-7c4c203a-ccf2-4ac3-9f84-12317c3e0da5 tempest-GroupSnapshotsTest-653259358 tempest-GroupSnapshotsTest-653259358-project] http://10.222.0.41/volume/v3/0eb903eb494d45a489732685faaca9fe/groups/8ef4286f-f109-4ce5-a65a-f66c0ba7eedf returned with HTTP 200
Sep 20 23:04:05.250682 dv-cinder-809965-2-smb devstack@c-api.service[100989]: INFO cinder.api.openstack.wsgi [None req-e60f959b-9c8e-46f2-bfd3-53990c19aad5 tempest-VolumesTransfersTest-2105134031 tempest-VolumesTransfersTest-2105134031-project] http://10.222.0.41/volume/v3/95611b4dc74646f0b2633fa0bf9a4cb7/volumes returned with HTTP 202
Sep 20 23:04:05.251885 dv-cinder-809965-2-smb devstack@c-api.service[100989]: [pid: 100989|app: 0|req: 88/198] 10.222.0.41 () {60 vars in 1235 bytes} [Mon Sep 20 23:04:04 2021] POST /volume/v3/95611b4dc74646f0b2633fa0bf9a4cb7/volumes => generated 820 bytes in 256 msecs (HTTP/1.1 202) 7 headers in 291 bytes (1 switches on core 0)
Sep 20 23:04:05.253674 dv-cinder-809965-2-smb devstack@c-api.service[100990]: [pid: 100990|app: 0|req: 111/199] 10.222.0.41 () {60 vars in 1363 bytes} [Mon Sep 20 23:04:05 2021] GET /volume/v3/0eb903eb494d45a489732685faaca9fe/groups/8ef4286f-f109-4ce5-a65a-f66c0ba7eedf => generated 392 bytes in 70 msecs (HTTP/1.1 200) 7 headers in 286 bytes (2 switches on core 0)
Sep 20 23:04:05.258201 dv-cinder-809965-2-smb devstack@c-api.service[100990]: INFO cinder.api.openstack.wsgi [None req-37979f56-f2fd-44c8-8128-1472ad6bdb61 tempest-GroupSnapshotsTest-653259358 tempest-GroupSnapshotsTest-653259358-project] POST http://10.222.0.41/volume/v3/0eb903eb494d45a489732685faaca9fe/volumes
Sep 20 23:04:05.258871 dv-cinder-809965-2-smb devstack@c-api.service[100990]: /usr/local/lib/python3.8/dist-packages/webob/acceptparse.py:1047: DeprecationWarning: The behavior of AcceptValidHeader.best_match is currently being maintained for backward compatibility, but it will be deprecated in the future, as it does not conform to the RFC.
Sep 20 23:04:05.258871 dv-cinder-809965-2-smb devstack@c-api.service[100990]: warnings.warn(
Sep 20 23:04:05.259778 dv-cinder-809965-2-smb devstack@c-api.service[100990]: DEBUG cinder.api.openstack.wsgi [None req-37979f56-f2fd-44c8-8128-1472ad6bdb61 tempest-GroupSnapshotsTest-653259358 tempest-GroupSnapshotsTest-653259358-project] Action: 'create', calling method: create, body: {"volume": {"volume_type": "e93c22f3-362a-4f47-acd5-c67de30f39e7", "group_id": "8ef4286f-f109-4ce5-a65a-f66c0ba7eedf", "size": 1, "name": "tempest-GroupSnapshotsTest-Volume-1110993104"}} {{(pid=100990) _process_stack /opt/stack/cinder/cinder/api/openstack/wsgi.py:854}}
Sep 20 23:04:05.260838 dv-cinder-809965-2-smb devstack@c-api.service[100990]: DEBUG cinder.api.v3.volumes [None req-37979f56-f2fd-44c8-8128-1472ad6bdb61 tempest-GroupSnapshotsTest-653259358 tempest-GroupSnapshotsTest-653259358-project] Create volume request body: {'volume': {'volume_type': 'e93c22f3-362a-4f47-acd5-c67de30f39e7', 'group_id': '8ef4286f-f109-4ce5-a65a-f66c0ba7eedf', 'size': 1, 'name': 'tempest-GroupSnapshotsTest-Volume-1110993104'}} {{(pid=100990) create /opt/stack/cinder/cinder/api/v3/volumes.py:298}}
Sep 20 23:04:05.273919 dv-cinder-809965-2-smb devstack@c-api.service[100990]: /usr/local/lib/python3.8/dist-packages/oslo_context/context.py:105: DeprecationWarning: Policy enforcement is depending on the value of is_admin. This key is deprecated. Please update your policy file to use the standard policy values.
Sep 20 23:04:05.273919 dv-cinder-809965-2-smb devstack@c-api.service[100990]: warnings.warn('Policy enforcement is depending on the value of '
Sep 20 23:04:05.275414 dv-cinder-809965-2-smb devstack@c-api.service[100990]: INFO cinder.api.v3.volumes [None req-37979f56-f2fd-44c8-8128-1472ad6bdb61 tempest-GroupSnapshotsTest-653259358 tempest-GroupSnapshotsTest-653259358-project] Create volume of 1 GB
Sep 20 23:04:05.289356 dv-cinder-809965-2-smb devstack@c-api.service[100990]: INFO cinder.volume.api [None req-37979f56-f2fd-44c8-8128-1472ad6bdb61 tempest-GroupSnapshotsTest-653259358 tempest-GroupSnapshotsTest-653259358-project] Availability Zones retrieved successfully.
Sep 20 23:04:05.309776 dv-cinder-809965-2-smb devstack@c-api.service[100990]: DEBUG cinder.volume.api [None req-37979f56-f2fd-44c8-8128-1472ad6bdb61 tempest-GroupSnapshotsTest-653259358 tempest-GroupSnapshotsTest-653259358-project] Flow 'volume_create_api' (5474802b-6377-47ab-96dc-c95e22f96642) transitioned into state 'RUNNING' from state 'PENDING' {{(pid=100990) _flow_receiver /usr/local/lib/python3.8/dist-packages/taskflow/listeners/logging.py:141}}
Sep 20 23:04:05.313663 dv-cinder-809965-2-smb devstack@c-api.service[100990]: DEBUG cinder.volume.api [None req-37979f56-f2fd-44c8-8128-1472ad6bdb61 tempest-GroupSnapshotsTest-653259358 tempest-GroupSnapshotsTest-653259358-project] Task 'cinder.volume.flows.api.create_volume.ExtractVolumeRequestTask;volume:create' (d8c45207-5a58-4fa5-afa9-0be3da98e2b2) transitioned into state 'RUNNING' from state 'PENDING' {{(pid=100990) _task_receiver /usr/local/lib/python3.8/dist-packages/taskflow/listeners/logging.py:190}}
Sep 20 23:04:05.315822 dv-cinder-809965-2-smb devstack@c-api.service[100990]: /usr/local/lib/python3.8/dist-packages/oslo_context/context.py:105: DeprecationWarning: Policy enforcement is depending on the value of is_admin. This key is deprecated. Please update your policy file to use the standard policy values.
Sep 20 23:04:05.315822 dv-cinder-809965-2-smb devstack@c-api.service[100990]: warnings.warn('Policy enforcement is depending on the value of '
Sep 20 23:04:05.317077 dv-cinder-809965-2-smb devstack@c-api.service[100990]: DEBUG cinder.volume.flows.api.create_volume [None req-37979f56-f2fd-44c8-8128-1472ad6bdb61 tempest-GroupSnapshotsTest-653259358 tempest-GroupSnapshotsTest-653259358-project] Validating volume size '1' using validate_int {{(pid=100990) _extract_size /opt/stack/cinder/cinder/volume/flows/api/create_volume.py:225}}
Sep 20 23:04:05.347491 dv-cinder-809965-2-smb devstack@c-api.service[100990]: DEBUG cinder.volume.api [None req-37979f56-f2fd-44c8-8128-1472ad6bdb61 tempest-GroupSnapshotsTest-653259358 tempest-GroupSnapshotsTest-653259358-project] Task 'cinder.volume.flows.api.create_volume.ExtractVolumeRequestTask;volume:create' (d8c45207-5a58-4fa5-afa9-0be3da98e2b2) transitioned into state 'SUCCESS' from state 'RUNNING' with result '{'size': 1, 'snapshot_id': None, 'source_volid': None, 'volume_type': VolumeType(created_at=2021-09-20T23:04:04Z,deleted=False,deleted_at=None,description=None,extra_specs={},id=e93c22f3-362a-4f47-acd5-c67de30f39e7,is_public=True,name='tempest-GroupSnapshotsTest-volume-type-1083508861',projects=[],qos_specs=,qos_specs_id=None,updated_at=None), 'volume_type_id': 'e93c22f3-362a-4f47-acd5-c67de30f39e7', 'encryption_key_id': None, 'qos_specs': None, 'consistencygroup_id': None, 'cgsnapshot_id': None, 'group_id': '8ef4286f-f109-4ce5-a65a-f66c0ba7eedf', 'replication_status': 'disabled', 'refresh_az': False, 'backup_id': None, 'multiattach': False, 'availability_zones': ['nova']}' {{(pid=100990) _task_receiver /usr/local/lib/python3.8/dist-packages/taskflow/listeners/logging.py:178}}
Sep 20 23:04:05.350973 dv-cinder-809965-2-smb devstack@c-api.service[100990]: DEBUG cinder.volume.api [None req-37979f56-f2fd-44c8-8128-1472ad6bdb61 tempest-GroupSnapshotsTest-653259358 tempest-GroupSnapshotsTest-653259358-project] Task 'cinder.volume.flows.api.create_volume.QuotaReserveTask;volume:create' (213c06ed-4b6d-4da6-aa4e-f1e3706c2707) transitioned into state 'RUNNING' from state 'PENDING' {{(pid=100990) _task_receiver /usr/local/lib/python3.8/dist-packages/taskflow/listeners/logging.py:190}}
Sep 20 23:04:05.400377 dv-cinder-809965-2-smb devstack@c-api.service[100990]: WARNING cinder.quota [None req-37979f56-f2fd-44c8-8128-1472ad6bdb61 tempest-GroupSnapshotsTest-653259358 tempest-GroupSnapshotsTest-653259358-project] Deprecated: Default quota for resource: volumes_tempest-GroupSnapshotsTest-volume-type-1083508861 is set by the default quota flag: quota_volumes_tempest-GroupSnapshotsTest-volume-type-1083508861, it is now deprecated. Please use the default quota class for default quota.
Sep 20 23:04:05.403130 dv-cinder-809965-2-smb devstack@c-api.service[100990]: WARNING cinder.quota [None req-37979f56-f2fd-44c8-8128-1472ad6bdb61 tempest-GroupSnapshotsTest-653259358 tempest-GroupSnapshotsTest-653259358-project] Deprecated: Default quota for resource: gigabytes_tempest-GroupSnapshotsTest-volume-type-1083508861 is set by the default quota flag: quota_gigabytes_tempest-GroupSnapshotsTest-volume-type-1083508861, it is now deprecated. Please use the default quota class for default quota.
Sep 20 23:04:05.484057 dv-cinder-809965-2-smb devstack@c-api.service[100990]: DEBUG cinder.quota [None req-37979f56-f2fd-44c8-8128-1472ad6bdb61 tempest-GroupSnapshotsTest-653259358 tempest-GroupSnapshotsTest-653259358-project] Created reservations ['e123ba25-9b6c-4693-bd0a-c6d8173b9f94', '2ca718a6-7dd5-463f-994c-f7a3b55b89ea', '9a340926-1510-4982-acd9-ee34030f9cea', '67f98949-411b-4928-ac4f-84cfac1ffa1c'] {{(pid=100990) reserve /opt/stack/cinder/cinder/quota.py:755}}
Sep 20 23:04:05.486456 dv-cinder-809965-2-smb devstack@c-api.service[100990]: DEBUG cinder.volume.api [None req-37979f56-f2fd-44c8-8128-1472ad6bdb61 tempest-GroupSnapshotsTest-653259358 tempest-GroupSnapshotsTest-653259358-project] Task 'cinder.volume.flows.api.create_volume.QuotaReserveTask;volume:create' (213c06ed-4b6d-4da6-aa4e-f1e3706c2707) transitioned into state 'SUCCESS' from state 'RUNNING' with result '{'reservations': ['e123ba25-9b6c-4693-bd0a-c6d8173b9f94', '2ca718a6-7dd5-463f-994c-f7a3b55b89ea', '9a340926-1510-4982-acd9-ee34030f9cea', '67f98949-411b-4928-ac4f-84cfac1ffa1c']}' {{(pid=100990) _task_receiver /usr/local/lib/python3.8/dist-packages/taskflow/listeners/logging.py:178}}
Sep 20 23:04:05.490947 dv-cinder-809965-2-smb devstack@c-api.service[100990]: DEBUG cinder.volume.api [None req-37979f56-f2fd-44c8-8128-1472ad6bdb61 tempest-GroupSnapshotsTest-653259358 tempest-GroupSnapshotsTest-653259358-project] Task 'cinder.volume.flows.api.create_volume.EntryCreateTask;volume:create' (addca515-7069-4685-a0b4-ce2522d43392) transitioned into state 'RUNNING' from state 'PENDING' {{(pid=100990) _task_receiver /usr/local/lib/python3.8/dist-packages/taskflow/listeners/logging.py:190}}
Sep 20 23:04:05.510750 dv-cinder-809965-2-smb devstack@c-api.service[100989]: INFO cinder.api.openstack.wsgi [None req-cd48a285-60ca-4895-a5a8-39d864a1de09 tempest-VolumesListAdminTestJSON-1062131734 tempest-VolumesListAdminTestJSON-1062131734-project] GET http://10.222.0.41/volume/v3/abd52affc7a5449cac3f85d5ff392242/volumes
Sep 20 23:04:05.511208 dv-cinder-809965-2-smb devstack@c-api.service[100989]: DEBUG cinder.api.openstack.wsgi [None req-cd48a285-60ca-4895-a5a8-39d864a1de09 tempest-VolumesListAdminTestJSON-1062131734 tempest-VolumesListAdminTestJSON-1062131734-project] Empty body provided in request {{(pid=100989) get_body /opt/stack/cinder/cinder/api/openstack/wsgi.py:703}}
Sep 20 23:04:05.511396 dv-cinder-809965-2-smb devstack@c-api.service[100989]: /usr/local/lib/python3.8/dist-packages/webob/acceptparse.py:1047: DeprecationWarning: The behavior of AcceptValidHeader.best_match is currently being maintained for backward compatibility, but it will be deprecated in the future, as it does not conform to the RFC.
Sep 20 23:04:05.511396 dv-cinder-809965-2-smb devstack@c-api.service[100989]: warnings.warn(
Sep 20 23:04:05.511721 dv-cinder-809965-2-smb devstack@c-api.service[100989]: DEBUG cinder.api.openstack.wsgi [None req-cd48a285-60ca-4895-a5a8-39d864a1de09 tempest-VolumesListAdminTestJSON-1062131734 tempest-VolumesListAdminTestJSON-1062131734-project] Calling method 'index' {{(pid=100989) _process_stack /opt/stack/cinder/cinder/api/openstack/wsgi.py:856}}
Sep 20 23:04:05.512350 dv-cinder-809965-2-smb devstack@c-api.service[100989]: DEBUG cinder.api.api_utils [None req-cd48a285-60ca-4895-a5a8-39d864a1de09 tempest-VolumesListAdminTestJSON-1062131734 tempest-VolumesListAdminTestJSON-1062131734-project] Removing options '' from query. {{(pid=100989) remove_invalid_filter_options /opt/stack/cinder/cinder/api/api_utils.py:73}}
Sep 20 23:04:05.513105 dv-cinder-809965-2-smb devstack@c-api.service[100989]: /usr/local/lib/python3.8/dist-packages/oslo_context/context.py:105: DeprecationWarning: Policy enforcement is depending on the value of is_admin. This key is deprecated. Please update your policy file to use the standard policy values.
Sep 20 23:04:05.513105 dv-cinder-809965-2-smb devstack@c-api.service[100989]: warnings.warn('Policy enforcement is depending on the value of '
Sep 20 23:04:05.514130 dv-cinder-809965-2-smb devstack@c-api.service[100989]: DEBUG cinder.volume.api [None req-cd48a285-60ca-4895-a5a8-39d864a1de09 tempest-VolumesListAdminTestJSON-1062131734 tempest-VolumesListAdminTestJSON-1062131734-project] Searching by: MultiDict([('no_migration_targets', True)]). {{(pid=100989) get_all /opt/stack/cinder/cinder/volume/api.py:619}}
Sep 20 23:04:05.518763 dv-cinder-809965-2-smb devstack@c-api.service[100990]: DEBUG cinder.volume.api [None req-37979f56-f2fd-44c8-8128-1472ad6bdb61 tempest-GroupSnapshotsTest-653259358 tempest-GroupSnapshotsTest-653259358-project] Task 'cinder.volume.flows.api.create_volume.EntryCreateTask;volume:create' (addca515-7069-4685-a0b4-ce2522d43392) transitioned into state 'SUCCESS' from state 'RUNNING' with result '{'volume_id': '96bf495e-6510-4791-9d19-490e6a45036d', 'volume_properties': VolumeProperties(attach_status='detached',availability_zone='nova',cgsnapshot_id=None,consistencygroup_id=None,display_description=None,display_name='tempest-GroupSnapshotsTest-Volume-1110993104',encryption_key_id=None,group_id=8ef4286f-f109-4ce5-a65a-f66c0ba7eedf,group_type_id=,metadata={},multiattach=False,project_id='0eb903eb494d45a489732685faaca9fe',qos_specs=None,replication_status=,reservations=['e123ba25-9b6c-4693-bd0a-c6d8173b9f94','2ca718a6-7dd5-463f-994c-f7a3b55b89ea','9a340926-1510-4982-acd9-ee34030f9cea','67f98949-411b-4928-ac4f-84cfac1ffa1c'],size=1,snapshot_id=None,source_replicaid=,source_volid=None,status='creating',user_id='9fc9b85c0c4947b3b60ba6d3896cb31c',volume_type_id=e93c22f3-362a-4f47-acd5-c67de30f39e7), 'volume': Volume(_name_id=None,admin_metadata=,attach_status='detached',availability_zone='nova',bootable=False,cluster=,cluster_name=None,consistencygroup=,consistencygroup_id=None,created_at=2021-09-20T23:04:05Z,deleted=False,deleted_at=None,display_description=None,display_name='tempest-GroupSnapshotsTest-Volume-1110993104',ec2_id=None,encryption_key_id=None,glance_metadata=,group=,group_id=8ef4286f-f109-4ce5-a65a-f66c0ba7eedf,host=None,id=96bf495e-6510-4791-9d19-490e6a45036d,launched_at=None,metadata={},migration_status=None,multiattach=False,previous_status=None,project_id='0eb903eb494d45a489732685faaca9fe',provider_auth=None,provider_geometry=None,provider_id=None,provider_location=None,replication_driver_data=None,replication_extended_status=None,replication_status=None,scheduled_at=None,service_uuid=None,shared_targets=True,size=1,snapshot_id=None,snapshots=,source_volid=None,status='creating',terminated_at=None,updated_at=None,use_quota=True,user_id='9fc9b85c0c4947b3b60ba6d3896cb31c',volume_attachment=,volume_type=VolumeType(e93c22f3-362a-4f47-acd5-c67de30f39e7),volume_type_id=e93c22f3-362a-4f47-acd5-c67de30f39e7)}' {{(pid=100990) _task_receiver /usr/local/lib/python3.8/dist-packages/taskflow/listeners/logging.py:178}}
Sep 20 23:04:05.520628 dv-cinder-809965-2-smb devstack@c-api.service[100990]: DEBUG cinder.volume.api [None req-37979f56-f2fd-44c8-8128-1472ad6bdb61 tempest-GroupSnapshotsTest-653259358 tempest-GroupSnapshotsTest-653259358-project] Task 'cinder.volume.flows.api.create_volume.QuotaCommitTask;volume:create' (8e7f9e12-ced2-4cdf-90bd-4259c3558993) transitioned into state 'RUNNING' from state 'PENDING' {{(pid=100990) _task_receiver /usr/local/lib/python3.8/dist-packages/taskflow/listeners/logging.py:190}}
Sep 20 23:04:05.550270 dv-cinder-809965-2-smb devstack@c-api.service[100990]: DEBUG cinder.volume.api [None req-37979f56-f2fd-44c8-8128-1472ad6bdb61 tempest-GroupSnapshotsTest-653259358 tempest-GroupSnapshotsTest-653259358-project] Task 'cinder.volume.flows.api.create_volume.QuotaCommitTask;volume:create' (8e7f9e12-ced2-4cdf-90bd-4259c3558993) transitioned into state 'SUCCESS' from state 'RUNNING' with result '{'volume_properties': VolumeProperties(attach_status='detached',availability_zone='nova',cgsnapshot_id=None,consistencygroup_id=None,display_description=None,display_name='tempest-GroupSnapshotsTest-Volume-1110993104',encryption_key_id=None,group_id=8ef4286f-f109-4ce5-a65a-f66c0ba7eedf,group_type_id=,metadata={},multiattach=False,project_id='0eb903eb494d45a489732685faaca9fe',qos_specs=None,replication_status=,reservations=['e123ba25-9b6c-4693-bd0a-c6d8173b9f94','2ca718a6-7dd5-463f-994c-f7a3b55b89ea','9a340926-1510-4982-acd9-ee34030f9cea','67f98949-411b-4928-ac4f-84cfac1ffa1c'],size=1,snapshot_id=None,source_replicaid=,source_volid=None,status='creating',user_id='9fc9b85c0c4947b3b60ba6d3896cb31c',volume_type_id=e93c22f3-362a-4f47-acd5-c67de30f39e7)}' {{(pid=100990) _task_receiver /usr/local/lib/python3.8/dist-packages/taskflow/listeners/logging.py:178}}
Sep 20 23:04:05.552474 dv-cinder-809965-2-smb devstack@c-api.service[100990]: DEBUG cinder.volume.api [None req-37979f56-f2fd-44c8-8128-1472ad6bdb61 tempest-GroupSnapshotsTest-653259358 tempest-GroupSnapshotsTest-653259358-project] Task 'cinder.volume.flows.api.create_volume.VolumeCastTask;volume:create' (3d620e7e-592c-4c22-ab98-3807ce597a77) transitioned into state 'RUNNING' from state 'PENDING' {{(pid=100990) _task_receiver /usr/local/lib/python3.8/dist-packages/taskflow/listeners/logging.py:190}}
Sep 20 23:04:05.568617 dv-cinder-809965-2-smb devstack@c-api.service[100989]: INFO cinder.volume.api [None req-cd48a285-60ca-4895-a5a8-39d864a1de09 tempest-VolumesListAdminTestJSON-1062131734 tempest-VolumesListAdminTestJSON-1062131734-project] Get all volumes completed successfully.
Sep 20 23:04:05.570283 dv-cinder-809965-2-smb devstack@c-api.service[100989]: INFO cinder.api.openstack.wsgi [None req-cd48a285-60ca-4895-a5a8-39d864a1de09 tempest-VolumesListAdminTestJSON-1062131734 tempest-VolumesListAdminTestJSON-1062131734-project] http://10.222.0.41/volume/v3/abd52affc7a5449cac3f85d5ff392242/volumes returned with HTTP 200
Sep 20 23:04:05.571532 dv-cinder-809965-2-smb devstack@c-api.service[100989]: [pid: 100989|app: 0|req: 89/200] 10.222.0.41 () {58 vars in 1214 bytes} [Mon Sep 20 23:04:05 2021] GET /volume/v3/abd52affc7a5449cac3f85d5ff392242/volumes => generated 15 bytes in 319 msecs (HTTP/1.1 200) 7 headers in 284 bytes (1 switches on core 0)
Sep 20 23:04:05.576026 dv-cinder-809965-2-smb devstack@c-api.service[100989]: INFO cinder.api.openstack.wsgi [None req-4fea24c6-9bf4-4562-a32f-a918e5f76d9e tempest-VolumesTransfersTest-2105134031 tempest-VolumesTransfersTest-2105134031-project] GET http://10.222.0.41/volume/v3/95611b4dc74646f0b2633fa0bf9a4cb7/volumes/eca02164-69b5-4bc9-b5c2-74618dd1ce15
Sep 20 23:04:05.576527 dv-cinder-809965-2-smb devstack@c-api.service[100989]: DEBUG cinder.api.openstack.wsgi [None req-4fea24c6-9bf4-4562-a32f-a918e5f76d9e tempest-VolumesTransfersTest-2105134031 tempest-VolumesTransfersTest-2105134031-project] Empty body provided in request {{(pid=100989) get_body /opt/stack/cinder/cinder/api/openstack/wsgi.py:703}}
Sep 20 23:04:05.576949 dv-cinder-809965-2-smb devstack@c-api.service[100989]: DEBUG cinder.api.openstack.wsgi [None req-4fea24c6-9bf4-4562-a32f-a918e5f76d9e tempest-VolumesTransfersTest-2105134031 tempest-VolumesTransfersTest-2105134031-project] Calling method 'show' {{(pid=100989) _process_stack /opt/stack/cinder/cinder/api/openstack/wsgi.py:856}}
Sep 20 23:04:05.587907 dv-cinder-809965-2-smb devstack@c-api.service[100990]: DEBUG cinder.volume.api [None req-37979f56-f2fd-44c8-8128-1472ad6bdb61 tempest-GroupSnapshotsTest-653259358 tempest-GroupSnapshotsTest-653259358-project] Task 'cinder.volume.flows.api.create_volume.VolumeCastTask;volume:create' (3d620e7e-592c-4c22-ab98-3807ce597a77) transitioned into state 'SUCCESS' from state 'RUNNING' with result 'None' {{(pid=100990) _task_receiver /usr/local/lib/python3.8/dist-packages/taskflow/listeners/logging.py:178}}
Sep 20 23:04:05.591915 dv-cinder-809965-2-smb devstack@c-api.service[100989]: /usr/local/lib/python3.8/dist-packages/oslo_context/context.py:105: DeprecationWarning: Policy enforcement is depending on the value of is_admin. This key is deprecated. Please update your policy file to use the standard policy values.
Sep 20 23:04:05.591915 dv-cinder-809965-2-smb devstack@c-api.service[100989]: warnings.warn('Policy enforcement is depending on the value of '
Sep 20 23:04:05.595846 dv-cinder-809965-2-smb devstack@c-api.service[100990]: DEBUG cinder.volume.api [None req-37979f56-f2fd-44c8-8128-1472ad6bdb61 tempest-GroupSnapshotsTest-653259358 tempest-GroupSnapshotsTest-653259358-project] Flow 'volume_create_api' (5474802b-6377-47ab-96dc-c95e22f96642) transitioned into state 'SUCCESS' from state 'RUNNING' {{(pid=100990) _flow_receiver /usr/local/lib/python3.8/dist-packages/taskflow/listeners/logging.py:141}}
Sep 20 23:04:05.596965 dv-cinder-809965-2-smb devstack@c-api.service[100990]: INFO cinder.volume.api [None req-37979f56-f2fd-44c8-8128-1472ad6bdb61 tempest-GroupSnapshotsTest-653259358 tempest-GroupSnapshotsTest-653259358-project] Create volume request issued successfully.
Sep 20 23:04:05.600571 dv-cinder-809965-2-smb devstack@c-api.service[100989]: INFO cinder.volume.api [None req-4fea24c6-9bf4-4562-a32f-a918e5f76d9e tempest-VolumesTransfersTest-2105134031 tempest-VolumesTransfersTest-2105134031-project] Volume info retrieved successfully.
Sep 20 23:04:05.609365 dv-cinder-809965-2-smb devstack@c-api.service[100990]: WARNING stevedore.named [None req-37979f56-f2fd-44c8-8128-1472ad6bdb61 tempest-GroupSnapshotsTest-653259358 tempest-GroupSnapshotsTest-653259358-project] Could not load cinder.keymgr.conf_key_mgr.ConfKeyManager
Sep 20 23:04:05.609844 dv-cinder-809965-2-smb devstack@c-api.service[100990]: WARNING castellan.key_manager [None req-37979f56-f2fd-44c8-8128-1472ad6bdb61 tempest-GroupSnapshotsTest-653259358 tempest-GroupSnapshotsTest-653259358-project] Deprecation Warning : cinder.keymgr.conf_key_mgr.ConfKeyManager is not a stevedore based driver, trying to load it as a class: stevedore.exception.NoMatches: No 'castellan.drivers' driver found, looking for 'cinder.keymgr.conf_key_mgr.ConfKeyManager'
Sep 20 23:04:05.616952 dv-cinder-809965-2-smb devstack@c-api.service[100990]: DEBUG oslo_db.sqlalchemy.engines [None req-37979f56-f2fd-44c8-8128-1472ad6bdb61 tempest-GroupSnapshotsTest-653259358 tempest-GroupSnapshotsTest-653259358-project] MySQL server mode set to STRICT_TRANS_TABLES,STRICT_ALL_TABLES,NO_ZERO_IN_DATE,NO_ZERO_DATE,ERROR_FOR_DIVISION_BY_ZERO,TRADITIONAL,NO_ENGINE_SUBSTITUTION {{(pid=100990) _check_effective_sql_mode /usr/local/lib/python3.8/dist-packages/oslo_db/sqlalchemy/engines.py:314}}
