Sep 19 06:56:22.408359 dv-cinder-809944-1-smb devstack@c-api.service[100877]: INFO cinder.api.openstack.wsgi [None req-40d8b853-41e0-4421-8822-742410448919 tempest-SnapshotsActionsTest-109598460 tempest-SnapshotsActionsTest-109598460-project] http://10.222.0.24/volume/v3/02e347f682c347409b8fea824241453a/snapshots/bb5e65c7-638d-4e69-8fb0-a48b689fb813 returned with HTTP 200
Sep 19 06:56:22.409220 dv-cinder-809944-1-smb devstack@c-api.service[100877]: [pid: 100877|app: 0|req: 183/398] 10.222.0.24 () {58 vars in 1331 bytes} [Sun Sep 19 06:56:22 2021] GET /volume/v3/02e347f682c347409b8fea824241453a/snapshots/bb5e65c7-638d-4e69-8fb0-a48b689fb813 => generated 573 bytes in 28 msecs (HTTP/1.1 200) 7 headers in 285 bytes (2 switches on core 0)
Sep 19 06:56:22.421865 dv-cinder-809944-1-smb devstack@c-api.service[100878]: INFO cinder.api.openstack.wsgi [None req-986ecc4c-76f5-43d3-ac17-3a8e80657d08 tempest-SnapshotsActionsTest-921441488 tempest-SnapshotsActionsTest-921441488-project-admin] POST http://10.222.0.24/volume/v3/8a336e317b1a410c86b5ce231349dd1d/snapshots/bb5e65c7-638d-4e69-8fb0-a48b689fb813/action
Sep 19 06:56:22.422317 dv-cinder-809944-1-smb devstack@c-api.service[100878]: /usr/local/lib/python3.8/dist-packages/webob/acceptparse.py:1047: DeprecationWarning: The behavior of AcceptValidHeader.best_match is currently being maintained for backward compatibility, but it will be deprecated in the future, as it does not conform to the RFC.
Sep 19 06:56:22.422317 dv-cinder-809944-1-smb devstack@c-api.service[100878]: warnings.warn(
Sep 19 06:56:22.422860 dv-cinder-809944-1-smb devstack@c-api.service[100878]: DEBUG cinder.api.openstack.wsgi [None req-986ecc4c-76f5-43d3-ac17-3a8e80657d08 tempest-SnapshotsActionsTest-921441488 tempest-SnapshotsActionsTest-921441488-project-admin] Action body: b'{"os-force_delete": {}}' {{(pid=100878) get_method /opt/stack/cinder/cinder/api/openstack/wsgi.py:971}}
Sep 19 06:56:22.423268 dv-cinder-809944-1-smb devstack@c-api.service[100878]: DEBUG cinder.api.openstack.wsgi [None req-986ecc4c-76f5-43d3-ac17-3a8e80657d08 tempest-SnapshotsActionsTest-921441488 tempest-SnapshotsActionsTest-921441488-project-admin] Action: 'action', calling method: _force_delete, body: {"os-force_delete": {}} {{(pid=100878) _process_stack /opt/stack/cinder/cinder/api/openstack/wsgi.py:854}}
Sep 19 06:56:22.434705 dv-cinder-809944-1-smb devstack@c-api.service[100878]: /usr/local/lib/python3.8/dist-packages/oslo_context/context.py:105: DeprecationWarning: Policy enforcement is depending on the value of is_admin. This key is deprecated. Please update your policy file to use the standard policy values.
Sep 19 06:56:22.434705 dv-cinder-809944-1-smb devstack@c-api.service[100878]: warnings.warn('Policy enforcement is depending on the value of '
Sep 19 06:56:22.435334 dv-cinder-809944-1-smb devstack@c-api.service[100878]: INFO cinder.volume.api [None req-986ecc4c-76f5-43d3-ac17-3a8e80657d08 tempest-SnapshotsActionsTest-921441488 tempest-SnapshotsActionsTest-921441488-project-admin] Snapshot retrieved successfully.
Sep 19 06:56:22.465089 dv-cinder-809944-1-smb devstack@c-api.service[100878]: INFO cinder.volume.api [None req-986ecc4c-76f5-43d3-ac17-3a8e80657d08 tempest-SnapshotsActionsTest-921441488 tempest-SnapshotsActionsTest-921441488-project-admin] Snapshot delete request issued successfully.
Sep 19 06:56:22.466169 dv-cinder-809944-1-smb devstack@c-api.service[100878]: INFO cinder.api.openstack.wsgi [None req-986ecc4c-76f5-43d3-ac17-3a8e80657d08 tempest-SnapshotsActionsTest-921441488 tempest-SnapshotsActionsTest-921441488-project-admin] http://10.222.0.24/volume/v3/8a336e317b1a410c86b5ce231349dd1d/snapshots/bb5e65c7-638d-4e69-8fb0-a48b689fb813/action returned with HTTP 202
Sep 19 06:56:22.467147 dv-cinder-809944-1-smb devstack@c-api.service[100878]: [pid: 100878|app: 0|req: 216/399] 10.222.0.24 () {60 vars in 1373 bytes} [Sun Sep 19 06:56:22 2021] POST /volume/v3/8a336e317b1a410c86b5ce231349dd1d/snapshots/bb5e65c7-638d-4e69-8fb0-a48b689fb813/action => generated 0 bytes in 50 msecs (HTTP/1.1 202) 7 headers in 289 bytes (1 switches on core 0)
Sep 19 06:56:22.471137 dv-cinder-809944-1-smb devstack@c-api.service[100878]: INFO cinder.api.openstack.wsgi [None req-42278eaa-471a-493c-a6f7-8e108bee75db tempest-VolumesImageMetadata-1461769121 tempest-VolumesImageMetadata-1461769121-project] GET http://10.222.0.24/volume/v3/b50f0bf0a5d9451a8b8bce85645f8a3a/volumes/c6ad70f0-7982-445c-a28f-f8aa1ab67bce
Sep 19 06:56:22.471696 dv-cinder-809944-1-smb devstack@c-api.service[100878]: DEBUG cinder.api.openstack.wsgi [None req-42278eaa-471a-493c-a6f7-8e108bee75db tempest-VolumesImageMetadata-1461769121 tempest-VolumesImageMetadata-1461769121-project] Empty body provided in request {{(pid=100878) get_body /opt/stack/cinder/cinder/api/openstack/wsgi.py:703}}
Sep 19 06:56:22.471802 dv-cinder-809944-1-smb devstack@c-api.service[100878]: /usr/local/lib/python3.8/dist-packages/webob/acceptparse.py:1047: DeprecationWarning: The behavior of AcceptValidHeader.best_match is currently being maintained for backward compatibility, but it will be deprecated in the future, as it does not conform to the RFC.
Sep 19 06:56:22.471802 dv-cinder-809944-1-smb devstack@c-api.service[100878]: warnings.warn(
Sep 19 06:56:22.472069 dv-cinder-809944-1-smb devstack@c-api.service[100878]: DEBUG cinder.api.openstack.wsgi [None req-42278eaa-471a-493c-a6f7-8e108bee75db tempest-VolumesImageMetadata-1461769121 tempest-VolumesImageMetadata-1461769121-project] Calling method 'show' {{(pid=100878) _process_stack /opt/stack/cinder/cinder/api/openstack/wsgi.py:856}}
Sep 19 06:56:22.486833 dv-cinder-809944-1-smb devstack@c-api.service[100878]: /usr/local/lib/python3.8/dist-packages/oslo_context/context.py:105: DeprecationWarning: Policy enforcement is depending on the value of is_admin. This key is deprecated. Please update your policy file to use the standard policy values.
Sep 19 06:56:22.486833 dv-cinder-809944-1-smb devstack@c-api.service[100878]: warnings.warn('Policy enforcement is depending on the value of '
Sep 19 06:56:22.494373 dv-cinder-809944-1-smb devstack@c-api.service[100878]: INFO cinder.volume.api [None req-42278eaa-471a-493c-a6f7-8e108bee75db tempest-VolumesImageMetadata-1461769121 tempest-VolumesImageMetadata-1461769121-project] Volume info retrieved successfully.
Sep 19 06:56:22.508991 dv-cinder-809944-1-smb devstack@c-api.service[100878]: INFO cinder.api.openstack.wsgi [None req-42278eaa-471a-493c-a6f7-8e108bee75db tempest-VolumesImageMetadata-1461769121 tempest-VolumesImageMetadata-1461769121-project] http://10.222.0.24/volume/v3/b50f0bf0a5d9451a8b8bce85645f8a3a/volumes/c6ad70f0-7982-445c-a28f-f8aa1ab67bce returned with HTTP 200
Sep 19 06:56:22.515728 dv-cinder-809944-1-smb devstack@c-api.service[100878]: [pid: 100878|app: 0|req: 217/400] 10.222.0.24 () {58 vars in 1325 bytes} [Sun Sep 19 06:56:22 2021] GET /volume/v3/b50f0bf0a5d9451a8b8bce85645f8a3a/volumes/c6ad70f0-7982-445c-a28f-f8aa1ab67bce => generated 911 bytes in 42 msecs (HTTP/1.1 200) 7 headers in 285 bytes (1 switches on core 0)
Sep 19 06:56:22.515728 dv-cinder-809944-1-smb devstack@c-api.service[100878]: INFO cinder.api.openstack.wsgi [None req-2f36597d-1fed-4276-8258-c5c11cc0c66e tempest-SnapshotsActionsTest-109598460 tempest-SnapshotsActionsTest-109598460-project] GET http://10.222.0.24/volume/v3/02e347f682c347409b8fea824241453a/snapshots/bb5e65c7-638d-4e69-8fb0-a48b689fb813
Sep 19 06:56:22.515728 dv-cinder-809944-1-smb devstack@c-api.service[100878]: DEBUG cinder.api.openstack.wsgi [None req-2f36597d-1fed-4276-8258-c5c11cc0c66e tempest-SnapshotsActionsTest-109598460 tempest-SnapshotsActionsTest-109598460-project] Empty body provided in request {{(pid=100878) get_body /opt/stack/cinder/cinder/api/openstack/wsgi.py:703}}
Sep 19 06:56:22.515728 dv-cinder-809944-1-smb devstack@c-api.service[100878]: /usr/local/lib/python3.8/dist-packages/webob/acceptparse.py:1047: DeprecationWarning: The behavior of AcceptValidHeader.best_match is currently being maintained for backward compatibility, but it will be deprecated in the future, as it does not conform to the RFC.
Sep 19 06:56:22.515728 dv-cinder-809944-1-smb devstack@c-api.service[100878]: warnings.warn(
Sep 19 06:56:22.515728 dv-cinder-809944-1-smb devstack@c-api.service[100878]: DEBUG cinder.api.openstack.wsgi [None req-2f36597d-1fed-4276-8258-c5c11cc0c66e tempest-SnapshotsActionsTest-109598460 tempest-SnapshotsActionsTest-109598460-project] Calling method 'show' {{(pid=100878) _process_stack /opt/stack/cinder/cinder/api/openstack/wsgi.py:856}}
Sep 19 06:56:22.525211 dv-cinder-809944-1-smb devstack@c-api.service[100878]: /usr/local/lib/python3.8/dist-packages/oslo_context/context.py:105: DeprecationWarning: Policy enforcement is depending on the value of is_admin. This key is deprecated. Please update your policy file to use the standard policy values.
Sep 19 06:56:22.525211 dv-cinder-809944-1-smb devstack@c-api.service[100878]: warnings.warn('Policy enforcement is depending on the value of '
Sep 19 06:56:22.526183 dv-cinder-809944-1-smb devstack@c-api.service[100878]: INFO cinder.volume.api [None req-2f36597d-1fed-4276-8258-c5c11cc0c66e tempest-SnapshotsActionsTest-109598460 tempest-SnapshotsActionsTest-109598460-project] Snapshot retrieved successfully.
Sep 19 06:56:22.528027 dv-cinder-809944-1-smb devstack@c-api.service[100878]: INFO cinder.api.openstack.wsgi [None req-2f36597d-1fed-4276-8258-c5c11cc0c66e tempest-SnapshotsActionsTest-109598460 tempest-SnapshotsActionsTest-109598460-project] http://10.222.0.24/volume/v3/02e347f682c347409b8fea824241453a/snapshots/bb5e65c7-638d-4e69-8fb0-a48b689fb813 returned with HTTP 200
Sep 19 06:56:22.528742 dv-cinder-809944-1-smb devstack@c-api.service[100878]: [pid: 100878|app: 0|req: 218/401] 10.222.0.24 () {58 vars in 1331 bytes} [Sun Sep 19 06:56:22 2021] GET /volume/v3/02e347f682c347409b8fea824241453a/snapshots/bb5e65c7-638d-4e69-8fb0-a48b689fb813 => generated 567 bytes in 18 msecs (HTTP/1.1 200) 7 headers in 285 bytes (1 switches on core 0)
Sep 19 06:56:22.591671 dv-cinder-809944-1-smb devstack@c-api.service[100877]: INFO cinder.api.openstack.wsgi [None req-bf13e660-830c-4653-ba39-fa97b57fc968 tempest-VolumesServicesTestJSON-238911037 tempest-VolumesServicesTestJSON-238911037-project-admin] GET http://10.222.0.24/volume/v3/7b5d6fb6a89a4656a6ba64bea7c565ea/os-services
Sep 19 06:56:22.592291 dv-cinder-809944-1-smb devstack@c-api.service[100877]: DEBUG cinder.api.openstack.wsgi [None req-bf13e660-830c-4653-ba39-fa97b57fc968 tempest-VolumesServicesTestJSON-238911037 tempest-VolumesServicesTestJSON-238911037-project-admin] Empty body provided in request {{(pid=100877) get_body /opt/stack/cinder/cinder/api/openstack/wsgi.py:703}}
Sep 19 06:56:22.592505 dv-cinder-809944-1-smb devstack@c-api.service[100877]: /usr/local/lib/python3.8/dist-packages/webob/acceptparse.py:1047: DeprecationWarning: The behavior of AcceptValidHeader.best_match is currently being maintained for backward compatibility, but it will be deprecated in the future, as it does not conform to the RFC.
Sep 19 06:56:22.592505 dv-cinder-809944-1-smb devstack@c-api.service[100877]: warnings.warn(
Sep 19 06:56:22.593508 dv-cinder-809944-1-smb devstack@c-api.service[100877]: DEBUG cinder.api.openstack.wsgi [None req-bf13e660-830c-4653-ba39-fa97b57fc968 tempest-VolumesServicesTestJSON-238911037 tempest-VolumesServicesTestJSON-238911037-project-admin] Calling method 'index' {{(pid=100877) _process_stack /opt/stack/cinder/cinder/api/openstack/wsgi.py:856}}
Sep 19 06:56:22.599943 dv-cinder-809944-1-smb devstack@c-api.service[100877]: INFO cinder.api.openstack.wsgi [None req-bf13e660-830c-4653-ba39-fa97b57fc968 tempest-VolumesServicesTestJSON-238911037 tempest-VolumesServicesTestJSON-238911037-project-admin] http://10.222.0.24/volume/v3/7b5d6fb6a89a4656a6ba64bea7c565ea/os-services returned with HTTP 200
Sep 19 06:56:22.601026 dv-cinder-809944-1-smb devstack@c-api.service[100877]: [pid: 100877|app: 0|req: 184/402] 10.222.0.24 () {58 vars in 1226 bytes} [Sun Sep 19 06:56:22 2021] GET /volume/v3/7b5d6fb6a89a4656a6ba64bea7c565ea/os-services => generated 640 bytes in 162 msecs (HTTP/1.1 200) 7 headers in 285 bytes (2 switches on core 0)
Sep 19 06:56:22.612861 dv-cinder-809944-1-smb devstack@c-api.service[100878]: INFO cinder.api.openstack.wsgi [None req-6df4fba4-359b-4269-987d-4e9546beb187 tempest-VolumesServicesTestJSON-238911037 tempest-VolumesServicesTestJSON-238911037-project-admin] GET http://10.222.0.24/volume/v3/7b5d6fb6a89a4656a6ba64bea7c565ea/os-services?host=dv-cinder-809944-1-smb
Sep 19 06:56:22.613537 dv-cinder-809944-1-smb devstack@c-api.service[100878]: DEBUG cinder.api.openstack.wsgi [None req-6df4fba4-359b-4269-987d-4e9546beb187 tempest-VolumesServicesTestJSON-238911037 tempest-VolumesServicesTestJSON-238911037-project-admin] Empty body provided in request {{(pid=100878) get_body /opt/stack/cinder/cinder/api/openstack/wsgi.py:703}}
Sep 19 06:56:22.613851 dv-cinder-809944-1-smb devstack@c-api.service[100878]: /usr/local/lib/python3.8/dist-packages/webob/acceptparse.py:1047: DeprecationWarning: The behavior of AcceptValidHeader.best_match is currently being maintained for backward compatibility, but it will be deprecated in the future, as it does not conform to the RFC.
Sep 19 06:56:22.613851 dv-cinder-809944-1-smb devstack@c-api.service[100878]: warnings.warn(
Sep 19 06:56:22.614376 dv-cinder-809944-1-smb devstack@c-api.service[100878]: DEBUG cinder.api.openstack.wsgi [None req-6df4fba4-359b-4269-987d-4e9546beb187 tempest-VolumesServicesTestJSON-238911037 tempest-VolumesServicesTestJSON-238911037-project-admin] Calling method 'index' {{(pid=100878) _process_stack /opt/stack/cinder/cinder/api/openstack/wsgi.py:856}}
Sep 19 06:56:22.624821 dv-cinder-809944-1-smb devstack@c-api.service[100878]: INFO cinder.api.openstack.wsgi [None req-6df4fba4-359b-4269-987d-4e9546beb187 tempest-VolumesServicesTestJSON-238911037 tempest-VolumesServicesTestJSON-238911037-project-admin] http://10.222.0.24/volume/v3/7b5d6fb6a89a4656a6ba64bea7c565ea/os-services?host=dv-cinder-809944-1-smb returned with HTTP 200
Sep 19 06:56:22.626082 dv-cinder-809944-1-smb devstack@c-api.service[100878]: [pid: 100878|app: 0|req: 219/403] 10.222.0.24 () {58 vars in 1281 bytes} [Sun Sep 19 06:56:22 2021] GET /volume/v3/7b5d6fb6a89a4656a6ba64bea7c565ea/os-services?host=dv-cinder-809944-1-smb => generated 201 bytes in 19 msecs (HTTP/1.1 200) 7 headers in 285 bytes (1 switches on core 0)
Sep 19 06:56:22.638228 dv-cinder-809944-1-smb devstack@c-api.service[100877]: INFO cinder.api.openstack.wsgi [None req-de73b42d-5566-4644-b4b4-baae833a72e0 tempest-VolumesServicesTestJSON-238911037 tempest-VolumesServicesTestJSON-238911037-project-admin] GET http://10.222.0.24/volume/v3/7b5d6fb6a89a4656a6ba64bea7c565ea/os-services?host=dv-cinder-809944-1-smb&binary=cinder-scheduler
Sep 19 06:56:22.638821 dv-cinder-809944-1-smb devstack@c-api.service[100877]: DEBUG cinder.api.openstack.wsgi [None req-de73b42d-5566-4644-b4b4-baae833a72e0 tempest-VolumesServicesTestJSON-238911037 tempest-VolumesServicesTestJSON-238911037-project-admin] Empty body provided in request {{(pid=100877) get_body /opt/stack/cinder/cinder/api/openstack/wsgi.py:703}}
Sep 19 06:56:22.639153 dv-cinder-809944-1-smb devstack@c-api.service[100877]: DEBUG cinder.api.openstack.wsgi [None req-de73b42d-5566-4644-b4b4-baae833a72e0 tempest-VolumesServicesTestJSON-238911037 tempest-VolumesServicesTestJSON-238911037-project-admin] Calling method 'index' {{(pid=100877) _process_stack /opt/stack/cinder/cinder/api/openstack/wsgi.py:856}}
Sep 19 06:56:22.649676 dv-cinder-809944-1-smb devstack@c-api.service[100877]: INFO cinder.api.openstack.wsgi [None req-de73b42d-5566-4644-b4b4-baae833a72e0 tempest-VolumesServicesTestJSON-238911037 tempest-VolumesServicesTestJSON-238911037-project-admin] http://10.222.0.24/volume/v3/7b5d6fb6a89a4656a6ba64bea7c565ea/os-services?host=dv-cinder-809944-1-smb&binary=cinder-scheduler returned with HTTP 200
Sep 19 06:56:22.650649 dv-cinder-809944-1-smb devstack@c-api.service[100877]: [pid: 100877|app: 0|req: 185/404] 10.222.0.24 () {58 vars in 1329 bytes} [Sun Sep 19 06:56:22 2021] GET /volume/v3/7b5d6fb6a89a4656a6ba64bea7c565ea/os-services?host=dv-cinder-809944-1-smb&binary=cinder-scheduler => generated 201 bytes in 17 msecs (HTTP/1.1 200) 7 headers in 285 bytes (1 switches on core 0)
Sep 19 06:56:22.661899 dv-cinder-809944-1-smb devstack@c-api.service[100878]: INFO cinder.api.openstack.wsgi [None req-aa6f2c70-9743-40ff-b46a-5d447efed6e7 tempest-VolumesServicesTestJSON-238911037 tempest-VolumesServicesTestJSON-238911037-project-admin] GET http://10.222.0.24/volume/v3/7b5d6fb6a89a4656a6ba64bea7c565ea/os-services?binary=cinder-scheduler
Sep 19 06:56:22.662349 dv-cinder-809944-1-smb devstack@c-api.service[100878]: DEBUG cinder.api.openstack.wsgi [None req-aa6f2c70-9743-40ff-b46a-5d447efed6e7 tempest-VolumesServicesTestJSON-238911037 tempest-VolumesServicesTestJSON-238911037-project-admin] Empty body provided in request {{(pid=100878) get_body /opt/stack/cinder/cinder/api/openstack/wsgi.py:703}}
Sep 19 06:56:22.662770 dv-cinder-809944-1-smb devstack@c-api.service[100878]: DEBUG cinder.api.openstack.wsgi [None req-aa6f2c70-9743-40ff-b46a-5d447efed6e7 tempest-VolumesServicesTestJSON-238911037 tempest-VolumesServicesTestJSON-238911037-project-admin] Calling method 'index' {{(pid=100878) _process_stack /opt/stack/cinder/cinder/api/openstack/wsgi.py:856}}
Sep 19 06:56:22.669851 dv-cinder-809944-1-smb devstack@c-api.service[100878]: INFO cinder.api.openstack.wsgi [None req-aa6f2c70-9743-40ff-b46a-5d447efed6e7 tempest-VolumesServicesTestJSON-238911037 tempest-VolumesServicesTestJSON-238911037-project-admin] http://10.222.0.24/volume/v3/7b5d6fb6a89a4656a6ba64bea7c565ea/os-services?binary=cinder-scheduler returned with HTTP 200
Sep 19 06:56:22.671171 dv-cinder-809944-1-smb devstack@c-api.service[100878]: [pid: 100878|app: 0|req: 220/405] 10.222.0.24 () {58 vars in 1273 bytes} [Sun Sep 19 06:56:22 2021] GET /volume/v3/7b5d6fb6a89a4656a6ba64bea7c565ea/os-services?binary=cinder-scheduler => generated 201 bytes in 14 msecs (HTTP/1.1 200) 7 headers in 285 bytes (1 switches on core 0)
Sep 19 06:56:22.869326 dv-cinder-809944-1-smb devstack@c-api.service[100877]: INFO cinder.api.openstack.wsgi [None req-4736cbc0-bde0-4fee-8e87-98065f249242 tempest-VolumesServicesTestJSON-2138898844 tempest-VolumesServicesTestJSON-2138898844-project] POST http://10.222.0.24/volume/v3/462a1d39d01945e2a6054d60a62cf367/volumes
Sep 19 06:56:22.870338 dv-cinder-809944-1-smb devstack@c-api.service[100877]: DEBUG cinder.api.openstack.wsgi [None req-4736cbc0-bde0-4fee-8e87-98065f249242 tempest-VolumesServicesTestJSON-2138898844 tempest-VolumesServicesTestJSON-2138898844-project] Action: 'create', calling method: create, body: {"volume": {"size": 1, "name": "tempest-VolumesServicesTestJSON-Volume-378162883"}} {{(pid=100877) _process_stack /opt/stack/cinder/cinder/api/openstack/wsgi.py:854}}
Sep 19 06:56:22.871278 dv-cinder-809944-1-smb devstack@c-api.service[100877]: DEBUG cinder.api.v3.volumes [None req-4736cbc0-bde0-4fee-8e87-98065f249242 tempest-VolumesServicesTestJSON-2138898844 tempest-VolumesServicesTestJSON-2138898844-project] Create volume request body: {'volume': {'size': 1, 'name': 'tempest-VolumesServicesTestJSON-Volume-378162883'}} {{(pid=100877) create /opt/stack/cinder/cinder/api/v3/volumes.py:298}}
Sep 19 06:56:22.871792 dv-cinder-809944-1-smb devstack@c-api.service[100877]: INFO cinder.api.v3.volumes [None req-4736cbc0-bde0-4fee-8e87-98065f249242 tempest-VolumesServicesTestJSON-2138898844 tempest-VolumesServicesTestJSON-2138898844-project] Create volume of 1 GB
Sep 19 06:56:22.880038 dv-cinder-809944-1-smb devstack@c-api.service[100877]: INFO cinder.volume.api [None req-4736cbc0-bde0-4fee-8e87-98065f249242 tempest-VolumesServicesTestJSON-2138898844 tempest-VolumesServicesTestJSON-2138898844-project] Availability Zones retrieved successfully.
Sep 19 06:56:22.898855 dv-cinder-809944-1-smb devstack@c-api.service[100877]: DEBUG cinder.volume.api [None req-4736cbc0-bde0-4fee-8e87-98065f249242 tempest-VolumesServicesTestJSON-2138898844 tempest-VolumesServicesTestJSON-2138898844-project] Flow 'volume_create_api' (e88cd76a-58c5-4a87-84a5-48ebc9884e78) transitioned into state 'RUNNING' from state 'PENDING' {{(pid=100877) _flow_receiver /usr/local/lib/python3.8/dist-packages/taskflow/listeners/logging.py:141}}
Sep 19 06:56:22.902057 dv-cinder-809944-1-smb devstack@c-api.service[100877]: DEBUG cinder.volume.api [None req-4736cbc0-bde0-4fee-8e87-98065f249242 tempest-VolumesServicesTestJSON-2138898844 tempest-VolumesServicesTestJSON-2138898844-project] Task 'cinder.volume.flows.api.create_volume.ExtractVolumeRequestTask;volume:create' (35b145b6-20d2-4173-bd1e-1466ec4a80c3) transitioned into state 'RUNNING' from state 'PENDING' {{(pid=100877) _task_receiver /usr/local/lib/python3.8/dist-packages/taskflow/listeners/logging.py:190}}
Sep 19 06:56:22.904800 dv-cinder-809944-1-smb devstack@c-api.service[100877]: DEBUG cinder.volume.flows.api.create_volume [None req-4736cbc0-bde0-4fee-8e87-98065f249242 tempest-VolumesServicesTestJSON-2138898844 tempest-VolumesServicesTestJSON-2138898844-project] Validating volume size '1' using validate_int {{(pid=100877) _extract_size /opt/stack/cinder/cinder/volume/flows/api/create_volume.py:225}}
Sep 19 06:56:22.946292 dv-cinder-809944-1-smb devstack@c-api.service[100877]: DEBUG cinder.volume.api [None req-4736cbc0-bde0-4fee-8e87-98065f249242 tempest-VolumesServicesTestJSON-2138898844 tempest-VolumesServicesTestJSON-2138898844-project] Task 'cinder.volume.flows.api.create_volume.ExtractVolumeRequestTask;volume:create' (35b145b6-20d2-4173-bd1e-1466ec4a80c3) transitioned into state 'SUCCESS' from state 'RUNNING' with result '{'size': 1, 'snapshot_id': None, 'source_volid': None, 'volume_type': VolumeType(created_at=2021-09-19T06:46:11Z,deleted=False,deleted_at=None,description='Default Volume Type',extra_specs={},id=d2c08e4a-61b9-4be2-b172-216420de17a5,is_public=True,name='__DEFAULT__',projects=[],qos_specs=,qos_specs_id=None,updated_at=2021-09-19T06:46:11Z), 'volume_type_id': 'd2c08e4a-61b9-4be2-b172-216420de17a5', 'encryption_key_id': None, 'qos_specs': None, 'consistencygroup_id': None, 'cgsnapshot_id': None, 'group_id': None, 'replication_status': 'disabled', 'refresh_az': False, 'backup_id': None, 'multiattach': False, 'availability_zones': ['nova']}' {{(pid=100877) _task_receiver /usr/local/lib/python3.8/dist-packages/taskflow/listeners/logging.py:178}}
Sep 19 06:56:22.948342 dv-cinder-809944-1-smb devstack@c-api.service[100877]: DEBUG cinder.volume.api [None req-4736cbc0-bde0-4fee-8e87-98065f249242 tempest-VolumesServicesTestJSON-2138898844 tempest-VolumesServicesTestJSON-2138898844-project] Task 'cinder.volume.flows.api.create_volume.QuotaReserveTask;volume:create' (8b269e03-e627-494d-b34a-7ad09b6dd98c) transitioned into state 'RUNNING' from state 'PENDING' {{(pid=100877) _task_receiver /usr/local/lib/python3.8/dist-packages/taskflow/listeners/logging.py:190}}
Sep 19 06:56:23.059699 dv-cinder-809944-1-smb devstack@c-api.service[100877]: DEBUG cinder.quota [None req-4736cbc0-bde0-4fee-8e87-98065f249242 tempest-VolumesServicesTestJSON-2138898844 tempest-VolumesServicesTestJSON-2138898844-project] Created reservations ['2eb35889-a250-426c-97ee-125065e70cd6', '0488f1ed-c1ef-4141-baaa-c01e8ffa70b2', 'fed5a4aa-c49c-468f-93ed-e5d622f99339', 'a6fad709-a04f-4938-bb2c-0eb1dfce9595'] {{(pid=100877) reserve /opt/stack/cinder/cinder/quota.py:755}}
Sep 19 06:56:23.061663 dv-cinder-809944-1-smb devstack@c-api.service[100877]: DEBUG cinder.volume.api [None req-4736cbc0-bde0-4fee-8e87-98065f249242 tempest-VolumesServicesTestJSON-2138898844 tempest-VolumesServicesTestJSON-2138898844-project] Task 'cinder.volume.flows.api.create_volume.QuotaReserveTask;volume:create' (8b269e03-e627-494d-b34a-7ad09b6dd98c) transitioned into state 'SUCCESS' from state 'RUNNING' with result '{'reservations': ['2eb35889-a250-426c-97ee-125065e70cd6', '0488f1ed-c1ef-4141-baaa-c01e8ffa70b2', 'fed5a4aa-c49c-468f-93ed-e5d622f99339', 'a6fad709-a04f-4938-bb2c-0eb1dfce9595']}' {{(pid=100877) _task_receiver /usr/local/lib/python3.8/dist-packages/taskflow/listeners/logging.py:178}}
Sep 19 06:56:23.063953 dv-cinder-809944-1-smb devstack@c-api.service[100877]: DEBUG cinder.volume.api [None req-4736cbc0-bde0-4fee-8e87-98065f249242 tempest-VolumesServicesTestJSON-2138898844 tempest-VolumesServicesTestJSON-2138898844-project] Task 'cinder.volume.flows.api.create_volume.EntryCreateTask;volume:create' (c5d1cc79-b40b-4a08-b5bf-3d17eedc3848) transitioned into state 'RUNNING' from state 'PENDING' {{(pid=100877) _task_receiver /usr/local/lib/python3.8/dist-packages/taskflow/listeners/logging.py:190}}
Sep 19 06:56:23.099225 dv-cinder-809944-1-smb devstack@c-api.service[100877]: DEBUG cinder.volume.api [None req-4736cbc0-bde0-4fee-8e87-98065f249242 tempest-VolumesServicesTestJSON-2138898844 tempest-VolumesServicesTestJSON-2138898844-project] Task 'cinder.volume.flows.api.create_volume.EntryCreateTask;volume:create' (c5d1cc79-b40b-4a08-b5bf-3d17eedc3848) transitioned into state 'SUCCESS' from state 'RUNNING' with result '{'volume_id': 'ceca8299-b3e8-4874-bc35-3031472de1be', 'volume_properties': VolumeProperties(attach_status='detached',availability_zone='nova',cgsnapshot_id=None,consistencygroup_id=None,display_description=None,display_name='tempest-VolumesServicesTestJSON-Volume-378162883',encryption_key_id=None,group_id=None,group_type_id=,metadata={},multiattach=False,project_id='462a1d39d01945e2a6054d60a62cf367',qos_specs=None,replication_status=,reservations=['2eb35889-a250-426c-97ee-125065e70cd6','0488f1ed-c1ef-4141-baaa-c01e8ffa70b2','fed5a4aa-c49c-468f-93ed-e5d622f99339','a6fad709-a04f-4938-bb2c-0eb1dfce9595'],size=1,snapshot_id=None,source_replicaid=,source_volid=None,status='creating',user_id='0dd2efe75f014526b41e5c0db0b7a334',volume_type_id=d2c08e4a-61b9-4be2-b172-216420de17a5), 'volume': Volume(_name_id=None,admin_metadata=,attach_status='detached',availability_zone='nova',bootable=False,cluster=,cluster_name=None,consistencygroup=,consistencygroup_id=None,created_at=2021-09-19T06:56:23Z,deleted=False,deleted_at=None,display_description=None,display_name='tempest-VolumesServicesTestJSON-Volume-378162883',ec2_id=None,encryption_key_id=None,glance_metadata=,group=,group_id=None,host=None,id=ceca8299-b3e8-4874-bc35-3031472de1be,launched_at=None,metadata={},migration_status=None,multiattach=False,previous_status=None,project_id='462a1d39d01945e2a6054d60a62cf367',provider_auth=None,provider_geometry=None,provider_id=None,provider_location=None,replication_driver_data=None,replication_extended_status=None,replication_status=None,scheduled_at=None,service_uuid=None,shared_targets=True,size=1,snapshot_id=None,snapshots=,source_volid=None,status='creating',terminated_at=None,updated_at=None,use_quota=True,user_id='0dd2efe75f014526b41e5c0db0b7a334',volume_attachment=,volume_type=VolumeType(d2c08e4a-61b9-4be2-b172-216420de17a5),volume_type_id=d2c08e4a-61b9-4be2-b172-216420de17a5)}' {{(pid=100877) _task_receiver /usr/local/lib/python3.8/dist-packages/taskflow/listeners/logging.py:178}}
Sep 19 06:56:23.102719 dv-cinder-809944-1-smb devstack@c-api.service[100877]: DEBUG cinder.volume.api [None req-4736cbc0-bde0-4fee-8e87-98065f249242 tempest-VolumesServicesTestJSON-2138898844 tempest-VolumesServicesTestJSON-2138898844-project] Task 'cinder.volume.flows.api.create_volume.QuotaCommitTask;volume:create' (44d5e0ae-534b-4c5e-9427-97c0e8e726f6) transitioned into state 'RUNNING' from state 'PENDING' {{(pid=100877) _task_receiver /usr/local/lib/python3.8/dist-packages/taskflow/listeners/logging.py:190}}
Sep 19 06:56:23.134687 dv-cinder-809944-1-smb devstack@c-api.service[100877]: DEBUG cinder.volume.api [None req-4736cbc0-bde0-4fee-8e87-98065f249242 tempest-VolumesServicesTestJSON-2138898844 tempest-VolumesServicesTestJSON-2138898844-project] Task 'cinder.volume.flows.api.create_volume.QuotaCommitTask;volume:create' (44d5e0ae-534b-4c5e-9427-97c0e8e726f6) transitioned into state 'SUCCESS' from state 'RUNNING' with result '{'volume_properties': VolumeProperties(attach_status='detached',availability_zone='nova',cgsnapshot_id=None,consistencygroup_id=None,display_description=None,display_name='tempest-VolumesServicesTestJSON-Volume-378162883',encryption_key_id=None,group_id=None,group_type_id=,metadata={},multiattach=False,project_id='462a1d39d01945e2a6054d60a62cf367',qos_specs=None,replication_status=,reservations=['2eb35889-a250-426c-97ee-125065e70cd6','0488f1ed-c1ef-4141-baaa-c01e8ffa70b2','fed5a4aa-c49c-468f-93ed-e5d622f99339','a6fad709-a04f-4938-bb2c-0eb1dfce9595'],size=1,snapshot_id=None,source_replicaid=,source_volid=None,status='creating',user_id='0dd2efe75f014526b41e5c0db0b7a334',volume_type_id=d2c08e4a-61b9-4be2-b172-216420de17a5)}' {{(pid=100877) _task_receiver /usr/local/lib/python3.8/dist-packages/taskflow/listeners/logging.py:178}}
Sep 19 06:56:23.136658 dv-cinder-809944-1-smb devstack@c-api.service[100877]: DEBUG cinder.volume.api [None req-4736cbc0-bde0-4fee-8e87-98065f249242 tempest-VolumesServicesTestJSON-2138898844 tempest-VolumesServicesTestJSON-2138898844-project] Task 'cinder.volume.flows.api.create_volume.VolumeCastTask;volume:create' (ebbfaef5-30e7-4479-afd3-f57ea278304e) transitioned into state 'RUNNING' from state 'PENDING' {{(pid=100877) _task_receiver /usr/local/lib/python3.8/dist-packages/taskflow/listeners/logging.py:190}}
Sep 19 06:56:23.153386 dv-cinder-809944-1-smb devstack@c-api.service[100878]: INFO cinder.api.openstack.wsgi [None req-05bef430-f4f1-4dce-9326-800dd4940853 tempest-GroupSnapshotsTest-1253056080 tempest-GroupSnapshotsTest-1253056080-project] GET http://10.222.0.24/volume/v3/cd200ee9ebae4274bc65794a645ae6b8/snapshots/926706e3-2e7e-4e58-a714-dc6a1ad041ba
Sep 19 06:56:23.154367 dv-cinder-809944-1-smb devstack@c-api.service[100878]: DEBUG cinder.api.openstack.wsgi [None req-05bef430-f4f1-4dce-9326-800dd4940853 tempest-GroupSnapshotsTest-1253056080 tempest-GroupSnapshotsTest-1253056080-project] Empty body provided in request {{(pid=100878) get_body /opt/stack/cinder/cinder/api/openstack/wsgi.py:703}}
Sep 19 06:56:23.155069 dv-cinder-809944-1-smb devstack@c-api.service[100878]: DEBUG cinder.api.openstack.wsgi [None req-05bef430-f4f1-4dce-9326-800dd4940853 tempest-GroupSnapshotsTest-1253056080 tempest-GroupSnapshotsTest-1253056080-project] Calling method 'show' {{(pid=100878) _process_stack /opt/stack/cinder/cinder/api/openstack/wsgi.py:856}}
Sep 19 06:56:23.157419 dv-cinder-809944-1-smb devstack@c-api.service[100877]: DEBUG cinder.volume.api [None req-4736cbc0-bde0-4fee-8e87-98065f249242 tempest-VolumesServicesTestJSON-2138898844 tempest-VolumesServicesTestJSON-2138898844-project] Task 'cinder.volume.flows.api.create_volume.VolumeCastTask;volume:create' (ebbfaef5-30e7-4479-afd3-f57ea278304e) transitioned into state 'SUCCESS' from state 'RUNNING' with result 'None' {{(pid=100877) _task_receiver /usr/local/lib/python3.8/dist-packages/taskflow/listeners/logging.py:178}}
Sep 19 06:56:23.160811 dv-cinder-809944-1-smb devstack@c-api.service[100877]: DEBUG cinder.volume.api [None req-4736cbc0-bde0-4fee-8e87-98065f249242 tempest-VolumesServicesTestJSON-2138898844 tempest-VolumesServicesTestJSON-2138898844-project] Flow 'volume_create_api' (e88cd76a-58c5-4a87-84a5-48ebc9884e78) transitioned into state 'SUCCESS' from state 'RUNNING' {{(pid=100877) _flow_receiver /usr/local/lib/python3.8/dist-packages/taskflow/listeners/logging.py:141}}
Sep 19 06:56:23.161656 dv-cinder-809944-1-smb devstack@c-api.service[100877]: INFO cinder.volume.api [None req-4736cbc0-bde0-4fee-8e87-98065f249242 tempest-VolumesServicesTestJSON-2138898844 tempest-VolumesServicesTestJSON-2138898844-project] Create volume request issued successfully.
Sep 19 06:56:23.171321 dv-cinder-809944-1-smb devstack@c-api.service[100877]: INFO cinder.api.openstack.wsgi [None req-4736cbc0-bde0-4fee-8e87-98065f249242 tempest-VolumesServicesTestJSON-2138898844 tempest-VolumesServicesTestJSON-2138898844-project] http://10.222.0.24/volume/v3/462a1d39d01945e2a6054d60a62cf367/volumes returned with HTTP 202
Sep 19 06:56:23.172520 dv-cinder-809944-1-smb devstack@c-api.service[100877]: [pid: 100877|app: 0|req: 186/406] 10.222.0.24 () {60 vars in 1235 bytes} [Sun Sep 19 06:56:22 2021] POST /volume/v3/462a1d39d01945e2a6054d60a62cf367/volumes => generated 822 bytes in 494 msecs (HTTP/1.1 202) 7 headers in 291 bytes (2 switches on core 0)
Sep 19 06:56:23.185733 dv-cinder-809944-1-smb devstack@c-api.service[100878]: INFO cinder.api.openstack.wsgi [None req-05bef430-f4f1-4dce-9326-800dd4940853 tempest-GroupSnapshotsTest-1253056080 tempest-GroupSnapshotsTest-1253056080-project] http://10.222.0.24/volume/v3/cd200ee9ebae4274bc65794a645ae6b8/snapshots/926706e3-2e7e-4e58-a714-dc6a1ad041ba returned with HTTP 404
Sep 19 06:56:23.186739 dv-cinder-809944-1-smb devstack@c-api.service[100877]: INFO cinder.api.openstack.wsgi [None req-0db119b0-619a-4566-a89d-c861555a67de tempest-VolumesServicesTestJSON-2138898844 tempest-VolumesServicesTestJSON-2138898844-project] GET http://10.222.0.24/volume/v3/462a1d39d01945e2a6054d60a62cf367/volumes/ceca8299-b3e8-4874-bc35-3031472de1be
Sep 19 06:56:23.187265 dv-cinder-809944-1-smb devstack@c-api.service[100877]: DEBUG cinder.api.openstack.wsgi [None req-0db119b0-619a-4566-a89d-c861555a67de tempest-VolumesServicesTestJSON-2138898844 tempest-VolumesServicesTestJSON-2138898844-project] Empty body provided in request {{(pid=100877) get_body /opt/stack/cinder/cinder/api/openstack/wsgi.py:703}}
Sep 19 06:56:23.187514 dv-cinder-809944-1-smb devstack@c-api.service[100877]: /usr/local/lib/python3.8/dist-packages/webob/acceptparse.py:1047: DeprecationWarning: The behavior of AcceptValidHeader.best_match is currently being maintained for backward compatibility, but it will be deprecated in the future, as it does not conform to the RFC.
Sep 19 06:56:23.187514 dv-cinder-809944-1-smb devstack@c-api.service[100877]: warnings.warn(
Sep 19 06:56:23.187976 dv-cinder-809944-1-smb devstack@c-api.service[100877]: DEBUG cinder.api.openstack.wsgi [None req-0db119b0-619a-4566-a89d-c861555a67de tempest-VolumesServicesTestJSON-2138898844 tempest-VolumesServicesTestJSON-2138898844-project] Calling method 'show' {{(pid=100877) _process_stack /opt/stack/cinder/cinder/api/openstack/wsgi.py:856}}
Sep 19 06:56:23.190183 dv-cinder-809944-1-smb devstack@c-api.service[100878]: [pid: 100878|app: 0|req: 221/407] 10.222.0.24 () {58 vars in 1331 bytes} [Sun Sep 19 06:56:23 2021] GET /volume/v3/cd200ee9ebae4274bc65794a645ae6b8/snapshots/926706e3-2e7e-4e58-a714-dc6a1ad041ba => generated 111 bytes in 41 msecs (HTTP/1.1 404) 7 headers in 292 bytes (2 switches on core 0)
Sep 19 06:56:23.209430 dv-cinder-809944-1-smb devstack@c-api.service[100877]: /usr/local/lib/python3.8/dist-packages/oslo_context/context.py:105: DeprecationWarning: Policy enforcement is depending on the value of is_admin. This key is deprecated. Please update your policy file to use the standard policy values.
Sep 19 06:56:23.209430 dv-cinder-809944-1-smb devstack@c-api.service[100877]: warnings.warn('Policy enforcement is depending on the value of '
Sep 19 06:56:23.218018 dv-cinder-809944-1-smb devstack@c-api.service[100877]: INFO cinder.volume.api [None req-0db119b0-619a-4566-a89d-c861555a67de tempest-VolumesServicesTestJSON-2138898844 tempest-VolumesServicesTestJSON-2138898844-project] Volume info retrieved successfully.
Sep 19 06:56:23.228796 dv-cinder-809944-1-smb devstack@c-api.service[100878]: INFO cinder.api.openstack.wsgi [None req-fceaa3b2-4711-4055-9d5d-e863786ac696 tempest-GroupSnapshotsTest-1253056080 tempest-GroupSnapshotsTest-1253056080-project] GET http://10.222.0.24/volume/v3/cd200ee9ebae4274bc65794a645ae6b8/group_snapshots/0f8b2ac6-c1a2-457f-99dd-167f9c9d0237
Sep 19 06:56:23.233217 dv-cinder-809944-1-smb devstack@c-api.service[100878]: DEBUG cinder.api.openstack.wsgi [None req-fceaa3b2-4711-4055-9d5d-e863786ac696 tempest-GroupSnapshotsTest-1253056080 tempest-GroupSnapshotsTest-1253056080-project] Empty body provided in request {{(pid=100878) get_body /opt/stack/cinder/cinder/api/openstack/wsgi.py:703}}
Sep 19 06:56:23.236446 dv-cinder-809944-1-smb devstack@c-api.service[100877]: INFO cinder.api.openstack.wsgi [None req-0db119b0-619a-4566-a89d-c861555a67de tempest-VolumesServicesTestJSON-2138898844 tempest-VolumesServicesTestJSON-2138898844-project] http://10.222.0.24/volume/v3/462a1d39d01945e2a6054d60a62cf367/volumes/ceca8299-b3e8-4874-bc35-3031472de1be returned with HTTP 200
Sep 19 06:56:23.240006 dv-cinder-809944-1-smb devstack@c-api.service[100878]: DEBUG cinder.api.openstack.wsgi [None req-fceaa3b2-4711-4055-9d5d-e863786ac696 tempest-GroupSnapshotsTest-1253056080 tempest-GroupSnapshotsTest-1253056080-project] Calling method 'version_select' {{(pid=100878) _process_stack /opt/stack/cinder/cinder/api/openstack/wsgi.py:856}}
Sep 19 06:56:23.242045 dv-cinder-809944-1-smb devstack@c-api.service[100878]: DEBUG cinder.api.v3.group_snapshots [None req-fceaa3b2-4711-4055-9d5d-e863786ac696 tempest-GroupSnapshotsTest-1253056080 tempest-GroupSnapshotsTest-1253056080-project] show called for member 0f8b2ac6-c1a2-457f-99dd-167f9c9d0237 {{(pid=100878) show /opt/stack/cinder/cinder/api/v3/group_snapshots.py:58}}
Sep 19 06:56:23.246249 dv-cinder-809944-1-smb devstack@c-api.service[100877]: [pid: 100877|app: 0|req: 187/408] 10.222.0.24 () {58 vars in 1325 bytes} [Sun Sep 19 06:56:23 2021] GET /volume/v3/462a1d39d01945e2a6054d60a62cf367/volumes/ceca8299-b3e8-4874-bc35-3031472de1be => generated 890 bytes in 63 msecs (HTTP/1.1 200) 7 headers in 285 bytes (1 switches on core 0)
Sep 19 06:56:23.251482 dv-cinder-809944-1-smb devstack@c-api.service[100878]: INFO cinder.api.openstack.wsgi [None req-fceaa3b2-4711-4055-9d5d-e863786ac696 tempest-GroupSnapshotsTest-1253056080 tempest-GroupSnapshotsTest-1253056080-project] http://10.222.0.24/volume/v3/cd200ee9ebae4274bc65794a645ae6b8/group_snapshots/0f8b2ac6-c1a2-457f-99dd-167f9c9d0237 returned with HTTP 404
Sep 19 06:56:23.253100 dv-cinder-809944-1-smb devstack@c-api.service[100878]: [pid: 100878|app: 0|req: 222/409] 10.222.0.24 () {60 vars in 1390 bytes} [Sun Sep 19 06:56:23 2021] GET /volume/v3/cd200ee9ebae4274bc65794a645ae6b8/group_snapshots/0f8b2ac6-c1a2-457f-99dd-167f9c9d0237 => generated 116 bytes in 60 msecs (HTTP/1.1 404) 7 headers in 293 bytes (1 switches on core 0)
Sep 19 06:56:23.262362 dv-cinder-809944-1-smb devstack@c-api.service[100877]: INFO cinder.api.openstack.wsgi [None req-02d62157-a671-46b7-85b2-e2668a70799f tempest-GroupSnapshotsTest-1253056080 tempest-GroupSnapshotsTest-1253056080-project] GET http://10.222.0.24/volume/v3/cd200ee9ebae4274bc65794a645ae6b8/group_snapshots
Sep 19 06:56:23.262863 dv-cinder-809944-1-smb devstack@c-api.service[100877]: DEBUG cinder.api.openstack.wsgi [None req-02d62157-a671-46b7-85b2-e2668a70799f tempest-GroupSnapshotsTest-1253056080 tempest-GroupSnapshotsTest-1253056080-project] Empty body provided in request {{(pid=100877) get_body /opt/stack/cinder/cinder/api/openstack/wsgi.py:703}}
Sep 19 06:56:23.263034 dv-cinder-809944-1-smb devstack@c-api.service[100877]: /usr/local/lib/python3.8/dist-packages/webob/acceptparse.py:1047: DeprecationWarning: The behavior of AcceptValidHeader.best_match is currently being maintained for backward compatibility, but it will be deprecated in the future, as it does not conform to the RFC.
Sep 19 06:56:23.263034 dv-cinder-809944-1-smb devstack@c-api.service[100877]: warnings.warn(
Sep 19 06:56:23.263629 dv-cinder-809944-1-smb devstack@c-api.service[100877]: DEBUG cinder.api.openstack.wsgi [None req-02d62157-a671-46b7-85b2-e2668a70799f tempest-GroupSnapshotsTest-1253056080 tempest-GroupSnapshotsTest-1253056080-project] Calling method 'version_select' {{(pid=100877) _process_stack /opt/stack/cinder/cinder/api/openstack/wsgi.py:856}}
Sep 19 06:56:23.271895 dv-cinder-809944-1-smb devstack@c-api.service[100877]: INFO cinder.api.openstack.wsgi [None req-02d62157-a671-46b7-85b2-e2668a70799f tempest-GroupSnapshotsTest-1253056080 tempest-GroupSnapshotsTest-1253056080-project] http://10.222.0.24/volume/v3/cd200ee9ebae4274bc65794a645ae6b8/group_snapshots returned with HTTP 200
Sep 19 06:56:23.272890 dv-cinder-809944-1-smb devstack@c-api.service[100877]: [pid: 100877|app: 0|req: 188/410] 10.222.0.24 () {60 vars in 1279 bytes} [Sun Sep 19 06:56:23 2021] GET /volume/v3/cd200ee9ebae4274bc65794a645ae6b8/group_snapshots => generated 23 bytes in 16 msecs (HTTP/1.1 200) 7 headers in 285 bytes (1 switches on core 0)
Sep 19 06:56:23.283802 dv-cinder-809944-1-smb devstack@c-api.service[100878]: INFO cinder.api.openstack.wsgi [None req-60d352c2-13e1-4d2a-9135-1e30055bf616 tempest-GroupSnapshotsTest-1253056080 tempest-GroupSnapshotsTest-1253056080-project] DELETE http://10.222.0.24/volume/v3/cd200ee9ebae4274bc65794a645ae6b8/group_snapshots/0f8b2ac6-c1a2-457f-99dd-167f9c9d0237
Sep 19 06:56:23.284407 dv-cinder-809944-1-smb devstack@c-api.service[100878]: DEBUG cinder.api.openstack.wsgi [None req-60d352c2-13e1-4d2a-9135-1e30055bf616 tempest-GroupSnapshotsTest-1253056080 tempest-GroupSnapshotsTest-1253056080-project] Empty body provided in request {{(pid=100878) get_body /opt/stack/cinder/cinder/api/openstack/wsgi.py:703}}
Sep 19 06:56:23.284863 dv-cinder-809944-1-smb devstack@c-api.service[100878]: DEBUG cinder.api.openstack.wsgi [None req-60d352c2-13e1-4d2a-9135-1e30055bf616 tempest-GroupSnapshotsTest-1253056080 tempest-GroupSnapshotsTest-1253056080-project] Calling method 'version_select' {{(pid=100878) _process_stack /opt/stack/cinder/cinder/api/openstack/wsgi.py:856}}
Sep 19 06:56:23.285213 dv-cinder-809944-1-smb devstack@c-api.service[100878]: DEBUG cinder.api.v3.group_snapshots [None req-60d352c2-13e1-4d2a-9135-1e30055bf616 tempest-GroupSnapshotsTest-1253056080 tempest-GroupSnapshotsTest-1253056080-project] delete called for member 0f8b2ac6-c1a2-457f-99dd-167f9c9d0237 {{(pid=100878) delete /opt/stack/cinder/cinder/api/v3/group_snapshots.py:72}}
Sep 19 06:56:23.285545 dv-cinder-809944-1-smb devstack@c-api.service[100878]: INFO cinder.api.v3.group_snapshots [None req-60d352c2-13e1-4d2a-9135-1e30055bf616 tempest-GroupSnapshotsTest-1253056080 tempest-GroupSnapshotsTest-1253056080-project] Delete group_snapshot with id: 0f8b2ac6-c1a2-457f-99dd-167f9c9d0237
Sep 19 06:56:23.291313 dv-cinder-809944-1-smb devstack@c-api.service[100878]: INFO cinder.api.openstack.wsgi [None req-60d352c2-13e1-4d2a-9135-1e30055bf616 tempest-GroupSnapshotsTest-1253056080 tempest-GroupSnapshotsTest-1253056080-project] http://10.222.0.24/volume/v3/cd200ee9ebae4274bc65794a645ae6b8/group_snapshots/0f8b2ac6-c1a2-457f-99dd-167f9c9d0237 returned with HTTP 404
Sep 19 06:56:23.295890 dv-cinder-809944-1-smb devstack@c-api.service[100878]: [pid: 100878|app: 0|req: 223/411] 10.222.0.24 () {60 vars in 1393 bytes} [Sun Sep 19 06:56:23 2021] DELETE /volume/v3/cd200ee9ebae4274bc65794a645ae6b8/group_snapshots/0f8b2ac6-c1a2-457f-99dd-167f9c9d0237 => generated 116 bytes in 18 msecs (HTTP/1.1 404) 7 headers in 293 bytes (1 switches on core 0)
Sep 19 06:56:23.299867 dv-cinder-809944-1-smb devstack@c-api.service[100877]: INFO cinder.api.openstack.wsgi [None req-bc7fb08b-ad10-47fa-ba78-fcb304d6965a tempest-GroupSnapshotsTest-1253056080 tempest-GroupSnapshotsTest-1253056080-project] GET http://10.222.0.24/volume/v3/cd200ee9ebae4274bc65794a645ae6b8/volumes/detail
Sep 19 06:56:23.300356 dv-cinder-809944-1-smb devstack@c-api.service[100877]: DEBUG cinder.api.openstack.wsgi [None req-bc7fb08b-ad10-47fa-ba78-fcb304d6965a tempest-GroupSnapshotsTest-1253056080 tempest-GroupSnapshotsTest-1253056080-project] Empty body provided in request {{(pid=100877) get_body /opt/stack/cinder/cinder/api/openstack/wsgi.py:703}}
Sep 19 06:56:23.300780 dv-cinder-809944-1-smb devstack@c-api.service[100877]: DEBUG cinder.api.openstack.wsgi [None req-bc7fb08b-ad10-47fa-ba78-fcb304d6965a tempest-GroupSnapshotsTest-1253056080 tempest-GroupSnapshotsTest-1253056080-project] Calling method 'detail' {{(pid=100877) _process_stack /opt/stack/cinder/cinder/api/openstack/wsgi.py:856}}
Sep 19 06:56:23.301346 dv-cinder-809944-1-smb devstack@c-api.service[100877]: DEBUG cinder.api.api_utils [None req-bc7fb08b-ad10-47fa-ba78-fcb304d6965a tempest-GroupSnapshotsTest-1253056080 tempest-GroupSnapshotsTest-1253056080-project] Removing options '' from query. {{(pid=100877) remove_invalid_filter_options /opt/stack/cinder/cinder/api/api_utils.py:73}}
Sep 19 06:56:23.303410 dv-cinder-809944-1-smb devstack@c-api.service[100877]: DEBUG cinder.volume.api [None req-bc7fb08b-ad10-47fa-ba78-fcb304d6965a tempest-GroupSnapshotsTest-1253056080 tempest-GroupSnapshotsTest-1253056080-project] Searching by: MultiDict([('no_migration_targets', True)]). {{(pid=100877) get_all /opt/stack/cinder/cinder/volume/api.py:619}}
Sep 19 06:56:23.356104 dv-cinder-809944-1-smb devstack@c-api.service[100877]: INFO cinder.volume.api [None req-bc7fb08b-ad10-47fa-ba78-fcb304d6965a tempest-GroupSnapshotsTest-1253056080 tempest-GroupSnapshotsTest-1253056080-project] Get all volumes completed successfully.
Sep 19 06:56:23.357653 dv-cinder-809944-1-smb devstack@c-api.service[100877]: WARNING stevedore.named [None req-bc7fb08b-ad10-47fa-ba78-fcb304d6965a tempest-GroupSnapshotsTest-1253056080 tempest-GroupSnapshotsTest-1253056080-project] Could not load cinder.keymgr.conf_key_mgr.ConfKeyManager
Sep 19 06:56:23.358027 dv-cinder-809944-1-smb devstack@c-api.service[100877]: WARNING castellan.key_manager [None req-bc7fb08b-ad10-47fa-ba78-fcb304d6965a tempest-GroupSnapshotsTest-1253056080 tempest-GroupSnapshotsTest-1253056080-project] Deprecation Warning : cinder.keymgr.conf_key_mgr.ConfKeyManager is not a stevedore based driver, trying to load it as a class: stevedore.exception.NoMatches: No 'castellan.drivers' driver found, looking for 'cinder.keymgr.conf_key_mgr.ConfKeyManager'
Sep 19 06:56:23.365014 dv-cinder-809944-1-smb devstack@c-api.service[100877]: DEBUG oslo_db.sqlalchemy.engines [None req-bc7fb08b-ad10-47fa-ba78-fcb304d6965a tempest-GroupSnapshotsTest-1253056080 tempest-GroupSnapshotsTest-1253056080-project] MySQL server mode set to STRICT_TRANS_TABLES,STRICT_ALL_TABLES,NO_ZERO_IN_DATE,NO_ZERO_DATE,ERROR_FOR_DIVISION_BY_ZERO,TRADITIONAL,NO_ENGINE_SUBSTITUTION {{(pid=100877) _check_effective_sql_mode /usr/local/lib/python3.8/dist-packages/oslo_db/sqlalchemy/engines.py:314}}
Sep 19 06:56:23.371811 dv-cinder-809944-1-smb devstack@c-api.service[100877]: /usr/local/lib/python3.8/dist-packages/oslo_context/context.py:105: DeprecationWarning: Policy enforcement is depending on the value of is_admin. This key is deprecated. Please update your policy file to use the standard policy values.
Sep 19 06:56:23.371811 dv-cinder-809944-1-smb devstack@c-api.service[100877]: warnings.warn('Policy enforcement is depending on the value of '
Sep 19 06:56:23.393865 dv-cinder-809944-1-smb devstack@c-api.service[100877]: INFO cinder.api.openstack.wsgi [None req-bc7fb08b-ad10-47fa-ba78-fcb304d6965a tempest-GroupSnapshotsTest-1253056080 tempest-GroupSnapshotsTest-1253056080-project] http://10.222.0.24/volume/v3/cd200ee9ebae4274bc65794a645ae6b8/volumes/detail returned with HTTP 200
Sep 19 06:56:23.394792 dv-cinder-809944-1-smb devstack@c-api.service[100877]: [pid: 100877|app: 0|req: 189/412] 10.222.0.24 () {60 vars in 1276 bytes} [Sun Sep 19 06:56:23 2021] GET /volume/v3/cd200ee9ebae4274bc65794a645ae6b8/volumes/detail => generated 1003 bytes in 99 msecs (HTTP/1.1 200) 7 headers in 287 bytes (2 switches on core 0)
Sep 19 06:56:23.398564 dv-cinder-809944-1-smb devstack@c-api.service[100878]: INFO cinder.api.openstack.wsgi [None req-a2f4a067-9997-441c-99ee-b42c25030d4b tempest-DeleteServersTestJSON-1345281796 tempest-DeleteServersTestJSON-1345281796-project] GET http://10.222.0.24/volume/v3/240c3bf02f21423f9700be812ced73fd/volumes/77d37915-dc8e-4a98-9e03-eb39132e05dc
Sep 19 06:56:23.399019 dv-cinder-809944-1-smb devstack@c-api.service[100878]: DEBUG cinder.api.openstack.wsgi [None req-a2f4a067-9997-441c-99ee-b42c25030d4b tempest-DeleteServersTestJSON-1345281796 tempest-DeleteServersTestJSON-1345281796-project] Empty body provided in request {{(pid=100878) get_body /opt/stack/cinder/cinder/api/openstack/wsgi.py:703}}
Sep 19 06:56:23.399433 dv-cinder-809944-1-smb devstack@c-api.service[100878]: DEBUG cinder.api.openstack.wsgi [None req-a2f4a067-9997-441c-99ee-b42c25030d4b tempest-DeleteServersTestJSON-1345281796 tempest-DeleteServersTestJSON-1345281796-project] Calling method 'show' {{(pid=100878) _process_stack /opt/stack/cinder/cinder/api/openstack/wsgi.py:856}}
Sep 19 06:56:23.415827 dv-cinder-809944-1-smb devstack@c-api.service[100877]: INFO cinder.api.openstack.wsgi [None req-638bac97-d17b-4dbb-91fa-b141a83a1824 tempest-GroupSnapshotsTest-1253056080 tempest-GroupSnapshotsTest-1253056080-project] POST http://10.222.0.24/volume/v3/cd200ee9ebae4274bc65794a645ae6b8/groups/f96bf9ed-5637-4a8c-8361-2adb10f09d1f/action
Sep 19 06:56:23.416805 dv-cinder-809944-1-smb devstack@c-api.service[100877]: /usr/local/lib/python3.8/dist-packages/webob/acceptparse.py:1047: DeprecationWarning: The behavior of AcceptValidHeader.best_match is currently being maintained for backward compatibility, but it will be deprecated in the future, as it does not conform to the RFC.
Sep 19 06:56:23.416805 dv-cinder-809944-1-smb devstack@c-api.service[100877]: warnings.warn(
Sep 19 06:56:23.418330 dv-cinder-809944-1-smb devstack@c-api.service[100877]: DEBUG cinder.api.openstack.wsgi [None req-638bac97-d17b-4dbb-91fa-b141a83a1824 tempest-GroupSnapshotsTest-1253056080 tempest-GroupSnapshotsTest-1253056080-project] Action body: b'{"delete": {"delete-volumes": true}}' {{(pid=100877) get_method /opt/stack/cinder/cinder/api/openstack/wsgi.py:971}}
