Sep 19 06:56:00.300468 dv-cinder-809944-1-smb devstack@c-api.service[100878]: DEBUG cinder.api.v3.groups [None req-1b26bcfc-e17d-4b5a-a901-903bc1e4be20 tempest-GroupsTest-2114898913 tempest-GroupsTest-2114898913-project] show called for member 93d8b1a8-dff8-4409-a27f-4b85e1d9ee56 {{(pid=100878) show /opt/stack/cinder/cinder/api/v3/groups.py:58}}
Sep 19 06:56:00.310431 dv-cinder-809944-1-smb devstack@c-api.service[100878]: /usr/local/lib/python3.8/dist-packages/oslo_context/context.py:105: DeprecationWarning: Policy enforcement is depending on the value of is_admin. This key is deprecated. Please update your policy file to use the standard policy values.
Sep 19 06:56:00.310431 dv-cinder-809944-1-smb devstack@c-api.service[100878]: warnings.warn('Policy enforcement is depending on the value of '
Sep 19 06:56:00.357047 dv-cinder-809944-1-smb devstack@c-api.service[100878]: INFO cinder.api.openstack.wsgi [None req-1b26bcfc-e17d-4b5a-a901-903bc1e4be20 tempest-GroupsTest-2114898913 tempest-GroupsTest-2114898913-project] http://10.222.0.24/volume/v3/1d0c8798dd9241f7b8da5492b001b33f/groups/93d8b1a8-dff8-4409-a27f-4b85e1d9ee56 returned with HTTP 200
Sep 19 06:56:00.363911 dv-cinder-809944-1-smb devstack@c-api.service[100877]: INFO cinder.api.openstack.wsgi [None req-870bbfd5-6fe7-4afd-aaf8-f1e3dadf3690 tempest-GroupSnapshotsTest-1253056080 tempest-GroupSnapshotsTest-1253056080-project] GET http://10.222.0.24/volume/v3/cd200ee9ebae4274bc65794a645ae6b8/volumes/3c6bfc16-b60c-458f-be8c-385b081583ab
Sep 19 06:56:00.364561 dv-cinder-809944-1-smb devstack@c-api.service[100877]: DEBUG cinder.api.openstack.wsgi [None req-870bbfd5-6fe7-4afd-aaf8-f1e3dadf3690 tempest-GroupSnapshotsTest-1253056080 tempest-GroupSnapshotsTest-1253056080-project] Empty body provided in request {{(pid=100877) get_body /opt/stack/cinder/cinder/api/openstack/wsgi.py:703}}
Sep 19 06:56:00.364824 dv-cinder-809944-1-smb devstack@c-api.service[100877]: /usr/local/lib/python3.8/dist-packages/webob/acceptparse.py:1047: DeprecationWarning: The behavior of AcceptValidHeader.best_match is currently being maintained for backward compatibility, but it will be deprecated in the future, as it does not conform to the RFC.
Sep 19 06:56:00.364824 dv-cinder-809944-1-smb devstack@c-api.service[100877]: warnings.warn(
Sep 19 06:56:00.365433 dv-cinder-809944-1-smb devstack@c-api.service[100877]: DEBUG cinder.api.openstack.wsgi [None req-870bbfd5-6fe7-4afd-aaf8-f1e3dadf3690 tempest-GroupSnapshotsTest-1253056080 tempest-GroupSnapshotsTest-1253056080-project] Calling method 'show' {{(pid=100877) _process_stack /opt/stack/cinder/cinder/api/openstack/wsgi.py:856}}
Sep 19 06:56:00.369781 dv-cinder-809944-1-smb devstack@c-api.service[100878]: [pid: 100878|app: 0|req: 74/135] 10.222.0.24 () {60 vars in 1363 bytes} [Sun Sep 19 06:56:00 2021] GET /volume/v3/1d0c8798dd9241f7b8da5492b001b33f/groups/93d8b1a8-dff8-4409-a27f-4b85e1d9ee56 => generated 323 bytes in 77 msecs (HTTP/1.1 200) 7 headers in 286 bytes (1 switches on core 0)
Sep 19 06:56:00.381483 dv-cinder-809944-1-smb devstack@c-api.service[100877]: INFO cinder.api.openstack.wsgi [None req-870bbfd5-6fe7-4afd-aaf8-f1e3dadf3690 tempest-GroupSnapshotsTest-1253056080 tempest-GroupSnapshotsTest-1253056080-project] http://10.222.0.24/volume/v3/cd200ee9ebae4274bc65794a645ae6b8/volumes/3c6bfc16-b60c-458f-be8c-385b081583ab returned with HTTP 404
Sep 19 06:56:00.391687 dv-cinder-809944-1-smb devstack@c-api.service[100878]: INFO cinder.api.openstack.wsgi [None req-0deb42f6-d7f1-4835-bfcc-e7be8d2de6e1 tempest-GroupSnapshotsTest-1253056080 tempest-GroupSnapshotsTest-1253056080-project] GET http://10.222.0.24/volume/v3/cd200ee9ebae4274bc65794a645ae6b8/groups/d864631b-23d1-403c-b0dd-3e2fe745a3b6
Sep 19 06:56:00.392461 dv-cinder-809944-1-smb devstack@c-api.service[100878]: DEBUG cinder.api.openstack.wsgi [None req-0deb42f6-d7f1-4835-bfcc-e7be8d2de6e1 tempest-GroupSnapshotsTest-1253056080 tempest-GroupSnapshotsTest-1253056080-project] Empty body provided in request {{(pid=100878) get_body /opt/stack/cinder/cinder/api/openstack/wsgi.py:703}}
Sep 19 06:56:00.392843 dv-cinder-809944-1-smb devstack@c-api.service[100878]: /usr/local/lib/python3.8/dist-packages/webob/acceptparse.py:1047: DeprecationWarning: The behavior of AcceptValidHeader.best_match is currently being maintained for backward compatibility, but it will be deprecated in the future, as it does not conform to the RFC.
Sep 19 06:56:00.392843 dv-cinder-809944-1-smb devstack@c-api.service[100878]: warnings.warn(
Sep 19 06:56:00.393400 dv-cinder-809944-1-smb devstack@c-api.service[100878]: DEBUG cinder.api.openstack.wsgi [None req-0deb42f6-d7f1-4835-bfcc-e7be8d2de6e1 tempest-GroupSnapshotsTest-1253056080 tempest-GroupSnapshotsTest-1253056080-project] Calling method 'version_select' {{(pid=100878) _process_stack /opt/stack/cinder/cinder/api/openstack/wsgi.py:856}}
Sep 19 06:56:00.393960 dv-cinder-809944-1-smb devstack@c-api.service[100878]: DEBUG cinder.api.v3.groups [None req-0deb42f6-d7f1-4835-bfcc-e7be8d2de6e1 tempest-GroupSnapshotsTest-1253056080 tempest-GroupSnapshotsTest-1253056080-project] show called for member d864631b-23d1-403c-b0dd-3e2fe745a3b6 {{(pid=100878) show /opt/stack/cinder/cinder/api/v3/groups.py:58}}
Sep 19 06:56:00.395703 dv-cinder-809944-1-smb devstack@c-api.service[100877]: [pid: 100877|app: 0|req: 62/136] 10.222.0.24 () {60 vars in 1366 bytes} [Sun Sep 19 06:56:00 2021] GET /volume/v3/cd200ee9ebae4274bc65794a645ae6b8/volumes/3c6bfc16-b60c-458f-be8c-385b081583ab => generated 109 bytes in 27 msecs (HTTP/1.1 404) 7 headers in 293 bytes (2 switches on core 0)
Sep 19 06:56:00.400139 dv-cinder-809944-1-smb devstack@c-api.service[100878]: INFO cinder.api.openstack.wsgi [None req-0deb42f6-d7f1-4835-bfcc-e7be8d2de6e1 tempest-GroupSnapshotsTest-1253056080 tempest-GroupSnapshotsTest-1253056080-project] http://10.222.0.24/volume/v3/cd200ee9ebae4274bc65794a645ae6b8/groups/d864631b-23d1-403c-b0dd-3e2fe745a3b6 returned with HTTP 404
Sep 19 06:56:00.409476 dv-cinder-809944-1-smb devstack@c-api.service[100878]: [pid: 100878|app: 0|req: 75/137] 10.222.0.24 () {60 vars in 1363 bytes} [Sun Sep 19 06:56:00 2021] GET /volume/v3/cd200ee9ebae4274bc65794a645ae6b8/groups/d864631b-23d1-403c-b0dd-3e2fe745a3b6 => generated 108 bytes in 19 msecs (HTTP/1.1 404) 7 headers in 293 bytes (2 switches on core 0)
Sep 19 06:56:00.410239 dv-cinder-809944-1-smb devstack@c-api.service[100877]: INFO cinder.api.openstack.wsgi [None req-4f1d42ec-9d52-4fa9-9c29-b8a849314b92 tempest-GroupSnapshotsTest-50990081 tempest-GroupSnapshotsTest-50990081-project-admin] DELETE http://10.222.0.24/volume/v3/2cfb36ce4f2d40978af1e83146f45955/group_types/f92bbffe-da3b-41f9-a420-7cb140c31d0c
Sep 19 06:56:00.410940 dv-cinder-809944-1-smb devstack@c-api.service[100877]: DEBUG cinder.api.openstack.wsgi [None req-4f1d42ec-9d52-4fa9-9c29-b8a849314b92 tempest-GroupSnapshotsTest-50990081 tempest-GroupSnapshotsTest-50990081-project-admin] Empty body provided in request {{(pid=100877) get_body /opt/stack/cinder/cinder/api/openstack/wsgi.py:703}}
Sep 19 06:56:00.411554 dv-cinder-809944-1-smb devstack@c-api.service[100877]: DEBUG cinder.api.openstack.wsgi [None req-4f1d42ec-9d52-4fa9-9c29-b8a849314b92 tempest-GroupSnapshotsTest-50990081 tempest-GroupSnapshotsTest-50990081-project-admin] Calling method 'version_select' {{(pid=100877) _process_stack /opt/stack/cinder/cinder/api/openstack/wsgi.py:856}}
Sep 19 06:56:00.447442 dv-cinder-809944-1-smb devstack@c-api.service[100877]: INFO cinder.api.openstack.wsgi [None req-4f1d42ec-9d52-4fa9-9c29-b8a849314b92 tempest-GroupSnapshotsTest-50990081 tempest-GroupSnapshotsTest-50990081-project-admin] http://10.222.0.24/volume/v3/2cfb36ce4f2d40978af1e83146f45955/group_types/f92bbffe-da3b-41f9-a420-7cb140c31d0c returned with HTTP 202
Sep 19 06:56:00.453774 dv-cinder-809944-1-smb devstack@c-api.service[100877]: [pid: 100877|app: 0|req: 63/138] 10.222.0.24 () {60 vars in 1381 bytes} [Sun Sep 19 06:56:00 2021] DELETE /volume/v3/2cfb36ce4f2d40978af1e83146f45955/group_types/f92bbffe-da3b-41f9-a420-7cb140c31d0c => generated 0 bytes in 48 msecs (HTTP/1.1 202) 6 headers in 234 bytes (1 switches on core 0)
Sep 19 06:56:00.458747 dv-cinder-809944-1-smb devstack@c-api.service[100878]: INFO cinder.api.openstack.wsgi [None req-bfa1a64a-f7dd-45c1-a3b7-8ec89a560c75 tempest-GroupSnapshotsTest-50990081 tempest-GroupSnapshotsTest-50990081-project-admin] POST http://10.222.0.24/volume/v3/2cfb36ce4f2d40978af1e83146f45955/types
Sep 19 06:56:00.459868 dv-cinder-809944-1-smb devstack@c-api.service[100878]: DEBUG cinder.api.openstack.wsgi [None req-bfa1a64a-f7dd-45c1-a3b7-8ec89a560c75 tempest-GroupSnapshotsTest-50990081 tempest-GroupSnapshotsTest-50990081-project-admin] Action: 'create', calling method: _create, body: {"volume_type": {"name": "tempest-GroupSnapshotsTest-volume-type-308269102"}} {{(pid=100878) _process_stack /opt/stack/cinder/cinder/api/openstack/wsgi.py:854}}
Sep 19 06:56:00.462226 dv-cinder-809944-1-smb devstack@c-api.service[100878]: /usr/local/lib/python3.8/dist-packages/oslo_context/context.py:105: DeprecationWarning: Policy enforcement is depending on the value of is_admin. This key is deprecated. Please update your policy file to use the standard policy values.
Sep 19 06:56:00.462226 dv-cinder-809944-1-smb devstack@c-api.service[100878]: warnings.warn('Policy enforcement is depending on the value of '
Sep 19 06:56:00.506313 dv-cinder-809944-1-smb devstack@c-api.service[100878]: INFO cinder.api.openstack.wsgi [None req-bfa1a64a-f7dd-45c1-a3b7-8ec89a560c75 tempest-GroupSnapshotsTest-50990081 tempest-GroupSnapshotsTest-50990081-project-admin] http://10.222.0.24/volume/v3/2cfb36ce4f2d40978af1e83146f45955/types returned with HTTP 200
Sep 19 06:56:00.507685 dv-cinder-809944-1-smb devstack@c-api.service[100878]: [pid: 100878|app: 0|req: 76/139] 10.222.0.24 () {60 vars in 1229 bytes} [Sun Sep 19 06:56:00 2021] POST /volume/v3/2cfb36ce4f2d40978af1e83146f45955/types => generated 223 bytes in 53 msecs (HTTP/1.1 200) 7 headers in 285 bytes (1 switches on core 0)
Sep 19 06:56:00.518182 dv-cinder-809944-1-smb devstack@c-api.service[100877]: INFO cinder.api.openstack.wsgi [None req-8af809c9-4ac2-4c87-bff1-b2007cf218ee tempest-GroupSnapshotsTest-50990081 tempest-GroupSnapshotsTest-50990081-project-admin] POST http://10.222.0.24/volume/v3/2cfb36ce4f2d40978af1e83146f45955/group_types
Sep 19 06:56:00.519021 dv-cinder-809944-1-smb devstack@c-api.service[100877]: DEBUG cinder.api.openstack.wsgi [None req-8af809c9-4ac2-4c87-bff1-b2007cf218ee tempest-GroupSnapshotsTest-50990081 tempest-GroupSnapshotsTest-50990081-project-admin] Action: 'create', calling method: version_select, body: {"group_type": {"name": "tempest-GroupSnapshotsTest-group-type-482255861"}} {{(pid=100877) _process_stack /opt/stack/cinder/cinder/api/openstack/wsgi.py:854}}
Sep 19 06:56:00.546010 dv-cinder-809944-1-smb devstack@c-api.service[100877]: INFO cinder.api.openstack.wsgi [None req-8af809c9-4ac2-4c87-bff1-b2007cf218ee tempest-GroupSnapshotsTest-50990081 tempest-GroupSnapshotsTest-50990081-project-admin] http://10.222.0.24/volume/v3/2cfb36ce4f2d40978af1e83146f45955/group_types returned with HTTP 202
Sep 19 06:56:00.547818 dv-cinder-809944-1-smb devstack@c-api.service[100877]: [pid: 100877|app: 0|req: 64/140] 10.222.0.24 () {62 vars in 1288 bytes} [Sun Sep 19 06:56:00 2021] POST /volume/v3/2cfb36ce4f2d40978af1e83146f45955/group_types => generated 180 bytes in 34 msecs (HTTP/1.1 202) 7 headers in 292 bytes (1 switches on core 0)
Sep 19 06:56:00.558538 dv-cinder-809944-1-smb devstack@c-api.service[100878]: INFO cinder.api.openstack.wsgi [None req-817110eb-2af0-4ce8-9fd0-01c3dd101a05 tempest-GroupSnapshotsTest-1253056080 tempest-GroupSnapshotsTest-1253056080-project] POST http://10.222.0.24/volume/v3/cd200ee9ebae4274bc65794a645ae6b8/groups
Sep 19 06:56:00.559753 dv-cinder-809944-1-smb devstack@c-api.service[100878]: DEBUG cinder.api.openstack.wsgi [None req-817110eb-2af0-4ce8-9fd0-01c3dd101a05 tempest-GroupSnapshotsTest-1253056080 tempest-GroupSnapshotsTest-1253056080-project] Action: 'create', calling method: version_select, body: {"group": {"group_type": "0819133c-18e1-4ee9-8ecc-e78c5973c0e5", "volume_types": ["36ea2615-32a1-4606-bee7-0e3515ca5e90"], "name": "tempest-GroupSnapshotsTest-Group-213955896"}} {{(pid=100878) _process_stack /opt/stack/cinder/cinder/api/openstack/wsgi.py:854}}
Sep 19 06:56:00.560973 dv-cinder-809944-1-smb devstack@c-api.service[100878]: DEBUG cinder.api.v3.groups [None req-817110eb-2af0-4ce8-9fd0-01c3dd101a05 tempest-GroupSnapshotsTest-1253056080 tempest-GroupSnapshotsTest-1253056080-project] Creating new group {'group': {'group_type': '0819133c-18e1-4ee9-8ecc-e78c5973c0e5', 'volume_types': ['36ea2615-32a1-4606-bee7-0e3515ca5e90'], 'name': 'tempest-GroupSnapshotsTest-Group-213955896'}} {{(pid=100878) create /opt/stack/cinder/cinder/api/v3/groups.py:190}}
Sep 19 06:56:00.567709 dv-cinder-809944-1-smb devstack@c-api.service[100878]: INFO cinder.api.v3.groups [None req-817110eb-2af0-4ce8-9fd0-01c3dd101a05 tempest-GroupSnapshotsTest-1253056080 tempest-GroupSnapshotsTest-1253056080-project] Creating group tempest-GroupSnapshotsTest-Group-213955896.
Sep 19 06:56:00.589074 dv-cinder-809944-1-smb devstack@c-api.service[100878]: INFO cinder.volume.api [None req-817110eb-2af0-4ce8-9fd0-01c3dd101a05 tempest-GroupSnapshotsTest-1253056080 tempest-GroupSnapshotsTest-1253056080-project] Availability Zones retrieved successfully.
Sep 19 06:56:00.618725 dv-cinder-809944-1-smb devstack@c-api.service[100878]: DEBUG cinder.quota [None req-817110eb-2af0-4ce8-9fd0-01c3dd101a05 tempest-GroupSnapshotsTest-1253056080 tempest-GroupSnapshotsTest-1253056080-project] Created reservations ['7de1e725-b458-4836-8d36-29e5c54909d8'] {{(pid=100878) reserve /opt/stack/cinder/cinder/quota.py:755}}
Sep 19 06:56:00.681976 dv-cinder-809944-1-smb devstack@c-api.service[100878]: INFO cinder.api.openstack.wsgi [None req-817110eb-2af0-4ce8-9fd0-01c3dd101a05 tempest-GroupSnapshotsTest-1253056080 tempest-GroupSnapshotsTest-1253056080-project] http://10.222.0.24/volume/v3/cd200ee9ebae4274bc65794a645ae6b8/groups returned with HTTP 202
Sep 19 06:56:00.683108 dv-cinder-809944-1-smb devstack@c-api.service[100878]: [pid: 100878|app: 0|req: 77/141] 10.222.0.24 () {62 vars in 1274 bytes} [Sun Sep 19 06:56:00 2021] POST /volume/v3/cd200ee9ebae4274bc65794a645ae6b8/groups => generated 111 bytes in 130 msecs (HTTP/1.1 202) 7 headers in 292 bytes (1 switches on core 0)
Sep 19 06:56:00.691751 dv-cinder-809944-1-smb devstack@c-api.service[100877]: INFO cinder.api.openstack.wsgi [None req-96fcd5f8-4097-43c8-97dd-b3efbe940eab tempest-GroupSnapshotsTest-1253056080 tempest-GroupSnapshotsTest-1253056080-project] GET http://10.222.0.24/volume/v3/cd200ee9ebae4274bc65794a645ae6b8/groups/846d5fd2-c757-4819-b174-39d58992b07e
Sep 19 06:56:00.692357 dv-cinder-809944-1-smb devstack@c-api.service[100877]: DEBUG cinder.api.openstack.wsgi [None req-96fcd5f8-4097-43c8-97dd-b3efbe940eab tempest-GroupSnapshotsTest-1253056080 tempest-GroupSnapshotsTest-1253056080-project] Empty body provided in request {{(pid=100877) get_body /opt/stack/cinder/cinder/api/openstack/wsgi.py:703}}
Sep 19 06:56:00.692780 dv-cinder-809944-1-smb devstack@c-api.service[100877]: DEBUG cinder.api.openstack.wsgi [None req-96fcd5f8-4097-43c8-97dd-b3efbe940eab tempest-GroupSnapshotsTest-1253056080 tempest-GroupSnapshotsTest-1253056080-project] Calling method 'version_select' {{(pid=100877) _process_stack /opt/stack/cinder/cinder/api/openstack/wsgi.py:856}}
Sep 19 06:56:00.693218 dv-cinder-809944-1-smb devstack@c-api.service[100877]: DEBUG cinder.api.v3.groups [None req-96fcd5f8-4097-43c8-97dd-b3efbe940eab tempest-GroupSnapshotsTest-1253056080 tempest-GroupSnapshotsTest-1253056080-project] show called for member 846d5fd2-c757-4819-b174-39d58992b07e {{(pid=100877) show /opt/stack/cinder/cinder/api/v3/groups.py:58}}
Sep 19 06:56:00.704954 dv-cinder-809944-1-smb devstack@c-api.service[100877]: /usr/local/lib/python3.8/dist-packages/oslo_context/context.py:105: DeprecationWarning: Policy enforcement is depending on the value of is_admin. This key is deprecated. Please update your policy file to use the standard policy values.
Sep 19 06:56:00.704954 dv-cinder-809944-1-smb devstack@c-api.service[100877]: warnings.warn('Policy enforcement is depending on the value of '
Sep 19 06:56:00.748825 dv-cinder-809944-1-smb devstack@c-api.service[100877]: INFO cinder.api.openstack.wsgi [None req-96fcd5f8-4097-43c8-97dd-b3efbe940eab tempest-GroupSnapshotsTest-1253056080 tempest-GroupSnapshotsTest-1253056080-project] http://10.222.0.24/volume/v3/cd200ee9ebae4274bc65794a645ae6b8/groups/846d5fd2-c757-4819-b174-39d58992b07e returned with HTTP 200
Sep 19 06:56:00.751837 dv-cinder-809944-1-smb devstack@c-api.service[100877]: [pid: 100877|app: 0|req: 65/142] 10.222.0.24 () {60 vars in 1363 bytes} [Sun Sep 19 06:56:00 2021] GET /volume/v3/cd200ee9ebae4274bc65794a645ae6b8/groups/846d5fd2-c757-4819-b174-39d58992b07e => generated 391 bytes in 64 msecs (HTTP/1.1 200) 7 headers in 286 bytes (1 switches on core 0)
Sep 19 06:56:01.384900 dv-cinder-809944-1-smb devstack@c-api.service[100878]: INFO cinder.api.openstack.wsgi [None req-d27f8917-87eb-475e-98a4-d0606d13b9e0 tempest-GroupsTest-2114898913 tempest-GroupsTest-2114898913-project] GET http://10.222.0.24/volume/v3/1d0c8798dd9241f7b8da5492b001b33f/groups/93d8b1a8-dff8-4409-a27f-4b85e1d9ee56
Sep 19 06:56:01.385553 dv-cinder-809944-1-smb devstack@c-api.service[100878]: DEBUG cinder.api.openstack.wsgi [None req-d27f8917-87eb-475e-98a4-d0606d13b9e0 tempest-GroupsTest-2114898913 tempest-GroupsTest-2114898913-project] Empty body provided in request {{(pid=100878) get_body /opt/stack/cinder/cinder/api/openstack/wsgi.py:703}}
Sep 19 06:56:01.385553 dv-cinder-809944-1-smb devstack@c-api.service[100878]: /usr/local/lib/python3.8/dist-packages/webob/acceptparse.py:1047: DeprecationWarning: The behavior of AcceptValidHeader.best_match is currently being maintained for backward compatibility, but it will be deprecated in the future, as it does not conform to the RFC.
Sep 19 06:56:01.385553 dv-cinder-809944-1-smb devstack@c-api.service[100878]: warnings.warn(
Sep 19 06:56:01.385814 dv-cinder-809944-1-smb devstack@c-api.service[100878]: DEBUG cinder.api.openstack.wsgi [None req-d27f8917-87eb-475e-98a4-d0606d13b9e0 tempest-GroupsTest-2114898913 tempest-GroupsTest-2114898913-project] Calling method 'version_select' {{(pid=100878) _process_stack /opt/stack/cinder/cinder/api/openstack/wsgi.py:856}}
Sep 19 06:56:01.388920 dv-cinder-809944-1-smb devstack@c-api.service[100878]: DEBUG cinder.api.v3.groups [None req-d27f8917-87eb-475e-98a4-d0606d13b9e0 tempest-GroupsTest-2114898913 tempest-GroupsTest-2114898913-project] show called for member 93d8b1a8-dff8-4409-a27f-4b85e1d9ee56 {{(pid=100878) show /opt/stack/cinder/cinder/api/v3/groups.py:58}}
Sep 19 06:56:01.396395 dv-cinder-809944-1-smb devstack@c-api.service[100878]: /usr/local/lib/python3.8/dist-packages/oslo_context/context.py:105: DeprecationWarning: Policy enforcement is depending on the value of is_admin. This key is deprecated. Please update your policy file to use the standard policy values.
Sep 19 06:56:01.396395 dv-cinder-809944-1-smb devstack@c-api.service[100878]: warnings.warn('Policy enforcement is depending on the value of '
Sep 19 06:56:01.458725 dv-cinder-809944-1-smb devstack@c-api.service[100878]: INFO cinder.api.openstack.wsgi [None req-d27f8917-87eb-475e-98a4-d0606d13b9e0 tempest-GroupsTest-2114898913 tempest-GroupsTest-2114898913-project] http://10.222.0.24/volume/v3/1d0c8798dd9241f7b8da5492b001b33f/groups/93d8b1a8-dff8-4409-a27f-4b85e1d9ee56 returned with HTTP 200
Sep 19 06:56:01.463789 dv-cinder-809944-1-smb devstack@c-api.service[100878]: [pid: 100878|app: 0|req: 78/143] 10.222.0.24 () {60 vars in 1363 bytes} [Sun Sep 19 06:56:01 2021] GET /volume/v3/1d0c8798dd9241f7b8da5492b001b33f/groups/93d8b1a8-dff8-4409-a27f-4b85e1d9ee56 => generated 324 bytes in 97 msecs (HTTP/1.1 200) 7 headers in 286 bytes (2 switches on core 0)
Sep 19 06:56:01.475079 dv-cinder-809944-1-smb devstack@c-api.service[100877]: INFO cinder.api.openstack.wsgi [None req-a54578bd-ec41-4c48-a14a-9ae0f29417e0 tempest-GroupsTest-2114898913 tempest-GroupsTest-2114898913-project] GET http://10.222.0.24/volume/v3/1d0c8798dd9241f7b8da5492b001b33f/groups/93d8b1a8-dff8-4409-a27f-4b85e1d9ee56
Sep 19 06:56:01.478336 dv-cinder-809944-1-smb devstack@c-api.service[100877]: DEBUG cinder.api.openstack.wsgi [None req-a54578bd-ec41-4c48-a14a-9ae0f29417e0 tempest-GroupsTest-2114898913 tempest-GroupsTest-2114898913-project] Empty body provided in request {{(pid=100877) get_body /opt/stack/cinder/cinder/api/openstack/wsgi.py:703}}
Sep 19 06:56:01.478632 dv-cinder-809944-1-smb devstack@c-api.service[100877]: /usr/local/lib/python3.8/dist-packages/webob/acceptparse.py:1047: DeprecationWarning: The behavior of AcceptValidHeader.best_match is currently being maintained for backward compatibility, but it will be deprecated in the future, as it does not conform to the RFC.
Sep 19 06:56:01.478632 dv-cinder-809944-1-smb devstack@c-api.service[100877]: warnings.warn(
Sep 19 06:56:01.479226 dv-cinder-809944-1-smb devstack@c-api.service[100877]: DEBUG cinder.api.openstack.wsgi [None req-a54578bd-ec41-4c48-a14a-9ae0f29417e0 tempest-GroupsTest-2114898913 tempest-GroupsTest-2114898913-project] Calling method 'version_select' {{(pid=100877) _process_stack /opt/stack/cinder/cinder/api/openstack/wsgi.py:856}}
Sep 19 06:56:01.479708 dv-cinder-809944-1-smb devstack@c-api.service[100877]: DEBUG cinder.api.v3.groups [None req-a54578bd-ec41-4c48-a14a-9ae0f29417e0 tempest-GroupsTest-2114898913 tempest-GroupsTest-2114898913-project] show called for member 93d8b1a8-dff8-4409-a27f-4b85e1d9ee56 {{(pid=100877) show /opt/stack/cinder/cinder/api/v3/groups.py:58}}
Sep 19 06:56:01.486254 dv-cinder-809944-1-smb devstack@c-api.service[100877]: /usr/local/lib/python3.8/dist-packages/oslo_context/context.py:105: DeprecationWarning: Policy enforcement is depending on the value of is_admin. This key is deprecated. Please update your policy file to use the standard policy values.
Sep 19 06:56:01.486254 dv-cinder-809944-1-smb devstack@c-api.service[100877]: warnings.warn('Policy enforcement is depending on the value of '
Sep 19 06:56:01.507131 dv-cinder-809944-1-smb devstack@c-api.service[100877]: INFO cinder.api.openstack.wsgi [None req-a54578bd-ec41-4c48-a14a-9ae0f29417e0 tempest-GroupsTest-2114898913 tempest-GroupsTest-2114898913-project] http://10.222.0.24/volume/v3/1d0c8798dd9241f7b8da5492b001b33f/groups/93d8b1a8-dff8-4409-a27f-4b85e1d9ee56 returned with HTTP 200
Sep 19 06:56:01.509200 dv-cinder-809944-1-smb devstack@c-api.service[100877]: [pid: 100877|app: 0|req: 66/144] 10.222.0.24 () {60 vars in 1363 bytes} [Sun Sep 19 06:56:01 2021] GET /volume/v3/1d0c8798dd9241f7b8da5492b001b33f/groups/93d8b1a8-dff8-4409-a27f-4b85e1d9ee56 => generated 324 bytes in 40 msecs (HTTP/1.1 200) 7 headers in 286 bytes (2 switches on core 0)
Sep 19 06:56:01.520639 dv-cinder-809944-1-smb devstack@c-api.service[100878]: INFO cinder.api.openstack.wsgi [None req-e79eb21a-048f-4c51-b01f-285d70ffba5a tempest-GroupsTest-2114898913 tempest-GroupsTest-2114898913-project] GET http://10.222.0.24/volume/v3/1d0c8798dd9241f7b8da5492b001b33f/volumes/detail
Sep 19 06:56:01.521142 dv-cinder-809944-1-smb devstack@c-api.service[100878]: DEBUG cinder.api.openstack.wsgi [None req-e79eb21a-048f-4c51-b01f-285d70ffba5a tempest-GroupsTest-2114898913 tempest-GroupsTest-2114898913-project] Empty body provided in request {{(pid=100878) get_body /opt/stack/cinder/cinder/api/openstack/wsgi.py:703}}
Sep 19 06:56:01.521414 dv-cinder-809944-1-smb devstack@c-api.service[100878]: /usr/local/lib/python3.8/dist-packages/webob/acceptparse.py:1047: DeprecationWarning: The behavior of AcceptValidHeader.best_match is currently being maintained for backward compatibility, but it will be deprecated in the future, as it does not conform to the RFC.
Sep 19 06:56:01.521414 dv-cinder-809944-1-smb devstack@c-api.service[100878]: warnings.warn(
Sep 19 06:56:01.522390 dv-cinder-809944-1-smb devstack@c-api.service[100878]: DEBUG cinder.api.openstack.wsgi [None req-e79eb21a-048f-4c51-b01f-285d70ffba5a tempest-GroupsTest-2114898913 tempest-GroupsTest-2114898913-project] Calling method 'detail' {{(pid=100878) _process_stack /opt/stack/cinder/cinder/api/openstack/wsgi.py:856}}
Sep 19 06:56:01.523223 dv-cinder-809944-1-smb devstack@c-api.service[100878]: DEBUG cinder.api.api_utils [None req-e79eb21a-048f-4c51-b01f-285d70ffba5a tempest-GroupsTest-2114898913 tempest-GroupsTest-2114898913-project] Removing options '' from query. {{(pid=100878) remove_invalid_filter_options /opt/stack/cinder/cinder/api/api_utils.py:73}}
Sep 19 06:56:01.524216 dv-cinder-809944-1-smb devstack@c-api.service[100878]: /usr/local/lib/python3.8/dist-packages/oslo_context/context.py:105: DeprecationWarning: Policy enforcement is depending on the value of is_admin. This key is deprecated. Please update your policy file to use the standard policy values.
Sep 19 06:56:01.524216 dv-cinder-809944-1-smb devstack@c-api.service[100878]: warnings.warn('Policy enforcement is depending on the value of '
Sep 19 06:56:01.525725 dv-cinder-809944-1-smb devstack@c-api.service[100878]: DEBUG cinder.volume.api [None req-e79eb21a-048f-4c51-b01f-285d70ffba5a tempest-GroupsTest-2114898913 tempest-GroupsTest-2114898913-project] Searching by: MultiDict([('no_migration_targets', True)]). {{(pid=100878) get_all /opt/stack/cinder/cinder/volume/api.py:619}}
Sep 19 06:56:01.669251 dv-cinder-809944-1-smb devstack@c-api.service[100878]: INFO cinder.volume.api [None req-e79eb21a-048f-4c51-b01f-285d70ffba5a tempest-GroupsTest-2114898913 tempest-GroupsTest-2114898913-project] Get all volumes completed successfully.
Sep 19 06:56:01.682271 dv-cinder-809944-1-smb devstack@c-api.service[100878]: WARNING stevedore.named [None req-e79eb21a-048f-4c51-b01f-285d70ffba5a tempest-GroupsTest-2114898913 tempest-GroupsTest-2114898913-project] Could not load cinder.keymgr.conf_key_mgr.ConfKeyManager
Sep 19 06:56:01.682735 dv-cinder-809944-1-smb devstack@c-api.service[100878]: WARNING castellan.key_manager [None req-e79eb21a-048f-4c51-b01f-285d70ffba5a tempest-GroupsTest-2114898913 tempest-GroupsTest-2114898913-project] Deprecation Warning : cinder.keymgr.conf_key_mgr.ConfKeyManager is not a stevedore based driver, trying to load it as a class: stevedore.exception.NoMatches: No 'castellan.drivers' driver found, looking for 'cinder.keymgr.conf_key_mgr.ConfKeyManager'
Sep 19 06:56:01.699347 dv-cinder-809944-1-smb devstack@c-api.service[100878]: DEBUG oslo_db.sqlalchemy.engines [None req-e79eb21a-048f-4c51-b01f-285d70ffba5a tempest-GroupsTest-2114898913 tempest-GroupsTest-2114898913-project] MySQL server mode set to STRICT_TRANS_TABLES,STRICT_ALL_TABLES,NO_ZERO_IN_DATE,NO_ZERO_DATE,ERROR_FOR_DIVISION_BY_ZERO,TRADITIONAL,NO_ENGINE_SUBSTITUTION {{(pid=100878) _check_effective_sql_mode /usr/local/lib/python3.8/dist-packages/oslo_db/sqlalchemy/engines.py:314}}
Sep 19 06:56:01.713093 dv-cinder-809944-1-smb devstack@c-api.service[100878]: /usr/local/lib/python3.8/dist-packages/oslo_context/context.py:105: DeprecationWarning: Policy enforcement is depending on the value of is_admin. This key is deprecated. Please update your policy file to use the standard policy values.
Sep 19 06:56:01.713093 dv-cinder-809944-1-smb devstack@c-api.service[100878]: warnings.warn('Policy enforcement is depending on the value of '
Sep 19 06:56:01.737921 dv-cinder-809944-1-smb devstack@c-api.service[100878]: INFO cinder.api.openstack.wsgi [None req-e79eb21a-048f-4c51-b01f-285d70ffba5a tempest-GroupsTest-2114898913 tempest-GroupsTest-2114898913-project] http://10.222.0.24/volume/v3/1d0c8798dd9241f7b8da5492b001b33f/volumes/detail returned with HTTP 200
Sep 19 06:56:01.752495 dv-cinder-809944-1-smb devstack@c-api.service[100878]: [pid: 100878|app: 0|req: 79/145] 10.222.0.24 () {60 vars in 1276 bytes} [Sun Sep 19 06:56:01 2021] GET /volume/v3/1d0c8798dd9241f7b8da5492b001b33f/volumes/detail => generated 1928 bytes in 237 msecs (HTTP/1.1 200) 7 headers in 287 bytes (1 switches on core 0)
Sep 19 06:56:01.755458 dv-cinder-809944-1-smb devstack@c-api.service[100877]: INFO cinder.api.openstack.wsgi [None req-e9358ea7-7c19-4b72-ba5f-d56275a4cfa5 tempest-GroupsTest-2114898913 tempest-GroupsTest-2114898913-project] PUT http://10.222.0.24/volume/v3/1d0c8798dd9241f7b8da5492b001b33f/groups/93d8b1a8-dff8-4409-a27f-4b85e1d9ee56
Sep 19 06:56:01.756211 dv-cinder-809944-1-smb devstack@c-api.service[100877]: /usr/local/lib/python3.8/dist-packages/webob/acceptparse.py:1047: DeprecationWarning: The behavior of AcceptValidHeader.best_match is currently being maintained for backward compatibility, but it will be deprecated in the future, as it does not conform to the RFC.
Sep 19 06:56:01.756211 dv-cinder-809944-1-smb devstack@c-api.service[100877]: warnings.warn(
Sep 19 06:56:01.757021 dv-cinder-809944-1-smb devstack@c-api.service[100877]: DEBUG cinder.api.openstack.wsgi [None req-e9358ea7-7c19-4b72-ba5f-d56275a4cfa5 tempest-GroupsTest-2114898913 tempest-GroupsTest-2114898913-project] Action: 'update', calling method: version_select, body: {"group": {"add_volumes": "0ab2d177-87f3-40e2-8366-9239f82fc921"}} {{(pid=100877) _process_stack /opt/stack/cinder/cinder/api/openstack/wsgi.py:854}}
Sep 19 06:56:01.758549 dv-cinder-809944-1-smb devstack@c-api.service[100877]: DEBUG cinder.api.v3.groups [None req-e9358ea7-7c19-4b72-ba5f-d56275a4cfa5 tempest-GroupsTest-2114898913 tempest-GroupsTest-2114898913-project] Update called for group 93d8b1a8-dff8-4409-a27f-4b85e1d9ee56. {{(pid=100877) update /opt/stack/cinder/cinder/api/v3/groups.py:302}}
Sep 19 06:56:01.759101 dv-cinder-809944-1-smb devstack@c-api.service[100877]: INFO cinder.api.v3.groups [None req-e9358ea7-7c19-4b72-ba5f-d56275a4cfa5 tempest-GroupsTest-2114898913 tempest-GroupsTest-2114898913-project] Updating group 93d8b1a8-dff8-4409-a27f-4b85e1d9ee56 with name None description: None add_volumes: 0ab2d177-87f3-40e2-8366-9239f82fc921 remove_volumes: None.
Sep 19 06:56:01.768336 dv-cinder-809944-1-smb devstack@c-api.service[100878]: INFO cinder.api.openstack.wsgi [None req-3b892b9d-ea53-4c8e-856b-5b3433cd1277 tempest-GroupSnapshotsTest-1253056080 tempest-GroupSnapshotsTest-1253056080-project] GET http://10.222.0.24/volume/v3/cd200ee9ebae4274bc65794a645ae6b8/groups/846d5fd2-c757-4819-b174-39d58992b07e
Sep 19 06:56:01.769868 dv-cinder-809944-1-smb devstack@c-api.service[100878]: DEBUG cinder.api.openstack.wsgi [None req-3b892b9d-ea53-4c8e-856b-5b3433cd1277 tempest-GroupSnapshotsTest-1253056080 tempest-GroupSnapshotsTest-1253056080-project] Empty body provided in request {{(pid=100878) get_body /opt/stack/cinder/cinder/api/openstack/wsgi.py:703}}
Sep 19 06:56:01.772159 dv-cinder-809944-1-smb devstack@c-api.service[100878]: /usr/local/lib/python3.8/dist-packages/webob/acceptparse.py:1047: DeprecationWarning: The behavior of AcceptValidHeader.best_match is currently being maintained for backward compatibility, but it will be deprecated in the future, as it does not conform to the RFC.
Sep 19 06:56:01.772159 dv-cinder-809944-1-smb devstack@c-api.service[100878]: warnings.warn(
Sep 19 06:56:01.772778 dv-cinder-809944-1-smb devstack@c-api.service[100878]: DEBUG cinder.api.openstack.wsgi [None req-3b892b9d-ea53-4c8e-856b-5b3433cd1277 tempest-GroupSnapshotsTest-1253056080 tempest-GroupSnapshotsTest-1253056080-project] Calling method 'version_select' {{(pid=100878) _process_stack /opt/stack/cinder/cinder/api/openstack/wsgi.py:856}}
Sep 19 06:56:01.775060 dv-cinder-809944-1-smb devstack@c-api.service[100878]: DEBUG cinder.api.v3.groups [None req-3b892b9d-ea53-4c8e-856b-5b3433cd1277 tempest-GroupSnapshotsTest-1253056080 tempest-GroupSnapshotsTest-1253056080-project] show called for member 846d5fd2-c757-4819-b174-39d58992b07e {{(pid=100878) show /opt/stack/cinder/cinder/api/v3/groups.py:58}}
Sep 19 06:56:01.777934 dv-cinder-809944-1-smb devstack@c-api.service[100877]: /usr/local/lib/python3.8/dist-packages/oslo_context/context.py:105: DeprecationWarning: Policy enforcement is depending on the value of is_admin. This key is deprecated. Please update your policy file to use the standard policy values.
Sep 19 06:56:01.777934 dv-cinder-809944-1-smb devstack@c-api.service[100877]: warnings.warn('Policy enforcement is depending on the value of '
Sep 19 06:56:01.784263 dv-cinder-809944-1-smb devstack@c-api.service[100878]: /usr/local/lib/python3.8/dist-packages/oslo_context/context.py:105: DeprecationWarning: Policy enforcement is depending on the value of is_admin. This key is deprecated. Please update your policy file to use the standard policy values.
Sep 19 06:56:01.784263 dv-cinder-809944-1-smb devstack@c-api.service[100878]: warnings.warn('Policy enforcement is depending on the value of '
Sep 19 06:56:01.818051 dv-cinder-809944-1-smb devstack@c-api.service[100878]: INFO cinder.api.openstack.wsgi [None req-3b892b9d-ea53-4c8e-856b-5b3433cd1277 tempest-GroupSnapshotsTest-1253056080 tempest-GroupSnapshotsTest-1253056080-project] http://10.222.0.24/volume/v3/cd200ee9ebae4274bc65794a645ae6b8/groups/846d5fd2-c757-4819-b174-39d58992b07e returned with HTTP 200
Sep 19 06:56:01.821834 dv-cinder-809944-1-smb devstack@c-api.service[100878]: [pid: 100878|app: 0|req: 80/146] 10.222.0.24 () {60 vars in 1363 bytes} [Sun Sep 19 06:56:01 2021] GET /volume/v3/cd200ee9ebae4274bc65794a645ae6b8/groups/846d5fd2-c757-4819-b174-39d58992b07e => generated 392 bytes in 65 msecs (HTTP/1.1 200) 7 headers in 286 bytes (1 switches on core 0)
Sep 19 06:56:01.833187 dv-cinder-809944-1-smb devstack@c-api.service[100878]: INFO cinder.api.openstack.wsgi [None req-9d22b754-1f6f-40ea-b75d-eb4bc7686332 tempest-GroupSnapshotsTest-1253056080 tempest-GroupSnapshotsTest-1253056080-project] POST http://10.222.0.24/volume/v3/cd200ee9ebae4274bc65794a645ae6b8/volumes
Sep 19 06:56:01.833995 dv-cinder-809944-1-smb devstack@c-api.service[100878]: /usr/local/lib/python3.8/dist-packages/webob/acceptparse.py:1047: DeprecationWarning: The behavior of AcceptValidHeader.best_match is currently being maintained for backward compatibility, but it will be deprecated in the future, as it does not conform to the RFC.
Sep 19 06:56:01.833995 dv-cinder-809944-1-smb devstack@c-api.service[100878]: warnings.warn(
Sep 19 06:56:01.834663 dv-cinder-809944-1-smb devstack@c-api.service[100878]: DEBUG cinder.api.openstack.wsgi [None req-9d22b754-1f6f-40ea-b75d-eb4bc7686332 tempest-GroupSnapshotsTest-1253056080 tempest-GroupSnapshotsTest-1253056080-project] Action: 'create', calling method: create, body: {"volume": {"volume_type": "36ea2615-32a1-4606-bee7-0e3515ca5e90", "group_id": "846d5fd2-c757-4819-b174-39d58992b07e", "size": 1, "name": "tempest-GroupSnapshotsTest-Volume-2040412186"}} {{(pid=100878) _process_stack /opt/stack/cinder/cinder/api/openstack/wsgi.py:854}}
Sep 19 06:56:01.836124 dv-cinder-809944-1-smb devstack@c-api.service[100878]: DEBUG cinder.api.v3.volumes [None req-9d22b754-1f6f-40ea-b75d-eb4bc7686332 tempest-GroupSnapshotsTest-1253056080 tempest-GroupSnapshotsTest-1253056080-project] Create volume request body: {'volume': {'volume_type': '36ea2615-32a1-4606-bee7-0e3515ca5e90', 'group_id': '846d5fd2-c757-4819-b174-39d58992b07e', 'size': 1, 'name': 'tempest-GroupSnapshotsTest-Volume-2040412186'}} {{(pid=100878) create /opt/stack/cinder/cinder/api/v3/volumes.py:298}}
Sep 19 06:56:01.854806 dv-cinder-809944-1-smb devstack@c-api.service[100878]: /usr/local/lib/python3.8/dist-packages/oslo_context/context.py:105: DeprecationWarning: Policy enforcement is depending on the value of is_admin. This key is deprecated. Please update your policy file to use the standard policy values.
Sep 19 06:56:01.854806 dv-cinder-809944-1-smb devstack@c-api.service[100878]: warnings.warn('Policy enforcement is depending on the value of '
Sep 19 06:56:01.856226 dv-cinder-809944-1-smb devstack@c-api.service[100878]: INFO cinder.api.v3.volumes [None req-9d22b754-1f6f-40ea-b75d-eb4bc7686332 tempest-GroupSnapshotsTest-1253056080 tempest-GroupSnapshotsTest-1253056080-project] Create volume of 1 GB
Sep 19 06:56:01.873358 dv-cinder-809944-1-smb devstack@c-api.service[100877]: INFO cinder.api.openstack.wsgi [None req-e9358ea7-7c19-4b72-ba5f-d56275a4cfa5 tempest-GroupsTest-2114898913 tempest-GroupsTest-2114898913-project] http://10.222.0.24/volume/v3/1d0c8798dd9241f7b8da5492b001b33f/groups/93d8b1a8-dff8-4409-a27f-4b85e1d9ee56 returned with HTTP 202
Sep 19 06:56:01.876249 dv-cinder-809944-1-smb devstack@c-api.service[100877]: [pid: 100877|app: 0|req: 67/147] 10.222.0.24 () {62 vars in 1383 bytes} [Sun Sep 19 06:56:01 2021] PUT /volume/v3/1d0c8798dd9241f7b8da5492b001b33f/groups/93d8b1a8-dff8-4409-a27f-4b85e1d9ee56 => generated 0 bytes in 123 msecs (HTTP/1.1 202) 6 headers in 234 bytes (2 switches on core 0)
Sep 19 06:56:01.894259 dv-cinder-809944-1-smb devstack@c-api.service[100877]: INFO cinder.api.openstack.wsgi [None req-e50f5092-2ec6-4ff4-9c9d-82695447a117 tempest-GroupsTest-2114898913 tempest-GroupsTest-2114898913-project] GET http://10.222.0.24/volume/v3/1d0c8798dd9241f7b8da5492b001b33f/groups/93d8b1a8-dff8-4409-a27f-4b85e1d9ee56
Sep 19 06:56:01.896504 dv-cinder-809944-1-smb devstack@c-api.service[100878]: INFO cinder.volume.api [None req-9d22b754-1f6f-40ea-b75d-eb4bc7686332 tempest-GroupSnapshotsTest-1253056080 tempest-GroupSnapshotsTest-1253056080-project] Availability Zones retrieved successfully.
Sep 19 06:56:01.899967 dv-cinder-809944-1-smb devstack@c-api.service[100877]: DEBUG cinder.api.openstack.wsgi [None req-e50f5092-2ec6-4ff4-9c9d-82695447a117 tempest-GroupsTest-2114898913 tempest-GroupsTest-2114898913-project] Empty body provided in request {{(pid=100877) get_body /opt/stack/cinder/cinder/api/openstack/wsgi.py:703}}
Sep 19 06:56:01.903104 dv-cinder-809944-1-smb devstack@c-api.service[100877]: /usr/local/lib/python3.8/dist-packages/webob/acceptparse.py:1047: DeprecationWarning: The behavior of AcceptValidHeader.best_match is currently being maintained for backward compatibility, but it will be deprecated in the future, as it does not conform to the RFC.
Sep 19 06:56:01.903104 dv-cinder-809944-1-smb devstack@c-api.service[100877]: warnings.warn(
Sep 19 06:56:01.903836 dv-cinder-809944-1-smb devstack@c-api.service[100877]: DEBUG cinder.api.openstack.wsgi [None req-e50f5092-2ec6-4ff4-9c9d-82695447a117 tempest-GroupsTest-2114898913 tempest-GroupsTest-2114898913-project] Calling method 'version_select' {{(pid=100877) _process_stack /opt/stack/cinder/cinder/api/openstack/wsgi.py:856}}
Sep 19 06:56:01.904393 dv-cinder-809944-1-smb devstack@c-api.service[100877]: DEBUG cinder.api.v3.groups [None req-e50f5092-2ec6-4ff4-9c9d-82695447a117 tempest-GroupsTest-2114898913 tempest-GroupsTest-2114898913-project] show called for member 93d8b1a8-dff8-4409-a27f-4b85e1d9ee56 {{(pid=100877) show /opt/stack/cinder/cinder/api/v3/groups.py:58}}
Sep 19 06:56:01.922220 dv-cinder-809944-1-smb devstack@c-api.service[100877]: /usr/local/lib/python3.8/dist-packages/oslo_context/context.py:105: DeprecationWarning: Policy enforcement is depending on the value of is_admin. This key is deprecated. Please update your policy file to use the standard policy values.
Sep 19 06:56:01.922220 dv-cinder-809944-1-smb devstack@c-api.service[100877]: warnings.warn('Policy enforcement is depending on the value of '
Sep 19 06:56:01.926987 dv-cinder-809944-1-smb devstack@c-api.service[100878]: DEBUG cinder.volume.api [None req-9d22b754-1f6f-40ea-b75d-eb4bc7686332 tempest-GroupSnapshotsTest-1253056080 tempest-GroupSnapshotsTest-1253056080-project] Flow 'volume_create_api' (f4af7ca2-ac8a-4078-b875-0d04cf8d1a18) transitioned into state 'RUNNING' from state 'PENDING' {{(pid=100878) _flow_receiver /usr/local/lib/python3.8/dist-packages/taskflow/listeners/logging.py:141}}
Sep 19 06:56:01.929937 dv-cinder-809944-1-smb devstack@c-api.service[100878]: DEBUG cinder.volume.api [None req-9d22b754-1f6f-40ea-b75d-eb4bc7686332 tempest-GroupSnapshotsTest-1253056080 tempest-GroupSnapshotsTest-1253056080-project] Task 'cinder.volume.flows.api.create_volume.ExtractVolumeRequestTask;volume:create' (5496f233-513a-4ed6-ac58-48d8933b6e4f) transitioned into state 'RUNNING' from state 'PENDING' {{(pid=100878) _task_receiver /usr/local/lib/python3.8/dist-packages/taskflow/listeners/logging.py:190}}
Sep 19 06:56:01.931896 dv-cinder-809944-1-smb devstack@c-api.service[100878]: /usr/local/lib/python3.8/dist-packages/oslo_context/context.py:105: DeprecationWarning: Policy enforcement is depending on the value of is_admin. This key is deprecated. Please update your policy file to use the standard policy values.
Sep 19 06:56:01.931896 dv-cinder-809944-1-smb devstack@c-api.service[100878]: warnings.warn('Policy enforcement is depending on the value of '
Sep 19 06:56:01.933481 dv-cinder-809944-1-smb devstack@c-api.service[100878]: DEBUG cinder.volume.flows.api.create_volume [None req-9d22b754-1f6f-40ea-b75d-eb4bc7686332 tempest-GroupSnapshotsTest-1253056080 tempest-GroupSnapshotsTest-1253056080-project] Validating volume size '1' using validate_int {{(pid=100878) _extract_size /opt/stack/cinder/cinder/volume/flows/api/create_volume.py:225}}
Sep 19 06:56:01.974788 dv-cinder-809944-1-smb devstack@c-api.service[100877]: INFO cinder.api.openstack.wsgi [None req-e50f5092-2ec6-4ff4-9c9d-82695447a117 tempest-GroupsTest-2114898913 tempest-GroupsTest-2114898913-project] http://10.222.0.24/volume/v3/1d0c8798dd9241f7b8da5492b001b33f/groups/93d8b1a8-dff8-4409-a27f-4b85e1d9ee56 returned with HTTP 200
Sep 19 06:56:01.983000 dv-cinder-809944-1-smb devstack@c-api.service[100877]: [pid: 100877|app: 0|req: 68/148] 10.222.0.24 () {60 vars in 1363 bytes} [Sun Sep 19 06:56:01 2021] GET /volume/v3/1d0c8798dd9241f7b8da5492b001b33f/groups/93d8b1a8-dff8-4409-a27f-4b85e1d9ee56 => generated 323 bytes in 102 msecs (HTTP/1.1 200) 7 headers in 286 bytes (1 switches on core 0)
Sep 19 06:56:01.993581 dv-cinder-809944-1-smb devstack@c-api.service[100878]: DEBUG cinder.volume.api [None req-9d22b754-1f6f-40ea-b75d-eb4bc7686332 tempest-GroupSnapshotsTest-1253056080 tempest-GroupSnapshotsTest-1253056080-project] Task 'cinder.volume.flows.api.create_volume.ExtractVolumeRequestTask;volume:create' (5496f233-513a-4ed6-ac58-48d8933b6e4f) transitioned into state 'SUCCESS' from state 'RUNNING' with result '{'size': 1, 'snapshot_id': None, 'source_volid': None, 'volume_type': VolumeType(created_at=2021-09-19T06:56:00Z,deleted=False,deleted_at=None,description=None,extra_specs={},id=36ea2615-32a1-4606-bee7-0e3515ca5e90,is_public=True,name='tempest-GroupSnapshotsTest-volume-type-308269102',projects=[],qos_specs=,qos_specs_id=None,updated_at=None), 'volume_type_id': '36ea2615-32a1-4606-bee7-0e3515ca5e90', 'encryption_key_id': None, 'qos_specs': None, 'consistencygroup_id': None, 'cgsnapshot_id': None, 'group_id': '846d5fd2-c757-4819-b174-39d58992b07e', 'replication_status': 'disabled', 'refresh_az': False, 'backup_id': None, 'multiattach': False, 'availability_zones': ['nova']}' {{(pid=100878) _task_receiver /usr/local/lib/python3.8/dist-packages/taskflow/listeners/logging.py:178}}
Sep 19 06:56:01.995998 dv-cinder-809944-1-smb devstack@c-api.service[100878]: DEBUG cinder.volume.api [None req-9d22b754-1f6f-40ea-b75d-eb4bc7686332 tempest-GroupSnapshotsTest-1253056080 tempest-GroupSnapshotsTest-1253056080-project] Task 'cinder.volume.flows.api.create_volume.QuotaReserveTask;volume:create' (61a9d18b-edb1-4a7c-aec6-d1c3c08bd999) transitioned into state 'RUNNING' from state 'PENDING' {{(pid=100878) _task_receiver /usr/local/lib/python3.8/dist-packages/taskflow/listeners/logging.py:190}}
Sep 19 06:56:02.058984 dv-cinder-809944-1-smb devstack@c-api.service[100878]: WARNING cinder.quota [None req-9d22b754-1f6f-40ea-b75d-eb4bc7686332 tempest-GroupSnapshotsTest-1253056080 tempest-GroupSnapshotsTest-1253056080-project] Deprecated: Default quota for resource: volumes_tempest-GroupSnapshotsTest-volume-type-308269102 is set by the default quota flag: quota_volumes_tempest-GroupSnapshotsTest-volume-type-308269102, it is now deprecated. Please use the default quota class for default quota.
Sep 19 06:56:02.060341 dv-cinder-809944-1-smb devstack@c-api.service[100878]: WARNING cinder.quota [None req-9d22b754-1f6f-40ea-b75d-eb4bc7686332 tempest-GroupSnapshotsTest-1253056080 tempest-GroupSnapshotsTest-1253056080-project] Deprecated: Default quota for resource: gigabytes_tempest-GroupSnapshotsTest-volume-type-308269102 is set by the default quota flag: quota_gigabytes_tempest-GroupSnapshotsTest-volume-type-308269102, it is now deprecated. Please use the default quota class for default quota.
Sep 19 06:56:02.116819 dv-cinder-809944-1-smb devstack@c-api.service[100878]: DEBUG cinder.quota [None req-9d22b754-1f6f-40ea-b75d-eb4bc7686332 tempest-GroupSnapshotsTest-1253056080 tempest-GroupSnapshotsTest-1253056080-project] Created reservations ['c58056ee-5ec1-456d-8c4b-1e7c0e01e86c', 'e182eb62-8ed9-4bf3-b3fa-4852dbf799f9', '3d691dfa-808f-4077-a090-0de468626f7f', 'a22164f0-e7c7-4d4d-be34-1445f9b6bd9c'] {{(pid=100878) reserve /opt/stack/cinder/cinder/quota.py:755}}
Sep 19 06:56:02.119903 dv-cinder-809944-1-smb devstack@c-api.service[100878]: DEBUG cinder.volume.api [None req-9d22b754-1f6f-40ea-b75d-eb4bc7686332 tempest-GroupSnapshotsTest-1253056080 tempest-GroupSnapshotsTest-1253056080-project] Task 'cinder.volume.flows.api.create_volume.QuotaReserveTask;volume:create' (61a9d18b-edb1-4a7c-aec6-d1c3c08bd999) transitioned into state 'SUCCESS' from state 'RUNNING' with result '{'reservations': ['c58056ee-5ec1-456d-8c4b-1e7c0e01e86c', 'e182eb62-8ed9-4bf3-b3fa-4852dbf799f9', '3d691dfa-808f-4077-a090-0de468626f7f', 'a22164f0-e7c7-4d4d-be34-1445f9b6bd9c']}' {{(pid=100878) _task_receiver /usr/local/lib/python3.8/dist-packages/taskflow/listeners/logging.py:178}}
Sep 19 06:56:02.122108 dv-cinder-809944-1-smb devstack@c-api.service[100878]: DEBUG cinder.volume.api [None req-9d22b754-1f6f-40ea-b75d-eb4bc7686332 tempest-GroupSnapshotsTest-1253056080 tempest-GroupSnapshotsTest-1253056080-project] Task 'cinder.volume.flows.api.create_volume.EntryCreateTask;volume:create' (a40df609-8b3b-4b82-8139-ed725c397504) transitioned into state 'RUNNING' from state 'PENDING' {{(pid=100878) _task_receiver /usr/local/lib/python3.8/dist-packages/taskflow/listeners/logging.py:190}}
Sep 19 06:56:02.181054 dv-cinder-809944-1-smb devstack@c-api.service[100878]: DEBUG cinder.volume.api [None req-9d22b754-1f6f-40ea-b75d-eb4bc7686332 tempest-GroupSnapshotsTest-1253056080 tempest-GroupSnapshotsTest-1253056080-project] Task 'cinder.volume.flows.api.create_volume.EntryCreateTask;volume:create' (a40df609-8b3b-4b82-8139-ed725c397504) transitioned into state 'SUCCESS' from state 'RUNNING' with result '{'volume_id': 'e6fa0934-0042-4b90-ac25-b168f745ac6f', 'volume_properties': VolumeProperties(attach_status='detached',availability_zone='nova',cgsnapshot_id=None,consistencygroup_id=None,display_description=None,display_name='tempest-GroupSnapshotsTest-Volume-2040412186',encryption_key_id=None,group_id=846d5fd2-c757-4819-b174-39d58992b07e,group_type_id=,metadata={},multiattach=False,project_id='cd200ee9ebae4274bc65794a645ae6b8',qos_specs=None,replication_status=,reservations=['c58056ee-5ec1-456d-8c4b-1e7c0e01e86c','e182eb62-8ed9-4bf3-b3fa-4852dbf799f9','3d691dfa-808f-4077-a090-0de468626f7f','a22164f0-e7c7-4d4d-be34-1445f9b6bd9c'],size=1,snapshot_id=None,source_replicaid=,source_volid=None,status='creating',user_id='adb4bed7401542349d30d9e22f314e53',volume_type_id=36ea2615-32a1-4606-bee7-0e3515ca5e90), 'volume': Volume(_name_id=None,admin_metadata=,attach_status='detached',availability_zone='nova',bootable=False,cluster=,cluster_name=None,consistencygroup=,consistencygroup_id=None,created_at=2021-09-19T06:56:02Z,deleted=False,deleted_at=None,display_description=None,display_name='tempest-GroupSnapshotsTest-Volume-2040412186',ec2_id=None,encryption_key_id=None,glance_metadata=,group=,group_id=846d5fd2-c757-4819-b174-39d58992b07e,host=None,id=e6fa0934-0042-4b90-ac25-b168f745ac6f,launched_at=None,metadata={},migration_status=None,multiattach=False,previous_status=None,project_id='cd200ee9ebae4274bc65794a645ae6b8',provider_auth=None,provider_geometry=None,provider_id=None,provider_location=None,replication_driver_data=None,replication_extended_status=None,replication_status=None,scheduled_at=None,service_uuid=None,shared_targets=True,size=1,snapshot_id=None,snapshots=,source_volid=None,status='creating',terminated_at=None,updated_at=None,use_quota=True,user_id='adb4bed7401542349d30d9e22f314e53',volume_attachment=,volume_type=VolumeType(36ea2615-32a1-4606-bee7-0e3515ca5e90),volume_type_id=36ea2615-32a1-4606-bee7-0e3515ca5e90)}' {{(pid=100878) _task_receiver /usr/local/lib/python3.8/dist-packages/taskflow/listeners/logging.py:178}}
Sep 19 06:56:02.182996 dv-cinder-809944-1-smb devstack@c-api.service[100878]: DEBUG cinder.volume.api [None req-9d22b754-1f6f-40ea-b75d-eb4bc7686332 tempest-GroupSnapshotsTest-1253056080 tempest-GroupSnapshotsTest-1253056080-project] Task 'cinder.volume.flows.api.create_volume.QuotaCommitTask;volume:create' (ea9a5ed7-736a-4b66-a3cd-2bf5db7b1c07) transitioned into state 'RUNNING' from state 'PENDING' {{(pid=100878) _task_receiver /usr/local/lib/python3.8/dist-packages/taskflow/listeners/logging.py:190}}
