Sep 24 14:56:44.524009 dv-cinder-809830-2-smb devstack@c-api.service[100916]: DEBUG cinder.api.openstack.wsgi [None req-4b42cfaf-1fc6-4852-875d-26f62583e129 tempest-VolumeTypesTest-1992634461 tempest-VolumeTypesTest-1992634461-project-admin] Calling method 'index' {{(pid=100916) _process_stack /opt/stack/cinder/cinder/api/openstack/wsgi.py:856}}
Sep 24 14:56:44.533737 dv-cinder-809830-2-smb devstack@c-api.service[100916]: INFO cinder.api.openstack.wsgi [None req-4b42cfaf-1fc6-4852-875d-26f62583e129 tempest-VolumeTypesTest-1992634461 tempest-VolumeTypesTest-1992634461-project-admin] http://10.222.0.86/volume/v3/03c8894d89d24b9b978ec9ecd46e5bc9/types/ef8bba28-8daf-498f-8eb1-73f847be30fe/encryption returned with HTTP 200
Sep 24 14:56:44.534477 dv-cinder-809830-2-smb devstack@c-api.service[100916]: [pid: 100916|app: 0|req: 134/296] 10.222.0.86 () {58 vars in 1352 bytes} [Fri Sep 24 14:56:44 2021] GET /volume/v3/03c8894d89d24b9b978ec9ecd46e5bc9/types/ef8bba28-8daf-498f-8eb1-73f847be30fe/encryption => generated 2 bytes in 16 msecs (HTTP/1.1 200) 7 headers in 283 bytes (1 switches on core 0)
Sep 24 14:56:44.545464 dv-cinder-809830-2-smb devstack@c-api.service[100917]: INFO cinder.api.openstack.wsgi [None req-9c6758d3-9aaf-46ff-a3ec-3a255afb136f tempest-VolumeTypesTest-1992634461 tempest-VolumeTypesTest-1992634461-project-admin] GET http://10.222.0.86/volume/v3/03c8894d89d24b9b978ec9ecd46e5bc9/types
Sep 24 14:56:44.545903 dv-cinder-809830-2-smb devstack@c-api.service[100917]: DEBUG cinder.api.openstack.wsgi [None req-9c6758d3-9aaf-46ff-a3ec-3a255afb136f tempest-VolumeTypesTest-1992634461 tempest-VolumeTypesTest-1992634461-project-admin] Empty body provided in request {{(pid=100917) get_body /opt/stack/cinder/cinder/api/openstack/wsgi.py:703}}
Sep 24 14:56:44.546332 dv-cinder-809830-2-smb devstack@c-api.service[100917]: DEBUG cinder.api.openstack.wsgi [None req-9c6758d3-9aaf-46ff-a3ec-3a255afb136f tempest-VolumeTypesTest-1992634461 tempest-VolumeTypesTest-1992634461-project-admin] Calling method 'index' {{(pid=100917) _process_stack /opt/stack/cinder/cinder/api/openstack/wsgi.py:856}}
Sep 24 14:56:44.584455 dv-cinder-809830-2-smb devstack@c-api.service[100917]: INFO cinder.api.openstack.wsgi [None req-9c6758d3-9aaf-46ff-a3ec-3a255afb136f tempest-VolumeTypesTest-1992634461 tempest-VolumeTypesTest-1992634461-project-admin] http://10.222.0.86/volume/v3/03c8894d89d24b9b978ec9ecd46e5bc9/types returned with HTTP 200
Sep 24 14:56:44.585167 dv-cinder-809830-2-smb devstack@c-api.service[100917]: [pid: 100917|app: 0|req: 163/297] 10.222.0.86 () {58 vars in 1208 bytes} [Fri Sep 24 14:56:44 2021] GET /volume/v3/03c8894d89d24b9b978ec9ecd46e5bc9/types => generated 2038 bytes in 44 msecs (HTTP/1.1 200) 7 headers in 286 bytes (1 switches on core 0)
Sep 24 14:56:44.596755 dv-cinder-809830-2-smb devstack@c-api.service[100916]: INFO cinder.api.openstack.wsgi [None req-64fc88a6-9b90-4c42-bc7c-a72a62c1f598 tempest-VolumeTypesTest-1992634461 tempest-VolumeTypesTest-1992634461-project-admin] POST http://10.222.0.86/volume/v3/03c8894d89d24b9b978ec9ecd46e5bc9/types
Sep 24 14:56:44.597547 dv-cinder-809830-2-smb devstack@c-api.service[100916]: DEBUG cinder.api.openstack.wsgi [None req-64fc88a6-9b90-4c42-bc7c-a72a62c1f598 tempest-VolumeTypesTest-1992634461 tempest-VolumeTypesTest-1992634461-project-admin] Action: 'create', calling method: _create, body: {"volume_type": {"name": "tempest-VolumeTypesTest-volume-type-391098435"}} {{(pid=100916) _process_stack /opt/stack/cinder/cinder/api/openstack/wsgi.py:854}}
Sep 24 14:56:44.619898 dv-cinder-809830-2-smb devstack@c-api.service[100916]: INFO cinder.api.openstack.wsgi [None req-64fc88a6-9b90-4c42-bc7c-a72a62c1f598 tempest-VolumeTypesTest-1992634461 tempest-VolumeTypesTest-1992634461-project-admin] http://10.222.0.86/volume/v3/03c8894d89d24b9b978ec9ecd46e5bc9/types returned with HTTP 200
Sep 24 14:56:44.620605 dv-cinder-809830-2-smb devstack@c-api.service[100916]: [pid: 100916|app: 0|req: 135/298] 10.222.0.86 () {60 vars in 1229 bytes} [Fri Sep 24 14:56:44 2021] POST /volume/v3/03c8894d89d24b9b978ec9ecd46e5bc9/types => generated 220 bytes in 28 msecs (HTTP/1.1 200) 7 headers in 285 bytes (1 switches on core 0)
Sep 24 14:56:44.630111 dv-cinder-809830-2-smb devstack@c-api.service[100917]: INFO cinder.api.openstack.wsgi [None req-b589eb31-024c-4113-b937-dd8043638290 tempest-VolumeTypesTest-1992634461 tempest-VolumeTypesTest-1992634461-project-admin] PUT http://10.222.0.86/volume/v3/03c8894d89d24b9b978ec9ecd46e5bc9/types/52174ced-bd5f-45e8-80b7-4dd528128d17
Sep 24 14:56:44.630846 dv-cinder-809830-2-smb devstack@c-api.service[100917]: DEBUG cinder.api.openstack.wsgi [None req-b589eb31-024c-4113-b937-dd8043638290 tempest-VolumeTypesTest-1992634461 tempest-VolumeTypesTest-1992634461-project-admin] Action: 'update', calling method: _update, body: {"volume_type": {"name": "tempest-volume-type-1928154207", "description": "tempest-volume-type-description-1480893032", "is_public": false}} {{(pid=100917) _process_stack /opt/stack/cinder/cinder/api/openstack/wsgi.py:854}}
Sep 24 14:56:44.685606 dv-cinder-809830-2-smb devstack@c-api.service[100917]: INFO cinder.api.openstack.wsgi [None req-b589eb31-024c-4113-b937-dd8043638290 tempest-VolumeTypesTest-1992634461 tempest-VolumeTypesTest-1992634461-project-admin] http://10.222.0.86/volume/v3/03c8894d89d24b9b978ec9ecd46e5bc9/types/52174ced-bd5f-45e8-80b7-4dd528128d17 returned with HTTP 200
Sep 24 14:56:44.686623 dv-cinder-809830-2-smb devstack@c-api.service[100917]: [pid: 100917|app: 0|req: 164/299] 10.222.0.86 () {60 vars in 1340 bytes} [Fri Sep 24 14:56:44 2021] PUT /volume/v3/03c8894d89d24b9b978ec9ecd46e5bc9/types/52174ced-bd5f-45e8-80b7-4dd528128d17 => generated 205 bytes in 60 msecs (HTTP/1.1 200) 7 headers in 285 bytes (1 switches on core 0)
Sep 24 14:56:44.696308 dv-cinder-809830-2-smb devstack@c-api.service[100916]: INFO cinder.api.openstack.wsgi [None req-0ac4393f-2ad8-4012-a409-d57e696b9681 tempest-VolumeTypesTest-1992634461 tempest-VolumeTypesTest-1992634461-project-admin] GET http://10.222.0.86/volume/v3/03c8894d89d24b9b978ec9ecd46e5bc9/types/52174ced-bd5f-45e8-80b7-4dd528128d17
Sep 24 14:56:44.696753 dv-cinder-809830-2-smb devstack@c-api.service[100916]: DEBUG cinder.api.openstack.wsgi [None req-0ac4393f-2ad8-4012-a409-d57e696b9681 tempest-VolumeTypesTest-1992634461 tempest-VolumeTypesTest-1992634461-project-admin] Empty body provided in request {{(pid=100916) get_body /opt/stack/cinder/cinder/api/openstack/wsgi.py:703}}
Sep 24 14:56:44.697249 dv-cinder-809830-2-smb devstack@c-api.service[100916]: DEBUG cinder.api.openstack.wsgi [None req-0ac4393f-2ad8-4012-a409-d57e696b9681 tempest-VolumeTypesTest-1992634461 tempest-VolumeTypesTest-1992634461-project-admin] Calling method 'show' {{(pid=100916) _process_stack /opt/stack/cinder/cinder/api/openstack/wsgi.py:856}}
Sep 24 14:56:44.708748 dv-cinder-809830-2-smb devstack@c-api.service[100916]: INFO cinder.api.openstack.wsgi [None req-0ac4393f-2ad8-4012-a409-d57e696b9681 tempest-VolumeTypesTest-1992634461 tempest-VolumeTypesTest-1992634461-project-admin] http://10.222.0.86/volume/v3/03c8894d89d24b9b978ec9ecd46e5bc9/types/52174ced-bd5f-45e8-80b7-4dd528128d17 returned with HTTP 200
Sep 24 14:56:44.709429 dv-cinder-809830-2-smb devstack@c-api.service[100916]: [pid: 100916|app: 0|req: 136/300] 10.222.0.86 () {58 vars in 1319 bytes} [Fri Sep 24 14:56:44 2021] GET /volume/v3/03c8894d89d24b9b978ec9ecd46e5bc9/types/52174ced-bd5f-45e8-80b7-4dd528128d17 => generated 269 bytes in 17 msecs (HTTP/1.1 200) 7 headers in 285 bytes (1 switches on core 0)
Sep 24 14:56:44.718889 dv-cinder-809830-2-smb devstack@c-api.service[100917]: INFO cinder.api.openstack.wsgi [None req-f77824ac-1c80-422e-9bb8-f82904c8ecca tempest-VolumeTypesTest-1992634461 tempest-VolumeTypesTest-1992634461-project-admin] DELETE http://10.222.0.86/volume/v3/03c8894d89d24b9b978ec9ecd46e5bc9/types/52174ced-bd5f-45e8-80b7-4dd528128d17
Sep 24 14:56:44.719361 dv-cinder-809830-2-smb devstack@c-api.service[100917]: DEBUG cinder.api.openstack.wsgi [None req-f77824ac-1c80-422e-9bb8-f82904c8ecca tempest-VolumeTypesTest-1992634461 tempest-VolumeTypesTest-1992634461-project-admin] Empty body provided in request {{(pid=100917) get_body /opt/stack/cinder/cinder/api/openstack/wsgi.py:703}}
Sep 24 14:56:44.719793 dv-cinder-809830-2-smb devstack@c-api.service[100917]: DEBUG cinder.api.openstack.wsgi [None req-f77824ac-1c80-422e-9bb8-f82904c8ecca tempest-VolumeTypesTest-1992634461 tempest-VolumeTypesTest-1992634461-project-admin] Calling method '_delete' {{(pid=100917) _process_stack /opt/stack/cinder/cinder/api/openstack/wsgi.py:856}}
Sep 24 14:56:44.736639 dv-cinder-809830-2-smb devstack@c-api.service[100916]: INFO cinder.api.openstack.wsgi [None req-0d842825-cfe7-4e40-b4e6-e28f567ef0c7 tempest-SnapshotsActionsTest-1734524720 tempest-SnapshotsActionsTest-1734524720-project] GET http://10.222.0.86/volume/v3/8bf232ccfea84c8fae453f0003fcab24/volumes/2bbbbab5-e7dd-417f-a98d-1615585cc90d
Sep 24 14:56:44.737080 dv-cinder-809830-2-smb devstack@c-api.service[100916]: DEBUG cinder.api.openstack.wsgi [None req-0d842825-cfe7-4e40-b4e6-e28f567ef0c7 tempest-SnapshotsActionsTest-1734524720 tempest-SnapshotsActionsTest-1734524720-project] Empty body provided in request {{(pid=100916) get_body /opt/stack/cinder/cinder/api/openstack/wsgi.py:703}}
Sep 24 14:56:44.737634 dv-cinder-809830-2-smb devstack@c-api.service[100916]: DEBUG cinder.api.openstack.wsgi [None req-0d842825-cfe7-4e40-b4e6-e28f567ef0c7 tempest-SnapshotsActionsTest-1734524720 tempest-SnapshotsActionsTest-1734524720-project] Calling method 'show' {{(pid=100916) _process_stack /opt/stack/cinder/cinder/api/openstack/wsgi.py:856}}
Sep 24 14:56:44.752102 dv-cinder-809830-2-smb devstack@c-api.service[100916]: /usr/local/lib/python3.8/dist-packages/oslo_context/context.py:105: DeprecationWarning: Policy enforcement is depending on the value of is_admin. This key is deprecated. Please update your policy file to use the standard policy values.
Sep 24 14:56:44.752102 dv-cinder-809830-2-smb devstack@c-api.service[100916]: warnings.warn('Policy enforcement is depending on the value of '
Sep 24 14:56:44.759427 dv-cinder-809830-2-smb devstack@c-api.service[100916]: INFO cinder.volume.api [None req-0d842825-cfe7-4e40-b4e6-e28f567ef0c7 tempest-SnapshotsActionsTest-1734524720 tempest-SnapshotsActionsTest-1734524720-project] Volume info retrieved successfully.
Sep 24 14:56:44.769673 dv-cinder-809830-2-smb devstack@c-api.service[100917]: INFO cinder.api.openstack.wsgi [None req-f77824ac-1c80-422e-9bb8-f82904c8ecca tempest-VolumeTypesTest-1992634461 tempest-VolumeTypesTest-1992634461-project-admin] http://10.222.0.86/volume/v3/03c8894d89d24b9b978ec9ecd46e5bc9/types/52174ced-bd5f-45e8-80b7-4dd528128d17 returned with HTTP 202
Sep 24 14:56:44.770908 dv-cinder-809830-2-smb devstack@c-api.service[100917]: [pid: 100917|app: 0|req: 165/301] 10.222.0.86 () {58 vars in 1322 bytes} [Fri Sep 24 14:56:44 2021] DELETE /volume/v3/03c8894d89d24b9b978ec9ecd46e5bc9/types/52174ced-bd5f-45e8-80b7-4dd528128d17 => generated 0 bytes in 56 msecs (HTTP/1.1 202) 6 headers in 233 bytes (1 switches on core 0)
Sep 24 14:56:44.777680 dv-cinder-809830-2-smb devstack@c-api.service[100916]: INFO cinder.api.openstack.wsgi [None req-0d842825-cfe7-4e40-b4e6-e28f567ef0c7 tempest-SnapshotsActionsTest-1734524720 tempest-SnapshotsActionsTest-1734524720-project] http://10.222.0.86/volume/v3/8bf232ccfea84c8fae453f0003fcab24/volumes/2bbbbab5-e7dd-417f-a98d-1615585cc90d returned with HTTP 200
Sep 24 14:56:44.788011 dv-cinder-809830-2-smb devstack@c-api.service[100916]: [pid: 100916|app: 0|req: 137/302] 10.222.0.86 () {58 vars in 1325 bytes} [Fri Sep 24 14:56:44 2021] GET /volume/v3/8bf232ccfea84c8fae453f0003fcab24/volumes/2bbbbab5-e7dd-417f-a98d-1615585cc90d => generated 913 bytes in 46 msecs (HTTP/1.1 200) 7 headers in 285 bytes (2 switches on core 0)
Sep 24 14:56:44.788220 dv-cinder-809830-2-smb devstack@c-api.service[100917]: INFO cinder.api.openstack.wsgi [None req-346a1a2f-c460-4956-93d6-90162e87d6f3 tempest-VolumeTypesTest-1992634461 tempest-VolumeTypesTest-1992634461-project-admin] GET http://10.222.0.86/volume/v3/03c8894d89d24b9b978ec9ecd46e5bc9/types/52174ced-bd5f-45e8-80b7-4dd528128d17
Sep 24 14:56:44.788220 dv-cinder-809830-2-smb devstack@c-api.service[100917]: DEBUG cinder.api.openstack.wsgi [None req-346a1a2f-c460-4956-93d6-90162e87d6f3 tempest-VolumeTypesTest-1992634461 tempest-VolumeTypesTest-1992634461-project-admin] Empty body provided in request {{(pid=100917) get_body /opt/stack/cinder/cinder/api/openstack/wsgi.py:703}}
Sep 24 14:56:44.788220 dv-cinder-809830-2-smb devstack@c-api.service[100917]: DEBUG cinder.api.openstack.wsgi [None req-346a1a2f-c460-4956-93d6-90162e87d6f3 tempest-VolumeTypesTest-1992634461 tempest-VolumeTypesTest-1992634461-project-admin] Calling method 'show' {{(pid=100917) _process_stack /opt/stack/cinder/cinder/api/openstack/wsgi.py:856}}
Sep 24 14:56:44.788220 dv-cinder-809830-2-smb devstack@c-api.service[100917]: INFO cinder.api.openstack.wsgi [None req-346a1a2f-c460-4956-93d6-90162e87d6f3 tempest-VolumeTypesTest-1992634461 tempest-VolumeTypesTest-1992634461-project-admin] http://10.222.0.86/volume/v3/03c8894d89d24b9b978ec9ecd46e5bc9/types/52174ced-bd5f-45e8-80b7-4dd528128d17 returned with HTTP 404
Sep 24 14:56:44.788220 dv-cinder-809830-2-smb devstack@c-api.service[100917]: [pid: 100917|app: 0|req: 166/303] 10.222.0.86 () {58 vars in 1319 bytes} [Fri Sep 24 14:56:44 2021] GET /volume/v3/03c8894d89d24b9b978ec9ecd46e5bc9/types/52174ced-bd5f-45e8-80b7-4dd528128d17 => generated 114 bytes in 11 msecs (HTTP/1.1 404) 7 headers in 292 bytes (1 switches on core 0)
Sep 24 14:56:44.793350 dv-cinder-809830-2-smb devstack@c-api.service[100916]: INFO cinder.api.openstack.wsgi [None req-c9b5af73-cd9d-4dae-a1da-39120e668077 tempest-SnapshotsActionsTest-1734524720 tempest-SnapshotsActionsTest-1734524720-project] POST http://10.222.0.86/volume/v3/8bf232ccfea84c8fae453f0003fcab24/snapshots
Sep 24 14:56:44.793500 dv-cinder-809830-2-smb devstack@c-api.service[100917]: INFO cinder.api.openstack.wsgi [None req-d00b3550-2fd0-45f8-a355-2b6a73737a50 tempest-VolumeTypesTest-1992634461 tempest-VolumeTypesTest-1992634461-project-admin] DELETE http://10.222.0.86/volume/v3/03c8894d89d24b9b978ec9ecd46e5bc9/types/ef8bba28-8daf-498f-8eb1-73f847be30fe
Sep 24 14:56:44.793917 dv-cinder-809830-2-smb devstack@c-api.service[100917]: DEBUG cinder.api.openstack.wsgi [None req-d00b3550-2fd0-45f8-a355-2b6a73737a50 tempest-VolumeTypesTest-1992634461 tempest-VolumeTypesTest-1992634461-project-admin] Empty body provided in request {{(pid=100917) get_body /opt/stack/cinder/cinder/api/openstack/wsgi.py:703}}
Sep 24 14:56:44.794018 dv-cinder-809830-2-smb devstack@c-api.service[100916]: /usr/local/lib/python3.8/dist-packages/webob/acceptparse.py:1047: DeprecationWarning: The behavior of AcceptValidHeader.best_match is currently being maintained for backward compatibility, but it will be deprecated in the future, as it does not conform to the RFC.
Sep 24 14:56:44.794018 dv-cinder-809830-2-smb devstack@c-api.service[100916]: warnings.warn(
Sep 24 14:56:44.794490 dv-cinder-809830-2-smb devstack@c-api.service[100916]: DEBUG cinder.api.openstack.wsgi [None req-c9b5af73-cd9d-4dae-a1da-39120e668077 tempest-SnapshotsActionsTest-1734524720 tempest-SnapshotsActionsTest-1734524720-project] Action: 'create', calling method: create, body: {"snapshot": {"volume_id": "2bbbbab5-e7dd-417f-a98d-1615585cc90d", "name": "tempest-SnapshotsActionsTest-Snapshot-520777872"}} {{(pid=100916) _process_stack /opt/stack/cinder/cinder/api/openstack/wsgi.py:854}}
Sep 24 14:56:44.794731 dv-cinder-809830-2-smb devstack@c-api.service[100917]: DEBUG cinder.api.openstack.wsgi [None req-d00b3550-2fd0-45f8-a355-2b6a73737a50 tempest-VolumeTypesTest-1992634461 tempest-VolumeTypesTest-1992634461-project-admin] Calling method '_delete' {{(pid=100917) _process_stack /opt/stack/cinder/cinder/api/openstack/wsgi.py:856}}
Sep 24 14:56:44.813363 dv-cinder-809830-2-smb devstack@c-api.service[100916]: /usr/local/lib/python3.8/dist-packages/oslo_context/context.py:105: DeprecationWarning: Policy enforcement is depending on the value of is_admin. This key is deprecated. Please update your policy file to use the standard policy values.
Sep 24 14:56:44.813363 dv-cinder-809830-2-smb devstack@c-api.service[100916]: warnings.warn('Policy enforcement is depending on the value of '
Sep 24 14:56:44.814474 dv-cinder-809830-2-smb devstack@c-api.service[100916]: INFO cinder.volume.api [None req-c9b5af73-cd9d-4dae-a1da-39120e668077 tempest-SnapshotsActionsTest-1734524720 tempest-SnapshotsActionsTest-1734524720-project] Volume info retrieved successfully.
Sep 24 14:56:44.814846 dv-cinder-809830-2-smb devstack@c-api.service[100916]: INFO cinder.api.v3.snapshots [None req-c9b5af73-cd9d-4dae-a1da-39120e668077 tempest-SnapshotsActionsTest-1734524720 tempest-SnapshotsActionsTest-1734524720-project] Create snapshot from volume 2bbbbab5-e7dd-417f-a98d-1615585cc90d
Sep 24 14:56:44.843454 dv-cinder-809830-2-smb devstack@c-api.service[100917]: INFO cinder.api.openstack.wsgi [None req-d00b3550-2fd0-45f8-a355-2b6a73737a50 tempest-VolumeTypesTest-1992634461 tempest-VolumeTypesTest-1992634461-project-admin] http://10.222.0.86/volume/v3/03c8894d89d24b9b978ec9ecd46e5bc9/types/ef8bba28-8daf-498f-8eb1-73f847be30fe returned with HTTP 202
Sep 24 14:56:44.844562 dv-cinder-809830-2-smb devstack@c-api.service[100917]: [pid: 100917|app: 0|req: 167/304] 10.222.0.86 () {58 vars in 1322 bytes} [Fri Sep 24 14:56:44 2021] DELETE /volume/v3/03c8894d89d24b9b978ec9ecd46e5bc9/types/ef8bba28-8daf-498f-8eb1-73f847be30fe => generated 0 bytes in 55 msecs (HTTP/1.1 202) 6 headers in 233 bytes (1 switches on core 0)
Sep 24 14:56:44.852120 dv-cinder-809830-2-smb devstack@c-api.service[100917]: INFO cinder.api.openstack.wsgi [None req-2e8cba3a-a5f0-4aff-85bb-cb4be3f029f2 tempest-VolumeTypesTest-1992634461 tempest-VolumeTypesTest-1992634461-project-admin] GET http://10.222.0.86/volume/v3/03c8894d89d24b9b978ec9ecd46e5bc9/types/ef8bba28-8daf-498f-8eb1-73f847be30fe
Sep 24 14:56:44.852573 dv-cinder-809830-2-smb devstack@c-api.service[100917]: DEBUG cinder.api.openstack.wsgi [None req-2e8cba3a-a5f0-4aff-85bb-cb4be3f029f2 tempest-VolumeTypesTest-1992634461 tempest-VolumeTypesTest-1992634461-project-admin] Empty body provided in request {{(pid=100917) get_body /opt/stack/cinder/cinder/api/openstack/wsgi.py:703}}
Sep 24 14:56:44.853042 dv-cinder-809830-2-smb devstack@c-api.service[100917]: DEBUG cinder.api.openstack.wsgi [None req-2e8cba3a-a5f0-4aff-85bb-cb4be3f029f2 tempest-VolumeTypesTest-1992634461 tempest-VolumeTypesTest-1992634461-project-admin] Calling method 'show' {{(pid=100917) _process_stack /opt/stack/cinder/cinder/api/openstack/wsgi.py:856}}
Sep 24 14:56:44.858159 dv-cinder-809830-2-smb devstack@c-api.service[100917]: INFO cinder.api.openstack.wsgi [None req-2e8cba3a-a5f0-4aff-85bb-cb4be3f029f2 tempest-VolumeTypesTest-1992634461 tempest-VolumeTypesTest-1992634461-project-admin] http://10.222.0.86/volume/v3/03c8894d89d24b9b978ec9ecd46e5bc9/types/ef8bba28-8daf-498f-8eb1-73f847be30fe returned with HTTP 404
Sep 24 14:56:44.859894 dv-cinder-809830-2-smb devstack@c-api.service[100917]: [pid: 100917|app: 0|req: 168/305] 10.222.0.86 () {58 vars in 1319 bytes} [Fri Sep 24 14:56:44 2021] GET /volume/v3/03c8894d89d24b9b978ec9ecd46e5bc9/types/ef8bba28-8daf-498f-8eb1-73f847be30fe => generated 114 bytes in 11 msecs (HTTP/1.1 404) 7 headers in 292 bytes (1 switches on core 0)
Sep 24 14:56:44.869802 dv-cinder-809830-2-smb devstack@c-api.service[100917]: INFO cinder.api.openstack.wsgi [None req-75abd7cf-f3f7-4c88-aa5e-3a4e366bc567 tempest-VolumeTypesTest-1992634461 tempest-VolumeTypesTest-1992634461-project-admin] DELETE http://10.222.0.86/volume/v3/03c8894d89d24b9b978ec9ecd46e5bc9/types/846ee61b-36e3-40bd-b68d-12208281829f
Sep 24 14:56:44.870285 dv-cinder-809830-2-smb devstack@c-api.service[100917]: DEBUG cinder.api.openstack.wsgi [None req-75abd7cf-f3f7-4c88-aa5e-3a4e366bc567 tempest-VolumeTypesTest-1992634461 tempest-VolumeTypesTest-1992634461-project-admin] Empty body provided in request {{(pid=100917) get_body /opt/stack/cinder/cinder/api/openstack/wsgi.py:703}}
Sep 24 14:56:44.870888 dv-cinder-809830-2-smb devstack@c-api.service[100917]: DEBUG cinder.api.openstack.wsgi [None req-75abd7cf-f3f7-4c88-aa5e-3a4e366bc567 tempest-VolumeTypesTest-1992634461 tempest-VolumeTypesTest-1992634461-project-admin] Calling method '_delete' {{(pid=100917) _process_stack /opt/stack/cinder/cinder/api/openstack/wsgi.py:856}}
Sep 24 14:56:44.892204 dv-cinder-809830-2-smb devstack@c-api.service[100916]: DEBUG cinder.quota [None req-c9b5af73-cd9d-4dae-a1da-39120e668077 tempest-SnapshotsActionsTest-1734524720 tempest-SnapshotsActionsTest-1734524720-project] Created reservations ['f14bfe25-5362-4742-9e36-57bd99a5b2a3', 'f30b7ebf-e06c-43ee-af80-5e6cc8ade1b0', 'ea0e742b-7c24-42e7-83fd-079e479c9ace', 'a0cd167d-7c7c-4fa3-b430-1afac53eb549'] {{(pid=100916) reserve /opt/stack/cinder/cinder/quota.py:755}}
Sep 24 14:56:44.924534 dv-cinder-809830-2-smb devstack@c-api.service[100917]: INFO cinder.api.openstack.wsgi [None req-75abd7cf-f3f7-4c88-aa5e-3a4e366bc567 tempest-VolumeTypesTest-1992634461 tempest-VolumeTypesTest-1992634461-project-admin] http://10.222.0.86/volume/v3/03c8894d89d24b9b978ec9ecd46e5bc9/types/846ee61b-36e3-40bd-b68d-12208281829f returned with HTTP 202
Sep 24 14:56:44.925751 dv-cinder-809830-2-smb devstack@c-api.service[100917]: [pid: 100917|app: 0|req: 169/306] 10.222.0.86 () {58 vars in 1322 bytes} [Fri Sep 24 14:56:44 2021] DELETE /volume/v3/03c8894d89d24b9b978ec9ecd46e5bc9/types/846ee61b-36e3-40bd-b68d-12208281829f => generated 0 bytes in 61 msecs (HTTP/1.1 202) 6 headers in 233 bytes (1 switches on core 0)
Sep 24 14:56:44.930845 dv-cinder-809830-2-smb devstack@c-api.service[100917]: INFO cinder.api.openstack.wsgi [req-721c1022-2695-4904-8df9-48de2484254e req-64041913-163d-4a37-9642-da1583f81c13 tempest-DeleteServersTestJSON-1099985691 tempest-DeleteServersTestJSON-1099985691-project] POST http://10.222.0.86/volume/v3/a03651e6a0c647638ba4897bf4a50a6e/attachments/d87a4934-7199-48d0-b4a2-3be16b722e7b/action
Sep 24 14:56:44.931733 dv-cinder-809830-2-smb devstack@c-api.service[100917]: DEBUG cinder.api.openstack.wsgi [req-721c1022-2695-4904-8df9-48de2484254e req-64041913-163d-4a37-9642-da1583f81c13 tempest-DeleteServersTestJSON-1099985691 tempest-DeleteServersTestJSON-1099985691-project] Action body: b'{"os-complete": null}' {{(pid=100917) get_method /opt/stack/cinder/cinder/api/openstack/wsgi.py:971}}
Sep 24 14:56:44.932159 dv-cinder-809830-2-smb devstack@c-api.service[100917]: DEBUG cinder.api.openstack.wsgi [req-721c1022-2695-4904-8df9-48de2484254e req-64041913-163d-4a37-9642-da1583f81c13 tempest-DeleteServersTestJSON-1099985691 tempest-DeleteServersTestJSON-1099985691-project] Action: 'action', calling method: version_select, body: {"os-complete": null} {{(pid=100917) _process_stack /opt/stack/cinder/cinder/api/openstack/wsgi.py:854}}
Sep 24 14:56:44.951513 dv-cinder-809830-2-smb devstack@c-api.service[100916]: INFO cinder.volume.api [None req-c9b5af73-cd9d-4dae-a1da-39120e668077 tempest-SnapshotsActionsTest-1734524720 tempest-SnapshotsActionsTest-1734524720-project] Snapshot create request issued successfully.
Sep 24 14:56:44.952350 dv-cinder-809830-2-smb devstack@c-api.service[100916]: INFO cinder.api.openstack.wsgi [None req-c9b5af73-cd9d-4dae-a1da-39120e668077 tempest-SnapshotsActionsTest-1734524720 tempest-SnapshotsActionsTest-1734524720-project] http://10.222.0.86/volume/v3/8bf232ccfea84c8fae453f0003fcab24/snapshots returned with HTTP 202
Sep 24 14:56:44.962145 dv-cinder-809830-2-smb devstack@c-api.service[100916]: [pid: 100916|app: 0|req: 138/307] 10.222.0.86 () {60 vars in 1242 bytes} [Fri Sep 24 14:56:44 2021] POST /volume/v3/8bf232ccfea84c8fae453f0003fcab24/snapshots => generated 306 bytes in 164 msecs (HTTP/1.1 202) 7 headers in 291 bytes (1 switches on core 0)
Sep 24 14:56:44.962145 dv-cinder-809830-2-smb devstack@c-api.service[100916]: INFO cinder.api.openstack.wsgi [None req-809ce391-26b6-4517-96c0-8e4935ac65fe tempest-VolumeTypesTest-1992634461 tempest-VolumeTypesTest-1992634461-project-admin] GET http://10.222.0.86/volume/v3/03c8894d89d24b9b978ec9ecd46e5bc9/types/846ee61b-36e3-40bd-b68d-12208281829f
Sep 24 14:56:44.962145 dv-cinder-809830-2-smb devstack@c-api.service[100916]: DEBUG cinder.api.openstack.wsgi [None req-809ce391-26b6-4517-96c0-8e4935ac65fe tempest-VolumeTypesTest-1992634461 tempest-VolumeTypesTest-1992634461-project-admin] Empty body provided in request {{(pid=100916) get_body /opt/stack/cinder/cinder/api/openstack/wsgi.py:703}}
Sep 24 14:56:44.962145 dv-cinder-809830-2-smb devstack@c-api.service[100916]: /usr/local/lib/python3.8/dist-packages/webob/acceptparse.py:1047: DeprecationWarning: The behavior of AcceptValidHeader.best_match is currently being maintained for backward compatibility, but it will be deprecated in the future, as it does not conform to the RFC.
Sep 24 14:56:44.962145 dv-cinder-809830-2-smb devstack@c-api.service[100916]: warnings.warn(
Sep 24 14:56:44.962145 dv-cinder-809830-2-smb devstack@c-api.service[100916]: DEBUG cinder.api.openstack.wsgi [None req-809ce391-26b6-4517-96c0-8e4935ac65fe tempest-VolumeTypesTest-1992634461 tempest-VolumeTypesTest-1992634461-project-admin] Calling method 'show' {{(pid=100916) _process_stack /opt/stack/cinder/cinder/api/openstack/wsgi.py:856}}
Sep 24 14:56:44.965729 dv-cinder-809830-2-smb devstack@c-api.service[100916]: INFO cinder.api.openstack.wsgi [None req-809ce391-26b6-4517-96c0-8e4935ac65fe tempest-VolumeTypesTest-1992634461 tempest-VolumeTypesTest-1992634461-project-admin] http://10.222.0.86/volume/v3/03c8894d89d24b9b978ec9ecd46e5bc9/types/846ee61b-36e3-40bd-b68d-12208281829f returned with HTTP 404
Sep 24 14:56:44.967058 dv-cinder-809830-2-smb devstack@c-api.service[100916]: [pid: 100916|app: 0|req: 139/308] 10.222.0.86 () {58 vars in 1319 bytes} [Fri Sep 24 14:56:44 2021] GET /volume/v3/03c8894d89d24b9b978ec9ecd46e5bc9/types/846ee61b-36e3-40bd-b68d-12208281829f => generated 114 bytes in 13 msecs (HTTP/1.1 404) 7 headers in 292 bytes (1 switches on core 0)
Sep 24 14:56:44.971002 dv-cinder-809830-2-smb devstack@c-api.service[100917]: /usr/local/lib/python3.8/dist-packages/oslo_context/context.py:105: DeprecationWarning: Policy enforcement is depending on the value of is_admin. This key is deprecated. Please update your policy file to use the standard policy values.
Sep 24 14:56:44.971002 dv-cinder-809830-2-smb devstack@c-api.service[100917]: warnings.warn('Policy enforcement is depending on the value of '
Sep 24 14:56:44.971964 dv-cinder-809830-2-smb devstack@c-api.service[100916]: INFO cinder.api.openstack.wsgi [None req-6054f0ab-ee71-43b3-9e73-6dcdffd56b05 tempest-SnapshotsActionsTest-1734524720 tempest-SnapshotsActionsTest-1734524720-project] GET http://10.222.0.86/volume/v3/8bf232ccfea84c8fae453f0003fcab24/snapshots/a8b13e12-da01-4510-8fb1-6d00f7a6c1e0
Sep 24 14:56:44.972446 dv-cinder-809830-2-smb devstack@c-api.service[100916]: DEBUG cinder.api.openstack.wsgi [None req-6054f0ab-ee71-43b3-9e73-6dcdffd56b05 tempest-SnapshotsActionsTest-1734524720 tempest-SnapshotsActionsTest-1734524720-project] Empty body provided in request {{(pid=100916) get_body /opt/stack/cinder/cinder/api/openstack/wsgi.py:703}}
Sep 24 14:56:44.972921 dv-cinder-809830-2-smb devstack@c-api.service[100916]: DEBUG cinder.api.openstack.wsgi [None req-6054f0ab-ee71-43b3-9e73-6dcdffd56b05 tempest-SnapshotsActionsTest-1734524720 tempest-SnapshotsActionsTest-1734524720-project] Calling method 'show' {{(pid=100916) _process_stack /opt/stack/cinder/cinder/api/openstack/wsgi.py:856}}
Sep 24 14:56:44.982934 dv-cinder-809830-2-smb devstack@c-api.service[100916]: /usr/local/lib/python3.8/dist-packages/oslo_context/context.py:105: DeprecationWarning: Policy enforcement is depending on the value of is_admin. This key is deprecated. Please update your policy file to use the standard policy values.
Sep 24 14:56:44.982934 dv-cinder-809830-2-smb devstack@c-api.service[100916]: warnings.warn('Policy enforcement is depending on the value of '
Sep 24 14:56:44.984060 dv-cinder-809830-2-smb devstack@c-api.service[100916]: INFO cinder.volume.api [None req-6054f0ab-ee71-43b3-9e73-6dcdffd56b05 tempest-SnapshotsActionsTest-1734524720 tempest-SnapshotsActionsTest-1734524720-project] Snapshot retrieved successfully.
Sep 24 14:56:44.986529 dv-cinder-809830-2-smb devstack@c-api.service[100916]: INFO cinder.api.openstack.wsgi [None req-6054f0ab-ee71-43b3-9e73-6dcdffd56b05 tempest-SnapshotsActionsTest-1734524720 tempest-SnapshotsActionsTest-1734524720-project] http://10.222.0.86/volume/v3/8bf232ccfea84c8fae453f0003fcab24/snapshots/a8b13e12-da01-4510-8fb1-6d00f7a6c1e0 returned with HTTP 200
Sep 24 14:56:44.987705 dv-cinder-809830-2-smb devstack@c-api.service[100916]: [pid: 100916|app: 0|req: 140/309] 10.222.0.86 () {58 vars in 1331 bytes} [Fri Sep 24 14:56:44 2021] GET /volume/v3/8bf232ccfea84c8fae453f0003fcab24/snapshots/a8b13e12-da01-4510-8fb1-6d00f7a6c1e0 => generated 438 bytes in 20 msecs (HTTP/1.1 200) 7 headers in 285 bytes (1 switches on core 0)
Sep 24 14:56:44.991229 dv-cinder-809830-2-smb devstack@c-api.service[100916]: INFO cinder.api.openstack.wsgi [None req-a4cc68b7-b7d4-45c0-87f9-c6824eb5b0e5 tempest-VolumeTypesTest-1010370923 tempest-VolumeTypesTest-1010370923-project] DELETE http://10.222.0.86/volume/v3/f9938f7dd2cb4756b7a4b233dfacab87/volumes/28b95fc0-f9eb-4c03-be59-55a32cdad74a
Sep 24 14:56:44.991674 dv-cinder-809830-2-smb devstack@c-api.service[100916]: DEBUG cinder.api.openstack.wsgi [None req-a4cc68b7-b7d4-45c0-87f9-c6824eb5b0e5 tempest-VolumeTypesTest-1010370923 tempest-VolumeTypesTest-1010370923-project] Empty body provided in request {{(pid=100916) get_body /opt/stack/cinder/cinder/api/openstack/wsgi.py:703}}
Sep 24 14:56:44.991847 dv-cinder-809830-2-smb devstack@c-api.service[100916]: /usr/local/lib/python3.8/dist-packages/webob/acceptparse.py:1047: DeprecationWarning: The behavior of AcceptValidHeader.best_match is currently being maintained for backward compatibility, but it will be deprecated in the future, as it does not conform to the RFC.
Sep 24 14:56:44.991847 dv-cinder-809830-2-smb devstack@c-api.service[100916]: warnings.warn(
Sep 24 14:56:44.992216 dv-cinder-809830-2-smb devstack@c-api.service[100916]: DEBUG cinder.api.openstack.wsgi [None req-a4cc68b7-b7d4-45c0-87f9-c6824eb5b0e5 tempest-VolumeTypesTest-1010370923 tempest-VolumeTypesTest-1010370923-project] Calling method 'delete' {{(pid=100916) _process_stack /opt/stack/cinder/cinder/api/openstack/wsgi.py:856}}
Sep 24 14:56:44.992612 dv-cinder-809830-2-smb devstack@c-api.service[100916]: INFO cinder.api.v3.volumes [None req-a4cc68b7-b7d4-45c0-87f9-c6824eb5b0e5 tempest-VolumeTypesTest-1010370923 tempest-VolumeTypesTest-1010370923-project] Delete volume with id: 28b95fc0-f9eb-4c03-be59-55a32cdad74a
Sep 24 14:56:45.003653 dv-cinder-809830-2-smb devstack@c-api.service[100917]: INFO cinder.api.openstack.wsgi [req-721c1022-2695-4904-8df9-48de2484254e req-64041913-163d-4a37-9642-da1583f81c13 tempest-DeleteServersTestJSON-1099985691 tempest-DeleteServersTestJSON-1099985691-project] http://10.222.0.86/volume/v3/a03651e6a0c647638ba4897bf4a50a6e/attachments/d87a4934-7199-48d0-b4a2-3be16b722e7b/action returned with HTTP 204
Sep 24 14:56:45.004307 dv-cinder-809830-2-smb devstack@c-api.service[100917]: [pid: 100917|app: 0|req: 170/310] 10.222.0.43 () {64 vars in 1499 bytes} [Fri Sep 24 14:56:44 2021] POST /volume/v3/a03651e6a0c647638ba4897bf4a50a6e/attachments/d87a4934-7199-48d0-b4a2-3be16b722e7b/action => generated 0 bytes in 78 msecs (HTTP/1.1 204) 7 headers in 292 bytes (1 switches on core 0)
Sep 24 14:56:45.008224 dv-cinder-809830-2-smb devstack@c-api.service[100916]: /usr/local/lib/python3.8/dist-packages/oslo_context/context.py:105: DeprecationWarning: Policy enforcement is depending on the value of is_admin. This key is deprecated. Please update your policy file to use the standard policy values.
Sep 24 14:56:45.008224 dv-cinder-809830-2-smb devstack@c-api.service[100916]: warnings.warn('Policy enforcement is depending on the value of '
Sep 24 14:56:45.009366 dv-cinder-809830-2-smb devstack@c-api.service[100916]: INFO cinder.volume.api [None req-a4cc68b7-b7d4-45c0-87f9-c6824eb5b0e5 tempest-VolumeTypesTest-1010370923 tempest-VolumeTypesTest-1010370923-project] Volume info retrieved successfully.
Sep 24 14:56:45.047503 dv-cinder-809830-2-smb devstack@c-api.service[100916]: INFO cinder.volume.api [None req-a4cc68b7-b7d4-45c0-87f9-c6824eb5b0e5 tempest-VolumeTypesTest-1010370923 tempest-VolumeTypesTest-1010370923-project] Delete volume request issued successfully.
Sep 24 14:56:45.047977 dv-cinder-809830-2-smb devstack@c-api.service[100916]: INFO cinder.api.openstack.wsgi [None req-a4cc68b7-b7d4-45c0-87f9-c6824eb5b0e5 tempest-VolumeTypesTest-1010370923 tempest-VolumeTypesTest-1010370923-project] http://10.222.0.86/volume/v3/f9938f7dd2cb4756b7a4b233dfacab87/volumes/28b95fc0-f9eb-4c03-be59-55a32cdad74a returned with HTTP 202
Sep 24 14:56:45.048750 dv-cinder-809830-2-smb devstack@c-api.service[100916]: [pid: 100916|app: 0|req: 141/311] 10.222.0.86 () {58 vars in 1328 bytes} [Fri Sep 24 14:56:44 2021] DELETE /volume/v3/f9938f7dd2cb4756b7a4b233dfacab87/volumes/28b95fc0-f9eb-4c03-be59-55a32cdad74a => generated 0 bytes in 61 msecs (HTTP/1.1 202) 6 headers in 233 bytes (1 switches on core 0)
Sep 24 14:56:45.056177 dv-cinder-809830-2-smb devstack@c-api.service[100917]: INFO cinder.api.openstack.wsgi [None req-b28ca28b-0445-4107-8c40-afe8aa483549 tempest-VolumeTypesTest-1010370923 tempest-VolumeTypesTest-1010370923-project] GET http://10.222.0.86/volume/v3/f9938f7dd2cb4756b7a4b233dfacab87/volumes/28b95fc0-f9eb-4c03-be59-55a32cdad74a
Sep 24 14:56:45.056611 dv-cinder-809830-2-smb devstack@c-api.service[100917]: DEBUG cinder.api.openstack.wsgi [None req-b28ca28b-0445-4107-8c40-afe8aa483549 tempest-VolumeTypesTest-1010370923 tempest-VolumeTypesTest-1010370923-project] Empty body provided in request {{(pid=100917) get_body /opt/stack/cinder/cinder/api/openstack/wsgi.py:703}}
Sep 24 14:56:45.056982 dv-cinder-809830-2-smb devstack@c-api.service[100917]: /usr/local/lib/python3.8/dist-packages/webob/acceptparse.py:1047: DeprecationWarning: The behavior of AcceptValidHeader.best_match is currently being maintained for backward compatibility, but it will be deprecated in the future, as it does not conform to the RFC.
Sep 24 14:56:45.056982 dv-cinder-809830-2-smb devstack@c-api.service[100917]: warnings.warn(
Sep 24 14:56:45.057172 dv-cinder-809830-2-smb devstack@c-api.service[100917]: DEBUG cinder.api.openstack.wsgi [None req-b28ca28b-0445-4107-8c40-afe8aa483549 tempest-VolumeTypesTest-1010370923 tempest-VolumeTypesTest-1010370923-project] Calling method 'show' {{(pid=100917) _process_stack /opt/stack/cinder/cinder/api/openstack/wsgi.py:856}}
Sep 24 14:56:45.072709 dv-cinder-809830-2-smb devstack@c-api.service[100917]: /usr/local/lib/python3.8/dist-packages/oslo_context/context.py:105: DeprecationWarning: Policy enforcement is depending on the value of is_admin. This key is deprecated. Please update your policy file to use the standard policy values.
Sep 24 14:56:45.072709 dv-cinder-809830-2-smb devstack@c-api.service[100917]: warnings.warn('Policy enforcement is depending on the value of '
Sep 24 14:56:45.080529 dv-cinder-809830-2-smb devstack@c-api.service[100917]: INFO cinder.volume.api [None req-b28ca28b-0445-4107-8c40-afe8aa483549 tempest-VolumeTypesTest-1010370923 tempest-VolumeTypesTest-1010370923-project] Volume info retrieved successfully.
Sep 24 14:56:45.101779 dv-cinder-809830-2-smb devstack@c-api.service[100917]: INFO cinder.api.openstack.wsgi [None req-b28ca28b-0445-4107-8c40-afe8aa483549 tempest-VolumeTypesTest-1010370923 tempest-VolumeTypesTest-1010370923-project] http://10.222.0.86/volume/v3/f9938f7dd2cb4756b7a4b233dfacab87/volumes/28b95fc0-f9eb-4c03-be59-55a32cdad74a returned with HTTP 200
Sep 24 14:56:45.101779 dv-cinder-809830-2-smb devstack@c-api.service[100917]: [pid: 100917|app: 0|req: 171/312] 10.222.0.86 () {58 vars in 1325 bytes} [Fri Sep 24 14:56:45 2021] GET /volume/v3/f9938f7dd2cb4756b7a4b233dfacab87/volumes/28b95fc0-f9eb-4c03-be59-55a32cdad74a => generated 941 bytes in 46 msecs (HTTP/1.1 200) 7 headers in 285 bytes (2 switches on core 0)
Sep 24 14:56:45.107598 dv-cinder-809830-2-smb devstack@c-api.service[100916]: INFO cinder.api.openstack.wsgi [None req-0072f985-2e31-49bd-bb84-4aeb1e7267f2 tempest-DeleteServersTestJSON-1099985691 tempest-DeleteServersTestJSON-1099985691-project] GET http://10.222.0.86/volume/v3/a03651e6a0c647638ba4897bf4a50a6e/volumes/4b7a6397-df5c-43d8-9063-bd17fe3a7562
Sep 24 14:56:45.108512 dv-cinder-809830-2-smb devstack@c-api.service[100916]: DEBUG cinder.api.openstack.wsgi [None req-0072f985-2e31-49bd-bb84-4aeb1e7267f2 tempest-DeleteServersTestJSON-1099985691 tempest-DeleteServersTestJSON-1099985691-project] Empty body provided in request {{(pid=100916) get_body /opt/stack/cinder/cinder/api/openstack/wsgi.py:703}}
Sep 24 14:56:45.108512 dv-cinder-809830-2-smb devstack@c-api.service[100916]: /usr/local/lib/python3.8/dist-packages/webob/acceptparse.py:1047: DeprecationWarning: The behavior of AcceptValidHeader.best_match is currently being maintained for backward compatibility, but it will be deprecated in the future, as it does not conform to the RFC.
Sep 24 14:56:45.108512 dv-cinder-809830-2-smb devstack@c-api.service[100916]: warnings.warn(
Sep 24 14:56:45.108512 dv-cinder-809830-2-smb devstack@c-api.service[100916]: DEBUG cinder.api.openstack.wsgi [None req-0072f985-2e31-49bd-bb84-4aeb1e7267f2 tempest-DeleteServersTestJSON-1099985691 tempest-DeleteServersTestJSON-1099985691-project] Calling method 'show' {{(pid=100916) _process_stack /opt/stack/cinder/cinder/api/openstack/wsgi.py:856}}
Sep 24 14:56:45.122203 dv-cinder-809830-2-smb devstack@c-api.service[100917]: INFO cinder.api.openstack.wsgi [None req-389b2600-0e9e-4438-9b9a-d2fdfd9ffb6a tempest-VolumesDeleteCascade-1807565753 tempest-VolumesDeleteCascade-1807565753-project] GET http://10.222.0.86/volume/v3/d36f7e6c0374472da64e7ef3cdddf120/snapshots/e081fbe5-eb6a-449f-805c-41d6a98a871b
Sep 24 14:56:45.123052 dv-cinder-809830-2-smb devstack@c-api.service[100917]: DEBUG cinder.api.openstack.wsgi [None req-389b2600-0e9e-4438-9b9a-d2fdfd9ffb6a tempest-VolumesDeleteCascade-1807565753 tempest-VolumesDeleteCascade-1807565753-project] Empty body provided in request {{(pid=100917) get_body /opt/stack/cinder/cinder/api/openstack/wsgi.py:703}}
Sep 24 14:56:45.123052 dv-cinder-809830-2-smb devstack@c-api.service[100917]: /usr/local/lib/python3.8/dist-packages/webob/acceptparse.py:1047: DeprecationWarning: The behavior of AcceptValidHeader.best_match is currently being maintained for backward compatibility, but it will be deprecated in the future, as it does not conform to the RFC.
Sep 24 14:56:45.123052 dv-cinder-809830-2-smb devstack@c-api.service[100917]: warnings.warn(
Sep 24 14:56:45.123266 dv-cinder-809830-2-smb devstack@c-api.service[100917]: DEBUG cinder.api.openstack.wsgi [None req-389b2600-0e9e-4438-9b9a-d2fdfd9ffb6a tempest-VolumesDeleteCascade-1807565753 tempest-VolumesDeleteCascade-1807565753-project] Calling method 'show' {{(pid=100917) _process_stack /opt/stack/cinder/cinder/api/openstack/wsgi.py:856}}
Sep 24 14:56:45.133318 dv-cinder-809830-2-smb devstack@c-api.service[100917]: /usr/local/lib/python3.8/dist-packages/oslo_context/context.py:105: DeprecationWarning: Policy enforcement is depending on the value of is_admin. This key is deprecated. Please update your policy file to use the standard policy values.
Sep 24 14:56:45.133318 dv-cinder-809830-2-smb devstack@c-api.service[100917]: warnings.warn('Policy enforcement is depending on the value of '
Sep 24 14:56:45.134452 dv-cinder-809830-2-smb devstack@c-api.service[100917]: INFO cinder.volume.api [None req-389b2600-0e9e-4438-9b9a-d2fdfd9ffb6a tempest-VolumesDeleteCascade-1807565753 tempest-VolumesDeleteCascade-1807565753-project] Snapshot retrieved successfully.
Sep 24 14:56:45.134809 dv-cinder-809830-2-smb devstack@c-api.service[100916]: /usr/local/lib/python3.8/dist-packages/oslo_context/context.py:105: DeprecationWarning: Policy enforcement is depending on the value of is_admin. This key is deprecated. Please update your policy file to use the standard policy values.
Sep 24 14:56:45.134809 dv-cinder-809830-2-smb devstack@c-api.service[100916]: warnings.warn('Policy enforcement is depending on the value of '
Sep 24 14:56:45.136714 dv-cinder-809830-2-smb devstack@c-api.service[100917]: INFO cinder.api.openstack.wsgi [None req-389b2600-0e9e-4438-9b9a-d2fdfd9ffb6a tempest-VolumesDeleteCascade-1807565753 tempest-VolumesDeleteCascade-1807565753-project] http://10.222.0.86/volume/v3/d36f7e6c0374472da64e7ef3cdddf120/snapshots/e081fbe5-eb6a-449f-805c-41d6a98a871b returned with HTTP 200
Sep 24 14:56:45.137312 dv-cinder-809830-2-smb devstack@c-api.service[100917]: [pid: 100917|app: 0|req: 172/313] 10.222.0.86 () {58 vars in 1331 bytes} [Fri Sep 24 14:56:45 2021] GET /volume/v3/d36f7e6c0374472da64e7ef3cdddf120/snapshots/e081fbe5-eb6a-449f-805c-41d6a98a871b => generated 568 bytes in 19 msecs (HTTP/1.1 200) 7 headers in 285 bytes (2 switches on core 0)
Sep 24 14:56:45.146592 dv-cinder-809830-2-smb devstack@c-api.service[100916]: INFO cinder.volume.api [None req-0072f985-2e31-49bd-bb84-4aeb1e7267f2 tempest-DeleteServersTestJSON-1099985691 tempest-DeleteServersTestJSON-1099985691-project] Volume info retrieved successfully.
Sep 24 14:56:45.148590 dv-cinder-809830-2-smb devstack@c-api.service[100917]: INFO cinder.api.openstack.wsgi [None req-4c2eb4ca-190a-493d-8db7-82008c06a096 tempest-VolumeTypesAccessTest-245123736 tempest-VolumeTypesAccessTest-245123736-project] GET http://10.222.0.86/volume/v3/86ce96c970704605930ad1834acb5106/volumes/cb67532f-7599-4e70-b2ce-f56905197896
Sep 24 14:56:45.149061 dv-cinder-809830-2-smb devstack@c-api.service[100917]: DEBUG cinder.api.openstack.wsgi [None req-4c2eb4ca-190a-493d-8db7-82008c06a096 tempest-VolumeTypesAccessTest-245123736 tempest-VolumeTypesAccessTest-245123736-project] Empty body provided in request {{(pid=100917) get_body /opt/stack/cinder/cinder/api/openstack/wsgi.py:703}}
Sep 24 14:56:45.149230 dv-cinder-809830-2-smb devstack@c-api.service[100917]: /usr/local/lib/python3.8/dist-packages/webob/acceptparse.py:1047: DeprecationWarning: The behavior of AcceptValidHeader.best_match is currently being maintained for backward compatibility, but it will be deprecated in the future, as it does not conform to the RFC.
Sep 24 14:56:45.149230 dv-cinder-809830-2-smb devstack@c-api.service[100917]: warnings.warn(
Sep 24 14:56:45.149655 dv-cinder-809830-2-smb devstack@c-api.service[100917]: DEBUG cinder.api.openstack.wsgi [None req-4c2eb4ca-190a-493d-8db7-82008c06a096 tempest-VolumeTypesAccessTest-245123736 tempest-VolumeTypesAccessTest-245123736-project] Calling method 'show' {{(pid=100917) _process_stack /opt/stack/cinder/cinder/api/openstack/wsgi.py:856}}
Sep 24 14:56:45.159948 dv-cinder-809830-2-smb devstack@c-api.service[100916]: /usr/local/lib/python3.8/dist-packages/oslo_context/context.py:105: DeprecationWarning: Policy enforcement is depending on the value of is_admin. This key is deprecated. Please update your policy file to use the standard policy values.
Sep 24 14:56:45.159948 dv-cinder-809830-2-smb devstack@c-api.service[100916]: warnings.warn('Policy enforcement is depending on the value of '
Sep 24 14:56:45.165733 dv-cinder-809830-2-smb devstack@c-api.service[100917]: /usr/local/lib/python3.8/dist-packages/oslo_context/context.py:105: DeprecationWarning: Policy enforcement is depending on the value of is_admin. This key is deprecated. Please update your policy file to use the standard policy values.
Sep 24 14:56:45.165733 dv-cinder-809830-2-smb devstack@c-api.service[100917]: warnings.warn('Policy enforcement is depending on the value of '
Sep 24 14:56:45.168308 dv-cinder-809830-2-smb devstack@c-api.service[100916]: INFO cinder.api.openstack.wsgi [None req-0072f985-2e31-49bd-bb84-4aeb1e7267f2 tempest-DeleteServersTestJSON-1099985691 tempest-DeleteServersTestJSON-1099985691-project] http://10.222.0.86/volume/v3/a03651e6a0c647638ba4897bf4a50a6e/volumes/4b7a6397-df5c-43d8-9063-bd17fe3a7562 returned with HTTP 200
Sep 24 14:56:45.169536 dv-cinder-809830-2-smb devstack@c-api.service[100916]: [pid: 100916|app: 0|req: 142/314] 10.222.0.86 () {58 vars in 1325 bytes} [Fri Sep 24 14:56:45 2021] GET /volume/v3/a03651e6a0c647638ba4897bf4a50a6e/volumes/4b7a6397-df5c-43d8-9063-bd17fe3a7562 => generated 1206 bytes in 67 msecs (HTTP/1.1 200) 7 headers in 286 bytes (1 switches on core 0)
Sep 24 14:56:45.173772 dv-cinder-809830-2-smb devstack@c-api.service[100916]: INFO cinder.api.openstack.wsgi [None req-504d609b-48e5-4c5e-8bbd-eea6bc180cc5 tempest-VolumesDeleteCascade-1807565753 tempest-VolumesDeleteCascade-1807565753-project] DELETE http://10.222.0.86/volume/v3/d36f7e6c0374472da64e7ef3cdddf120/volumes/c432c15c-b391-4e9e-a0fc-e82d08d26a0c?cascade=True
Sep 24 14:56:45.173913 dv-cinder-809830-2-smb devstack@c-api.service[100917]: INFO cinder.volume.api [None req-4c2eb4ca-190a-493d-8db7-82008c06a096 tempest-VolumeTypesAccessTest-245123736 tempest-VolumeTypesAccessTest-245123736-project] Volume info retrieved successfully.
Sep 24 14:56:45.174214 dv-cinder-809830-2-smb devstack@c-api.service[100916]: DEBUG cinder.api.openstack.wsgi [None req-504d609b-48e5-4c5e-8bbd-eea6bc180cc5 tempest-VolumesDeleteCascade-1807565753 tempest-VolumesDeleteCascade-1807565753-project] Empty body provided in request {{(pid=100916) get_body /opt/stack/cinder/cinder/api/openstack/wsgi.py:703}}
Sep 24 14:56:45.174375 dv-cinder-809830-2-smb devstack@c-api.service[100916]: /usr/local/lib/python3.8/dist-packages/webob/acceptparse.py:1047: DeprecationWarning: The behavior of AcceptValidHeader.best_match is currently being maintained for backward compatibility, but it will be deprecated in the future, as it does not conform to the RFC.
Sep 24 14:56:45.174375 dv-cinder-809830-2-smb devstack@c-api.service[100916]: warnings.warn(
Sep 24 14:56:45.174719 dv-cinder-809830-2-smb devstack@c-api.service[100916]: DEBUG cinder.api.openstack.wsgi [None req-504d609b-48e5-4c5e-8bbd-eea6bc180cc5 tempest-VolumesDeleteCascade-1807565753 tempest-VolumesDeleteCascade-1807565753-project] Calling method 'delete' {{(pid=100916) _process_stack /opt/stack/cinder/cinder/api/openstack/wsgi.py:856}}
Sep 24 14:56:45.175131 dv-cinder-809830-2-smb devstack@c-api.service[100916]: INFO cinder.api.v3.volumes [None req-504d609b-48e5-4c5e-8bbd-eea6bc180cc5 tempest-VolumesDeleteCascade-1807565753 tempest-VolumesDeleteCascade-1807565753-project] Delete volume with id: c432c15c-b391-4e9e-a0fc-e82d08d26a0c
Sep 24 14:56:45.190033 dv-cinder-809830-2-smb devstack@c-api.service[100917]: INFO cinder.api.openstack.wsgi [None req-4c2eb4ca-190a-493d-8db7-82008c06a096 tempest-VolumeTypesAccessTest-245123736 tempest-VolumeTypesAccessTest-245123736-project] http://10.222.0.86/volume/v3/86ce96c970704605930ad1834acb5106/volumes/cb67532f-7599-4e70-b2ce-f56905197896 returned with HTTP 200
Sep 24 14:56:45.190916 dv-cinder-809830-2-smb devstack@c-api.service[100917]: [pid: 100917|app: 0|req: 173/315] 10.222.0.86 () {58 vars in 1325 bytes} [Fri Sep 24 14:56:45 2021] GET /volume/v3/86ce96c970704605930ad1834acb5106/volumes/cb67532f-7599-4e70-b2ce-f56905197896 => generated 954 bytes in 48 msecs (HTTP/1.1 200) 7 headers in 285 bytes (1 switches on core 0)
Sep 24 14:56:45.191993 dv-cinder-809830-2-smb devstack@c-api.service[100916]: /usr/local/lib/python3.8/dist-packages/oslo_context/context.py:105: DeprecationWarning: Policy enforcement is depending on the value of is_admin. This key is deprecated. Please update your policy file to use the standard policy values.
Sep 24 14:56:45.191993 dv-cinder-809830-2-smb devstack@c-api.service[100916]: warnings.warn('Policy enforcement is depending on the value of '
Sep 24 14:56:45.193019 dv-cinder-809830-2-smb devstack@c-api.service[100916]: INFO cinder.volume.api [None req-504d609b-48e5-4c5e-8bbd-eea6bc180cc5 tempest-VolumesDeleteCascade-1807565753 tempest-VolumesDeleteCascade-1807565753-project] Volume info retrieved successfully.
Sep 24 14:56:45.194882 dv-cinder-809830-2-smb devstack@c-api.service[100917]: INFO cinder.api.openstack.wsgi [None req-462bbba2-c907-4b45-acbe-d17f7e90e155 tempest-GroupSnapshotsTest-1440279735 tempest-GroupSnapshotsTest-1440279735-project] GET http://10.222.0.86/volume/v3/78b01f23ec754fe282f5ff4470b8dbc5/groups/73e59d47-1667-42a5-b0eb-9bef3dae5704
Sep 24 14:56:45.195543 dv-cinder-809830-2-smb devstack@c-api.service[100917]: DEBUG cinder.api.openstack.wsgi [None req-462bbba2-c907-4b45-acbe-d17f7e90e155 tempest-GroupSnapshotsTest-1440279735 tempest-GroupSnapshotsTest-1440279735-project] Empty body provided in request {{(pid=100917) get_body /opt/stack/cinder/cinder/api/openstack/wsgi.py:703}}
Sep 24 14:56:45.195854 dv-cinder-809830-2-smb devstack@c-api.service[100917]: /usr/local/lib/python3.8/dist-packages/webob/acceptparse.py:1047: DeprecationWarning: The behavior of AcceptValidHeader.best_match is currently being maintained for backward compatibility, but it will be deprecated in the future, as it does not conform to the RFC.
Sep 24 14:56:45.195854 dv-cinder-809830-2-smb devstack@c-api.service[100917]: warnings.warn(
Sep 24 14:56:45.196334 dv-cinder-809830-2-smb devstack@c-api.service[100917]: DEBUG cinder.api.openstack.wsgi [None req-462bbba2-c907-4b45-acbe-d17f7e90e155 tempest-GroupSnapshotsTest-1440279735 tempest-GroupSnapshotsTest-1440279735-project] Calling method 'version_select' {{(pid=100917) _process_stack /opt/stack/cinder/cinder/api/openstack/wsgi.py:856}}
