Sep 20 05:10:27.025960 dv-cinder-809830-1-smb devstack@c-api.service[100927]: [pid: 100927|app: 0|req: 181/332] 10.222.0.13 () {58 vars in 1325 bytes} [Mon Sep 20 05:10:26 2021] GET /volume/v3/70cc0145c1394911bc6cc7c399febc24/volumes/d00bcfa1-3131-4840-bf1d-03e37e1334a2 => generated 941 bytes in 42 msecs (HTTP/1.1 200) 7 headers in 285 bytes (2 switches on core 0)
Sep 20 05:10:27.166759 dv-cinder-809830-1-smb devstack@c-api.service[100926]: DEBUG cinder.coordination [req-5617e845-143a-49ca-9b6a-df6b00f6426b req-6e591e96-0b4d-41d8-8cde-d55df4436684 tempest-AttachVolumeNegativeTest-1115514458 tempest-AttachVolumeNegativeTest-1115514458-project] Lock "b'cinder-attachment_update-5e899e44-bb0d-4837-aee0-fcd2e93a16f7-hv-cinder-80983'" released by "attachment_update" :: held 0.358s {{(pid=100926) _synchronized /opt/stack/cinder/cinder/coordination.py:193}}
Sep 20 05:10:27.169266 dv-cinder-809830-1-smb devstack@c-api.service[100926]: INFO cinder.api.openstack.wsgi [req-5617e845-143a-49ca-9b6a-df6b00f6426b req-6e591e96-0b4d-41d8-8cde-d55df4436684 tempest-AttachVolumeNegativeTest-1115514458 tempest-AttachVolumeNegativeTest-1115514458-project] http://10.222.0.13/volume/v3/3aa78a00d00140878da3c7244a89fbf3/attachments/f3ce9278-a8a5-4c03-920a-e7415c2599fe returned with HTTP 200
Sep 20 05:10:27.170221 dv-cinder-809830-1-smb devstack@c-api.service[100926]: [pid: 100926|app: 0|req: 152/333] 10.222.0.18 () {64 vars in 1478 bytes} [Mon Sep 20 05:10:26 2021] PUT /volume/v3/3aa78a00d00140878da3c7244a89fbf3/attachments/f3ce9278-a8a5-4c03-920a-e7415c2599fe => generated 652 bytes in 394 msecs (HTTP/1.1 200) 7 headers in 286 bytes (1 switches on core 0)
Sep 20 05:10:27.544869 dv-cinder-809830-1-smb devstack@c-api.service[100927]: INFO cinder.api.openstack.wsgi [None req-847ddbd1-6cfd-415e-baaf-51bcfe54e0dd tempest-AttachVolumeNegativeTest-1115514458 tempest-AttachVolumeNegativeTest-1115514458-project] GET http://10.222.0.13/volume/v3/3aa78a00d00140878da3c7244a89fbf3/volumes/5e899e44-bb0d-4837-aee0-fcd2e93a16f7
Sep 20 05:10:27.545427 dv-cinder-809830-1-smb devstack@c-api.service[100927]: DEBUG cinder.api.openstack.wsgi [None req-847ddbd1-6cfd-415e-baaf-51bcfe54e0dd tempest-AttachVolumeNegativeTest-1115514458 tempest-AttachVolumeNegativeTest-1115514458-project] Empty body provided in request {{(pid=100927) get_body /opt/stack/cinder/cinder/api/openstack/wsgi.py:703}}
Sep 20 05:10:27.545624 dv-cinder-809830-1-smb devstack@c-api.service[100927]: /usr/local/lib/python3.8/dist-packages/webob/acceptparse.py:1047: DeprecationWarning: The behavior of AcceptValidHeader.best_match is currently being maintained for backward compatibility, but it will be deprecated in the future, as it does not conform to the RFC.
Sep 20 05:10:27.545624 dv-cinder-809830-1-smb devstack@c-api.service[100927]: warnings.warn(
Sep 20 05:10:27.545949 dv-cinder-809830-1-smb devstack@c-api.service[100927]: DEBUG cinder.api.openstack.wsgi [None req-847ddbd1-6cfd-415e-baaf-51bcfe54e0dd tempest-AttachVolumeNegativeTest-1115514458 tempest-AttachVolumeNegativeTest-1115514458-project] Calling method 'show' {{(pid=100927) _process_stack /opt/stack/cinder/cinder/api/openstack/wsgi.py:856}}
Sep 20 05:10:27.559728 dv-cinder-809830-1-smb devstack@c-api.service[100927]: /usr/local/lib/python3.8/dist-packages/oslo_context/context.py:105: DeprecationWarning: Policy enforcement is depending on the value of is_admin. This key is deprecated. Please update your policy file to use the standard policy values.
Sep 20 05:10:27.559728 dv-cinder-809830-1-smb devstack@c-api.service[100927]: warnings.warn('Policy enforcement is depending on the value of '
Sep 20 05:10:27.573680 dv-cinder-809830-1-smb devstack@c-api.service[100927]: INFO cinder.volume.api [None req-847ddbd1-6cfd-415e-baaf-51bcfe54e0dd tempest-AttachVolumeNegativeTest-1115514458 tempest-AttachVolumeNegativeTest-1115514458-project] Volume info retrieved successfully.
Sep 20 05:10:27.586758 dv-cinder-809830-1-smb devstack@c-api.service[100927]: /usr/local/lib/python3.8/dist-packages/oslo_context/context.py:105: DeprecationWarning: Policy enforcement is depending on the value of is_admin. This key is deprecated. Please update your policy file to use the standard policy values.
Sep 20 05:10:27.586758 dv-cinder-809830-1-smb devstack@c-api.service[100927]: warnings.warn('Policy enforcement is depending on the value of '
Sep 20 05:10:27.594437 dv-cinder-809830-1-smb devstack@c-api.service[100927]: INFO cinder.api.openstack.wsgi [None req-847ddbd1-6cfd-415e-baaf-51bcfe54e0dd tempest-AttachVolumeNegativeTest-1115514458 tempest-AttachVolumeNegativeTest-1115514458-project] http://10.222.0.13/volume/v3/3aa78a00d00140878da3c7244a89fbf3/volumes/5e899e44-bb0d-4837-aee0-fcd2e93a16f7 returned with HTTP 200
Sep 20 05:10:27.603478 dv-cinder-809830-1-smb devstack@c-api.service[100927]: [pid: 100927|app: 0|req: 182/334] 10.222.0.13 () {58 vars in 1325 bytes} [Mon Sep 20 05:10:27 2021] GET /volume/v3/3aa78a00d00140878da3c7244a89fbf3/volumes/5e899e44-bb0d-4837-aee0-fcd2e93a16f7 => generated 916 bytes in 62 msecs (HTTP/1.1 200) 7 headers in 285 bytes (1 switches on core 0)
Sep 20 05:10:27.734896 dv-cinder-809830-1-smb devstack@c-api.service[100926]: INFO cinder.api.openstack.wsgi [req-5e3d29d3-72d7-44d5-ba6d-4c2036aef0fe req-e7ad8d90-298d-4e77-ba71-7f5458ab3591 tempest-DeleteServersTestJSON-2121673112 tempest-DeleteServersTestJSON-2121673112-project] POST http://10.222.0.13/volume/v3/483c74410d744977b70d5ef8a918ee42/attachments/383319ed-c4e6-46a5-bc41-60c36d47d566/action
Sep 20 05:10:27.736441 dv-cinder-809830-1-smb devstack@c-api.service[100926]: /usr/local/lib/python3.8/dist-packages/webob/acceptparse.py:1047: DeprecationWarning: The behavior of AcceptValidHeader.best_match is currently being maintained for backward compatibility, but it will be deprecated in the future, as it does not conform to the RFC.
Sep 20 05:10:27.736441 dv-cinder-809830-1-smb devstack@c-api.service[100926]: warnings.warn(
Sep 20 05:10:27.737252 dv-cinder-809830-1-smb devstack@c-api.service[100926]: DEBUG cinder.api.openstack.wsgi [req-5e3d29d3-72d7-44d5-ba6d-4c2036aef0fe req-e7ad8d90-298d-4e77-ba71-7f5458ab3591 tempest-DeleteServersTestJSON-2121673112 tempest-DeleteServersTestJSON-2121673112-project] Action body: b'{"os-complete": null}' {{(pid=100926) get_method /opt/stack/cinder/cinder/api/openstack/wsgi.py:971}}
Sep 20 05:10:27.737886 dv-cinder-809830-1-smb devstack@c-api.service[100926]: DEBUG cinder.api.openstack.wsgi [req-5e3d29d3-72d7-44d5-ba6d-4c2036aef0fe req-e7ad8d90-298d-4e77-ba71-7f5458ab3591 tempest-DeleteServersTestJSON-2121673112 tempest-DeleteServersTestJSON-2121673112-project] Action: 'action', calling method: version_select, body: {"os-complete": null} {{(pid=100926) _process_stack /opt/stack/cinder/cinder/api/openstack/wsgi.py:854}}
Sep 20 05:10:27.779913 dv-cinder-809830-1-smb devstack@c-api.service[100926]: /usr/local/lib/python3.8/dist-packages/oslo_context/context.py:105: DeprecationWarning: Policy enforcement is depending on the value of is_admin. This key is deprecated. Please update your policy file to use the standard policy values.
Sep 20 05:10:27.779913 dv-cinder-809830-1-smb devstack@c-api.service[100926]: warnings.warn('Policy enforcement is depending on the value of '
Sep 20 05:10:27.807340 dv-cinder-809830-1-smb devstack@c-api.service[100926]: INFO cinder.api.openstack.wsgi [req-5e3d29d3-72d7-44d5-ba6d-4c2036aef0fe req-e7ad8d90-298d-4e77-ba71-7f5458ab3591 tempest-DeleteServersTestJSON-2121673112 tempest-DeleteServersTestJSON-2121673112-project] http://10.222.0.13/volume/v3/483c74410d744977b70d5ef8a918ee42/attachments/383319ed-c4e6-46a5-bc41-60c36d47d566/action returned with HTTP 204
Sep 20 05:10:27.808185 dv-cinder-809830-1-smb devstack@c-api.service[100926]: [pid: 100926|app: 0|req: 153/335] 10.222.0.18 () {64 vars in 1499 bytes} [Mon Sep 20 05:10:27 2021] POST /volume/v3/483c74410d744977b70d5ef8a918ee42/attachments/383319ed-c4e6-46a5-bc41-60c36d47d566/action => generated 0 bytes in 81 msecs (HTTP/1.1 204) 7 headers in 292 bytes (1 switches on core 0)
Sep 20 05:10:27.812155 dv-cinder-809830-1-smb devstack@c-api.service[100927]: INFO cinder.api.openstack.wsgi [None req-572a3618-42e7-4c8d-8f9f-55dcf721e7e7 tempest-SnapshotsActionsTest-1024622536 tempest-SnapshotsActionsTest-1024622536-project] GET http://10.222.0.13/volume/v3/c0ca0c51c5084a6bab38513ed3de6838/snapshots/1d0e9a48-7324-41f4-bb6f-cd1a4eb10284
Sep 20 05:10:27.813599 dv-cinder-809830-1-smb devstack@c-api.service[100927]: DEBUG cinder.api.openstack.wsgi [None req-572a3618-42e7-4c8d-8f9f-55dcf721e7e7 tempest-SnapshotsActionsTest-1024622536 tempest-SnapshotsActionsTest-1024622536-project] Empty body provided in request {{(pid=100927) get_body /opt/stack/cinder/cinder/api/openstack/wsgi.py:703}}
Sep 20 05:10:27.813955 dv-cinder-809830-1-smb devstack@c-api.service[100927]: /usr/local/lib/python3.8/dist-packages/webob/acceptparse.py:1047: DeprecationWarning: The behavior of AcceptValidHeader.best_match is currently being maintained for backward compatibility, but it will be deprecated in the future, as it does not conform to the RFC.
Sep 20 05:10:27.813955 dv-cinder-809830-1-smb devstack@c-api.service[100927]: warnings.warn(
Sep 20 05:10:27.814490 dv-cinder-809830-1-smb devstack@c-api.service[100927]: DEBUG cinder.api.openstack.wsgi [None req-572a3618-42e7-4c8d-8f9f-55dcf721e7e7 tempest-SnapshotsActionsTest-1024622536 tempest-SnapshotsActionsTest-1024622536-project] Calling method 'show' {{(pid=100927) _process_stack /opt/stack/cinder/cinder/api/openstack/wsgi.py:856}}
Sep 20 05:10:27.837411 dv-cinder-809830-1-smb devstack@c-api.service[100927]: INFO cinder.api.openstack.wsgi [None req-572a3618-42e7-4c8d-8f9f-55dcf721e7e7 tempest-SnapshotsActionsTest-1024622536 tempest-SnapshotsActionsTest-1024622536-project] http://10.222.0.13/volume/v3/c0ca0c51c5084a6bab38513ed3de6838/snapshots/1d0e9a48-7324-41f4-bb6f-cd1a4eb10284 returned with HTTP 404
Sep 20 05:10:27.839181 dv-cinder-809830-1-smb devstack@c-api.service[100927]: [pid: 100927|app: 0|req: 183/336] 10.222.0.13 () {58 vars in 1331 bytes} [Mon Sep 20 05:10:27 2021] GET /volume/v3/c0ca0c51c5084a6bab38513ed3de6838/snapshots/1d0e9a48-7324-41f4-bb6f-cd1a4eb10284 => generated 111 bytes in 33 msecs (HTTP/1.1 404) 7 headers in 292 bytes (2 switches on core 0)
Sep 20 05:10:27.848667 dv-cinder-809830-1-smb devstack@c-api.service[100926]: INFO cinder.api.openstack.wsgi [None req-be66c0e8-e95b-4d54-8f4f-459636e2ee5e tempest-SnapshotsActionsTest-414011361 tempest-SnapshotsActionsTest-414011361-project-admin] POST http://10.222.0.13/volume/v3/31124e3d04304fa1905bd807ca51a17d/snapshots/4d3d0283-a977-4dbf-b8cd-567eeb936843/action
Sep 20 05:10:27.849284 dv-cinder-809830-1-smb devstack@c-api.service[100926]: /usr/local/lib/python3.8/dist-packages/webob/acceptparse.py:1047: DeprecationWarning: The behavior of AcceptValidHeader.best_match is currently being maintained for backward compatibility, but it will be deprecated in the future, as it does not conform to the RFC.
Sep 20 05:10:27.849284 dv-cinder-809830-1-smb devstack@c-api.service[100926]: warnings.warn(
Sep 20 05:10:27.849992 dv-cinder-809830-1-smb devstack@c-api.service[100926]: DEBUG cinder.api.openstack.wsgi [None req-be66c0e8-e95b-4d54-8f4f-459636e2ee5e tempest-SnapshotsActionsTest-414011361 tempest-SnapshotsActionsTest-414011361-project-admin] Action body: b'{"os-reset_status": {"status": "available"}}' {{(pid=100926) get_method /opt/stack/cinder/cinder/api/openstack/wsgi.py:971}}
Sep 20 05:10:27.850475 dv-cinder-809830-1-smb devstack@c-api.service[100926]: DEBUG cinder.api.openstack.wsgi [None req-be66c0e8-e95b-4d54-8f4f-459636e2ee5e tempest-SnapshotsActionsTest-414011361 tempest-SnapshotsActionsTest-414011361-project-admin] Action: 'action', calling method: _reset_status, body: {"os-reset_status": {"status": "available"}} {{(pid=100926) _process_stack /opt/stack/cinder/cinder/api/openstack/wsgi.py:854}}
Sep 20 05:10:27.851544 dv-cinder-809830-1-smb devstack@c-api.service[100926]: DEBUG cinder.api.contrib.admin_actions [None req-be66c0e8-e95b-4d54-8f4f-459636e2ee5e tempest-SnapshotsActionsTest-414011361 tempest-SnapshotsActionsTest-414011361-project-admin] Updating snapshot '4d3d0283-a977-4dbf-b8cd-567eeb936843' with '{'status': 'available'}' {{(pid=100926) _reset_status /opt/stack/cinder/cinder/api/contrib/admin_actions.py:100}}
Sep 20 05:10:27.872069 dv-cinder-809830-1-smb devstack@c-api.service[100926]: /usr/local/lib/python3.8/dist-packages/oslo_context/context.py:105: DeprecationWarning: Policy enforcement is depending on the value of is_admin. This key is deprecated. Please update your policy file to use the standard policy values.
Sep 20 05:10:27.872069 dv-cinder-809830-1-smb devstack@c-api.service[100926]: warnings.warn('Policy enforcement is depending on the value of '
Sep 20 05:10:27.917293 dv-cinder-809830-1-smb devstack@c-api.service[100926]: INFO cinder.api.openstack.wsgi [None req-be66c0e8-e95b-4d54-8f4f-459636e2ee5e tempest-SnapshotsActionsTest-414011361 tempest-SnapshotsActionsTest-414011361-project-admin] http://10.222.0.13/volume/v3/31124e3d04304fa1905bd807ca51a17d/snapshots/4d3d0283-a977-4dbf-b8cd-567eeb936843/action returned with HTTP 202
Sep 20 05:10:27.918452 dv-cinder-809830-1-smb devstack@c-api.service[100926]: [pid: 100926|app: 0|req: 154/337] 10.222.0.13 () {60 vars in 1373 bytes} [Mon Sep 20 05:10:27 2021] POST /volume/v3/31124e3d04304fa1905bd807ca51a17d/snapshots/4d3d0283-a977-4dbf-b8cd-567eeb936843/action => generated 0 bytes in 75 msecs (HTTP/1.1 202) 7 headers in 289 bytes (1 switches on core 0)
Sep 20 05:10:27.928467 dv-cinder-809830-1-smb devstack@c-api.service[100927]: INFO cinder.api.openstack.wsgi [None req-39da4d7e-5405-43a8-9de1-ebbfba2d626d tempest-DeleteServersTestJSON-2121673112 tempest-DeleteServersTestJSON-2121673112-project] GET http://10.222.0.13/volume/v3/483c74410d744977b70d5ef8a918ee42/volumes/426e4e11-88e2-40a4-866e-70fffc98a5f3
Sep 20 05:10:27.929491 dv-cinder-809830-1-smb devstack@c-api.service[100927]: DEBUG cinder.api.openstack.wsgi [None req-39da4d7e-5405-43a8-9de1-ebbfba2d626d tempest-DeleteServersTestJSON-2121673112 tempest-DeleteServersTestJSON-2121673112-project] Empty body provided in request {{(pid=100927) get_body /opt/stack/cinder/cinder/api/openstack/wsgi.py:703}}
Sep 20 05:10:27.929924 dv-cinder-809830-1-smb devstack@c-api.service[100927]: DEBUG cinder.api.openstack.wsgi [None req-39da4d7e-5405-43a8-9de1-ebbfba2d626d tempest-DeleteServersTestJSON-2121673112 tempest-DeleteServersTestJSON-2121673112-project] Calling method 'show' {{(pid=100927) _process_stack /opt/stack/cinder/cinder/api/openstack/wsgi.py:856}}
Sep 20 05:10:27.938864 dv-cinder-809830-1-smb devstack@c-api.service[100926]: INFO cinder.api.openstack.wsgi [None req-73ef5439-bb26-436a-9b42-b5972f90fe25 tempest-SnapshotsActionsTest-1024622536 tempest-SnapshotsActionsTest-1024622536-project] GET http://10.222.0.13/volume/v3/c0ca0c51c5084a6bab38513ed3de6838/snapshots/4d3d0283-a977-4dbf-b8cd-567eeb936843
Sep 20 05:10:27.939468 dv-cinder-809830-1-smb devstack@c-api.service[100926]: DEBUG cinder.api.openstack.wsgi [None req-73ef5439-bb26-436a-9b42-b5972f90fe25 tempest-SnapshotsActionsTest-1024622536 tempest-SnapshotsActionsTest-1024622536-project] Empty body provided in request {{(pid=100926) get_body /opt/stack/cinder/cinder/api/openstack/wsgi.py:703}}
Sep 20 05:10:27.939738 dv-cinder-809830-1-smb devstack@c-api.service[100926]: /usr/local/lib/python3.8/dist-packages/webob/acceptparse.py:1047: DeprecationWarning: The behavior of AcceptValidHeader.best_match is currently being maintained for backward compatibility, but it will be deprecated in the future, as it does not conform to the RFC.
Sep 20 05:10:27.939738 dv-cinder-809830-1-smb devstack@c-api.service[100926]: warnings.warn(
Sep 20 05:10:27.940209 dv-cinder-809830-1-smb devstack@c-api.service[100926]: DEBUG cinder.api.openstack.wsgi [None req-73ef5439-bb26-436a-9b42-b5972f90fe25 tempest-SnapshotsActionsTest-1024622536 tempest-SnapshotsActionsTest-1024622536-project] Calling method 'show' {{(pid=100926) _process_stack /opt/stack/cinder/cinder/api/openstack/wsgi.py:856}}
Sep 20 05:10:27.947988 dv-cinder-809830-1-smb devstack@c-api.service[100927]: /usr/local/lib/python3.8/dist-packages/oslo_context/context.py:105: DeprecationWarning: Policy enforcement is depending on the value of is_admin. This key is deprecated. Please update your policy file to use the standard policy values.
Sep 20 05:10:27.947988 dv-cinder-809830-1-smb devstack@c-api.service[100927]: warnings.warn('Policy enforcement is depending on the value of '
Sep 20 05:10:27.958494 dv-cinder-809830-1-smb devstack@c-api.service[100927]: INFO cinder.volume.api [None req-39da4d7e-5405-43a8-9de1-ebbfba2d626d tempest-DeleteServersTestJSON-2121673112 tempest-DeleteServersTestJSON-2121673112-project] Volume info retrieved successfully.
Sep 20 05:10:27.961076 dv-cinder-809830-1-smb devstack@c-api.service[100926]: /usr/local/lib/python3.8/dist-packages/oslo_context/context.py:105: DeprecationWarning: Policy enforcement is depending on the value of is_admin. This key is deprecated. Please update your policy file to use the standard policy values.
Sep 20 05:10:27.961076 dv-cinder-809830-1-smb devstack@c-api.service[100926]: warnings.warn('Policy enforcement is depending on the value of '
Sep 20 05:10:27.962916 dv-cinder-809830-1-smb devstack@c-api.service[100926]: INFO cinder.volume.api [None req-73ef5439-bb26-436a-9b42-b5972f90fe25 tempest-SnapshotsActionsTest-1024622536 tempest-SnapshotsActionsTest-1024622536-project] Snapshot retrieved successfully.
Sep 20 05:10:27.966413 dv-cinder-809830-1-smb devstack@c-api.service[100926]: INFO cinder.api.openstack.wsgi [None req-73ef5439-bb26-436a-9b42-b5972f90fe25 tempest-SnapshotsActionsTest-1024622536 tempest-SnapshotsActionsTest-1024622536-project] http://10.222.0.13/volume/v3/c0ca0c51c5084a6bab38513ed3de6838/snapshots/4d3d0283-a977-4dbf-b8cd-567eeb936843 returned with HTTP 200
Sep 20 05:10:27.972191 dv-cinder-809830-1-smb devstack@c-api.service[100927]: /usr/local/lib/python3.8/dist-packages/oslo_context/context.py:105: DeprecationWarning: Policy enforcement is depending on the value of is_admin. This key is deprecated. Please update your policy file to use the standard policy values.
Sep 20 05:10:27.972191 dv-cinder-809830-1-smb devstack@c-api.service[100927]: warnings.warn('Policy enforcement is depending on the value of '
Sep 20 05:10:27.973583 dv-cinder-809830-1-smb devstack@c-api.service[100926]: [pid: 100926|app: 0|req: 155/338] 10.222.0.13 () {58 vars in 1331 bytes} [Mon Sep 20 05:10:27 2021] GET /volume/v3/c0ca0c51c5084a6bab38513ed3de6838/snapshots/4d3d0283-a977-4dbf-b8cd-567eeb936843 => generated 531 bytes in 41 msecs (HTTP/1.1 200) 7 headers in 285 bytes (1 switches on core 0)
Sep 20 05:10:27.981431 dv-cinder-809830-1-smb devstack@c-api.service[100927]: INFO cinder.api.openstack.wsgi [None req-39da4d7e-5405-43a8-9de1-ebbfba2d626d tempest-DeleteServersTestJSON-2121673112 tempest-DeleteServersTestJSON-2121673112-project] http://10.222.0.13/volume/v3/483c74410d744977b70d5ef8a918ee42/volumes/426e4e11-88e2-40a4-866e-70fffc98a5f3 returned with HTTP 200
Sep 20 05:10:27.982408 dv-cinder-809830-1-smb devstack@c-api.service[100927]: [pid: 100927|app: 0|req: 184/339] 10.222.0.13 () {58 vars in 1325 bytes} [Mon Sep 20 05:10:27 2021] GET /volume/v3/483c74410d744977b70d5ef8a918ee42/volumes/426e4e11-88e2-40a4-866e-70fffc98a5f3 => generated 1206 bytes in 59 msecs (HTTP/1.1 200) 7 headers in 286 bytes (1 switches on core 0)
Sep 20 05:10:27.988834 dv-cinder-809830-1-smb devstack@c-api.service[100926]: INFO cinder.api.openstack.wsgi [None req-bfdace71-94bc-4acc-ae96-34540fd0f603 tempest-SnapshotsActionsTest-1024622536 tempest-SnapshotsActionsTest-1024622536-project] POST http://10.222.0.13/volume/v3/c0ca0c51c5084a6bab38513ed3de6838/snapshots
Sep 20 05:10:27.989553 dv-cinder-809830-1-smb devstack@c-api.service[100926]: /usr/local/lib/python3.8/dist-packages/webob/acceptparse.py:1047: DeprecationWarning: The behavior of AcceptValidHeader.best_match is currently being maintained for backward compatibility, but it will be deprecated in the future, as it does not conform to the RFC.
Sep 20 05:10:27.989553 dv-cinder-809830-1-smb devstack@c-api.service[100926]: warnings.warn(
Sep 20 05:10:27.989865 dv-cinder-809830-1-smb devstack@c-api.service[100926]: DEBUG cinder.api.openstack.wsgi [None req-bfdace71-94bc-4acc-ae96-34540fd0f603 tempest-SnapshotsActionsTest-1024622536 tempest-SnapshotsActionsTest-1024622536-project] Action: 'create', calling method: create, body: {"snapshot": {"volume_id": "75b347e8-b546-4f83-bedc-d2d8a273038e", "name": "tempest-SnapshotsActionsTest-Snapshot-1421741120"}} {{(pid=100926) _process_stack /opt/stack/cinder/cinder/api/openstack/wsgi.py:854}}
Sep 20 05:10:28.005099 dv-cinder-809830-1-smb devstack@c-api.service[100926]: /usr/local/lib/python3.8/dist-packages/oslo_context/context.py:105: DeprecationWarning: Policy enforcement is depending on the value of is_admin. This key is deprecated. Please update your policy file to use the standard policy values.
Sep 20 05:10:28.005099 dv-cinder-809830-1-smb devstack@c-api.service[100926]: warnings.warn('Policy enforcement is depending on the value of '
Sep 20 05:10:28.005994 dv-cinder-809830-1-smb devstack@c-api.service[100927]: INFO cinder.api.openstack.wsgi [None req-ef0a38df-f5dc-4135-8639-e8624380c25b tempest-DeleteServersTestJSON-2121673112 tempest-DeleteServersTestJSON-2121673112-project] GET http://10.222.0.13/volume/v3/483c74410d744977b70d5ef8a918ee42/volumes/426e4e11-88e2-40a4-866e-70fffc98a5f3
Sep 20 05:10:28.006138 dv-cinder-809830-1-smb devstack@c-api.service[100926]: INFO cinder.volume.api [None req-bfdace71-94bc-4acc-ae96-34540fd0f603 tempest-SnapshotsActionsTest-1024622536 tempest-SnapshotsActionsTest-1024622536-project] Volume info retrieved successfully.
Sep 20 05:10:28.006441 dv-cinder-809830-1-smb devstack@c-api.service[100926]: INFO cinder.api.v3.snapshots [None req-bfdace71-94bc-4acc-ae96-34540fd0f603 tempest-SnapshotsActionsTest-1024622536 tempest-SnapshotsActionsTest-1024622536-project] Create snapshot from volume 75b347e8-b546-4f83-bedc-d2d8a273038e
Sep 20 05:10:28.006545 dv-cinder-809830-1-smb devstack@c-api.service[100927]: DEBUG cinder.api.openstack.wsgi [None req-ef0a38df-f5dc-4135-8639-e8624380c25b tempest-DeleteServersTestJSON-2121673112 tempest-DeleteServersTestJSON-2121673112-project] Empty body provided in request {{(pid=100927) get_body /opt/stack/cinder/cinder/api/openstack/wsgi.py:703}}
Sep 20 05:10:28.006646 dv-cinder-809830-1-smb devstack@c-api.service[100927]: /usr/local/lib/python3.8/dist-packages/webob/acceptparse.py:1047: DeprecationWarning: The behavior of AcceptValidHeader.best_match is currently being maintained for backward compatibility, but it will be deprecated in the future, as it does not conform to the RFC.
Sep 20 05:10:28.006646 dv-cinder-809830-1-smb devstack@c-api.service[100927]: warnings.warn(
Sep 20 05:10:28.006906 dv-cinder-809830-1-smb devstack@c-api.service[100927]: DEBUG cinder.api.openstack.wsgi [None req-ef0a38df-f5dc-4135-8639-e8624380c25b tempest-DeleteServersTestJSON-2121673112 tempest-DeleteServersTestJSON-2121673112-project] Calling method 'show' {{(pid=100927) _process_stack /opt/stack/cinder/cinder/api/openstack/wsgi.py:856}}
Sep 20 05:10:28.026661 dv-cinder-809830-1-smb devstack@c-api.service[100927]: /usr/local/lib/python3.8/dist-packages/oslo_context/context.py:105: DeprecationWarning: Policy enforcement is depending on the value of is_admin. This key is deprecated. Please update your policy file to use the standard policy values.
Sep 20 05:10:28.026661 dv-cinder-809830-1-smb devstack@c-api.service[100927]: warnings.warn('Policy enforcement is depending on the value of '
Sep 20 05:10:28.049411 dv-cinder-809830-1-smb devstack@c-api.service[100927]: INFO cinder.volume.api [None req-ef0a38df-f5dc-4135-8639-e8624380c25b tempest-DeleteServersTestJSON-2121673112 tempest-DeleteServersTestJSON-2121673112-project] Volume info retrieved successfully.
Sep 20 05:10:28.054363 dv-cinder-809830-1-smb devstack@c-api.service[100926]: DEBUG cinder.quota [None req-bfdace71-94bc-4acc-ae96-34540fd0f603 tempest-SnapshotsActionsTest-1024622536 tempest-SnapshotsActionsTest-1024622536-project] Created reservations ['b0452710-9ecb-40e2-8883-3eaaf5246a34', 'c003a245-41de-46c7-b6f1-54f182def4e1', '58da89f7-4908-42a4-9b7b-9a5e24be58d9', '288074fe-c5d4-4893-8868-3c131f35d078'] {{(pid=100926) reserve /opt/stack/cinder/cinder/quota.py:755}}
Sep 20 05:10:28.067784 dv-cinder-809830-1-smb devstack@c-api.service[100927]: /usr/local/lib/python3.8/dist-packages/oslo_context/context.py:105: DeprecationWarning: Policy enforcement is depending on the value of is_admin. This key is deprecated. Please update your policy file to use the standard policy values.
Sep 20 05:10:28.067784 dv-cinder-809830-1-smb devstack@c-api.service[100927]: warnings.warn('Policy enforcement is depending on the value of '
Sep 20 05:10:28.077110 dv-cinder-809830-1-smb devstack@c-api.service[100927]: INFO cinder.api.openstack.wsgi [None req-ef0a38df-f5dc-4135-8639-e8624380c25b tempest-DeleteServersTestJSON-2121673112 tempest-DeleteServersTestJSON-2121673112-project] http://10.222.0.13/volume/v3/483c74410d744977b70d5ef8a918ee42/volumes/426e4e11-88e2-40a4-866e-70fffc98a5f3 returned with HTTP 200
Sep 20 05:10:28.078543 dv-cinder-809830-1-smb devstack@c-api.service[100927]: [pid: 100927|app: 0|req: 185/340] 10.222.0.13 () {58 vars in 1325 bytes} [Mon Sep 20 05:10:27 2021] GET /volume/v3/483c74410d744977b70d5ef8a918ee42/volumes/426e4e11-88e2-40a4-866e-70fffc98a5f3 => generated 1206 bytes in 81 msecs (HTTP/1.1 200) 7 headers in 286 bytes (1 switches on core 0)
Sep 20 05:10:28.086374 dv-cinder-809830-1-smb devstack@c-api.service[100927]: INFO cinder.api.openstack.wsgi [None req-b459378c-4756-442a-a9be-1a78e73aa97d tempest-VolumeTypesTest-1112579767 tempest-VolumeTypesTest-1112579767-project] GET http://10.222.0.13/volume/v3/70cc0145c1394911bc6cc7c399febc24/volumes/d00bcfa1-3131-4840-bf1d-03e37e1334a2
Sep 20 05:10:28.088867 dv-cinder-809830-1-smb devstack@c-api.service[100927]: DEBUG cinder.api.openstack.wsgi [None req-b459378c-4756-442a-a9be-1a78e73aa97d tempest-VolumeTypesTest-1112579767 tempest-VolumeTypesTest-1112579767-project] Empty body provided in request {{(pid=100927) get_body /opt/stack/cinder/cinder/api/openstack/wsgi.py:703}}
Sep 20 05:10:28.089126 dv-cinder-809830-1-smb devstack@c-api.service[100927]: /usr/local/lib/python3.8/dist-packages/webob/acceptparse.py:1047: DeprecationWarning: The behavior of AcceptValidHeader.best_match is currently being maintained for backward compatibility, but it will be deprecated in the future, as it does not conform to the RFC.
Sep 20 05:10:28.089126 dv-cinder-809830-1-smb devstack@c-api.service[100927]: warnings.warn(
Sep 20 05:10:28.089615 dv-cinder-809830-1-smb devstack@c-api.service[100927]: DEBUG cinder.api.openstack.wsgi [None req-b459378c-4756-442a-a9be-1a78e73aa97d tempest-VolumeTypesTest-1112579767 tempest-VolumeTypesTest-1112579767-project] Calling method 'show' {{(pid=100927) _process_stack /opt/stack/cinder/cinder/api/openstack/wsgi.py:856}}
Sep 20 05:10:28.107748 dv-cinder-809830-1-smb devstack@c-api.service[100927]: INFO cinder.api.openstack.wsgi [None req-b459378c-4756-442a-a9be-1a78e73aa97d tempest-VolumeTypesTest-1112579767 tempest-VolumeTypesTest-1112579767-project] http://10.222.0.13/volume/v3/70cc0145c1394911bc6cc7c399febc24/volumes/d00bcfa1-3131-4840-bf1d-03e37e1334a2 returned with HTTP 404
Sep 20 05:10:28.108814 dv-cinder-809830-1-smb devstack@c-api.service[100927]: [pid: 100927|app: 0|req: 186/341] 10.222.0.13 () {58 vars in 1325 bytes} [Mon Sep 20 05:10:28 2021] GET /volume/v3/70cc0145c1394911bc6cc7c399febc24/volumes/d00bcfa1-3131-4840-bf1d-03e37e1334a2 => generated 109 bytes in 30 msecs (HTTP/1.1 404) 7 headers in 292 bytes (1 switches on core 0)
Sep 20 05:10:28.126960 dv-cinder-809830-1-smb devstack@c-api.service[100927]: INFO cinder.api.openstack.wsgi [None req-9fd0f951-f284-45b5-ac65-daaa23c4fae0 tempest-VolumeTypesTest-1043964836 tempest-VolumeTypesTest-1043964836-project-admin] DELETE http://10.222.0.13/volume/v3/c55452bbd60149d98d1a53b01f0c2938/types/ff27f51c-f2be-442f-b343-1898b7341566
Sep 20 05:10:28.130233 dv-cinder-809830-1-smb devstack@c-api.service[100927]: DEBUG cinder.api.openstack.wsgi [None req-9fd0f951-f284-45b5-ac65-daaa23c4fae0 tempest-VolumeTypesTest-1043964836 tempest-VolumeTypesTest-1043964836-project-admin] Empty body provided in request {{(pid=100927) get_body /opt/stack/cinder/cinder/api/openstack/wsgi.py:703}}
Sep 20 05:10:28.130867 dv-cinder-809830-1-smb devstack@c-api.service[100927]: DEBUG cinder.api.openstack.wsgi [None req-9fd0f951-f284-45b5-ac65-daaa23c4fae0 tempest-VolumeTypesTest-1043964836 tempest-VolumeTypesTest-1043964836-project-admin] Calling method '_delete' {{(pid=100927) _process_stack /opt/stack/cinder/cinder/api/openstack/wsgi.py:856}}
Sep 20 05:10:28.166983 dv-cinder-809830-1-smb devstack@c-api.service[100926]: INFO cinder.volume.api [None req-bfdace71-94bc-4acc-ae96-34540fd0f603 tempest-SnapshotsActionsTest-1024622536 tempest-SnapshotsActionsTest-1024622536-project] Snapshot create request issued successfully.
Sep 20 05:10:28.169920 dv-cinder-809830-1-smb devstack@c-api.service[100926]: INFO cinder.api.openstack.wsgi [None req-bfdace71-94bc-4acc-ae96-34540fd0f603 tempest-SnapshotsActionsTest-1024622536 tempest-SnapshotsActionsTest-1024622536-project] http://10.222.0.13/volume/v3/c0ca0c51c5084a6bab38513ed3de6838/snapshots returned with HTTP 202
Sep 20 05:10:28.170898 dv-cinder-809830-1-smb devstack@c-api.service[100926]: [pid: 100926|app: 0|req: 156/342] 10.222.0.13 () {60 vars in 1242 bytes} [Mon Sep 20 05:10:27 2021] POST /volume/v3/c0ca0c51c5084a6bab38513ed3de6838/snapshots => generated 307 bytes in 189 msecs (HTTP/1.1 202) 7 headers in 291 bytes (1 switches on core 0)
Sep 20 05:10:28.182981 dv-cinder-809830-1-smb devstack@c-api.service[100926]: INFO cinder.api.openstack.wsgi [None req-ce4f04f6-3991-4d78-bb23-2ca4542ba751 tempest-SnapshotsActionsTest-1024622536 tempest-SnapshotsActionsTest-1024622536-project] GET http://10.222.0.13/volume/v3/c0ca0c51c5084a6bab38513ed3de6838/snapshots/47f57f52-9c71-4765-818d-34595297a5b0
Sep 20 05:10:28.183424 dv-cinder-809830-1-smb devstack@c-api.service[100926]: DEBUG cinder.api.openstack.wsgi [None req-ce4f04f6-3991-4d78-bb23-2ca4542ba751 tempest-SnapshotsActionsTest-1024622536 tempest-SnapshotsActionsTest-1024622536-project] Empty body provided in request {{(pid=100926) get_body /opt/stack/cinder/cinder/api/openstack/wsgi.py:703}}
Sep 20 05:10:28.183677 dv-cinder-809830-1-smb devstack@c-api.service[100926]: /usr/local/lib/python3.8/dist-packages/webob/acceptparse.py:1047: DeprecationWarning: The behavior of AcceptValidHeader.best_match is currently being maintained for backward compatibility, but it will be deprecated in the future, as it does not conform to the RFC.
Sep 20 05:10:28.183677 dv-cinder-809830-1-smb devstack@c-api.service[100926]: warnings.warn(
Sep 20 05:10:28.183993 dv-cinder-809830-1-smb devstack@c-api.service[100926]: DEBUG cinder.api.openstack.wsgi [None req-ce4f04f6-3991-4d78-bb23-2ca4542ba751 tempest-SnapshotsActionsTest-1024622536 tempest-SnapshotsActionsTest-1024622536-project] Calling method 'show' {{(pid=100926) _process_stack /opt/stack/cinder/cinder/api/openstack/wsgi.py:856}}
Sep 20 05:10:28.202982 dv-cinder-809830-1-smb devstack@c-api.service[100926]: /usr/local/lib/python3.8/dist-packages/oslo_context/context.py:105: DeprecationWarning: Policy enforcement is depending on the value of is_admin. This key is deprecated. Please update your policy file to use the standard policy values.
Sep 20 05:10:28.202982 dv-cinder-809830-1-smb devstack@c-api.service[100926]: warnings.warn('Policy enforcement is depending on the value of '
Sep 20 05:10:28.204632 dv-cinder-809830-1-smb devstack@c-api.service[100926]: INFO cinder.volume.api [None req-ce4f04f6-3991-4d78-bb23-2ca4542ba751 tempest-SnapshotsActionsTest-1024622536 tempest-SnapshotsActionsTest-1024622536-project] Snapshot retrieved successfully.
Sep 20 05:10:28.206413 dv-cinder-809830-1-smb devstack@c-api.service[100926]: INFO cinder.api.openstack.wsgi [None req-ce4f04f6-3991-4d78-bb23-2ca4542ba751 tempest-SnapshotsActionsTest-1024622536 tempest-SnapshotsActionsTest-1024622536-project] http://10.222.0.13/volume/v3/c0ca0c51c5084a6bab38513ed3de6838/snapshots/47f57f52-9c71-4765-818d-34595297a5b0 returned with HTTP 200
Sep 20 05:10:28.214811 dv-cinder-809830-1-smb devstack@c-api.service[100926]: [pid: 100926|app: 0|req: 157/343] 10.222.0.13 () {58 vars in 1331 bytes} [Mon Sep 20 05:10:28 2021] GET /volume/v3/c0ca0c51c5084a6bab38513ed3de6838/snapshots/47f57f52-9c71-4765-818d-34595297a5b0 => generated 439 bytes in 38 msecs (HTTP/1.1 200) 7 headers in 285 bytes (1 switches on core 0)
Sep 20 05:10:28.306863 dv-cinder-809830-1-smb devstack@c-api.service[100926]: INFO cinder.api.openstack.wsgi [req-5617e845-143a-49ca-9b6a-df6b00f6426b req-7a228099-df88-499b-86f8-6a74755ba43d tempest-AttachVolumeNegativeTest-1115514458 tempest-AttachVolumeNegativeTest-1115514458-project] POST http://10.222.0.13/volume/v3/3aa78a00d00140878da3c7244a89fbf3/attachments/f3ce9278-a8a5-4c03-920a-e7415c2599fe/action
Sep 20 05:10:28.307284 dv-cinder-809830-1-smb devstack@c-api.service[100926]: /usr/local/lib/python3.8/dist-packages/webob/acceptparse.py:1047: DeprecationWarning: The behavior of AcceptValidHeader.best_match is currently being maintained for backward compatibility, but it will be deprecated in the future, as it does not conform to the RFC.
Sep 20 05:10:28.307284 dv-cinder-809830-1-smb devstack@c-api.service[100926]: warnings.warn(
Sep 20 05:10:28.307649 dv-cinder-809830-1-smb devstack@c-api.service[100926]: DEBUG cinder.api.openstack.wsgi [req-5617e845-143a-49ca-9b6a-df6b00f6426b req-7a228099-df88-499b-86f8-6a74755ba43d tempest-AttachVolumeNegativeTest-1115514458 tempest-AttachVolumeNegativeTest-1115514458-project] Action body: b'{"os-complete": null}' {{(pid=100926) get_method /opt/stack/cinder/cinder/api/openstack/wsgi.py:971}}
Sep 20 05:10:28.307968 dv-cinder-809830-1-smb devstack@c-api.service[100926]: DEBUG cinder.api.openstack.wsgi [req-5617e845-143a-49ca-9b6a-df6b00f6426b req-7a228099-df88-499b-86f8-6a74755ba43d tempest-AttachVolumeNegativeTest-1115514458 tempest-AttachVolumeNegativeTest-1115514458-project] Action: 'action', calling method: complete, body: {"os-complete": null} {{(pid=100926) _process_stack /opt/stack/cinder/cinder/api/openstack/wsgi.py:854}}
Sep 20 05:10:28.356229 dv-cinder-809830-1-smb devstack@c-api.service[100926]: /usr/local/lib/python3.8/dist-packages/oslo_context/context.py:105: DeprecationWarning: Policy enforcement is depending on the value of is_admin. This key is deprecated. Please update your policy file to use the standard policy values.
Sep 20 05:10:28.356229 dv-cinder-809830-1-smb devstack@c-api.service[100926]: warnings.warn('Policy enforcement is depending on the value of '
Sep 20 05:10:28.361230 dv-cinder-809830-1-smb devstack@c-api.service[100927]: INFO cinder.api.openstack.wsgi [None req-9fd0f951-f284-45b5-ac65-daaa23c4fae0 tempest-VolumeTypesTest-1043964836 tempest-VolumeTypesTest-1043964836-project-admin] http://10.222.0.13/volume/v3/c55452bbd60149d98d1a53b01f0c2938/types/ff27f51c-f2be-442f-b343-1898b7341566 returned with HTTP 202
Sep 20 05:10:28.363733 dv-cinder-809830-1-smb devstack@c-api.service[100927]: [pid: 100927|app: 0|req: 187/344] 10.222.0.13 () {58 vars in 1322 bytes} [Mon Sep 20 05:10:28 2021] DELETE /volume/v3/c55452bbd60149d98d1a53b01f0c2938/types/ff27f51c-f2be-442f-b343-1898b7341566 => generated 0 bytes in 249 msecs (HTTP/1.1 202) 6 headers in 233 bytes (1 switches on core 0)
Sep 20 05:10:28.379075 dv-cinder-809830-1-smb devstack@c-api.service[100927]: INFO cinder.api.openstack.wsgi [None req-8b09d5a8-170c-4713-9162-1ee44677020e tempest-VolumeTypesTest-1043964836 tempest-VolumeTypesTest-1043964836-project-admin] GET http://10.222.0.13/volume/v3/c55452bbd60149d98d1a53b01f0c2938/types/ff27f51c-f2be-442f-b343-1898b7341566
Sep 20 05:10:28.381079 dv-cinder-809830-1-smb devstack@c-api.service[100927]: DEBUG cinder.api.openstack.wsgi [None req-8b09d5a8-170c-4713-9162-1ee44677020e tempest-VolumeTypesTest-1043964836 tempest-VolumeTypesTest-1043964836-project-admin] Empty body provided in request {{(pid=100927) get_body /opt/stack/cinder/cinder/api/openstack/wsgi.py:703}}
Sep 20 05:10:28.384184 dv-cinder-809830-1-smb devstack@c-api.service[100927]: DEBUG cinder.api.openstack.wsgi [None req-8b09d5a8-170c-4713-9162-1ee44677020e tempest-VolumeTypesTest-1043964836 tempest-VolumeTypesTest-1043964836-project-admin] Calling method 'show' {{(pid=100927) _process_stack /opt/stack/cinder/cinder/api/openstack/wsgi.py:856}}
Sep 20 05:10:28.391955 dv-cinder-809830-1-smb devstack@c-api.service[100926]: INFO cinder.api.openstack.wsgi [req-5617e845-143a-49ca-9b6a-df6b00f6426b req-7a228099-df88-499b-86f8-6a74755ba43d tempest-AttachVolumeNegativeTest-1115514458 tempest-AttachVolumeNegativeTest-1115514458-project] http://10.222.0.13/volume/v3/3aa78a00d00140878da3c7244a89fbf3/attachments/f3ce9278-a8a5-4c03-920a-e7415c2599fe/action returned with HTTP 204
Sep 20 05:10:28.393119 dv-cinder-809830-1-smb devstack@c-api.service[100926]: [pid: 100926|app: 0|req: 158/345] 10.222.0.18 () {64 vars in 1499 bytes} [Mon Sep 20 05:10:28 2021] POST /volume/v3/3aa78a00d00140878da3c7244a89fbf3/attachments/f3ce9278-a8a5-4c03-920a-e7415c2599fe/action => generated 0 bytes in 90 msecs (HTTP/1.1 204) 7 headers in 292 bytes (2 switches on core 0)
Sep 20 05:10:28.418609 dv-cinder-809830-1-smb devstack@c-api.service[100927]: INFO cinder.api.openstack.wsgi [None req-8b09d5a8-170c-4713-9162-1ee44677020e tempest-VolumeTypesTest-1043964836 tempest-VolumeTypesTest-1043964836-project-admin] http://10.222.0.13/volume/v3/c55452bbd60149d98d1a53b01f0c2938/types/ff27f51c-f2be-442f-b343-1898b7341566 returned with HTTP 404
Sep 20 05:10:28.426159 dv-cinder-809830-1-smb devstack@c-api.service[100927]: [pid: 100927|app: 0|req: 188/346] 10.222.0.13 () {58 vars in 1319 bytes} [Mon Sep 20 05:10:28 2021] GET /volume/v3/c55452bbd60149d98d1a53b01f0c2938/types/ff27f51c-f2be-442f-b343-1898b7341566 => generated 114 bytes in 58 msecs (HTTP/1.1 404) 7 headers in 292 bytes (1 switches on core 0)
Sep 20 05:10:28.432695 dv-cinder-809830-1-smb devstack@c-api.service[100926]: INFO cinder.api.openstack.wsgi [None req-7aeef4d6-c7f2-47b4-8d84-63279e841a86 tempest-VolumeTypesTest-1043964836 tempest-VolumeTypesTest-1043964836-project-admin] DELETE http://10.222.0.13/volume/v3/c55452bbd60149d98d1a53b01f0c2938/types/7ebae5b9-13bc-4117-8daa-c2151425f0ad
Sep 20 05:10:28.433143 dv-cinder-809830-1-smb devstack@c-api.service[100926]: DEBUG cinder.api.openstack.wsgi [None req-7aeef4d6-c7f2-47b4-8d84-63279e841a86 tempest-VolumeTypesTest-1043964836 tempest-VolumeTypesTest-1043964836-project-admin] Empty body provided in request {{(pid=100926) get_body /opt/stack/cinder/cinder/api/openstack/wsgi.py:703}}
Sep 20 05:10:28.434244 dv-cinder-809830-1-smb devstack@c-api.service[100926]: /usr/local/lib/python3.8/dist-packages/webob/acceptparse.py:1047: DeprecationWarning: The behavior of AcceptValidHeader.best_match is currently being maintained for backward compatibility, but it will be deprecated in the future, as it does not conform to the RFC.
Sep 20 05:10:28.434244 dv-cinder-809830-1-smb devstack@c-api.service[100926]: warnings.warn(
Sep 20 05:10:28.434426 dv-cinder-809830-1-smb devstack@c-api.service[100926]: DEBUG cinder.api.openstack.wsgi [None req-7aeef4d6-c7f2-47b4-8d84-63279e841a86 tempest-VolumeTypesTest-1043964836 tempest-VolumeTypesTest-1043964836-project-admin] Calling method '_delete' {{(pid=100926) _process_stack /opt/stack/cinder/cinder/api/openstack/wsgi.py:856}}
Sep 20 05:10:28.514850 dv-cinder-809830-1-smb devstack@c-api.service[100926]: INFO cinder.api.openstack.wsgi [None req-7aeef4d6-c7f2-47b4-8d84-63279e841a86 tempest-VolumeTypesTest-1043964836 tempest-VolumeTypesTest-1043964836-project-admin] http://10.222.0.13/volume/v3/c55452bbd60149d98d1a53b01f0c2938/types/7ebae5b9-13bc-4117-8daa-c2151425f0ad returned with HTTP 202
Sep 20 05:10:28.515815 dv-cinder-809830-1-smb devstack@c-api.service[100926]: [pid: 100926|app: 0|req: 159/347] 10.222.0.13 () {58 vars in 1322 bytes} [Mon Sep 20 05:10:28 2021] DELETE /volume/v3/c55452bbd60149d98d1a53b01f0c2938/types/7ebae5b9-13bc-4117-8daa-c2151425f0ad => generated 0 bytes in 87 msecs (HTTP/1.1 202) 6 headers in 233 bytes (1 switches on core 0)
Sep 20 05:10:28.523052 dv-cinder-809830-1-smb devstack@c-api.service[100927]: INFO cinder.api.openstack.wsgi [None req-a9ed9924-4527-4647-b39f-46a0341dd130 tempest-VolumeTypesTest-1043964836 tempest-VolumeTypesTest-1043964836-project-admin] GET http://10.222.0.13/volume/v3/c55452bbd60149d98d1a53b01f0c2938/types/7ebae5b9-13bc-4117-8daa-c2151425f0ad
Sep 20 05:10:28.523495 dv-cinder-809830-1-smb devstack@c-api.service[100927]: DEBUG cinder.api.openstack.wsgi [None req-a9ed9924-4527-4647-b39f-46a0341dd130 tempest-VolumeTypesTest-1043964836 tempest-VolumeTypesTest-1043964836-project-admin] Empty body provided in request {{(pid=100927) get_body /opt/stack/cinder/cinder/api/openstack/wsgi.py:703}}
Sep 20 05:10:28.523907 dv-cinder-809830-1-smb devstack@c-api.service[100927]: DEBUG cinder.api.openstack.wsgi [None req-a9ed9924-4527-4647-b39f-46a0341dd130 tempest-VolumeTypesTest-1043964836 tempest-VolumeTypesTest-1043964836-project-admin] Calling method 'show' {{(pid=100927) _process_stack /opt/stack/cinder/cinder/api/openstack/wsgi.py:856}}
Sep 20 05:10:28.528750 dv-cinder-809830-1-smb devstack@c-api.service[100927]: INFO cinder.api.openstack.wsgi [None req-a9ed9924-4527-4647-b39f-46a0341dd130 tempest-VolumeTypesTest-1043964836 tempest-VolumeTypesTest-1043964836-project-admin] http://10.222.0.13/volume/v3/c55452bbd60149d98d1a53b01f0c2938/types/7ebae5b9-13bc-4117-8daa-c2151425f0ad returned with HTTP 404
Sep 20 05:10:28.529886 dv-cinder-809830-1-smb devstack@c-api.service[100927]: [pid: 100927|app: 0|req: 189/348] 10.222.0.13 () {58 vars in 1319 bytes} [Mon Sep 20 05:10:28 2021] GET /volume/v3/c55452bbd60149d98d1a53b01f0c2938/types/7ebae5b9-13bc-4117-8daa-c2151425f0ad => generated 114 bytes in 10 msecs (HTTP/1.1 404) 7 headers in 292 bytes (1 switches on core 0)
Sep 20 05:10:28.608981 dv-cinder-809830-1-smb devstack@c-api.service[100926]: INFO cinder.api.openstack.wsgi [None req-854d558c-e3fa-4262-95e4-99cf89eb8713 tempest-AttachVolumeNegativeTest-1115514458 tempest-AttachVolumeNegativeTest-1115514458-project] GET http://10.222.0.13/volume/v3/3aa78a00d00140878da3c7244a89fbf3/volumes/5e899e44-bb0d-4837-aee0-fcd2e93a16f7
Sep 20 05:10:28.610049 dv-cinder-809830-1-smb devstack@c-api.service[100926]: DEBUG cinder.api.openstack.wsgi [None req-854d558c-e3fa-4262-95e4-99cf89eb8713 tempest-AttachVolumeNegativeTest-1115514458 tempest-AttachVolumeNegativeTest-1115514458-project] Empty body provided in request {{(pid=100926) get_body /opt/stack/cinder/cinder/api/openstack/wsgi.py:703}}
Sep 20 05:10:28.610461 dv-cinder-809830-1-smb devstack@c-api.service[100926]: DEBUG cinder.api.openstack.wsgi [None req-854d558c-e3fa-4262-95e4-99cf89eb8713 tempest-AttachVolumeNegativeTest-1115514458 tempest-AttachVolumeNegativeTest-1115514458-project] Calling method 'show' {{(pid=100926) _process_stack /opt/stack/cinder/cinder/api/openstack/wsgi.py:856}}
Sep 20 05:10:28.637471 dv-cinder-809830-1-smb devstack@c-api.service[100926]: /usr/local/lib/python3.8/dist-packages/oslo_context/context.py:105: DeprecationWarning: Policy enforcement is depending on the value of is_admin. This key is deprecated. Please update your policy file to use the standard policy values.
Sep 20 05:10:28.637471 dv-cinder-809830-1-smb devstack@c-api.service[100926]: warnings.warn('Policy enforcement is depending on the value of '
Sep 20 05:10:28.645631 dv-cinder-809830-1-smb devstack@c-api.service[100926]: INFO cinder.volume.api [None req-854d558c-e3fa-4262-95e4-99cf89eb8713 tempest-AttachVolumeNegativeTest-1115514458 tempest-AttachVolumeNegativeTest-1115514458-project] Volume info retrieved successfully.
Sep 20 05:10:28.666155 dv-cinder-809830-1-smb devstack@c-api.service[100926]: /usr/local/lib/python3.8/dist-packages/oslo_context/context.py:105: DeprecationWarning: Policy enforcement is depending on the value of is_admin. This key is deprecated. Please update your policy file to use the standard policy values.
Sep 20 05:10:28.666155 dv-cinder-809830-1-smb devstack@c-api.service[100926]: warnings.warn('Policy enforcement is depending on the value of '
Sep 20 05:10:28.675721 dv-cinder-809830-1-smb devstack@c-api.service[100926]: INFO cinder.api.openstack.wsgi [None req-854d558c-e3fa-4262-95e4-99cf89eb8713 tempest-AttachVolumeNegativeTest-1115514458 tempest-AttachVolumeNegativeTest-1115514458-project] http://10.222.0.13/volume/v3/3aa78a00d00140878da3c7244a89fbf3/volumes/5e899e44-bb0d-4837-aee0-fcd2e93a16f7 returned with HTTP 200
Sep 20 05:10:28.676845 dv-cinder-809830-1-smb devstack@c-api.service[100926]: [pid: 100926|app: 0|req: 160/349] 10.222.0.13 () {58 vars in 1325 bytes} [Mon Sep 20 05:10:28 2021] GET /volume/v3/3aa78a00d00140878da3c7244a89fbf3/volumes/5e899e44-bb0d-4837-aee0-fcd2e93a16f7 => generated 1208 bytes in 71 msecs (HTTP/1.1 200) 7 headers in 286 bytes (1 switches on core 0)
Sep 20 05:10:28.691139 dv-cinder-809830-1-smb devstack@c-api.service[100927]: INFO cinder.api.openstack.wsgi [None req-80606329-29a5-4b91-b18c-20361728ee89 tempest-AttachVolumeNegativeTest-1115514458 tempest-AttachVolumeNegativeTest-1115514458-project] GET http://10.222.0.13/volume/v3/3aa78a00d00140878da3c7244a89fbf3/volumes/5e899e44-bb0d-4837-aee0-fcd2e93a16f7
Sep 20 05:10:28.691578 dv-cinder-809830-1-smb devstack@c-api.service[100927]: DEBUG cinder.api.openstack.wsgi [None req-80606329-29a5-4b91-b18c-20361728ee89 tempest-AttachVolumeNegativeTest-1115514458 tempest-AttachVolumeNegativeTest-1115514458-project] Empty body provided in request {{(pid=100927) get_body /opt/stack/cinder/cinder/api/openstack/wsgi.py:703}}
Sep 20 05:10:28.695020 dv-cinder-809830-1-smb devstack@c-api.service[100927]: DEBUG cinder.api.openstack.wsgi [None req-80606329-29a5-4b91-b18c-20361728ee89 tempest-AttachVolumeNegativeTest-1115514458 tempest-AttachVolumeNegativeTest-1115514458-project] Calling method 'show' {{(pid=100927) _process_stack /opt/stack/cinder/cinder/api/openstack/wsgi.py:856}}
Sep 20 05:10:28.712326 dv-cinder-809830-1-smb devstack@c-api.service[100927]: /usr/local/lib/python3.8/dist-packages/oslo_context/context.py:105: DeprecationWarning: Policy enforcement is depending on the value of is_admin. This key is deprecated. Please update your policy file to use the standard policy values.
Sep 20 05:10:28.712326 dv-cinder-809830-1-smb devstack@c-api.service[100927]: warnings.warn('Policy enforcement is depending on the value of '
Sep 20 05:10:28.722770 dv-cinder-809830-1-smb devstack@c-api.service[100927]: INFO cinder.volume.api [None req-80606329-29a5-4b91-b18c-20361728ee89 tempest-AttachVolumeNegativeTest-1115514458 tempest-AttachVolumeNegativeTest-1115514458-project] Volume info retrieved successfully.
Sep 20 05:10:28.737948 dv-cinder-809830-1-smb devstack@c-api.service[100927]: /usr/local/lib/python3.8/dist-packages/oslo_context/context.py:105: DeprecationWarning: Policy enforcement is depending on the value of is_admin. This key is deprecated. Please update your policy file to use the standard policy values.
Sep 20 05:10:28.737948 dv-cinder-809830-1-smb devstack@c-api.service[100927]: warnings.warn('Policy enforcement is depending on the value of '
Sep 20 05:10:28.748923 dv-cinder-809830-1-smb devstack@c-api.service[100927]: INFO cinder.api.openstack.wsgi [None req-80606329-29a5-4b91-b18c-20361728ee89 tempest-AttachVolumeNegativeTest-1115514458 tempest-AttachVolumeNegativeTest-1115514458-project] http://10.222.0.13/volume/v3/3aa78a00d00140878da3c7244a89fbf3/volumes/5e899e44-bb0d-4837-aee0-fcd2e93a16f7 returned with HTTP 200
Sep 20 05:10:28.750388 dv-cinder-809830-1-smb devstack@c-api.service[100927]: [pid: 100927|app: 0|req: 190/350] 10.222.0.13 () {58 vars in 1325 bytes} [Mon Sep 20 05:10:28 2021] GET /volume/v3/3aa78a00d00140878da3c7244a89fbf3/volumes/5e899e44-bb0d-4837-aee0-fcd2e93a16f7 => generated 1208 bytes in 63 msecs (HTTP/1.1 200) 7 headers in 286 bytes (1 switches on core 0)
Sep 20 05:10:29.226024 dv-cinder-809830-1-smb devstack@c-api.service[100927]: INFO cinder.api.openstack.wsgi [None req-13d6efb4-ae1b-4faa-8d05-ffe856eda972 tempest-SnapshotsActionsTest-1024622536 tempest-SnapshotsActionsTest-1024622536-project] GET http://10.222.0.13/volume/v3/c0ca0c51c5084a6bab38513ed3de6838/snapshots/47f57f52-9c71-4765-818d-34595297a5b0
Sep 20 05:10:29.226827 dv-cinder-809830-1-smb devstack@c-api.service[100927]: DEBUG cinder.api.openstack.wsgi [None req-13d6efb4-ae1b-4faa-8d05-ffe856eda972 tempest-SnapshotsActionsTest-1024622536 tempest-SnapshotsActionsTest-1024622536-project] Empty body provided in request {{(pid=100927) get_body /opt/stack/cinder/cinder/api/openstack/wsgi.py:703}}
Sep 20 05:10:29.227141 dv-cinder-809830-1-smb devstack@c-api.service[100927]: /usr/local/lib/python3.8/dist-packages/webob/acceptparse.py:1047: DeprecationWarning: The behavior of AcceptValidHeader.best_match is currently being maintained for backward compatibility, but it will be deprecated in the future, as it does not conform to the RFC.
Sep 20 05:10:29.227141 dv-cinder-809830-1-smb devstack@c-api.service[100927]: warnings.warn(
