Sep 17 17:10:46.992990 dv-cinder-809829-1-iscsi devstack@n-api.service[108432]: DEBUG nova.compute.api [None req-24423673-75bb-4f05-a16b-651573d8ff2d tempest-DeleteServersTestJSON-1129957985 tempest-DeleteServersTestJSON-1129957985-project] [instance: cca29ec1-2298-44c1-9414-525f0e1eb6bc] block_device_mapping [BlockDeviceMapping(attachment_id=,boot_index=0,connection_info=None,created_at=,delete_on_termination=True,deleted=,deleted_at=,destination_type='local',device_name=None,device_type='disk',disk_bus=None,guest_format=None,id=,image_id='a38857bc-7130-42d5-a411-1229d6164494',instance=,instance_uuid=,no_device=False,snapshot_id=None,source_type='image',tag=None,updated_at=,uuid=,volume_id=None,volume_size=None,volume_type=None)] {{(pid=108432) _bdm_validate_set_size_and_instance /opt/stack/nova/nova/compute/api.py:1757}}
Sep 17 17:10:47.137701 dv-cinder-809829-1-iscsi devstack@n-api.service[108432]: INFO nova.api.openstack.requestlog [None req-24423673-75bb-4f05-a16b-651573d8ff2d tempest-DeleteServersTestJSON-1129957985 tempest-DeleteServersTestJSON-1129957985-project] 10.222.0.52 "POST /compute/v2.1/servers" status: 202 len: 380 microversion: 2.1 time: 2.131076
Sep 17 17:10:47.138366 dv-cinder-809829-1-iscsi devstack@n-api.service[108432]: [pid: 108432|app: 0|req: 2/7] 10.222.0.52 () {60 vars in 1147 bytes} [Fri Sep 17 17:10:45 2021] POST /compute/v2.1/servers => generated 380 bytes in 2133 msecs (HTTP/1.1 202) 10 headers in 451 bytes (1 switches on core 0)
Sep 17 17:10:47.150514 dv-cinder-809829-1-iscsi devstack@n-api.service[108432]: DEBUG nova.api.openstack.wsgi [None req-132f5d3d-289e-4dc0-bb5b-ae32286c4bc0 tempest-DeleteServersTestJSON-1129957985 tempest-DeleteServersTestJSON-1129957985-project] Calling method '>' {{(pid=108432) _process_stack /opt/stack/nova/nova/api/openstack/wsgi.py:513}}
Sep 17 17:10:47.151140 dv-cinder-809829-1-iscsi devstack@n-api.service[108432]: DEBUG nova.compute.api [None req-132f5d3d-289e-4dc0-bb5b-ae32286c4bc0 tempest-DeleteServersTestJSON-1129957985 tempest-DeleteServersTestJSON-1129957985-project] [instance: cca29ec1-2298-44c1-9414-525f0e1eb6bc] Fetching instance by UUID {{(pid=108432) get /opt/stack/nova/nova/compute/api.py:2863}}
Sep 17 17:10:47.287438 dv-cinder-809829-1-iscsi devstack@n-api.service[108431]: DEBUG nova.api.openstack.wsgi [None req-b7c4b4ef-cc13-4614-ac48-37448c37aa16 tempest-AttachVolumeNegativeTest-1621089538 tempest-AttachVolumeNegativeTest-1621089538-project] Action: 'create', calling method: >, body: {"server": {"name": "tempest-AttachVolumeNegativeTest-server-789732333", "imageRef": "a38857bc-7130-42d5-a411-1229d6164494", "flavorRef": "452", "networks": [{"uuid": "2df0b31c-4f66-4050-86dc-21f3775b33e6"}]}} {{(pid=108431) _process_stack /opt/stack/nova/nova/api/openstack/wsgi.py:511}}
Sep 17 17:10:47.493399 dv-cinder-809829-1-iscsi devstack@n-api.service[108431]: DEBUG nova.network.neutron [None req-b7c4b4ef-cc13-4614-ac48-37448c37aa16 tempest-AttachVolumeNegativeTest-1621089538 tempest-AttachVolumeNegativeTest-1621089538-project] validate_networks() for [('2df0b31c-4f66-4050-86dc-21f3775b33e6', None, None, None, None, None)] {{(pid=108431) validate_networks /opt/stack/nova/nova/network/neutron.py:2475}}
Sep 17 17:10:47.556948 dv-cinder-809829-1-iscsi devstack@n-api.service[108432]: DEBUG nova.policy [None req-132f5d3d-289e-4dc0-bb5b-ae32286c4bc0 tempest-DeleteServersTestJSON-1129957985 tempest-DeleteServersTestJSON-1129957985-project] Policy check for os_compute_api:os-extended-server-attributes failed with credentials {'is_admin': False, 'user_id': '5590ce40fa384b3899fdd4f7b29bc0d4', 'user_domain_id': 'default', 'system_scope': None, 'domain_id': None, 'project_id': 'dfc18554ae314d088aca3fb5e867a92e', 'project_domain_id': 'default', 'roles': ['member', 'reader'], 'is_admin_project': True, 'service_user_id': None, 'service_user_domain_id': None, 'service_project_id': None, 'service_project_domain_id': None, 'service_roles': []} {{(pid=108432) authorize /opt/stack/nova/nova/policy.py:199}}
Sep 17 17:10:47.584427 dv-cinder-809829-1-iscsi devstack@n-api.service[108432]: INFO nova.api.openstack.requestlog [None req-132f5d3d-289e-4dc0-bb5b-ae32286c4bc0 tempest-DeleteServersTestJSON-1129957985 tempest-DeleteServersTestJSON-1129957985-project] 10.222.0.52 "GET /compute/v2.1/servers/cca29ec1-2298-44c1-9414-525f0e1eb6bc" status: 200 len: 1215 microversion: 2.1 time: 0.437937
Sep 17 17:10:47.588939 dv-cinder-809829-1-iscsi devstack@n-api.service[108432]: [pid: 108432|app: 0|req: 3/8] 10.222.0.52 () {58 vars in 1236 bytes} [Fri Sep 17 17:10:47 2021] GET /compute/v2.1/servers/cca29ec1-2298-44c1-9414-525f0e1eb6bc => generated 1215 bytes in 443 msecs (HTTP/1.1 200) 9 headers in 358 bytes (1 switches on core 0)
Sep 17 17:10:47.940832 dv-cinder-809829-1-iscsi devstack@n-api.service[108432]: DEBUG nova.api.openstack.wsgi [None req-9e81c894-2d32-496c-af99-29668e739da1 tempest-VolumesGetTestJSON-146749789 tempest-VolumesGetTestJSON-146749789-project] Calling method '.version_select at 0x7ff41e6945e0>' {{(pid=108432) _process_stack /opt/stack/nova/nova/api/openstack/wsgi.py:513}}
Sep 17 17:10:47.976251 dv-cinder-809829-1-iscsi devstack@n-api.service[108432]: INFO nova.api.openstack.wsgi [None req-9e81c894-2d32-496c-af99-29668e739da1 tempest-VolumesGetTestJSON-146749789 tempest-VolumesGetTestJSON-146749789-project] HTTP exception thrown: Volume 222c8f35-e917-453e-9d47-5a6fdfb6bfbb could not be found.
Sep 17 17:10:47.977146 dv-cinder-809829-1-iscsi devstack@n-api.service[108432]: DEBUG nova.api.openstack.wsgi [None req-9e81c894-2d32-496c-af99-29668e739da1 tempest-VolumesGetTestJSON-146749789 tempest-VolumesGetTestJSON-146749789-project] Returning 404 to user: Volume 222c8f35-e917-453e-9d47-5a6fdfb6bfbb could not be found. {{(pid=108432) __call__ /opt/stack/nova/nova/api/openstack/wsgi.py:936}}
Sep 17 17:10:47.978210 dv-cinder-809829-1-iscsi devstack@n-api.service[108432]: INFO nova.api.openstack.requestlog [None req-9e81c894-2d32-496c-af99-29668e739da1 tempest-VolumesGetTestJSON-146749789 tempest-VolumesGetTestJSON-146749789-project] 10.222.0.52 "GET /compute/v2.1/os-volumes/222c8f35-e917-453e-9d47-5a6fdfb6bfbb" status: 404 len: 109 microversion: 2.1 time: 0.051680
Sep 17 17:10:47.982192 dv-cinder-809829-1-iscsi devstack@n-api.service[108432]: [pid: 108432|app: 0|req: 4/9] 10.222.0.52 () {58 vars in 1245 bytes} [Fri Sep 17 17:10:47 2021] GET /compute/v2.1/os-volumes/222c8f35-e917-453e-9d47-5a6fdfb6bfbb => generated 109 bytes in 56 msecs (HTTP/1.1 404) 9 headers in 379 bytes (2 switches on core 0)
Sep 17 17:10:48.606576 dv-cinder-809829-1-iscsi devstack@n-api.service[108432]: DEBUG nova.api.openstack.wsgi [None req-4f9b3259-5f47-43c8-8b85-9864006665ee tempest-DeleteServersTestJSON-1129957985 tempest-DeleteServersTestJSON-1129957985-project] Calling method '>' {{(pid=108432) _process_stack /opt/stack/nova/nova/api/openstack/wsgi.py:513}}
Sep 17 17:10:48.607417 dv-cinder-809829-1-iscsi devstack@n-api.service[108432]: DEBUG nova.compute.api [None req-4f9b3259-5f47-43c8-8b85-9864006665ee tempest-DeleteServersTestJSON-1129957985 tempest-DeleteServersTestJSON-1129957985-project] [instance: cca29ec1-2298-44c1-9414-525f0e1eb6bc] Fetching instance by UUID {{(pid=108432) get /opt/stack/nova/nova/compute/api.py:2863}}
Sep 17 17:10:48.808935 dv-cinder-809829-1-iscsi devstack@n-api.service[108432]: DEBUG nova.policy [None req-4f9b3259-5f47-43c8-8b85-9864006665ee tempest-DeleteServersTestJSON-1129957985 tempest-DeleteServersTestJSON-1129957985-project] Policy check for os_compute_api:os-extended-server-attributes failed with credentials {'is_admin': False, 'user_id': '5590ce40fa384b3899fdd4f7b29bc0d4', 'user_domain_id': 'default', 'system_scope': None, 'domain_id': None, 'project_id': 'dfc18554ae314d088aca3fb5e867a92e', 'project_domain_id': 'default', 'roles': ['member', 'reader'], 'is_admin_project': True, 'service_user_id': None, 'service_user_domain_id': None, 'service_project_id': None, 'service_project_domain_id': None, 'service_roles': []} {{(pid=108432) authorize /opt/stack/nova/nova/policy.py:199}}
Sep 17 17:10:48.824961 dv-cinder-809829-1-iscsi devstack@n-api.service[108432]: INFO nova.api.openstack.requestlog [None req-4f9b3259-5f47-43c8-8b85-9864006665ee tempest-DeleteServersTestJSON-1129957985 tempest-DeleteServersTestJSON-1129957985-project] 10.222.0.52 "GET /compute/v2.1/servers/cca29ec1-2298-44c1-9414-525f0e1eb6bc" status: 200 len: 1215 microversion: 2.1 time: 0.214924
Sep 17 17:10:48.826001 dv-cinder-809829-1-iscsi devstack@n-api.service[108432]: [pid: 108432|app: 0|req: 5/10] 10.222.0.52 () {58 vars in 1236 bytes} [Fri Sep 17 17:10:48 2021] GET /compute/v2.1/servers/cca29ec1-2298-44c1-9414-525f0e1eb6bc => generated 1215 bytes in 224 msecs (HTTP/1.1 200) 9 headers in 358 bytes (1 switches on core 0)
Sep 17 17:10:49.709454 dv-cinder-809829-1-iscsi devstack@n-api.service[108431]: DEBUG nova.virt.hardware [None req-b7c4b4ef-cc13-4614-ac48-37448c37aa16 tempest-AttachVolumeNegativeTest-1621089538 tempest-AttachVolumeNegativeTest-1621089538-project] Flavor limits 0:0:0 {{(pid=108431) get_cpu_topology_constraints /opt/stack/nova/nova/virt/hardware.py:343}}
Sep 17 17:10:49.709955 dv-cinder-809829-1-iscsi devstack@n-api.service[108431]: DEBUG nova.virt.hardware [None req-b7c4b4ef-cc13-4614-ac48-37448c37aa16 tempest-AttachVolumeNegativeTest-1621089538 tempest-AttachVolumeNegativeTest-1621089538-project] Image limits 0:0:0 {{(pid=108431) get_cpu_topology_constraints /opt/stack/nova/nova/virt/hardware.py:347}}
Sep 17 17:10:49.710336 dv-cinder-809829-1-iscsi devstack@n-api.service[108431]: DEBUG nova.virt.hardware [None req-b7c4b4ef-cc13-4614-ac48-37448c37aa16 tempest-AttachVolumeNegativeTest-1621089538 tempest-AttachVolumeNegativeTest-1621089538-project] Flavor pref 0:0:0 {{(pid=108431) get_cpu_topology_constraints /opt/stack/nova/nova/virt/hardware.py:383}}
Sep 17 17:10:49.710929 dv-cinder-809829-1-iscsi devstack@n-api.service[108431]: DEBUG nova.virt.hardware [None req-b7c4b4ef-cc13-4614-ac48-37448c37aa16 tempest-AttachVolumeNegativeTest-1621089538 tempest-AttachVolumeNegativeTest-1621089538-project] Image pref 0:0:0 {{(pid=108431) get_cpu_topology_constraints /opt/stack/nova/nova/virt/hardware.py:387}}
Sep 17 17:10:49.711686 dv-cinder-809829-1-iscsi devstack@n-api.service[108431]: DEBUG nova.virt.hardware [None req-b7c4b4ef-cc13-4614-ac48-37448c37aa16 tempest-AttachVolumeNegativeTest-1621089538 tempest-AttachVolumeNegativeTest-1621089538-project] Chose sockets=0, cores=0, threads=0; limits were sockets=65536, cores=65536, threads=65536 {{(pid=108431) get_cpu_topology_constraints /opt/stack/nova/nova/virt/hardware.py:425}}
Sep 17 17:10:49.741110 dv-cinder-809829-1-iscsi devstack@n-api.service[108431]: DEBUG oslo_concurrency.lockutils [None req-b7c4b4ef-cc13-4614-ac48-37448c37aa16 tempest-AttachVolumeNegativeTest-1621089538 tempest-AttachVolumeNegativeTest-1621089538-project] Lock "00000000-0000-0000-0000-000000000000" acquired by "nova.context.set_target_cell..get_or_set_cached_cell_and_set_connections" :: waited 0.000s {{(pid=108431) inner /usr/local/lib/python3.8/dist-packages/oslo_concurrency/lockutils.py:355}}
Sep 17 17:10:49.747434 dv-cinder-809829-1-iscsi devstack@n-api.service[108431]: DEBUG oslo_concurrency.lockutils [None req-b7c4b4ef-cc13-4614-ac48-37448c37aa16 tempest-AttachVolumeNegativeTest-1621089538 tempest-AttachVolumeNegativeTest-1621089538-project] Lock "00000000-0000-0000-0000-000000000000" released by "nova.context.set_target_cell..get_or_set_cached_cell_and_set_connections" :: held 0.005s {{(pid=108431) inner /usr/local/lib/python3.8/dist-packages/oslo_concurrency/lockutils.py:367}}
Sep 17 17:10:49.752354 dv-cinder-809829-1-iscsi devstack@n-api.service[108431]: DEBUG oslo_concurrency.lockutils [None req-b7c4b4ef-cc13-4614-ac48-37448c37aa16 tempest-AttachVolumeNegativeTest-1621089538 tempest-AttachVolumeNegativeTest-1621089538-project] Lock "bbd148e9-2d7f-4e75-937b-9292fcc25896" acquired by "nova.context.set_target_cell..get_or_set_cached_cell_and_set_connections" :: waited 0.000s {{(pid=108431) inner /usr/local/lib/python3.8/dist-packages/oslo_concurrency/lockutils.py:355}}
Sep 17 17:10:49.753061 dv-cinder-809829-1-iscsi devstack@n-api.service[108431]: DEBUG oslo_concurrency.lockutils [None req-b7c4b4ef-cc13-4614-ac48-37448c37aa16 tempest-AttachVolumeNegativeTest-1621089538 tempest-AttachVolumeNegativeTest-1621089538-project] Lock "bbd148e9-2d7f-4e75-937b-9292fcc25896" released by "nova.context.set_target_cell..get_or_set_cached_cell_and_set_connections" :: held 0.001s {{(pid=108431) inner /usr/local/lib/python3.8/dist-packages/oslo_concurrency/lockutils.py:367}}
Sep 17 17:10:49.815453 dv-cinder-809829-1-iscsi devstack@n-api.service[108431]: DEBUG nova.quota [None req-b7c4b4ef-cc13-4614-ac48-37448c37aa16 tempest-AttachVolumeNegativeTest-1621089538 tempest-AttachVolumeNegativeTest-1621089538-project] Getting quotas for project 17488e6398974bf489ddaf609e31e12d. Resources: {'instances', 'ram', 'cores'} {{(pid=108431) _get_quotas /opt/stack/nova/nova/quota.py:387}}
Sep 17 17:10:49.834395 dv-cinder-809829-1-iscsi devstack@n-api.service[108431]: DEBUG nova.quota [None req-b7c4b4ef-cc13-4614-ac48-37448c37aa16 tempest-AttachVolumeNegativeTest-1621089538 tempest-AttachVolumeNegativeTest-1621089538-project] Getting quotas for user 8b1e31fcc96f4735bc98db4e989e0f95 and project 17488e6398974bf489ddaf609e31e12d. Resources: {'instances', 'ram', 'cores'} {{(pid=108431) _get_quotas /opt/stack/nova/nova/quota.py:377}}
Sep 17 17:10:49.841863 dv-cinder-809829-1-iscsi devstack@n-api.service[108432]: DEBUG nova.api.openstack.wsgi [None req-9c26e60b-6ee8-4fc3-a378-b66aece905d3 tempest-DeleteServersTestJSON-1129957985 tempest-DeleteServersTestJSON-1129957985-project] Calling method '>' {{(pid=108432) _process_stack /opt/stack/nova/nova/api/openstack/wsgi.py:513}}
Sep 17 17:10:49.843162 dv-cinder-809829-1-iscsi devstack@n-api.service[108432]: DEBUG nova.compute.api [None req-9c26e60b-6ee8-4fc3-a378-b66aece905d3 tempest-DeleteServersTestJSON-1129957985 tempest-DeleteServersTestJSON-1129957985-project] [instance: cca29ec1-2298-44c1-9414-525f0e1eb6bc] Fetching instance by UUID {{(pid=108432) get /opt/stack/nova/nova/compute/api.py:2863}}
Sep 17 17:10:49.860410 dv-cinder-809829-1-iscsi devstack@n-api.service[108432]: DEBUG oslo_concurrency.lockutils [None req-9c26e60b-6ee8-4fc3-a378-b66aece905d3 tempest-DeleteServersTestJSON-1129957985 tempest-DeleteServersTestJSON-1129957985-project] Lock "bbd148e9-2d7f-4e75-937b-9292fcc25896" acquired by "nova.context.set_target_cell..get_or_set_cached_cell_and_set_connections" :: waited 0.000s {{(pid=108432) inner /usr/local/lib/python3.8/dist-packages/oslo_concurrency/lockutils.py:355}}
Sep 17 17:10:49.865359 dv-cinder-809829-1-iscsi devstack@n-api.service[108432]: DEBUG oslo_concurrency.lockutils [None req-9c26e60b-6ee8-4fc3-a378-b66aece905d3 tempest-DeleteServersTestJSON-1129957985 tempest-DeleteServersTestJSON-1129957985-project] Lock "bbd148e9-2d7f-4e75-937b-9292fcc25896" released by "nova.context.set_target_cell..get_or_set_cached_cell_and_set_connections" :: held 0.005s {{(pid=108432) inner /usr/local/lib/python3.8/dist-packages/oslo_concurrency/lockutils.py:367}}
Sep 17 17:10:49.866441 dv-cinder-809829-1-iscsi devstack@n-api.service[108432]: DEBUG oslo_concurrency.lockutils [None req-9c26e60b-6ee8-4fc3-a378-b66aece905d3 tempest-DeleteServersTestJSON-1129957985 tempest-DeleteServersTestJSON-1129957985-project] Lock "bbd148e9-2d7f-4e75-937b-9292fcc25896" acquired by "nova.context.set_target_cell..get_or_set_cached_cell_and_set_connections" :: waited 0.000s {{(pid=108432) inner /usr/local/lib/python3.8/dist-packages/oslo_concurrency/lockutils.py:355}}
Sep 17 17:10:49.867065 dv-cinder-809829-1-iscsi devstack@n-api.service[108432]: DEBUG oslo_concurrency.lockutils [None req-9c26e60b-6ee8-4fc3-a378-b66aece905d3 tempest-DeleteServersTestJSON-1129957985 tempest-DeleteServersTestJSON-1129957985-project] Lock "bbd148e9-2d7f-4e75-937b-9292fcc25896" released by "nova.context.set_target_cell..get_or_set_cached_cell_and_set_connections" :: held 0.001s {{(pid=108432) inner /usr/local/lib/python3.8/dist-packages/oslo_concurrency/lockutils.py:367}}
Sep 17 17:10:49.885866 dv-cinder-809829-1-iscsi devstack@n-api.service[108431]: DEBUG nova.compute.api [None req-b7c4b4ef-cc13-4614-ac48-37448c37aa16 tempest-AttachVolumeNegativeTest-1621089538 tempest-AttachVolumeNegativeTest-1621089538-project] Going to run 1 instances... {{(pid=108431) _provision_instances /opt/stack/nova/nova/compute/api.py:1350}}
Sep 17 17:10:49.890952 dv-cinder-809829-1-iscsi devstack@n-api.service[108431]: DEBUG nova.compute.api [None req-b7c4b4ef-cc13-4614-ac48-37448c37aa16 tempest-AttachVolumeNegativeTest-1621089538 tempest-AttachVolumeNegativeTest-1621089538-project] [instance: cf7e4a86-58d9-45e1-b90f-219632c314da] block_device_mapping [BlockDeviceMapping(attachment_id=,boot_index=0,connection_info=None,created_at=,delete_on_termination=True,deleted=,deleted_at=,destination_type='local',device_name=None,device_type='disk',disk_bus=None,guest_format=None,id=,image_id='a38857bc-7130-42d5-a411-1229d6164494',instance=,instance_uuid=,no_device=False,snapshot_id=None,source_type='image',tag=None,updated_at=,uuid=,volume_id=None,volume_size=None,volume_type=None)] {{(pid=108431) _bdm_validate_set_size_and_instance /opt/stack/nova/nova/compute/api.py:1757}}
Sep 17 17:10:50.152106 dv-cinder-809829-1-iscsi devstack@n-api.service[108431]: INFO nova.api.openstack.requestlog [None req-b7c4b4ef-cc13-4614-ac48-37448c37aa16 tempest-AttachVolumeNegativeTest-1621089538 tempest-AttachVolumeNegativeTest-1621089538-project] 10.222.0.52 "POST /compute/v2.1/servers" status: 202 len: 380 microversion: 2.1 time: 3.113623
Sep 17 17:10:50.152739 dv-cinder-809829-1-iscsi devstack@n-api.service[108431]: [pid: 108431|app: 0|req: 6/11] 10.222.0.52 () {60 vars in 1147 bytes} [Fri Sep 17 17:10:47 2021] POST /compute/v2.1/servers => generated 380 bytes in 3115 msecs (HTTP/1.1 202) 10 headers in 451 bytes (1 switches on core 0)
Sep 17 17:10:50.182608 dv-cinder-809829-1-iscsi devstack@n-api.service[108431]: DEBUG nova.api.openstack.wsgi [None req-eef5a540-f481-4bcf-b169-f6cd2e6e8b78 tempest-AttachVolumeNegativeTest-1621089538 tempest-AttachVolumeNegativeTest-1621089538-project] Calling method '>' {{(pid=108431) _process_stack /opt/stack/nova/nova/api/openstack/wsgi.py:513}}
Sep 17 17:10:50.186223 dv-cinder-809829-1-iscsi devstack@n-api.service[108431]: DEBUG nova.compute.api [None req-eef5a540-f481-4bcf-b169-f6cd2e6e8b78 tempest-AttachVolumeNegativeTest-1621089538 tempest-AttachVolumeNegativeTest-1621089538-project] [instance: cf7e4a86-58d9-45e1-b90f-219632c314da] Fetching instance by UUID {{(pid=108431) get /opt/stack/nova/nova/compute/api.py:2863}}
Sep 17 17:10:50.485389 dv-cinder-809829-1-iscsi devstack@n-api.service[108431]: DEBUG nova.policy [None req-eef5a540-f481-4bcf-b169-f6cd2e6e8b78 tempest-AttachVolumeNegativeTest-1621089538 tempest-AttachVolumeNegativeTest-1621089538-project] Policy check for os_compute_api:os-extended-server-attributes failed with credentials {'is_admin': False, 'user_id': '8b1e31fcc96f4735bc98db4e989e0f95', 'user_domain_id': 'default', 'system_scope': None, 'domain_id': None, 'project_id': '17488e6398974bf489ddaf609e31e12d', 'project_domain_id': 'default', 'roles': ['member', 'reader'], 'is_admin_project': True, 'service_user_id': None, 'service_user_domain_id': None, 'service_project_id': None, 'service_project_domain_id': None, 'service_roles': []} {{(pid=108431) authorize /opt/stack/nova/nova/policy.py:199}}
Sep 17 17:10:50.510865 dv-cinder-809829-1-iscsi devstack@n-api.service[108432]: DEBUG nova.policy [None req-9c26e60b-6ee8-4fc3-a378-b66aece905d3 tempest-DeleteServersTestJSON-1129957985 tempest-DeleteServersTestJSON-1129957985-project] Policy check for os_compute_api:os-extended-server-attributes failed with credentials {'is_admin': False, 'user_id': '5590ce40fa384b3899fdd4f7b29bc0d4', 'user_domain_id': 'default', 'system_scope': None, 'domain_id': None, 'project_id': 'dfc18554ae314d088aca3fb5e867a92e', 'project_domain_id': 'default', 'roles': ['member', 'reader'], 'is_admin_project': True, 'service_user_id': None, 'service_user_domain_id': None, 'service_project_id': None, 'service_project_domain_id': None, 'service_roles': []} {{(pid=108432) authorize /opt/stack/nova/nova/policy.py:199}}
Sep 17 17:10:50.518941 dv-cinder-809829-1-iscsi devstack@n-api.service[108431]: INFO nova.api.openstack.requestlog [None req-eef5a540-f481-4bcf-b169-f6cd2e6e8b78 tempest-AttachVolumeNegativeTest-1621089538 tempest-AttachVolumeNegativeTest-1621089538-project] 10.222.0.52 "GET /compute/v2.1/servers/cf7e4a86-58d9-45e1-b90f-219632c314da" status: 200 len: 1217 microversion: 2.1 time: 0.353603
Sep 17 17:10:50.522761 dv-cinder-809829-1-iscsi devstack@n-api.service[108431]: [pid: 108431|app: 0|req: 7/12] 10.222.0.52 () {58 vars in 1236 bytes} [Fri Sep 17 17:10:50 2021] GET /compute/v2.1/servers/cf7e4a86-58d9-45e1-b90f-219632c314da => generated 1217 bytes in 363 msecs (HTTP/1.1 200) 9 headers in 358 bytes (1 switches on core 0)
Sep 17 17:10:50.546424 dv-cinder-809829-1-iscsi devstack@n-api.service[108432]: INFO nova.api.openstack.requestlog [None req-9c26e60b-6ee8-4fc3-a378-b66aece905d3 tempest-DeleteServersTestJSON-1129957985 tempest-DeleteServersTestJSON-1129957985-project] 10.222.0.52 "GET /compute/v2.1/servers/cca29ec1-2298-44c1-9414-525f0e1eb6bc" status: 200 len: 1267 microversion: 2.1 time: 0.708052
Sep 17 17:10:50.568351 dv-cinder-809829-1-iscsi devstack@n-api.service[108432]: [pid: 108432|app: 0|req: 6/13] 10.222.0.52 () {58 vars in 1236 bytes} [Fri Sep 17 17:10:49 2021] GET /compute/v2.1/servers/cca29ec1-2298-44c1-9414-525f0e1eb6bc => generated 1267 bytes in 730 msecs (HTTP/1.1 200) 9 headers in 358 bytes (2 switches on core 0)
Sep 17 17:10:51.540300 dv-cinder-809829-1-iscsi devstack@n-api.service[108431]: DEBUG nova.api.openstack.wsgi [None req-9026fdc7-a83c-4756-8026-30df22a11847 tempest-AttachVolumeNegativeTest-1621089538 tempest-AttachVolumeNegativeTest-1621089538-project] Calling method '>' {{(pid=108431) _process_stack /opt/stack/nova/nova/api/openstack/wsgi.py:513}}
Sep 17 17:10:51.541620 dv-cinder-809829-1-iscsi devstack@n-api.service[108431]: DEBUG nova.compute.api [None req-9026fdc7-a83c-4756-8026-30df22a11847 tempest-AttachVolumeNegativeTest-1621089538 tempest-AttachVolumeNegativeTest-1621089538-project] [instance: cf7e4a86-58d9-45e1-b90f-219632c314da] Fetching instance by UUID {{(pid=108431) get /opt/stack/nova/nova/compute/api.py:2863}}
Sep 17 17:10:51.563305 dv-cinder-809829-1-iscsi devstack@n-api.service[108432]: DEBUG nova.api.openstack.wsgi [None req-371c743b-5dea-4435-bc1b-ccea3e2bef64 tempest-DeleteServersTestJSON-1129957985 tempest-DeleteServersTestJSON-1129957985-project] Calling method '>' {{(pid=108432) _process_stack /opt/stack/nova/nova/api/openstack/wsgi.py:513}}
Sep 17 17:10:51.563919 dv-cinder-809829-1-iscsi devstack@n-api.service[108432]: DEBUG nova.compute.api [None req-371c743b-5dea-4435-bc1b-ccea3e2bef64 tempest-DeleteServersTestJSON-1129957985 tempest-DeleteServersTestJSON-1129957985-project] [instance: cca29ec1-2298-44c1-9414-525f0e1eb6bc] Fetching instance by UUID {{(pid=108432) get /opt/stack/nova/nova/compute/api.py:2863}}
Sep 17 17:10:51.573920 dv-cinder-809829-1-iscsi devstack@n-api.service[108432]: DEBUG oslo_concurrency.lockutils [None req-371c743b-5dea-4435-bc1b-ccea3e2bef64 tempest-DeleteServersTestJSON-1129957985 tempest-DeleteServersTestJSON-1129957985-project] Lock "bbd148e9-2d7f-4e75-937b-9292fcc25896" acquired by "nova.context.set_target_cell..get_or_set_cached_cell_and_set_connections" :: waited 0.000s {{(pid=108432) inner /usr/local/lib/python3.8/dist-packages/oslo_concurrency/lockutils.py:355}}
Sep 17 17:10:51.574375 dv-cinder-809829-1-iscsi devstack@n-api.service[108432]: DEBUG oslo_concurrency.lockutils [None req-371c743b-5dea-4435-bc1b-ccea3e2bef64 tempest-DeleteServersTestJSON-1129957985 tempest-DeleteServersTestJSON-1129957985-project] Lock "bbd148e9-2d7f-4e75-937b-9292fcc25896" released by "nova.context.set_target_cell..get_or_set_cached_cell_and_set_connections" :: held 0.001s {{(pid=108432) inner /usr/local/lib/python3.8/dist-packages/oslo_concurrency/lockutils.py:367}}
Sep 17 17:10:51.575159 dv-cinder-809829-1-iscsi devstack@n-api.service[108432]: DEBUG oslo_concurrency.lockutils [None req-371c743b-5dea-4435-bc1b-ccea3e2bef64 tempest-DeleteServersTestJSON-1129957985 tempest-DeleteServersTestJSON-1129957985-project] Lock "bbd148e9-2d7f-4e75-937b-9292fcc25896" acquired by "nova.context.set_target_cell..get_or_set_cached_cell_and_set_connections" :: waited 0.000s {{(pid=108432) inner /usr/local/lib/python3.8/dist-packages/oslo_concurrency/lockutils.py:355}}
Sep 17 17:10:51.575597 dv-cinder-809829-1-iscsi devstack@n-api.service[108432]: DEBUG oslo_concurrency.lockutils [None req-371c743b-5dea-4435-bc1b-ccea3e2bef64 tempest-DeleteServersTestJSON-1129957985 tempest-DeleteServersTestJSON-1129957985-project] Lock "bbd148e9-2d7f-4e75-937b-9292fcc25896" released by "nova.context.set_target_cell..get_or_set_cached_cell_and_set_connections" :: held 0.000s {{(pid=108432) inner /usr/local/lib/python3.8/dist-packages/oslo_concurrency/lockutils.py:367}}
Sep 17 17:10:51.911928 dv-cinder-809829-1-iscsi devstack@n-api.service[108432]: DEBUG nova.policy [None req-371c743b-5dea-4435-bc1b-ccea3e2bef64 tempest-DeleteServersTestJSON-1129957985 tempest-DeleteServersTestJSON-1129957985-project] Policy check for os_compute_api:os-extended-server-attributes failed with credentials {'is_admin': False, 'user_id': '5590ce40fa384b3899fdd4f7b29bc0d4', 'user_domain_id': 'default', 'system_scope': None, 'domain_id': None, 'project_id': 'dfc18554ae314d088aca3fb5e867a92e', 'project_domain_id': 'default', 'roles': ['member', 'reader'], 'is_admin_project': True, 'service_user_id': None, 'service_user_domain_id': None, 'service_project_id': None, 'service_project_domain_id': None, 'service_roles': []} {{(pid=108432) authorize /opt/stack/nova/nova/policy.py:199}}
Sep 17 17:10:51.930284 dv-cinder-809829-1-iscsi devstack@n-api.service[108432]: INFO nova.api.openstack.requestlog [None req-371c743b-5dea-4435-bc1b-ccea3e2bef64 tempest-DeleteServersTestJSON-1129957985 tempest-DeleteServersTestJSON-1129957985-project] 10.222.0.52 "GET /compute/v2.1/servers/cca29ec1-2298-44c1-9414-525f0e1eb6bc" status: 200 len: 1273 microversion: 2.1 time: 0.370496
Sep 17 17:10:51.930837 dv-cinder-809829-1-iscsi devstack@n-api.service[108432]: [pid: 108432|app: 0|req: 7/14] 10.222.0.52 () {58 vars in 1236 bytes} [Fri Sep 17 17:10:51 2021] GET /compute/v2.1/servers/cca29ec1-2298-44c1-9414-525f0e1eb6bc => generated 1273 bytes in 372 msecs (HTTP/1.1 200) 9 headers in 358 bytes (2 switches on core 0)
Sep 17 17:10:52.530303 dv-cinder-809829-1-iscsi devstack@n-api.service[108431]: DEBUG nova.policy [None req-9026fdc7-a83c-4756-8026-30df22a11847 tempest-AttachVolumeNegativeTest-1621089538 tempest-AttachVolumeNegativeTest-1621089538-project] Policy check for os_compute_api:os-extended-server-attributes failed with credentials {'is_admin': False, 'user_id': '8b1e31fcc96f4735bc98db4e989e0f95', 'user_domain_id': 'default', 'system_scope': None, 'domain_id': None, 'project_id': '17488e6398974bf489ddaf609e31e12d', 'project_domain_id': 'default', 'roles': ['member', 'reader'], 'is_admin_project': True, 'service_user_id': None, 'service_user_domain_id': None, 'service_project_id': None, 'service_project_domain_id': None, 'service_roles': []} {{(pid=108431) authorize /opt/stack/nova/nova/policy.py:199}}
Sep 17 17:10:52.548419 dv-cinder-809829-1-iscsi devstack@n-api.service[108431]: INFO nova.api.openstack.requestlog [None req-9026fdc7-a83c-4756-8026-30df22a11847 tempest-AttachVolumeNegativeTest-1621089538 tempest-AttachVolumeNegativeTest-1621089538-project] 10.222.0.52 "GET /compute/v2.1/servers/cf7e4a86-58d9-45e1-b90f-219632c314da" status: 200 len: 1217 microversion: 2.1 time: 1.004381
Sep 17 17:10:52.552588 dv-cinder-809829-1-iscsi devstack@n-api.service[108431]: [pid: 108431|app: 0|req: 8/15] 10.222.0.52 () {58 vars in 1236 bytes} [Fri Sep 17 17:10:51 2021] GET /compute/v2.1/servers/cf7e4a86-58d9-45e1-b90f-219632c314da => generated 1217 bytes in 1018 msecs (HTTP/1.1 200) 9 headers in 358 bytes (1 switches on core 0)
Sep 17 17:10:52.951892 dv-cinder-809829-1-iscsi devstack@n-api.service[108432]: DEBUG nova.api.openstack.wsgi [None req-5405da8a-0b90-4c9b-99d7-b97db69d79ba tempest-DeleteServersTestJSON-1129957985 tempest-DeleteServersTestJSON-1129957985-project] Calling method '>' {{(pid=108432) _process_stack /opt/stack/nova/nova/api/openstack/wsgi.py:513}}
Sep 17 17:10:52.951892 dv-cinder-809829-1-iscsi devstack@n-api.service[108432]: DEBUG nova.compute.api [None req-5405da8a-0b90-4c9b-99d7-b97db69d79ba tempest-DeleteServersTestJSON-1129957985 tempest-DeleteServersTestJSON-1129957985-project] [instance: cca29ec1-2298-44c1-9414-525f0e1eb6bc] Fetching instance by UUID {{(pid=108432) get /opt/stack/nova/nova/compute/api.py:2863}}
Sep 17 17:10:52.969749 dv-cinder-809829-1-iscsi devstack@n-api.service[108432]: DEBUG oslo_concurrency.lockutils [None req-5405da8a-0b90-4c9b-99d7-b97db69d79ba tempest-DeleteServersTestJSON-1129957985 tempest-DeleteServersTestJSON-1129957985-project] Lock "bbd148e9-2d7f-4e75-937b-9292fcc25896" acquired by "nova.context.set_target_cell..get_or_set_cached_cell_and_set_connections" :: waited 0.000s {{(pid=108432) inner /usr/local/lib/python3.8/dist-packages/oslo_concurrency/lockutils.py:355}}
Sep 17 17:10:52.970919 dv-cinder-809829-1-iscsi devstack@n-api.service[108432]: DEBUG oslo_concurrency.lockutils [None req-5405da8a-0b90-4c9b-99d7-b97db69d79ba tempest-DeleteServersTestJSON-1129957985 tempest-DeleteServersTestJSON-1129957985-project] Lock "bbd148e9-2d7f-4e75-937b-9292fcc25896" released by "nova.context.set_target_cell..get_or_set_cached_cell_and_set_connections" :: held 0.007s {{(pid=108432) inner /usr/local/lib/python3.8/dist-packages/oslo_concurrency/lockutils.py:367}}
Sep 17 17:10:52.975043 dv-cinder-809829-1-iscsi devstack@n-api.service[108432]: DEBUG oslo_concurrency.lockutils [None req-5405da8a-0b90-4c9b-99d7-b97db69d79ba tempest-DeleteServersTestJSON-1129957985 tempest-DeleteServersTestJSON-1129957985-project] Lock "bbd148e9-2d7f-4e75-937b-9292fcc25896" acquired by "nova.context.set_target_cell..get_or_set_cached_cell_and_set_connections" :: waited 0.001s {{(pid=108432) inner /usr/local/lib/python3.8/dist-packages/oslo_concurrency/lockutils.py:355}}
Sep 17 17:10:52.975885 dv-cinder-809829-1-iscsi devstack@n-api.service[108432]: DEBUG oslo_concurrency.lockutils [None req-5405da8a-0b90-4c9b-99d7-b97db69d79ba tempest-DeleteServersTestJSON-1129957985 tempest-DeleteServersTestJSON-1129957985-project] Lock "bbd148e9-2d7f-4e75-937b-9292fcc25896" released by "nova.context.set_target_cell..get_or_set_cached_cell_and_set_connections" :: held 0.002s {{(pid=108432) inner /usr/local/lib/python3.8/dist-packages/oslo_concurrency/lockutils.py:367}}
Sep 17 17:10:53.281998 dv-cinder-809829-1-iscsi devstack@n-api.service[108432]: DEBUG nova.policy [None req-5405da8a-0b90-4c9b-99d7-b97db69d79ba tempest-DeleteServersTestJSON-1129957985 tempest-DeleteServersTestJSON-1129957985-project] Policy check for os_compute_api:os-extended-server-attributes failed with credentials {'is_admin': False, 'user_id': '5590ce40fa384b3899fdd4f7b29bc0d4', 'user_domain_id': 'default', 'system_scope': None, 'domain_id': None, 'project_id': 'dfc18554ae314d088aca3fb5e867a92e', 'project_domain_id': 'default', 'roles': ['member', 'reader'], 'is_admin_project': True, 'service_user_id': None, 'service_user_domain_id': None, 'service_project_id': None, 'service_project_domain_id': None, 'service_roles': []} {{(pid=108432) authorize /opt/stack/nova/nova/policy.py:199}}
Sep 17 17:10:53.298073 dv-cinder-809829-1-iscsi devstack@n-api.service[108432]: INFO nova.api.openstack.requestlog [None req-5405da8a-0b90-4c9b-99d7-b97db69d79ba tempest-DeleteServersTestJSON-1129957985 tempest-DeleteServersTestJSON-1129957985-project] 10.222.0.52 "GET /compute/v2.1/servers/cca29ec1-2298-44c1-9414-525f0e1eb6bc" status: 200 len: 1273 microversion: 2.1 time: 0.353024
Sep 17 17:10:53.299704 dv-cinder-809829-1-iscsi devstack@n-api.service[108432]: [pid: 108432|app: 0|req: 8/16] 10.222.0.52 () {58 vars in 1236 bytes} [Fri Sep 17 17:10:52 2021] GET /compute/v2.1/servers/cca29ec1-2298-44c1-9414-525f0e1eb6bc => generated 1273 bytes in 355 msecs (HTTP/1.1 200) 9 headers in 358 bytes (1 switches on core 0)
Sep 17 17:10:53.572364 dv-cinder-809829-1-iscsi devstack@n-api.service[108431]: DEBUG nova.api.openstack.wsgi [None req-2964bae3-1f6b-4395-8f7a-2e7a008bce28 tempest-AttachVolumeNegativeTest-1621089538 tempest-AttachVolumeNegativeTest-1621089538-project] Calling method '>' {{(pid=108431) _process_stack /opt/stack/nova/nova/api/openstack/wsgi.py:513}}
Sep 17 17:10:53.573622 dv-cinder-809829-1-iscsi devstack@n-api.service[108431]: DEBUG nova.compute.api [None req-2964bae3-1f6b-4395-8f7a-2e7a008bce28 tempest-AttachVolumeNegativeTest-1621089538 tempest-AttachVolumeNegativeTest-1621089538-project] [instance: cf7e4a86-58d9-45e1-b90f-219632c314da] Fetching instance by UUID {{(pid=108431) get /opt/stack/nova/nova/compute/api.py:2863}}
Sep 17 17:10:53.583913 dv-cinder-809829-1-iscsi devstack@n-api.service[108431]: DEBUG oslo_concurrency.lockutils [None req-2964bae3-1f6b-4395-8f7a-2e7a008bce28 tempest-AttachVolumeNegativeTest-1621089538 tempest-AttachVolumeNegativeTest-1621089538-project] Lock "bbd148e9-2d7f-4e75-937b-9292fcc25896" acquired by "nova.context.set_target_cell..get_or_set_cached_cell_and_set_connections" :: waited 0.000s {{(pid=108431) inner /usr/local/lib/python3.8/dist-packages/oslo_concurrency/lockutils.py:355}}
Sep 17 17:10:53.584259 dv-cinder-809829-1-iscsi devstack@n-api.service[108431]: DEBUG oslo_concurrency.lockutils [None req-2964bae3-1f6b-4395-8f7a-2e7a008bce28 tempest-AttachVolumeNegativeTest-1621089538 tempest-AttachVolumeNegativeTest-1621089538-project] Lock "bbd148e9-2d7f-4e75-937b-9292fcc25896" released by "nova.context.set_target_cell..get_or_set_cached_cell_and_set_connections" :: held 0.001s {{(pid=108431) inner /usr/local/lib/python3.8/dist-packages/oslo_concurrency/lockutils.py:367}}
Sep 17 17:10:53.585072 dv-cinder-809829-1-iscsi devstack@n-api.service[108431]: DEBUG oslo_concurrency.lockutils [None req-2964bae3-1f6b-4395-8f7a-2e7a008bce28 tempest-AttachVolumeNegativeTest-1621089538 tempest-AttachVolumeNegativeTest-1621089538-project] Lock "bbd148e9-2d7f-4e75-937b-9292fcc25896" acquired by "nova.context.set_target_cell..get_or_set_cached_cell_and_set_connections" :: waited 0.000s {{(pid=108431) inner /usr/local/lib/python3.8/dist-packages/oslo_concurrency/lockutils.py:355}}
Sep 17 17:10:53.585506 dv-cinder-809829-1-iscsi devstack@n-api.service[108431]: DEBUG oslo_concurrency.lockutils [None req-2964bae3-1f6b-4395-8f7a-2e7a008bce28 tempest-AttachVolumeNegativeTest-1621089538 tempest-AttachVolumeNegativeTest-1621089538-project] Lock "bbd148e9-2d7f-4e75-937b-9292fcc25896" released by "nova.context.set_target_cell..get_or_set_cached_cell_and_set_connections" :: held 0.000s {{(pid=108431) inner /usr/local/lib/python3.8/dist-packages/oslo_concurrency/lockutils.py:367}}
Sep 17 17:10:54.319269 dv-cinder-809829-1-iscsi devstack@n-api.service[108431]: DEBUG nova.policy [None req-2964bae3-1f6b-4395-8f7a-2e7a008bce28 tempest-AttachVolumeNegativeTest-1621089538 tempest-AttachVolumeNegativeTest-1621089538-project] Policy check for os_compute_api:os-extended-server-attributes failed with credentials {'is_admin': False, 'user_id': '8b1e31fcc96f4735bc98db4e989e0f95', 'user_domain_id': 'default', 'system_scope': None, 'domain_id': None, 'project_id': '17488e6398974bf489ddaf609e31e12d', 'project_domain_id': 'default', 'roles': ['member', 'reader'], 'is_admin_project': True, 'service_user_id': None, 'service_user_domain_id': None, 'service_project_id': None, 'service_project_domain_id': None, 'service_roles': []} {{(pid=108431) authorize /opt/stack/nova/nova/policy.py:199}}
Sep 17 17:10:54.328433 dv-cinder-809829-1-iscsi devstack@n-api.service[108432]: DEBUG nova.api.openstack.wsgi [None req-f6afdaa8-6805-44f8-9c9f-4f73f179ab35 tempest-DeleteServersTestJSON-1129957985 tempest-DeleteServersTestJSON-1129957985-project] Calling method '>' {{(pid=108432) _process_stack /opt/stack/nova/nova/api/openstack/wsgi.py:513}}
Sep 17 17:10:54.331590 dv-cinder-809829-1-iscsi devstack@n-api.service[108432]: DEBUG nova.compute.api [None req-f6afdaa8-6805-44f8-9c9f-4f73f179ab35 tempest-DeleteServersTestJSON-1129957985 tempest-DeleteServersTestJSON-1129957985-project] [instance: cca29ec1-2298-44c1-9414-525f0e1eb6bc] Fetching instance by UUID {{(pid=108432) get /opt/stack/nova/nova/compute/api.py:2863}}
Sep 17 17:10:54.350230 dv-cinder-809829-1-iscsi devstack@n-api.service[108432]: DEBUG oslo_concurrency.lockutils [None req-f6afdaa8-6805-44f8-9c9f-4f73f179ab35 tempest-DeleteServersTestJSON-1129957985 tempest-DeleteServersTestJSON-1129957985-project] Lock "bbd148e9-2d7f-4e75-937b-9292fcc25896" acquired by "nova.context.set_target_cell..get_or_set_cached_cell_and_set_connections" :: waited 0.000s {{(pid=108432) inner /usr/local/lib/python3.8/dist-packages/oslo_concurrency/lockutils.py:355}}
Sep 17 17:10:54.359405 dv-cinder-809829-1-iscsi devstack@n-api.service[108432]: DEBUG oslo_concurrency.lockutils [None req-f6afdaa8-6805-44f8-9c9f-4f73f179ab35 tempest-DeleteServersTestJSON-1129957985 tempest-DeleteServersTestJSON-1129957985-project] Lock "bbd148e9-2d7f-4e75-937b-9292fcc25896" released by "nova.context.set_target_cell..get_or_set_cached_cell_and_set_connections" :: held 0.009s {{(pid=108432) inner /usr/local/lib/python3.8/dist-packages/oslo_concurrency/lockutils.py:367}}
Sep 17 17:10:54.360072 dv-cinder-809829-1-iscsi devstack@n-api.service[108432]: DEBUG oslo_concurrency.lockutils [None req-f6afdaa8-6805-44f8-9c9f-4f73f179ab35 tempest-DeleteServersTestJSON-1129957985 tempest-DeleteServersTestJSON-1129957985-project] Lock "bbd148e9-2d7f-4e75-937b-9292fcc25896" acquired by "nova.context.set_target_cell..get_or_set_cached_cell_and_set_connections" :: waited 0.000s {{(pid=108432) inner /usr/local/lib/python3.8/dist-packages/oslo_concurrency/lockutils.py:355}}
Sep 17 17:10:54.360387 dv-cinder-809829-1-iscsi devstack@n-api.service[108432]: DEBUG oslo_concurrency.lockutils [None req-f6afdaa8-6805-44f8-9c9f-4f73f179ab35 tempest-DeleteServersTestJSON-1129957985 tempest-DeleteServersTestJSON-1129957985-project] Lock "bbd148e9-2d7f-4e75-937b-9292fcc25896" released by "nova.context.set_target_cell..get_or_set_cached_cell_and_set_connections" :: held 0.000s {{(pid=108432) inner /usr/local/lib/python3.8/dist-packages/oslo_concurrency/lockutils.py:367}}
Sep 17 17:10:54.367560 dv-cinder-809829-1-iscsi devstack@n-api.service[108431]: INFO nova.api.openstack.requestlog [None req-2964bae3-1f6b-4395-8f7a-2e7a008bce28 tempest-AttachVolumeNegativeTest-1621089538 tempest-AttachVolumeNegativeTest-1621089538-project] 10.222.0.52 "GET /compute/v2.1/servers/cf7e4a86-58d9-45e1-b90f-219632c314da" status: 200 len: 1277 microversion: 2.1 time: 0.799573
Sep 17 17:10:54.380703 dv-cinder-809829-1-iscsi devstack@n-api.service[108431]: [pid: 108431|app: 0|req: 9/17] 10.222.0.52 () {58 vars in 1236 bytes} [Fri Sep 17 17:10:53 2021] GET /compute/v2.1/servers/cf7e4a86-58d9-45e1-b90f-219632c314da => generated 1277 bytes in 813 msecs (HTTP/1.1 200) 9 headers in 358 bytes (1 switches on core 0)
Sep 17 17:10:54.571225 dv-cinder-809829-1-iscsi devstack@n-api.service[108432]: DEBUG nova.policy [None req-f6afdaa8-6805-44f8-9c9f-4f73f179ab35 tempest-DeleteServersTestJSON-1129957985 tempest-DeleteServersTestJSON-1129957985-project] Policy check for os_compute_api:os-extended-server-attributes failed with credentials {'is_admin': False, 'user_id': '5590ce40fa384b3899fdd4f7b29bc0d4', 'user_domain_id': 'default', 'system_scope': None, 'domain_id': None, 'project_id': 'dfc18554ae314d088aca3fb5e867a92e', 'project_domain_id': 'default', 'roles': ['member', 'reader'], 'is_admin_project': True, 'service_user_id': None, 'service_user_domain_id': None, 'service_project_id': None, 'service_project_domain_id': None, 'service_roles': []} {{(pid=108432) authorize /opt/stack/nova/nova/policy.py:199}}
Sep 17 17:10:54.583542 dv-cinder-809829-1-iscsi devstack@n-api.service[108432]: INFO nova.api.openstack.requestlog [None req-f6afdaa8-6805-44f8-9c9f-4f73f179ab35 tempest-DeleteServersTestJSON-1129957985 tempest-DeleteServersTestJSON-1129957985-project] 10.222.0.52 "GET /compute/v2.1/servers/cca29ec1-2298-44c1-9414-525f0e1eb6bc" status: 200 len: 1273 microversion: 2.1 time: 0.268903
Sep 17 17:10:54.597731 dv-cinder-809829-1-iscsi devstack@n-api.service[108432]: [pid: 108432|app: 0|req: 9/18] 10.222.0.52 () {58 vars in 1236 bytes} [Fri Sep 17 17:10:54 2021] GET /compute/v2.1/servers/cca29ec1-2298-44c1-9414-525f0e1eb6bc => generated 1273 bytes in 283 msecs (HTTP/1.1 200) 9 headers in 358 bytes (1 switches on core 0)
Sep 17 17:10:55.387854 dv-cinder-809829-1-iscsi devstack@n-api.service[108431]: DEBUG nova.api.openstack.wsgi [None req-7692708d-6812-4b9b-ac1c-2de4df774494 tempest-AttachVolumeNegativeTest-1621089538 tempest-AttachVolumeNegativeTest-1621089538-project] Calling method '>' {{(pid=108431) _process_stack /opt/stack/nova/nova/api/openstack/wsgi.py:513}}
Sep 17 17:10:55.389236 dv-cinder-809829-1-iscsi devstack@n-api.service[108431]: DEBUG nova.compute.api [None req-7692708d-6812-4b9b-ac1c-2de4df774494 tempest-AttachVolumeNegativeTest-1621089538 tempest-AttachVolumeNegativeTest-1621089538-project] [instance: cf7e4a86-58d9-45e1-b90f-219632c314da] Fetching instance by UUID {{(pid=108431) get /opt/stack/nova/nova/compute/api.py:2863}}
Sep 17 17:10:55.413321 dv-cinder-809829-1-iscsi devstack@n-api.service[108431]: DEBUG oslo_concurrency.lockutils [None req-7692708d-6812-4b9b-ac1c-2de4df774494 tempest-AttachVolumeNegativeTest-1621089538 tempest-AttachVolumeNegativeTest-1621089538-project] Lock "bbd148e9-2d7f-4e75-937b-9292fcc25896" acquired by "nova.context.set_target_cell..get_or_set_cached_cell_and_set_connections" :: waited 0.000s {{(pid=108431) inner /usr/local/lib/python3.8/dist-packages/oslo_concurrency/lockutils.py:355}}
Sep 17 17:10:55.415971 dv-cinder-809829-1-iscsi devstack@n-api.service[108431]: DEBUG oslo_concurrency.lockutils [None req-7692708d-6812-4b9b-ac1c-2de4df774494 tempest-AttachVolumeNegativeTest-1621089538 tempest-AttachVolumeNegativeTest-1621089538-project] Lock "bbd148e9-2d7f-4e75-937b-9292fcc25896" released by "nova.context.set_target_cell..get_or_set_cached_cell_and_set_connections" :: held 0.004s {{(pid=108431) inner /usr/local/lib/python3.8/dist-packages/oslo_concurrency/lockutils.py:367}}
Sep 17 17:10:55.417663 dv-cinder-809829-1-iscsi devstack@n-api.service[108431]: DEBUG oslo_concurrency.lockutils [None req-7692708d-6812-4b9b-ac1c-2de4df774494 tempest-AttachVolumeNegativeTest-1621089538 tempest-AttachVolumeNegativeTest-1621089538-project] Lock "bbd148e9-2d7f-4e75-937b-9292fcc25896" acquired by "nova.context.set_target_cell..get_or_set_cached_cell_and_set_connections" :: waited 0.000s {{(pid=108431) inner /usr/local/lib/python3.8/dist-packages/oslo_concurrency/lockutils.py:355}}
Sep 17 17:10:55.419669 dv-cinder-809829-1-iscsi devstack@n-api.service[108431]: DEBUG oslo_concurrency.lockutils [None req-7692708d-6812-4b9b-ac1c-2de4df774494 tempest-AttachVolumeNegativeTest-1621089538 tempest-AttachVolumeNegativeTest-1621089538-project] Lock "bbd148e9-2d7f-4e75-937b-9292fcc25896" released by "nova.context.set_target_cell..get_or_set_cached_cell_and_set_connections" :: held 0.002s {{(pid=108431) inner /usr/local/lib/python3.8/dist-packages/oslo_concurrency/lockutils.py:367}}
Sep 17 17:10:55.600824 dv-cinder-809829-1-iscsi devstack@n-api.service[108432]: DEBUG nova.api.openstack.wsgi [None req-f35ec0f2-2e18-4160-949b-c4921f591c70 tempest-DeleteServersTestJSON-1129957985 tempest-DeleteServersTestJSON-1129957985-project] Calling method '>' {{(pid=108432) _process_stack /opt/stack/nova/nova/api/openstack/wsgi.py:513}}
Sep 17 17:10:55.602444 dv-cinder-809829-1-iscsi devstack@n-api.service[108432]: DEBUG nova.compute.api [None req-f35ec0f2-2e18-4160-949b-c4921f591c70 tempest-DeleteServersTestJSON-1129957985 tempest-DeleteServersTestJSON-1129957985-project] [instance: cca29ec1-2298-44c1-9414-525f0e1eb6bc] Fetching instance by UUID {{(pid=108432) get /opt/stack/nova/nova/compute/api.py:2863}}
Sep 17 17:10:55.616688 dv-cinder-809829-1-iscsi devstack@n-api.service[108432]: DEBUG oslo_concurrency.lockutils [None req-f35ec0f2-2e18-4160-949b-c4921f591c70 tempest-DeleteServersTestJSON-1129957985 tempest-DeleteServersTestJSON-1129957985-project] Lock "bbd148e9-2d7f-4e75-937b-9292fcc25896" acquired by "nova.context.set_target_cell..get_or_set_cached_cell_and_set_connections" :: waited 0.000s {{(pid=108432) inner /usr/local/lib/python3.8/dist-packages/oslo_concurrency/lockutils.py:355}}
Sep 17 17:10:55.620950 dv-cinder-809829-1-iscsi devstack@n-api.service[108432]: DEBUG oslo_concurrency.lockutils [None req-f35ec0f2-2e18-4160-949b-c4921f591c70 tempest-DeleteServersTestJSON-1129957985 tempest-DeleteServersTestJSON-1129957985-project] Lock "bbd148e9-2d7f-4e75-937b-9292fcc25896" released by "nova.context.set_target_cell..get_or_set_cached_cell_and_set_connections" :: held 0.004s {{(pid=108432) inner /usr/local/lib/python3.8/dist-packages/oslo_concurrency/lockutils.py:367}}
Sep 17 17:10:55.623824 dv-cinder-809829-1-iscsi devstack@n-api.service[108432]: DEBUG oslo_concurrency.lockutils [None req-f35ec0f2-2e18-4160-949b-c4921f591c70 tempest-DeleteServersTestJSON-1129957985 tempest-DeleteServersTestJSON-1129957985-project] Lock "bbd148e9-2d7f-4e75-937b-9292fcc25896" acquired by "nova.context.set_target_cell..get_or_set_cached_cell_and_set_connections" :: waited 0.000s {{(pid=108432) inner /usr/local/lib/python3.8/dist-packages/oslo_concurrency/lockutils.py:355}}
Sep 17 17:10:55.626296 dv-cinder-809829-1-iscsi devstack@n-api.service[108432]: DEBUG oslo_concurrency.lockutils [None req-f35ec0f2-2e18-4160-949b-c4921f591c70 tempest-DeleteServersTestJSON-1129957985 tempest-DeleteServersTestJSON-1129957985-project] Lock "bbd148e9-2d7f-4e75-937b-9292fcc25896" released by "nova.context.set_target_cell..get_or_set_cached_cell_and_set_connections" :: held 0.004s {{(pid=108432) inner /usr/local/lib/python3.8/dist-packages/oslo_concurrency/lockutils.py:367}}
Sep 17 17:10:55.858107 dv-cinder-809829-1-iscsi devstack@n-api.service[108432]: DEBUG nova.policy [None req-f35ec0f2-2e18-4160-949b-c4921f591c70 tempest-DeleteServersTestJSON-1129957985 tempest-DeleteServersTestJSON-1129957985-project] Policy check for os_compute_api:os-extended-server-attributes failed with credentials {'is_admin': False, 'user_id': '5590ce40fa384b3899fdd4f7b29bc0d4', 'user_domain_id': 'default', 'system_scope': None, 'domain_id': None, 'project_id': 'dfc18554ae314d088aca3fb5e867a92e', 'project_domain_id': 'default', 'roles': ['member', 'reader'], 'is_admin_project': True, 'service_user_id': None, 'service_user_domain_id': None, 'service_project_id': None, 'service_project_domain_id': None, 'service_roles': []} {{(pid=108432) authorize /opt/stack/nova/nova/policy.py:199}}
Sep 17 17:10:55.871085 dv-cinder-809829-1-iscsi devstack@n-api.service[108432]: INFO nova.api.openstack.requestlog [None req-f35ec0f2-2e18-4160-949b-c4921f591c70 tempest-DeleteServersTestJSON-1129957985 tempest-DeleteServersTestJSON-1129957985-project] 10.222.0.52 "GET /compute/v2.1/servers/cca29ec1-2298-44c1-9414-525f0e1eb6bc" status: 200 len: 1273 microversion: 2.1 time: 0.274436
Sep 17 17:10:55.878097 dv-cinder-809829-1-iscsi devstack@n-api.service[108432]: [pid: 108432|app: 0|req: 10/19] 10.222.0.52 () {58 vars in 1236 bytes} [Fri Sep 17 17:10:55 2021] GET /compute/v2.1/servers/cca29ec1-2298-44c1-9414-525f0e1eb6bc => generated 1273 bytes in 282 msecs (HTTP/1.1 200) 9 headers in 358 bytes (1 switches on core 0)
Sep 17 17:10:56.136796 dv-cinder-809829-1-iscsi devstack@n-api.service[108431]: DEBUG nova.policy [None req-7692708d-6812-4b9b-ac1c-2de4df774494 tempest-AttachVolumeNegativeTest-1621089538 tempest-AttachVolumeNegativeTest-1621089538-project] Policy check for os_compute_api:os-extended-server-attributes failed with credentials {'is_admin': False, 'user_id': '8b1e31fcc96f4735bc98db4e989e0f95', 'user_domain_id': 'default', 'system_scope': None, 'domain_id': None, 'project_id': '17488e6398974bf489ddaf609e31e12d', 'project_domain_id': 'default', 'roles': ['member', 'reader'], 'is_admin_project': True, 'service_user_id': None, 'service_user_domain_id': None, 'service_project_id': None, 'service_project_domain_id': None, 'service_roles': []} {{(pid=108431) authorize /opt/stack/nova/nova/policy.py:199}}
Sep 17 17:10:56.152591 dv-cinder-809829-1-iscsi devstack@n-api.service[108431]: INFO nova.api.openstack.requestlog [None req-7692708d-6812-4b9b-ac1c-2de4df774494 tempest-AttachVolumeNegativeTest-1621089538 tempest-AttachVolumeNegativeTest-1621089538-project] 10.222.0.52 "GET /compute/v2.1/servers/cf7e4a86-58d9-45e1-b90f-219632c314da" status: 200 len: 1277 microversion: 2.1 time: 0.769161
Sep 17 17:10:56.173076 dv-cinder-809829-1-iscsi devstack@n-api.service[108431]: [pid: 108431|app: 0|req: 10/20] 10.222.0.52 () {58 vars in 1236 bytes} [Fri Sep 17 17:10:55 2021] GET /compute/v2.1/servers/cf7e4a86-58d9-45e1-b90f-219632c314da => generated 1277 bytes in 784 msecs (HTTP/1.1 200) 9 headers in 358 bytes (1 switches on core 0)
Sep 17 17:10:56.898150 dv-cinder-809829-1-iscsi devstack@n-api.service[108432]: DEBUG nova.api.openstack.wsgi [None req-28ff22d0-20f6-4281-bfe0-ff6d365f81c0 tempest-DeleteServersTestJSON-1129957985 tempest-DeleteServersTestJSON-1129957985-project] Calling method '>' {{(pid=108432) _process_stack /opt/stack/nova/nova/api/openstack/wsgi.py:513}}
