Jan 24 09:49:27.296351 dv-cinder-809523-7-smb devstack@c-api.service[121142]: WARNING cinder.quota [None req-e3d54cdb-1e5d-4cd5-a709-7adee49c1fa2 tempest-GroupSnapshotsTest-2064282033 tempest-GroupSnapshotsTest-2064282033-project] Deprecated: Default quota for resource: snapshots_tempest-GroupSnapshotsTest-volume-type-128070417 is set by the default quota flag: quota_snapshots_tempest-GroupSnapshotsTest-volume-type-128070417, it is now deprecated. Please use the default quota class for default quota.
Jan 24 09:49:27.374886 dv-cinder-809523-7-smb devstack@c-api.service[121142]: DEBUG cinder.quota [None req-e3d54cdb-1e5d-4cd5-a709-7adee49c1fa2 tempest-GroupSnapshotsTest-2064282033 tempest-GroupSnapshotsTest-2064282033-project] Created reservations ['fe8c04d8-c440-4e5a-ba50-4b68778abf6d', '0d535a5f-242c-44e3-91f4-1e30c84903c1', '91192d1e-f05f-4c8d-a122-d5301992df51', 'cafee4b8-5c87-43dd-ac77-afeba13175b9'] {{(pid=121142) reserve /opt/stack/cinder/cinder/quota.py:755}}
Jan 24 09:49:27.620092 dv-cinder-809523-7-smb devstack@c-api.service[121142]: INFO cinder.api.openstack.wsgi [None req-e3d54cdb-1e5d-4cd5-a709-7adee49c1fa2 tempest-GroupSnapshotsTest-2064282033 tempest-GroupSnapshotsTest-2064282033-project] http://10.222.0.88/volume/v3/12dac46b085f436cb95afd83cca6129e/group_snapshots returned with HTTP 202
Jan 24 09:49:27.626820 dv-cinder-809523-7-smb devstack@c-api.service[121142]: [pid: 121142|app: 0|req: 24/42] 10.222.0.88 () {62 vars in 1300 bytes} [Mon Jan 24 09:49:26 2022] POST /volume/v3/12dac46b085f436cb95afd83cca6129e/group_snapshots => generated 167 bytes in 637 msecs (HTTP/1.1 202) 7 headers in 292 bytes (1 switches on core 0)
Jan 24 09:49:27.634286 dv-cinder-809523-7-smb devstack@c-api.service[121142]: INFO cinder.api.openstack.wsgi [None req-d791540f-ee3c-4981-9561-496b19571a93 tempest-GroupsTest-1652461676 tempest-GroupsTest-1652461676-project] GET http://10.222.0.88/volume/v3/4a3349899bb7420ea6af8560d58d67ad/volumes/1da72afc-0731-45cb-9e1a-6a1a1bebb09b
Jan 24 09:49:27.635480 dv-cinder-809523-7-smb devstack@c-api.service[121142]: DEBUG cinder.api.openstack.wsgi [None req-d791540f-ee3c-4981-9561-496b19571a93 tempest-GroupsTest-1652461676 tempest-GroupsTest-1652461676-project] Empty body provided in request {{(pid=121142) get_body /opt/stack/cinder/cinder/api/openstack/wsgi.py:715}}
Jan 24 09:49:27.636174 dv-cinder-809523-7-smb devstack@c-api.service[121142]: DEBUG cinder.api.openstack.wsgi [None req-d791540f-ee3c-4981-9561-496b19571a93 tempest-GroupsTest-1652461676 tempest-GroupsTest-1652461676-project] Calling method 'show' {{(pid=121142) _process_stack /opt/stack/cinder/cinder/api/openstack/wsgi.py:868}}
Jan 24 09:49:27.655628 dv-cinder-809523-7-smb devstack@c-api.service[121142]: /usr/local/lib/python3.8/dist-packages/oslo_context/context.py:105: DeprecationWarning: Policy enforcement is depending on the value of is_admin. This key is deprecated. Please update your policy file to use the standard policy values.
Jan 24 09:49:27.655628 dv-cinder-809523-7-smb devstack@c-api.service[121142]: warnings.warn('Policy enforcement is depending on the value of '
Jan 24 09:49:27.665861 dv-cinder-809523-7-smb devstack@c-api.service[121142]: INFO cinder.volume.api [None req-d791540f-ee3c-4981-9561-496b19571a93 tempest-GroupsTest-1652461676 tempest-GroupsTest-1652461676-project] Volume info retrieved successfully.
Jan 24 09:49:27.667813 dv-cinder-809523-7-smb devstack@c-api.service[121142]: WARNING stevedore.named [None req-d791540f-ee3c-4981-9561-496b19571a93 tempest-GroupsTest-1652461676 tempest-GroupsTest-1652461676-project] Could not load cinder.keymgr.conf_key_mgr.ConfKeyManager
Jan 24 09:49:27.668449 dv-cinder-809523-7-smb devstack@c-api.service[121142]: WARNING castellan.key_manager [None req-d791540f-ee3c-4981-9561-496b19571a93 tempest-GroupsTest-1652461676 tempest-GroupsTest-1652461676-project] Deprecation Warning : cinder.keymgr.conf_key_mgr.ConfKeyManager is not a stevedore based driver, trying to load it as a class: stevedore.exception.NoMatches: No 'castellan.drivers' driver found, looking for 'cinder.keymgr.conf_key_mgr.ConfKeyManager'
Jan 24 09:49:27.694820 dv-cinder-809523-7-smb devstack@c-api.service[121143]: INFO cinder.api.openstack.wsgi [None req-747deb3b-9aa1-41bb-9489-7c632f9f02d0 tempest-UserMessagesTest-131634763 tempest-UserMessagesTest-131634763-project-admin] http://10.222.0.88/volume/v3/368d083fb4df49f8b952a400c7ddc683/types/6f5fd69c-6946-4a65-9223-23a7aadf3045 returned with HTTP 202
Jan 24 09:49:27.695461 dv-cinder-809523-7-smb devstack@c-api.service[121142]: DEBUG oslo_db.sqlalchemy.engines [None req-d791540f-ee3c-4981-9561-496b19571a93 tempest-GroupsTest-1652461676 tempest-GroupsTest-1652461676-project] MySQL server mode set to STRICT_TRANS_TABLES,STRICT_ALL_TABLES,NO_ZERO_IN_DATE,NO_ZERO_DATE,ERROR_FOR_DIVISION_BY_ZERO,TRADITIONAL,NO_ENGINE_SUBSTITUTION {{(pid=121142) _check_effective_sql_mode /usr/local/lib/python3.8/dist-packages/oslo_db/sqlalchemy/engines.py:314}}
Jan 24 09:49:27.696527 dv-cinder-809523-7-smb devstack@c-api.service[121143]: [pid: 121143|app: 0|req: 19/43] 10.222.0.88 () {58 vars in 1321 bytes} [Mon Jan 24 09:49:27 2022] DELETE /volume/v3/368d083fb4df49f8b952a400c7ddc683/types/6f5fd69c-6946-4a65-9223-23a7aadf3045 => generated 0 bytes in 439 msecs (HTTP/1.1 202) 6 headers in 233 bytes (1 switches on core 0)
Jan 24 09:49:27.701720 dv-cinder-809523-7-smb devstack@c-api.service[121142]: /usr/local/lib/python3.8/dist-packages/oslo_context/context.py:105: DeprecationWarning: Policy enforcement is depending on the value of is_admin. This key is deprecated. Please update your policy file to use the standard policy values.
Jan 24 09:49:27.701720 dv-cinder-809523-7-smb devstack@c-api.service[121142]: warnings.warn('Policy enforcement is depending on the value of '
Jan 24 09:49:27.704549 dv-cinder-809523-7-smb devstack@c-api.service[121143]: INFO cinder.api.openstack.wsgi [None req-85a5158c-1bfa-4107-8a10-4f25b8b9aecf tempest-GroupSnapshotsTest-2064282033 tempest-GroupSnapshotsTest-2064282033-project] GET http://10.222.0.88/volume/v3/12dac46b085f436cb95afd83cca6129e/group_snapshots/039a1602-7a3f-4ef7-90bf-f35ab8f02c5a
Jan 24 09:49:27.705497 dv-cinder-809523-7-smb devstack@c-api.service[121143]: DEBUG cinder.api.openstack.wsgi [None req-85a5158c-1bfa-4107-8a10-4f25b8b9aecf tempest-GroupSnapshotsTest-2064282033 tempest-GroupSnapshotsTest-2064282033-project] Empty body provided in request {{(pid=121143) get_body /opt/stack/cinder/cinder/api/openstack/wsgi.py:715}}
Jan 24 09:49:27.706417 dv-cinder-809523-7-smb devstack@c-api.service[121143]: DEBUG cinder.api.openstack.wsgi [None req-85a5158c-1bfa-4107-8a10-4f25b8b9aecf tempest-GroupSnapshotsTest-2064282033 tempest-GroupSnapshotsTest-2064282033-project] Calling method 'version_select' {{(pid=121143) _process_stack /opt/stack/cinder/cinder/api/openstack/wsgi.py:868}}
Jan 24 09:49:27.707003 dv-cinder-809523-7-smb devstack@c-api.service[121143]: DEBUG cinder.api.v3.group_snapshots [None req-85a5158c-1bfa-4107-8a10-4f25b8b9aecf tempest-GroupSnapshotsTest-2064282033 tempest-GroupSnapshotsTest-2064282033-project] show called for member 039a1602-7a3f-4ef7-90bf-f35ab8f02c5a {{(pid=121143) show /opt/stack/cinder/cinder/api/v3/group_snapshots.py:58}}
Jan 24 09:49:27.726687 dv-cinder-809523-7-smb devstack@c-api.service[121143]: /usr/local/lib/python3.8/dist-packages/oslo_context/context.py:105: DeprecationWarning: Policy enforcement is depending on the value of is_admin. This key is deprecated. Please update your policy file to use the standard policy values.
Jan 24 09:49:27.726687 dv-cinder-809523-7-smb devstack@c-api.service[121143]: warnings.warn('Policy enforcement is depending on the value of '
Jan 24 09:49:27.736899 dv-cinder-809523-7-smb devstack@c-api.service[121143]: INFO cinder.api.openstack.wsgi [None req-85a5158c-1bfa-4107-8a10-4f25b8b9aecf tempest-GroupSnapshotsTest-2064282033 tempest-GroupSnapshotsTest-2064282033-project] http://10.222.0.88/volume/v3/12dac46b085f436cb95afd83cca6129e/group_snapshots/039a1602-7a3f-4ef7-90bf-f35ab8f02c5a returned with HTTP 200
Jan 24 09:49:27.737922 dv-cinder-809523-7-smb devstack@c-api.service[121143]: [pid: 121143|app: 0|req: 20/44] 10.222.0.88 () {60 vars in 1389 bytes} [Mon Jan 24 09:49:27 2022] GET /volume/v3/12dac46b085f436cb95afd83cca6129e/group_snapshots/039a1602-7a3f-4ef7-90bf-f35ab8f02c5a => generated 306 bytes in 41 msecs (HTTP/1.1 200) 7 headers in 286 bytes (1 switches on core 0)
Jan 24 09:49:27.738271 dv-cinder-809523-7-smb devstack@c-api.service[121142]: INFO cinder.api.openstack.wsgi [None req-d791540f-ee3c-4981-9561-496b19571a93 tempest-GroupsTest-1652461676 tempest-GroupsTest-1652461676-project] http://10.222.0.88/volume/v3/4a3349899bb7420ea6af8560d58d67ad/volumes/1da72afc-0731-45cb-9e1a-6a1a1bebb09b returned with HTTP 200
Jan 24 09:49:27.739031 dv-cinder-809523-7-smb devstack@c-api.service[121142]: [pid: 121142|app: 0|req: 25/45] 10.222.0.88 () {60 vars in 1365 bytes} [Mon Jan 24 09:49:27 2022] GET /volume/v3/4a3349899bb7420ea6af8560d58d67ad/volumes/1da72afc-0731-45cb-9e1a-6a1a1bebb09b => generated 971 bytes in 111 msecs (HTTP/1.1 200) 7 headers in 286 bytes (1 switches on core 0)
Jan 24 09:49:27.750946 dv-cinder-809523-7-smb devstack@c-api.service[121143]: INFO cinder.api.openstack.wsgi [None req-fa3c64e1-838f-464f-851d-3bf25542c857 tempest-UserMessagesTest-131634763 tempest-UserMessagesTest-131634763-project-admin] GET http://10.222.0.88/volume/v3/368d083fb4df49f8b952a400c7ddc683/types/6f5fd69c-6946-4a65-9223-23a7aadf3045
Jan 24 09:49:27.751972 dv-cinder-809523-7-smb devstack@c-api.service[121143]: DEBUG cinder.api.openstack.wsgi [None req-fa3c64e1-838f-464f-851d-3bf25542c857 tempest-UserMessagesTest-131634763 tempest-UserMessagesTest-131634763-project-admin] Empty body provided in request {{(pid=121143) get_body /opt/stack/cinder/cinder/api/openstack/wsgi.py:715}}
Jan 24 09:49:27.752915 dv-cinder-809523-7-smb devstack@c-api.service[121143]: DEBUG cinder.api.openstack.wsgi [None req-fa3c64e1-838f-464f-851d-3bf25542c857 tempest-UserMessagesTest-131634763 tempest-UserMessagesTest-131634763-project-admin] Calling method 'show' {{(pid=121143) _process_stack /opt/stack/cinder/cinder/api/openstack/wsgi.py:868}}
Jan 24 09:49:27.759784 dv-cinder-809523-7-smb devstack@c-api.service[121143]: INFO cinder.api.openstack.wsgi [None req-fa3c64e1-838f-464f-851d-3bf25542c857 tempest-UserMessagesTest-131634763 tempest-UserMessagesTest-131634763-project-admin] http://10.222.0.88/volume/v3/368d083fb4df49f8b952a400c7ddc683/types/6f5fd69c-6946-4a65-9223-23a7aadf3045 returned with HTTP 404
Jan 24 09:49:27.761822 dv-cinder-809523-7-smb devstack@c-api.service[121143]: [pid: 121143|app: 0|req: 21/46] 10.222.0.88 () {58 vars in 1318 bytes} [Mon Jan 24 09:49:27 2022] GET /volume/v3/368d083fb4df49f8b952a400c7ddc683/types/6f5fd69c-6946-4a65-9223-23a7aadf3045 => generated 114 bytes in 23 msecs (HTTP/1.1 404) 7 headers in 292 bytes (1 switches on core 0)
Jan 24 09:49:27.771089 dv-cinder-809523-7-smb devstack@c-api.service[121142]: INFO cinder.api.openstack.wsgi [None req-9dde7074-76b1-4be9-a7db-599421ca3b23 tempest-UserMessagesTest-992712716 tempest-UserMessagesTest-992712716-project] DELETE http://10.222.0.88/volume/v3/21f946fae6034bde9670d3df2c7023aa/volumes/48a6bd5f-c575-44f3-9fdb-7f622c8acbd0
Jan 24 09:49:27.772042 dv-cinder-809523-7-smb devstack@c-api.service[121142]: DEBUG cinder.api.openstack.wsgi [None req-9dde7074-76b1-4be9-a7db-599421ca3b23 tempest-UserMessagesTest-992712716 tempest-UserMessagesTest-992712716-project] Empty body provided in request {{(pid=121142) get_body /opt/stack/cinder/cinder/api/openstack/wsgi.py:715}}
Jan 24 09:49:27.772719 dv-cinder-809523-7-smb devstack@c-api.service[121142]: DEBUG cinder.api.openstack.wsgi [None req-9dde7074-76b1-4be9-a7db-599421ca3b23 tempest-UserMessagesTest-992712716 tempest-UserMessagesTest-992712716-project] Calling method 'delete' {{(pid=121142) _process_stack /opt/stack/cinder/cinder/api/openstack/wsgi.py:868}}
Jan 24 09:49:27.773126 dv-cinder-809523-7-smb devstack@c-api.service[121142]: INFO cinder.api.v3.volumes [None req-9dde7074-76b1-4be9-a7db-599421ca3b23 tempest-UserMessagesTest-992712716 tempest-UserMessagesTest-992712716-project] Delete volume with id: 48a6bd5f-c575-44f3-9fdb-7f622c8acbd0
Jan 24 09:49:27.796230 dv-cinder-809523-7-smb devstack@c-api.service[121142]: /usr/local/lib/python3.8/dist-packages/oslo_context/context.py:105: DeprecationWarning: Policy enforcement is depending on the value of is_admin. This key is deprecated. Please update your policy file to use the standard policy values.
Jan 24 09:49:27.796230 dv-cinder-809523-7-smb devstack@c-api.service[121142]: warnings.warn('Policy enforcement is depending on the value of '
Jan 24 09:49:27.798613 dv-cinder-809523-7-smb devstack@c-api.service[121142]: INFO cinder.volume.api [None req-9dde7074-76b1-4be9-a7db-599421ca3b23 tempest-UserMessagesTest-992712716 tempest-UserMessagesTest-992712716-project] Volume info retrieved successfully.
Jan 24 09:49:27.803558 dv-cinder-809523-7-smb devstack@c-api.service[121142]: DEBUG cinder.volume.api [None req-9dde7074-76b1-4be9-a7db-599421ca3b23 tempest-UserMessagesTest-992712716 tempest-UserMessagesTest-992712716-project] Decrease volume quotas for non temporary volume in non error_managing status. {{(pid=121142) delete /opt/stack/cinder/cinder/volume/api.py:432}}
Jan 24 09:49:27.845626 dv-cinder-809523-7-smb devstack@c-api.service[121142]: WARNING cinder.quota [None req-9dde7074-76b1-4be9-a7db-599421ca3b23 tempest-UserMessagesTest-992712716 tempest-UserMessagesTest-992712716-project] Deprecated: Default quota for resource: volumes_tempest-UserMessagesTest-volume-type-573967833 is set by the default quota flag: quota_volumes_tempest-UserMessagesTest-volume-type-573967833, it is now deprecated. Please use the default quota class for default quota.
Jan 24 09:49:27.851036 dv-cinder-809523-7-smb devstack@c-api.service[121142]: WARNING cinder.quota [None req-9dde7074-76b1-4be9-a7db-599421ca3b23 tempest-UserMessagesTest-992712716 tempest-UserMessagesTest-992712716-project] Deprecated: Default quota for resource: gigabytes_tempest-UserMessagesTest-volume-type-573967833 is set by the default quota flag: quota_gigabytes_tempest-UserMessagesTest-volume-type-573967833, it is now deprecated. Please use the default quota class for default quota.
Jan 24 09:49:27.893413 dv-cinder-809523-7-smb devstack@c-api.service[121142]: DEBUG cinder.quota [None req-9dde7074-76b1-4be9-a7db-599421ca3b23 tempest-UserMessagesTest-992712716 tempest-UserMessagesTest-992712716-project] Created reservations ['2349f128-c6e8-4d89-a5e3-2af5b1328ffc', '7fa50250-ff6d-4cf4-a964-7c72cb4445b5', '671d0968-931a-4cb1-ab04-1d2b35cba102', 'ad19c2f0-3302-4021-b41a-2425ed7667b6'] {{(pid=121142) reserve /opt/stack/cinder/cinder/quota.py:755}}
Jan 24 09:49:28.017588 dv-cinder-809523-7-smb devstack@c-api.service[121142]: INFO cinder.volume.api [None req-9dde7074-76b1-4be9-a7db-599421ca3b23 tempest-UserMessagesTest-992712716 tempest-UserMessagesTest-992712716-project] Delete volume request issued successfully.
Jan 24 09:49:28.018492 dv-cinder-809523-7-smb devstack@c-api.service[121142]: INFO cinder.api.openstack.wsgi [None req-9dde7074-76b1-4be9-a7db-599421ca3b23 tempest-UserMessagesTest-992712716 tempest-UserMessagesTest-992712716-project] http://10.222.0.88/volume/v3/21f946fae6034bde9670d3df2c7023aa/volumes/48a6bd5f-c575-44f3-9fdb-7f622c8acbd0 returned with HTTP 202
Jan 24 09:49:28.020956 dv-cinder-809523-7-smb devstack@c-api.service[121142]: [pid: 121142|app: 0|req: 26/47] 10.222.0.88 () {60 vars in 1367 bytes} [Mon Jan 24 09:49:27 2022] DELETE /volume/v3/21f946fae6034bde9670d3df2c7023aa/volumes/48a6bd5f-c575-44f3-9fdb-7f622c8acbd0 => generated 0 bytes in 256 msecs (HTTP/1.1 202) 6 headers in 233 bytes (2 switches on core 0)
Jan 24 09:49:28.029217 dv-cinder-809523-7-smb devstack@c-api.service[121143]: INFO cinder.api.openstack.wsgi [None req-9dbd1c41-13cd-45ff-bd2e-e57a2936505e tempest-UserMessagesTest-992712716 tempest-UserMessagesTest-992712716-project] GET http://10.222.0.88/volume/v3/21f946fae6034bde9670d3df2c7023aa/volumes/48a6bd5f-c575-44f3-9fdb-7f622c8acbd0
Jan 24 09:49:28.029737 dv-cinder-809523-7-smb devstack@c-api.service[121143]: DEBUG cinder.api.openstack.wsgi [None req-9dbd1c41-13cd-45ff-bd2e-e57a2936505e tempest-UserMessagesTest-992712716 tempest-UserMessagesTest-992712716-project] Empty body provided in request {{(pid=121143) get_body /opt/stack/cinder/cinder/api/openstack/wsgi.py:715}}
Jan 24 09:49:28.030498 dv-cinder-809523-7-smb devstack@c-api.service[121143]: DEBUG cinder.api.openstack.wsgi [None req-9dbd1c41-13cd-45ff-bd2e-e57a2936505e tempest-UserMessagesTest-992712716 tempest-UserMessagesTest-992712716-project] Calling method 'show' {{(pid=121143) _process_stack /opt/stack/cinder/cinder/api/openstack/wsgi.py:868}}
Jan 24 09:49:28.073807 dv-cinder-809523-7-smb devstack@c-api.service[121143]: INFO cinder.api.openstack.wsgi [None req-9dbd1c41-13cd-45ff-bd2e-e57a2936505e tempest-UserMessagesTest-992712716 tempest-UserMessagesTest-992712716-project] http://10.222.0.88/volume/v3/21f946fae6034bde9670d3df2c7023aa/volumes/48a6bd5f-c575-44f3-9fdb-7f622c8acbd0 returned with HTTP 404
Jan 24 09:49:28.074798 dv-cinder-809523-7-smb devstack@c-api.service[121143]: [pid: 121143|app: 0|req: 22/48] 10.222.0.88 () {60 vars in 1364 bytes} [Mon Jan 24 09:49:28 2022] GET /volume/v3/21f946fae6034bde9670d3df2c7023aa/volumes/48a6bd5f-c575-44f3-9fdb-7f622c8acbd0 => generated 109 bytes in 50 msecs (HTTP/1.1 404) 7 headers in 292 bytes (1 switches on core 0)
Jan 24 09:49:28.087924 dv-cinder-809523-7-smb devstack@c-api.service[121142]: INFO cinder.api.openstack.wsgi [None req-f4c31bd2-d64b-4817-bfc9-bf5dbba852ac tempest-UserMessagesTest-131634763 tempest-UserMessagesTest-131634763-project-admin] DELETE http://10.222.0.88/volume/v3/368d083fb4df49f8b952a400c7ddc683/types/6d53a94c-2952-44f5-b9d6-2b9624855eb4
Jan 24 09:49:28.088772 dv-cinder-809523-7-smb devstack@c-api.service[121142]: DEBUG cinder.api.openstack.wsgi [None req-f4c31bd2-d64b-4817-bfc9-bf5dbba852ac tempest-UserMessagesTest-131634763 tempest-UserMessagesTest-131634763-project-admin] Empty body provided in request {{(pid=121142) get_body /opt/stack/cinder/cinder/api/openstack/wsgi.py:715}}
Jan 24 09:49:28.089403 dv-cinder-809523-7-smb devstack@c-api.service[121142]: DEBUG cinder.api.openstack.wsgi [None req-f4c31bd2-d64b-4817-bfc9-bf5dbba852ac tempest-UserMessagesTest-131634763 tempest-UserMessagesTest-131634763-project-admin] Calling method '_delete' {{(pid=121142) _process_stack /opt/stack/cinder/cinder/api/openstack/wsgi.py:868}}
Jan 24 09:49:28.272851 dv-cinder-809523-7-smb devstack@c-api.service[121142]: INFO cinder.api.openstack.wsgi [None req-f4c31bd2-d64b-4817-bfc9-bf5dbba852ac tempest-UserMessagesTest-131634763 tempest-UserMessagesTest-131634763-project-admin] http://10.222.0.88/volume/v3/368d083fb4df49f8b952a400c7ddc683/types/6d53a94c-2952-44f5-b9d6-2b9624855eb4 returned with HTTP 202
Jan 24 09:49:28.273957 dv-cinder-809523-7-smb devstack@c-api.service[121142]: [pid: 121142|app: 0|req: 27/49] 10.222.0.88 () {58 vars in 1321 bytes} [Mon Jan 24 09:49:28 2022] DELETE /volume/v3/368d083fb4df49f8b952a400c7ddc683/types/6d53a94c-2952-44f5-b9d6-2b9624855eb4 => generated 0 bytes in 195 msecs (HTTP/1.1 202) 6 headers in 233 bytes (1 switches on core 0)
Jan 24 09:49:28.283821 dv-cinder-809523-7-smb devstack@c-api.service[121143]: INFO cinder.api.openstack.wsgi [None req-d2395c21-92ca-40d6-86cf-6d2cad3ff973 tempest-UserMessagesTest-131634763 tempest-UserMessagesTest-131634763-project-admin] GET http://10.222.0.88/volume/v3/368d083fb4df49f8b952a400c7ddc683/types/6d53a94c-2952-44f5-b9d6-2b9624855eb4
Jan 24 09:49:28.284280 dv-cinder-809523-7-smb devstack@c-api.service[121143]: DEBUG cinder.api.openstack.wsgi [None req-d2395c21-92ca-40d6-86cf-6d2cad3ff973 tempest-UserMessagesTest-131634763 tempest-UserMessagesTest-131634763-project-admin] Empty body provided in request {{(pid=121143) get_body /opt/stack/cinder/cinder/api/openstack/wsgi.py:715}}
Jan 24 09:49:28.284810 dv-cinder-809523-7-smb devstack@c-api.service[121143]: DEBUG cinder.api.openstack.wsgi [None req-d2395c21-92ca-40d6-86cf-6d2cad3ff973 tempest-UserMessagesTest-131634763 tempest-UserMessagesTest-131634763-project-admin] Calling method 'show' {{(pid=121143) _process_stack /opt/stack/cinder/cinder/api/openstack/wsgi.py:868}}
Jan 24 09:49:28.292646 dv-cinder-809523-7-smb devstack@c-api.service[121143]: INFO cinder.api.openstack.wsgi [None req-d2395c21-92ca-40d6-86cf-6d2cad3ff973 tempest-UserMessagesTest-131634763 tempest-UserMessagesTest-131634763-project-admin] http://10.222.0.88/volume/v3/368d083fb4df49f8b952a400c7ddc683/types/6d53a94c-2952-44f5-b9d6-2b9624855eb4 returned with HTTP 404
Jan 24 09:49:28.293819 dv-cinder-809523-7-smb devstack@c-api.service[121143]: [pid: 121143|app: 0|req: 23/50] 10.222.0.88 () {58 vars in 1318 bytes} [Mon Jan 24 09:49:28 2022] GET /volume/v3/368d083fb4df49f8b952a400c7ddc683/types/6d53a94c-2952-44f5-b9d6-2b9624855eb4 => generated 114 bytes in 14 msecs (HTTP/1.1 404) 7 headers in 292 bytes (1 switches on core 0)
Jan 24 09:49:28.756939 dv-cinder-809523-7-smb devstack@c-api.service[121143]: INFO cinder.api.openstack.wsgi [None req-7f10a43a-ed46-4662-bf9d-41552cde08c8 tempest-GroupsTest-1652461676 tempest-GroupsTest-1652461676-project] GET http://10.222.0.88/volume/v3/4a3349899bb7420ea6af8560d58d67ad/volumes/1da72afc-0731-45cb-9e1a-6a1a1bebb09b
Jan 24 09:49:28.759726 dv-cinder-809523-7-smb devstack@c-api.service[121142]: INFO cinder.api.openstack.wsgi [None req-13004fe0-89ff-43bd-8210-6ae54a293485 tempest-GroupSnapshotsTest-2064282033 tempest-GroupSnapshotsTest-2064282033-project] GET http://10.222.0.88/volume/v3/12dac46b085f436cb95afd83cca6129e/group_snapshots/039a1602-7a3f-4ef7-90bf-f35ab8f02c5a
Jan 24 09:49:28.760264 dv-cinder-809523-7-smb devstack@c-api.service[121143]: DEBUG cinder.api.openstack.wsgi [None req-7f10a43a-ed46-4662-bf9d-41552cde08c8 tempest-GroupsTest-1652461676 tempest-GroupsTest-1652461676-project] Empty body provided in request {{(pid=121143) get_body /opt/stack/cinder/cinder/api/openstack/wsgi.py:715}}
Jan 24 09:49:28.760978 dv-cinder-809523-7-smb devstack@c-api.service[121143]: DEBUG cinder.api.openstack.wsgi [None req-7f10a43a-ed46-4662-bf9d-41552cde08c8 tempest-GroupsTest-1652461676 tempest-GroupsTest-1652461676-project] Calling method 'show' {{(pid=121143) _process_stack /opt/stack/cinder/cinder/api/openstack/wsgi.py:868}}
Jan 24 09:49:28.761516 dv-cinder-809523-7-smb devstack@c-api.service[121142]: DEBUG cinder.api.openstack.wsgi [None req-13004fe0-89ff-43bd-8210-6ae54a293485 tempest-GroupSnapshotsTest-2064282033 tempest-GroupSnapshotsTest-2064282033-project] Empty body provided in request {{(pid=121142) get_body /opt/stack/cinder/cinder/api/openstack/wsgi.py:715}}
Jan 24 09:49:28.763397 dv-cinder-809523-7-smb devstack@c-api.service[121142]: DEBUG cinder.api.openstack.wsgi [None req-13004fe0-89ff-43bd-8210-6ae54a293485 tempest-GroupSnapshotsTest-2064282033 tempest-GroupSnapshotsTest-2064282033-project] Calling method 'version_select' {{(pid=121142) _process_stack /opt/stack/cinder/cinder/api/openstack/wsgi.py:868}}
Jan 24 09:49:28.764311 dv-cinder-809523-7-smb devstack@c-api.service[121142]: DEBUG cinder.api.v3.group_snapshots [None req-13004fe0-89ff-43bd-8210-6ae54a293485 tempest-GroupSnapshotsTest-2064282033 tempest-GroupSnapshotsTest-2064282033-project] show called for member 039a1602-7a3f-4ef7-90bf-f35ab8f02c5a {{(pid=121142) show /opt/stack/cinder/cinder/api/v3/group_snapshots.py:58}}
Jan 24 09:49:28.780921 dv-cinder-809523-7-smb devstack@c-api.service[121142]: /usr/local/lib/python3.8/dist-packages/oslo_context/context.py:105: DeprecationWarning: Policy enforcement is depending on the value of is_admin. This key is deprecated. Please update your policy file to use the standard policy values.
Jan 24 09:49:28.780921 dv-cinder-809523-7-smb devstack@c-api.service[121142]: warnings.warn('Policy enforcement is depending on the value of '
Jan 24 09:49:28.823467 dv-cinder-809523-7-smb devstack@c-api.service[121142]: INFO cinder.api.openstack.wsgi [None req-13004fe0-89ff-43bd-8210-6ae54a293485 tempest-GroupSnapshotsTest-2064282033 tempest-GroupSnapshotsTest-2064282033-project] http://10.222.0.88/volume/v3/12dac46b085f436cb95afd83cca6129e/group_snapshots/039a1602-7a3f-4ef7-90bf-f35ab8f02c5a returned with HTTP 200
Jan 24 09:49:28.824557 dv-cinder-809523-7-smb devstack@c-api.service[121143]: /usr/local/lib/python3.8/dist-packages/oslo_context/context.py:105: DeprecationWarning: Policy enforcement is depending on the value of is_admin. This key is deprecated. Please update your policy file to use the standard policy values.
Jan 24 09:49:28.824557 dv-cinder-809523-7-smb devstack@c-api.service[121143]: warnings.warn('Policy enforcement is depending on the value of '
Jan 24 09:49:28.826964 dv-cinder-809523-7-smb devstack@c-api.service[121142]: [pid: 121142|app: 0|req: 28/51] 10.222.0.88 () {60 vars in 1389 bytes} [Mon Jan 24 09:49:28 2022] GET /volume/v3/12dac46b085f436cb95afd83cca6129e/group_snapshots/039a1602-7a3f-4ef7-90bf-f35ab8f02c5a => generated 307 bytes in 79 msecs (HTTP/1.1 200) 7 headers in 286 bytes (1 switches on core 0)
Jan 24 09:49:28.845378 dv-cinder-809523-7-smb devstack@c-api.service[121142]: INFO cinder.api.openstack.wsgi [None req-029fb92f-d2b4-4ff0-b0df-4df543a23fef tempest-GroupSnapshotsTest-2064282033 tempest-GroupSnapshotsTest-2064282033-project] GET http://10.222.0.88/volume/v3/12dac46b085f436cb95afd83cca6129e/snapshots/detail
Jan 24 09:49:28.851074 dv-cinder-809523-7-smb devstack@c-api.service[121142]: DEBUG cinder.api.openstack.wsgi [None req-029fb92f-d2b4-4ff0-b0df-4df543a23fef tempest-GroupSnapshotsTest-2064282033 tempest-GroupSnapshotsTest-2064282033-project] Empty body provided in request {{(pid=121142) get_body /opt/stack/cinder/cinder/api/openstack/wsgi.py:715}}
Jan 24 09:49:28.857817 dv-cinder-809523-7-smb devstack@c-api.service[121142]: DEBUG cinder.api.openstack.wsgi [None req-029fb92f-d2b4-4ff0-b0df-4df543a23fef tempest-GroupSnapshotsTest-2064282033 tempest-GroupSnapshotsTest-2064282033-project] Calling method 'detail' {{(pid=121142) _process_stack /opt/stack/cinder/cinder/api/openstack/wsgi.py:868}}
Jan 24 09:49:28.858569 dv-cinder-809523-7-smb devstack@c-api.service[121142]: DEBUG cinder.api.api_utils [None req-029fb92f-d2b4-4ff0-b0df-4df543a23fef tempest-GroupSnapshotsTest-2064282033 tempest-GroupSnapshotsTest-2064282033-project] Removing options '' from query. {{(pid=121142) remove_invalid_filter_options /opt/stack/cinder/cinder/api/api_utils.py:73}}
Jan 24 09:49:28.873227 dv-cinder-809523-7-smb devstack@c-api.service[121143]: INFO cinder.volume.api [None req-7f10a43a-ed46-4662-bf9d-41552cde08c8 tempest-GroupsTest-1652461676 tempest-GroupsTest-1652461676-project] Volume info retrieved successfully.
Jan 24 09:49:28.877158 dv-cinder-809523-7-smb devstack@c-api.service[121143]: WARNING stevedore.named [None req-7f10a43a-ed46-4662-bf9d-41552cde08c8 tempest-GroupsTest-1652461676 tempest-GroupsTest-1652461676-project] Could not load cinder.keymgr.conf_key_mgr.ConfKeyManager
Jan 24 09:49:28.877553 dv-cinder-809523-7-smb devstack@c-api.service[121143]: WARNING castellan.key_manager [None req-7f10a43a-ed46-4662-bf9d-41552cde08c8 tempest-GroupsTest-1652461676 tempest-GroupsTest-1652461676-project] Deprecation Warning : cinder.keymgr.conf_key_mgr.ConfKeyManager is not a stevedore based driver, trying to load it as a class: stevedore.exception.NoMatches: No 'castellan.drivers' driver found, looking for 'cinder.keymgr.conf_key_mgr.ConfKeyManager'
Jan 24 09:49:28.882607 dv-cinder-809523-7-smb devstack@c-api.service[121142]: DEBUG cinder.db.sqlalchemy.api [None req-029fb92f-d2b4-4ff0-b0df-4df543a23fef tempest-GroupSnapshotsTest-2064282033 tempest-GroupSnapshotsTest-2064282033-project] Building query based on filter {{(pid=121142) _process_snaps_filters /opt/stack/cinder/cinder/db/sqlalchemy/api.py:3156}}
Jan 24 09:49:28.915142 dv-cinder-809523-7-smb devstack@c-api.service[121143]: DEBUG oslo_db.sqlalchemy.engines [None req-7f10a43a-ed46-4662-bf9d-41552cde08c8 tempest-GroupsTest-1652461676 tempest-GroupsTest-1652461676-project] MySQL server mode set to STRICT_TRANS_TABLES,STRICT_ALL_TABLES,NO_ZERO_IN_DATE,NO_ZERO_DATE,ERROR_FOR_DIVISION_BY_ZERO,TRADITIONAL,NO_ENGINE_SUBSTITUTION {{(pid=121143) _check_effective_sql_mode /usr/local/lib/python3.8/dist-packages/oslo_db/sqlalchemy/engines.py:314}}
Jan 24 09:49:28.921526 dv-cinder-809523-7-smb devstack@c-api.service[121143]: /usr/local/lib/python3.8/dist-packages/oslo_context/context.py:105: DeprecationWarning: Policy enforcement is depending on the value of is_admin. This key is deprecated. Please update your policy file to use the standard policy values.
Jan 24 09:49:28.921526 dv-cinder-809523-7-smb devstack@c-api.service[121143]: warnings.warn('Policy enforcement is depending on the value of '
Jan 24 09:49:28.949266 dv-cinder-809523-7-smb devstack@c-api.service[121142]: INFO cinder.volume.api [None req-029fb92f-d2b4-4ff0-b0df-4df543a23fef tempest-GroupSnapshotsTest-2064282033 tempest-GroupSnapshotsTest-2064282033-project] Get all snapshots completed successfully.
Jan 24 09:49:28.952740 dv-cinder-809523-7-smb devstack@c-api.service[121142]: /usr/local/lib/python3.8/dist-packages/oslo_context/context.py:105: DeprecationWarning: Policy enforcement is depending on the value of is_admin. This key is deprecated. Please update your policy file to use the standard policy values.
Jan 24 09:49:28.952740 dv-cinder-809523-7-smb devstack@c-api.service[121142]: warnings.warn('Policy enforcement is depending on the value of '
Jan 24 09:49:28.958271 dv-cinder-809523-7-smb devstack@c-api.service[121142]: INFO cinder.api.openstack.wsgi [None req-029fb92f-d2b4-4ff0-b0df-4df543a23fef tempest-GroupSnapshotsTest-2064282033 tempest-GroupSnapshotsTest-2064282033-project] http://10.222.0.88/volume/v3/12dac46b085f436cb95afd83cca6129e/snapshots/detail returned with HTTP 200
Jan 24 09:49:28.959197 dv-cinder-809523-7-smb devstack@c-api.service[121142]: [pid: 121142|app: 0|req: 29/52] 10.222.0.88 () {58 vars in 1240 bytes} [Mon Jan 24 09:49:28 2022] GET /volume/v3/12dac46b085f436cb95afd83cca6129e/snapshots/detail => generated 519 bytes in 126 msecs (HTTP/1.1 200) 7 headers in 285 bytes (1 switches on core 0)
Jan 24 09:49:28.965582 dv-cinder-809523-7-smb devstack@c-api.service[121143]: INFO cinder.api.openstack.wsgi [None req-7f10a43a-ed46-4662-bf9d-41552cde08c8 tempest-GroupsTest-1652461676 tempest-GroupsTest-1652461676-project] http://10.222.0.88/volume/v3/4a3349899bb7420ea6af8560d58d67ad/volumes/1da72afc-0731-45cb-9e1a-6a1a1bebb09b returned with HTTP 200
Jan 24 09:49:28.984361 dv-cinder-809523-7-smb devstack@c-api.service[121143]: [pid: 121143|app: 0|req: 24/53] 10.222.0.88 () {60 vars in 1365 bytes} [Mon Jan 24 09:49:28 2022] GET /volume/v3/4a3349899bb7420ea6af8560d58d67ad/volumes/1da72afc-0731-45cb-9e1a-6a1a1bebb09b => generated 972 bytes in 233 msecs (HTTP/1.1 200) 7 headers in 286 bytes (1 switches on core 0)
Jan 24 09:49:28.986516 dv-cinder-809523-7-smb devstack@c-api.service[121142]: INFO cinder.api.openstack.wsgi [None req-d7300671-7c1e-42de-9be5-90c45feb3f00 tempest-GroupSnapshotsTest-2064282033 tempest-GroupSnapshotsTest-2064282033-project] GET http://10.222.0.88/volume/v3/12dac46b085f436cb95afd83cca6129e/snapshots/e3f17982-74b6-44a7-b7a8-fd4faf3125c7
Jan 24 09:49:28.986994 dv-cinder-809523-7-smb devstack@c-api.service[121142]: DEBUG cinder.api.openstack.wsgi [None req-d7300671-7c1e-42de-9be5-90c45feb3f00 tempest-GroupSnapshotsTest-2064282033 tempest-GroupSnapshotsTest-2064282033-project] Empty body provided in request {{(pid=121142) get_body /opt/stack/cinder/cinder/api/openstack/wsgi.py:715}}
Jan 24 09:49:28.987464 dv-cinder-809523-7-smb devstack@c-api.service[121142]: DEBUG cinder.api.openstack.wsgi [None req-d7300671-7c1e-42de-9be5-90c45feb3f00 tempest-GroupSnapshotsTest-2064282033 tempest-GroupSnapshotsTest-2064282033-project] Calling method 'show' {{(pid=121142) _process_stack /opt/stack/cinder/cinder/api/openstack/wsgi.py:868}}
Jan 24 09:49:28.992482 dv-cinder-809523-7-smb devstack@c-api.service[121143]: INFO cinder.api.openstack.wsgi [None req-2d404a45-dffe-49bb-803b-7bc8876c95bc tempest-GroupsTest-1652461676 tempest-GroupsTest-1652461676-project] GET http://10.222.0.88/volume/v3/4a3349899bb7420ea6af8560d58d67ad/groups/89cc6a08-7ba8-4a9f-95d1-fb3930f7cca3
Jan 24 09:49:29.001255 dv-cinder-809523-7-smb devstack@c-api.service[121143]: DEBUG cinder.api.openstack.wsgi [None req-2d404a45-dffe-49bb-803b-7bc8876c95bc tempest-GroupsTest-1652461676 tempest-GroupsTest-1652461676-project] Empty body provided in request {{(pid=121143) get_body /opt/stack/cinder/cinder/api/openstack/wsgi.py:715}}
Jan 24 09:49:29.001821 dv-cinder-809523-7-smb devstack@c-api.service[121143]: DEBUG cinder.api.openstack.wsgi [None req-2d404a45-dffe-49bb-803b-7bc8876c95bc tempest-GroupsTest-1652461676 tempest-GroupsTest-1652461676-project] Calling method 'version_select' {{(pid=121143) _process_stack /opt/stack/cinder/cinder/api/openstack/wsgi.py:868}}
Jan 24 09:49:29.002208 dv-cinder-809523-7-smb devstack@c-api.service[121143]: DEBUG cinder.api.v3.groups [None req-2d404a45-dffe-49bb-803b-7bc8876c95bc tempest-GroupsTest-1652461676 tempest-GroupsTest-1652461676-project] show called for member 89cc6a08-7ba8-4a9f-95d1-fb3930f7cca3 {{(pid=121143) show /opt/stack/cinder/cinder/api/v3/groups.py:58}}
Jan 24 09:49:29.026312 dv-cinder-809523-7-smb devstack@c-api.service[121143]: /usr/local/lib/python3.8/dist-packages/oslo_context/context.py:105: DeprecationWarning: Policy enforcement is depending on the value of is_admin. This key is deprecated. Please update your policy file to use the standard policy values.
Jan 24 09:49:29.026312 dv-cinder-809523-7-smb devstack@c-api.service[121143]: warnings.warn('Policy enforcement is depending on the value of '
Jan 24 09:49:29.026985 dv-cinder-809523-7-smb devstack@c-api.service[121142]: /usr/local/lib/python3.8/dist-packages/oslo_context/context.py:105: DeprecationWarning: Policy enforcement is depending on the value of is_admin. This key is deprecated. Please update your policy file to use the standard policy values.
Jan 24 09:49:29.026985 dv-cinder-809523-7-smb devstack@c-api.service[121142]: warnings.warn('Policy enforcement is depending on the value of '
Jan 24 09:49:29.028038 dv-cinder-809523-7-smb devstack@c-api.service[121142]: INFO cinder.volume.api [None req-d7300671-7c1e-42de-9be5-90c45feb3f00 tempest-GroupSnapshotsTest-2064282033 tempest-GroupSnapshotsTest-2064282033-project] Snapshot retrieved successfully.
Jan 24 09:49:29.041565 dv-cinder-809523-7-smb devstack@c-api.service[121142]: INFO cinder.api.openstack.wsgi [None req-d7300671-7c1e-42de-9be5-90c45feb3f00 tempest-GroupSnapshotsTest-2064282033 tempest-GroupSnapshotsTest-2064282033-project] http://10.222.0.88/volume/v3/12dac46b085f436cb95afd83cca6129e/snapshots/e3f17982-74b6-44a7-b7a8-fd4faf3125c7 returned with HTTP 200
Jan 24 09:49:29.045997 dv-cinder-809523-7-smb devstack@c-api.service[121142]: [pid: 121142|app: 0|req: 30/54] 10.222.0.88 () {58 vars in 1330 bytes} [Mon Jan 24 09:49:28 2022] GET /volume/v3/12dac46b085f436cb95afd83cca6129e/snapshots/e3f17982-74b6-44a7-b7a8-fd4faf3125c7 => generated 516 bytes in 70 msecs (HTTP/1.1 200) 7 headers in 285 bytes (1 switches on core 0)
Jan 24 09:49:29.064508 dv-cinder-809523-7-smb devstack@c-api.service[121142]: INFO cinder.api.openstack.wsgi [None req-c8edf300-af1e-48cc-b58d-08c1232f126a tempest-GroupSnapshotsTest-2064282033 tempest-GroupSnapshotsTest-2064282033-project] POST http://10.222.0.88/volume/v3/12dac46b085f436cb95afd83cca6129e/groups/action
Jan 24 09:49:29.068158 dv-cinder-809523-7-smb devstack@c-api.service[121143]: INFO cinder.api.openstack.wsgi [None req-2d404a45-dffe-49bb-803b-7bc8876c95bc tempest-GroupsTest-1652461676 tempest-GroupsTest-1652461676-project] http://10.222.0.88/volume/v3/4a3349899bb7420ea6af8560d58d67ad/groups/89cc6a08-7ba8-4a9f-95d1-fb3930f7cca3 returned with HTTP 200
Jan 24 09:49:29.069709 dv-cinder-809523-7-smb devstack@c-api.service[121143]: [pid: 121143|app: 0|req: 25/55] 10.222.0.88 () {60 vars in 1362 bytes} [Mon Jan 24 09:49:28 2022] GET /volume/v3/4a3349899bb7420ea6af8560d58d67ad/groups/89cc6a08-7ba8-4a9f-95d1-fb3930f7cca3 => generated 322 bytes in 85 msecs (HTTP/1.1 200) 7 headers in 286 bytes (1 switches on core 0)
Jan 24 09:49:29.075425 dv-cinder-809523-7-smb devstack@c-api.service[121142]: DEBUG cinder.api.openstack.wsgi [None req-c8edf300-af1e-48cc-b58d-08c1232f126a tempest-GroupSnapshotsTest-2064282033 tempest-GroupSnapshotsTest-2064282033-project] Action body: b'{"create-from-src": {"group_snapshot_id": "039a1602-7a3f-4ef7-90bf-f35ab8f02c5a", "name": "tempest-Group_from_snap-821560412"}}' {{(pid=121142) get_method /opt/stack/cinder/cinder/api/openstack/wsgi.py:983}}
Jan 24 09:49:29.075800 dv-cinder-809523-7-smb devstack@c-api.service[121142]: DEBUG cinder.api.openstack.wsgi [None req-c8edf300-af1e-48cc-b58d-08c1232f126a tempest-GroupSnapshotsTest-2064282033 tempest-GroupSnapshotsTest-2064282033-project] Action: 'action', calling method: version_select, body: {"create-from-src": {"group_snapshot_id": "039a1602-7a3f-4ef7-90bf-f35ab8f02c5a", "name": "tempest-Group_from_snap-821560412"}} {{(pid=121142) _process_stack /opt/stack/cinder/cinder/api/openstack/wsgi.py:866}}
Jan 24 09:49:29.076799 dv-cinder-809523-7-smb devstack@c-api.service[121142]: DEBUG cinder.api.v3.groups [None req-c8edf300-af1e-48cc-b58d-08c1232f126a tempest-GroupSnapshotsTest-2064282033 tempest-GroupSnapshotsTest-2064282033-project] Creating new group {'create-from-src': {'group_snapshot_id': '039a1602-7a3f-4ef7-90bf-f35ab8f02c5a', 'name': 'tempest-Group_from_snap-821560412'}}. {{(pid=121142) create_from_src /opt/stack/cinder/cinder/api/v3/groups.py:236}}
Jan 24 09:49:29.077100 dv-cinder-809523-7-smb devstack@c-api.service[121142]: INFO cinder.api.v3.groups [None req-c8edf300-af1e-48cc-b58d-08c1232f126a tempest-GroupSnapshotsTest-2064282033 tempest-GroupSnapshotsTest-2064282033-project] Creating group tempest-Group_from_snap-821560412 from group_snapshot 039a1602-7a3f-4ef7-90bf-f35ab8f02c5a.
Jan 24 09:49:29.080527 dv-cinder-809523-7-smb devstack@c-api.service[121143]: INFO cinder.api.openstack.wsgi [None req-f59f240a-a90a-4ebd-8bc8-18e6c72be951 tempest-GroupsTest-1652461676 tempest-GroupsTest-1652461676-project] GET http://10.222.0.88/volume/v3/4a3349899bb7420ea6af8560d58d67ad/groups/3159b3b3-016e-4eb4-8516-bedfa83d0277
Jan 24 09:49:29.081209 dv-cinder-809523-7-smb devstack@c-api.service[121143]: DEBUG cinder.api.openstack.wsgi [None req-f59f240a-a90a-4ebd-8bc8-18e6c72be951 tempest-GroupsTest-1652461676 tempest-GroupsTest-1652461676-project] Empty body provided in request {{(pid=121143) get_body /opt/stack/cinder/cinder/api/openstack/wsgi.py:715}}
Jan 24 09:49:29.081806 dv-cinder-809523-7-smb devstack@c-api.service[121143]: DEBUG cinder.api.openstack.wsgi [None req-f59f240a-a90a-4ebd-8bc8-18e6c72be951 tempest-GroupsTest-1652461676 tempest-GroupsTest-1652461676-project] Calling method 'version_select' {{(pid=121143) _process_stack /opt/stack/cinder/cinder/api/openstack/wsgi.py:868}}
Jan 24 09:49:29.082317 dv-cinder-809523-7-smb devstack@c-api.service[121143]: DEBUG cinder.api.v3.groups [None req-f59f240a-a90a-4ebd-8bc8-18e6c72be951 tempest-GroupsTest-1652461676 tempest-GroupsTest-1652461676-project] show called for member 3159b3b3-016e-4eb4-8516-bedfa83d0277 {{(pid=121143) show /opt/stack/cinder/cinder/api/v3/groups.py:58}}
Jan 24 09:49:29.093672 dv-cinder-809523-7-smb devstack@c-api.service[121143]: /usr/local/lib/python3.8/dist-packages/oslo_context/context.py:105: DeprecationWarning: Policy enforcement is depending on the value of is_admin. This key is deprecated. Please update your policy file to use the standard policy values.
Jan 24 09:49:29.093672 dv-cinder-809523-7-smb devstack@c-api.service[121143]: warnings.warn('Policy enforcement is depending on the value of '
Jan 24 09:49:29.099563 dv-cinder-809523-7-smb devstack@c-api.service[121142]: /usr/local/lib/python3.8/dist-packages/oslo_context/context.py:105: DeprecationWarning: Policy enforcement is depending on the value of is_admin. This key is deprecated. Please update your policy file to use the standard policy values.
Jan 24 09:49:29.099563 dv-cinder-809523-7-smb devstack@c-api.service[121142]: warnings.warn('Policy enforcement is depending on the value of '
Jan 24 09:49:29.127535 dv-cinder-809523-7-smb devstack@c-api.service[121143]: INFO cinder.api.openstack.wsgi [None req-f59f240a-a90a-4ebd-8bc8-18e6c72be951 tempest-GroupsTest-1652461676 tempest-GroupsTest-1652461676-project] http://10.222.0.88/volume/v3/4a3349899bb7420ea6af8560d58d67ad/groups/3159b3b3-016e-4eb4-8516-bedfa83d0277 returned with HTTP 200
Jan 24 09:49:29.129008 dv-cinder-809523-7-smb devstack@c-api.service[121143]: [pid: 121143|app: 0|req: 26/56] 10.222.0.88 () {60 vars in 1362 bytes} [Mon Jan 24 09:49:29 2022] GET /volume/v3/4a3349899bb7420ea6af8560d58d67ad/groups/3159b3b3-016e-4eb4-8516-bedfa83d0277 => generated 323 bytes in 53 msecs (HTTP/1.1 200) 7 headers in 286 bytes (2 switches on core 0)
Jan 24 09:49:29.139781 dv-cinder-809523-7-smb devstack@c-api.service[121143]: INFO cinder.api.openstack.wsgi [None req-51c59015-f749-43f7-b05a-37519f2b9055 tempest-GroupsTest-1652461676 tempest-GroupsTest-1652461676-project] GET http://10.222.0.88/volume/v3/4a3349899bb7420ea6af8560d58d67ad/groups/detail
Jan 24 09:49:29.140742 dv-cinder-809523-7-smb devstack@c-api.service[121143]: DEBUG cinder.api.openstack.wsgi [None req-51c59015-f749-43f7-b05a-37519f2b9055 tempest-GroupsTest-1652461676 tempest-GroupsTest-1652461676-project] Empty body provided in request {{(pid=121143) get_body /opt/stack/cinder/cinder/api/openstack/wsgi.py:715}}
Jan 24 09:49:29.142322 dv-cinder-809523-7-smb devstack@c-api.service[121143]: DEBUG cinder.api.openstack.wsgi [None req-51c59015-f749-43f7-b05a-37519f2b9055 tempest-GroupsTest-1652461676 tempest-GroupsTest-1652461676-project] Calling method 'version_select' {{(pid=121143) _process_stack /opt/stack/cinder/cinder/api/openstack/wsgi.py:868}}
Jan 24 09:49:29.144702 dv-cinder-809523-7-smb devstack@c-api.service[121143]: /usr/local/lib/python3.8/dist-packages/oslo_context/context.py:105: DeprecationWarning: Policy enforcement is depending on the value of is_admin. This key is deprecated. Please update your policy file to use the standard policy values.
Jan 24 09:49:29.144702 dv-cinder-809523-7-smb devstack@c-api.service[121143]: warnings.warn('Policy enforcement is depending on the value of '
Jan 24 09:49:29.149155 dv-cinder-809523-7-smb devstack@c-api.service[121142]: /usr/local/lib/python3.8/dist-packages/oslo_context/context.py:105: DeprecationWarning: Policy enforcement is depending on the value of is_admin. This key is deprecated. Please update your policy file to use the standard policy values.
Jan 24 09:49:29.149155 dv-cinder-809523-7-smb devstack@c-api.service[121142]: warnings.warn('Policy enforcement is depending on the value of '
Jan 24 09:49:29.157337 dv-cinder-809523-7-smb devstack@c-api.service[121142]: /usr/local/lib/python3.8/dist-packages/oslo_context/context.py:105: DeprecationWarning: Policy enforcement is depending on the value of is_admin. This key is deprecated. Please update your policy file to use the standard policy values.
Jan 24 09:49:29.157337 dv-cinder-809523-7-smb devstack@c-api.service[121142]: warnings.warn('Policy enforcement is depending on the value of '
Jan 24 09:49:29.236473 dv-cinder-809523-7-smb devstack@c-api.service[121143]: INFO cinder.api.openstack.wsgi [None req-51c59015-f749-43f7-b05a-37519f2b9055 tempest-GroupsTest-1652461676 tempest-GroupsTest-1652461676-project] http://10.222.0.88/volume/v3/4a3349899bb7420ea6af8560d58d67ad/groups/detail returned with HTTP 200
Jan 24 09:49:29.238500 dv-cinder-809523-7-smb devstack@c-api.service[121143]: [pid: 121143|app: 0|req: 27/57] 10.222.0.88 () {60 vars in 1272 bytes} [Mon Jan 24 09:49:29 2022] GET /volume/v3/4a3349899bb7420ea6af8560d58d67ad/groups/detail => generated 639 bytes in 103 msecs (HTTP/1.1 200) 7 headers in 286 bytes (1 switches on core 0)
Jan 24 09:49:29.250516 dv-cinder-809523-7-smb devstack@c-api.service[121143]: INFO cinder.api.openstack.wsgi [None req-dd9e35eb-e0c2-4b9f-8c20-67467a5dcdb9 tempest-GroupsTest-1652461676 tempest-GroupsTest-1652461676-project] GET http://10.222.0.88/volume/v3/4a3349899bb7420ea6af8560d58d67ad/volumes/detail
Jan 24 09:49:29.251380 dv-cinder-809523-7-smb devstack@c-api.service[121143]: DEBUG cinder.api.openstack.wsgi [None req-dd9e35eb-e0c2-4b9f-8c20-67467a5dcdb9 tempest-GroupsTest-1652461676 tempest-GroupsTest-1652461676-project] Empty body provided in request {{(pid=121143) get_body /opt/stack/cinder/cinder/api/openstack/wsgi.py:715}}
Jan 24 09:49:29.252571 dv-cinder-809523-7-smb devstack@c-api.service[121143]: DEBUG cinder.api.openstack.wsgi [None req-dd9e35eb-e0c2-4b9f-8c20-67467a5dcdb9 tempest-GroupsTest-1652461676 tempest-GroupsTest-1652461676-project] Calling method 'detail' {{(pid=121143) _process_stack /opt/stack/cinder/cinder/api/openstack/wsgi.py:868}}
Jan 24 09:49:29.254017 dv-cinder-809523-7-smb devstack@c-api.service[121143]: DEBUG cinder.api.api_utils [None req-dd9e35eb-e0c2-4b9f-8c20-67467a5dcdb9 tempest-GroupsTest-1652461676 tempest-GroupsTest-1652461676-project] Removing options '' from query. {{(pid=121143) remove_invalid_filter_options /opt/stack/cinder/cinder/api/api_utils.py:73}}
Jan 24 09:49:29.259120 dv-cinder-809523-7-smb devstack@c-api.service[121143]: /usr/local/lib/python3.8/dist-packages/oslo_context/context.py:105: DeprecationWarning: Policy enforcement is depending on the value of is_admin. This key is deprecated. Please update your policy file to use the standard policy values.
Jan 24 09:49:29.259120 dv-cinder-809523-7-smb devstack@c-api.service[121143]: warnings.warn('Policy enforcement is depending on the value of '
Jan 24 09:49:29.260786 dv-cinder-809523-7-smb devstack@c-api.service[121143]: DEBUG cinder.volume.api [None req-dd9e35eb-e0c2-4b9f-8c20-67467a5dcdb9 tempest-GroupsTest-1652461676 tempest-GroupsTest-1652461676-project] Searching by: MultiDict([('no_migration_targets', True)]). {{(pid=121143) get_all /opt/stack/cinder/cinder/volume/api.py:661}}
Jan 24 09:49:29.289882 dv-cinder-809523-7-smb devstack@c-api.service[121142]: DEBUG cinder.quota [None req-c8edf300-af1e-48cc-b58d-08c1232f126a tempest-GroupSnapshotsTest-2064282033 tempest-GroupSnapshotsTest-2064282033-project] Created reservations ['486b4f06-687b-432f-b78a-afd9c21f3263'] {{(pid=121142) reserve /opt/stack/cinder/cinder/quota.py:755}}
Jan 24 09:49:29.376057 dv-cinder-809523-7-smb devstack@c-api.service[121143]: INFO cinder.volume.api [None req-dd9e35eb-e0c2-4b9f-8c20-67467a5dcdb9 tempest-GroupsTest-1652461676 tempest-GroupsTest-1652461676-project] Get all volumes completed successfully.
Jan 24 09:49:29.379407 dv-cinder-809523-7-smb devstack@c-api.service[121143]: WARNING stevedore.named [None req-dd9e35eb-e0c2-4b9f-8c20-67467a5dcdb9 tempest-GroupsTest-1652461676 tempest-GroupsTest-1652461676-project] Could not load cinder.keymgr.conf_key_mgr.ConfKeyManager
Jan 24 09:49:29.380270 dv-cinder-809523-7-smb devstack@c-api.service[121143]: WARNING castellan.key_manager [None req-dd9e35eb-e0c2-4b9f-8c20-67467a5dcdb9 tempest-GroupsTest-1652461676 tempest-GroupsTest-1652461676-project] Deprecation Warning : cinder.keymgr.conf_key_mgr.ConfKeyManager is not a stevedore based driver, trying to load it as a class: stevedore.exception.NoMatches: No 'castellan.drivers' driver found, looking for 'cinder.keymgr.conf_key_mgr.ConfKeyManager'
Jan 24 09:49:29.390993 dv-cinder-809523-7-smb devstack@c-api.service[121143]: DEBUG oslo_db.sqlalchemy.engines [None req-dd9e35eb-e0c2-4b9f-8c20-67467a5dcdb9 tempest-GroupsTest-1652461676 tempest-GroupsTest-1652461676-project] MySQL server mode set to STRICT_TRANS_TABLES,STRICT_ALL_TABLES,NO_ZERO_IN_DATE,NO_ZERO_DATE,ERROR_FOR_DIVISION_BY_ZERO,TRADITIONAL,NO_ENGINE_SUBSTITUTION {{(pid=121143) _check_effective_sql_mode /usr/local/lib/python3.8/dist-packages/oslo_db/sqlalchemy/engines.py:314}}
Jan 24 09:49:29.403894 dv-cinder-809523-7-smb devstack@c-api.service[121143]: /usr/local/lib/python3.8/dist-packages/oslo_context/context.py:105: DeprecationWarning: Policy enforcement is depending on the value of is_admin. This key is deprecated. Please update your policy file to use the standard policy values.
Jan 24 09:49:29.403894 dv-cinder-809523-7-smb devstack@c-api.service[121143]: warnings.warn('Policy enforcement is depending on the value of '
Jan 24 09:49:29.449829 dv-cinder-809523-7-smb devstack@c-api.service[121143]: INFO cinder.api.openstack.wsgi [None req-dd9e35eb-e0c2-4b9f-8c20-67467a5dcdb9 tempest-GroupsTest-1652461676 tempest-GroupsTest-1652461676-project] http://10.222.0.88/volume/v3/4a3349899bb7420ea6af8560d58d67ad/volumes/detail returned with HTTP 200
Jan 24 09:49:29.453096 dv-cinder-809523-7-smb devstack@c-api.service[121143]: [pid: 121143|app: 0|req: 28/58] 10.222.0.88 () {60 vars in 1275 bytes} [Mon Jan 24 09:49:29 2022] GET /volume/v3/4a3349899bb7420ea6af8560d58d67ad/volumes/detail => generated 975 bytes in 207 msecs (HTTP/1.1 200) 7 headers in 286 bytes (2 switches on core 0)
Jan 24 09:49:29.467443 dv-cinder-809523-7-smb devstack@c-api.service[121143]: INFO cinder.api.openstack.wsgi [None req-9e737bc4-3e70-4f9e-bd44-876f74af90b1 tempest-GroupsTest-1652461676 tempest-GroupsTest-1652461676-project] GET http://10.222.0.88/volume/v3/4a3349899bb7420ea6af8560d58d67ad/volumes/detail
