Sep 23 11:26:30.039850 dv-cinder-809523-4-smb devstack@n-api.service[109321]: DEBUG nova.policy [None req-4621a379-a175-4666-bba1-c28f11f748bc tempest-DeleteServersTestJSON-478318255 tempest-DeleteServersTestJSON-478318255-project] Policy check for os_compute_api:os-extended-server-attributes failed with credentials {'is_admin': False, 'user_id': '8f9362e3f6f5468d99f8970143ddc71b', 'user_domain_id': 'default', 'system_scope': None, 'domain_id': None, 'project_id': '9b0d57f317b549e887e2fae831179671', 'project_domain_id': 'default', 'roles': ['reader', 'member'], 'is_admin_project': True, 'service_user_id': None, 'service_user_domain_id': None, 'service_project_id': None, 'service_project_domain_id': None, 'service_roles': []} {{(pid=109321) authorize /opt/stack/nova/nova/policy.py:199}}
Sep 23 11:26:30.040282 dv-cinder-809523-4-smb devstack@n-api.service[109322]: DEBUG oslo_concurrency.lockutils [None req-f2b2558f-45f6-481a-8127-bf370520a1eb tempest-ServerRescueNegativeTestJSON-1077982216 tempest-ServerRescueNegativeTestJSON-1077982216-project] Lock "a06e2106-c098-47ba-b660-25c98ab8b62f" acquired by "nova.context.set_target_cell..get_or_set_cached_cell_and_set_connections" :: waited 0.000s {{(pid=109322) inner /usr/local/lib/python3.8/dist-packages/oslo_concurrency/lockutils.py:355}}
Sep 23 11:26:30.040282 dv-cinder-809523-4-smb devstack@n-api.service[109322]: DEBUG oslo_concurrency.lockutils [None req-f2b2558f-45f6-481a-8127-bf370520a1eb tempest-ServerRescueNegativeTestJSON-1077982216 tempest-ServerRescueNegativeTestJSON-1077982216-project] Lock "a06e2106-c098-47ba-b660-25c98ab8b62f" released by "nova.context.set_target_cell..get_or_set_cached_cell_and_set_connections" :: held 0.001s {{(pid=109322) inner /usr/local/lib/python3.8/dist-packages/oslo_concurrency/lockutils.py:367}}
Sep 23 11:26:30.040282 dv-cinder-809523-4-smb devstack@n-api.service[109322]: DEBUG oslo_concurrency.lockutils [None req-f2b2558f-45f6-481a-8127-bf370520a1eb tempest-ServerRescueNegativeTestJSON-1077982216 tempest-ServerRescueNegativeTestJSON-1077982216-project] Lock "a06e2106-c098-47ba-b660-25c98ab8b62f" acquired by "nova.context.set_target_cell..get_or_set_cached_cell_and_set_connections" :: waited 0.000s {{(pid=109322) inner /usr/local/lib/python3.8/dist-packages/oslo_concurrency/lockutils.py:355}}
Sep 23 11:26:30.040282 dv-cinder-809523-4-smb devstack@n-api.service[109322]: DEBUG oslo_concurrency.lockutils [None req-f2b2558f-45f6-481a-8127-bf370520a1eb tempest-ServerRescueNegativeTestJSON-1077982216 tempest-ServerRescueNegativeTestJSON-1077982216-project] Lock "a06e2106-c098-47ba-b660-25c98ab8b62f" released by "nova.context.set_target_cell..get_or_set_cached_cell_and_set_connections" :: held 0.000s {{(pid=109322) inner /usr/local/lib/python3.8/dist-packages/oslo_concurrency/lockutils.py:367}}
Sep 23 11:26:30.040638 dv-cinder-809523-4-smb devstack@n-api.service[109321]: INFO nova.api.openstack.requestlog [None req-4621a379-a175-4666-bba1-c28f11f748bc tempest-DeleteServersTestJSON-478318255 tempest-DeleteServersTestJSON-478318255-project] 10.222.0.43 "GET /compute/v2.1/servers/8f4d46c9-8700-460f-bd92-a520c7395591" status: 200 len: 1315 microversion: 2.1 time: 1.053446
Sep 23 11:26:30.040638 dv-cinder-809523-4-smb devstack@n-api.service[109321]: [pid: 109321|app: 0|req: 20/36] 10.222.0.43 () {58 vars in 1236 bytes} [Thu Sep 23 11:26:28 2021] GET /compute/v2.1/servers/8f4d46c9-8700-460f-bd92-a520c7395591 => generated 1315 bytes in 1057 msecs (HTTP/1.1 200) 9 headers in 358 bytes (1 switches on core 0)
Sep 23 11:26:30.180496 dv-cinder-809523-4-smb devstack@n-api.service[109322]: DEBUG nova.policy [None req-f2b2558f-45f6-481a-8127-bf370520a1eb tempest-ServerRescueNegativeTestJSON-1077982216 tempest-ServerRescueNegativeTestJSON-1077982216-project] Policy check for os_compute_api:os-extended-server-attributes failed with credentials {'is_admin': False, 'user_id': '1d46d7c2dd34409a91491fc090f532fc', 'user_domain_id': 'default', 'system_scope': None, 'domain_id': None, 'project_id': '588525df0a45440d8693b1319cbe223d', 'project_domain_id': 'default', 'roles': ['reader', 'member'], 'is_admin_project': True, 'service_user_id': None, 'service_user_domain_id': None, 'service_project_id': None, 'service_project_domain_id': None, 'service_roles': []} {{(pid=109322) authorize /opt/stack/nova/nova/policy.py:199}}
Sep 23 11:26:30.197799 dv-cinder-809523-4-smb devstack@n-api.service[109322]: INFO nova.api.openstack.requestlog [None req-f2b2558f-45f6-481a-8127-bf370520a1eb tempest-ServerRescueNegativeTestJSON-1077982216 tempest-ServerRescueNegativeTestJSON-1077982216-project] 10.222.0.43 "GET /compute/v2.1/servers/9f719dc7-a22c-49b5-a05e-e56b8c113c9e" status: 200 len: 1225 microversion: 2.1 time: 0.200221
Sep 23 11:26:30.198958 dv-cinder-809523-4-smb devstack@n-api.service[109322]: [pid: 109322|app: 0|req: 17/37] 10.222.0.43 () {58 vars in 1236 bytes} [Thu Sep 23 11:26:29 2021] GET /compute/v2.1/servers/9f719dc7-a22c-49b5-a05e-e56b8c113c9e => generated 1225 bytes in 202 msecs (HTTP/1.1 200) 9 headers in 358 bytes (1 switches on core 0)
Sep 23 11:26:31.061494 dv-cinder-809523-4-smb devstack@n-api.service[109322]: DEBUG nova.api.openstack.wsgi [None req-936d4096-b9cc-4491-881c-4f8288f87ee4 tempest-DeleteServersTestJSON-478318255 tempest-DeleteServersTestJSON-478318255-project] Calling method '>' {{(pid=109322) _process_stack /opt/stack/nova/nova/api/openstack/wsgi.py:513}}
Sep 23 11:26:31.062966 dv-cinder-809523-4-smb devstack@n-api.service[109322]: DEBUG nova.compute.api [None req-936d4096-b9cc-4491-881c-4f8288f87ee4 tempest-DeleteServersTestJSON-478318255 tempest-DeleteServersTestJSON-478318255-project] [instance: 8f4d46c9-8700-460f-bd92-a520c7395591] Fetching instance by UUID {{(pid=109322) get /opt/stack/nova/nova/compute/api.py:2863}}
Sep 23 11:26:31.065591 dv-cinder-809523-4-smb devstack@n-api.service[109321]: DEBUG nova.api.openstack.wsgi [None req-ac8d2562-bc6a-4565-aa2e-13d9f9040719 tempest-AttachVolumeShelveTestJSON-393500730 tempest-AttachVolumeShelveTestJSON-393500730-project] Calling method '>' {{(pid=109321) _process_stack /opt/stack/nova/nova/api/openstack/wsgi.py:513}}
Sep 23 11:26:31.066400 dv-cinder-809523-4-smb devstack@n-api.service[109321]: DEBUG nova.compute.api [None req-ac8d2562-bc6a-4565-aa2e-13d9f9040719 tempest-AttachVolumeShelveTestJSON-393500730 tempest-AttachVolumeShelveTestJSON-393500730-project] [instance: 75dc0f17-927e-4863-8c82-2767361196e5] Fetching instance by UUID {{(pid=109321) get /opt/stack/nova/nova/compute/api.py:2863}}
Sep 23 11:26:31.076737 dv-cinder-809523-4-smb devstack@n-api.service[109322]: DEBUG oslo_concurrency.lockutils [None req-936d4096-b9cc-4491-881c-4f8288f87ee4 tempest-DeleteServersTestJSON-478318255 tempest-DeleteServersTestJSON-478318255-project] Lock "a06e2106-c098-47ba-b660-25c98ab8b62f" acquired by "nova.context.set_target_cell..get_or_set_cached_cell_and_set_connections" :: waited 0.000s {{(pid=109322) inner /usr/local/lib/python3.8/dist-packages/oslo_concurrency/lockutils.py:355}}
Sep 23 11:26:31.077639 dv-cinder-809523-4-smb devstack@n-api.service[109321]: DEBUG oslo_concurrency.lockutils [None req-ac8d2562-bc6a-4565-aa2e-13d9f9040719 tempest-AttachVolumeShelveTestJSON-393500730 tempest-AttachVolumeShelveTestJSON-393500730-project] Lock "a06e2106-c098-47ba-b660-25c98ab8b62f" acquired by "nova.context.set_target_cell..get_or_set_cached_cell_and_set_connections" :: waited 0.000s {{(pid=109321) inner /usr/local/lib/python3.8/dist-packages/oslo_concurrency/lockutils.py:355}}
Sep 23 11:26:31.078951 dv-cinder-809523-4-smb devstack@n-api.service[109321]: DEBUG oslo_concurrency.lockutils [None req-ac8d2562-bc6a-4565-aa2e-13d9f9040719 tempest-AttachVolumeShelveTestJSON-393500730 tempest-AttachVolumeShelveTestJSON-393500730-project] Lock "a06e2106-c098-47ba-b660-25c98ab8b62f" released by "nova.context.set_target_cell..get_or_set_cached_cell_and_set_connections" :: held 0.003s {{(pid=109321) inner /usr/local/lib/python3.8/dist-packages/oslo_concurrency/lockutils.py:367}}
Sep 23 11:26:31.079394 dv-cinder-809523-4-smb devstack@n-api.service[109322]: DEBUG oslo_concurrency.lockutils [None req-936d4096-b9cc-4491-881c-4f8288f87ee4 tempest-DeleteServersTestJSON-478318255 tempest-DeleteServersTestJSON-478318255-project] Lock "a06e2106-c098-47ba-b660-25c98ab8b62f" released by "nova.context.set_target_cell..get_or_set_cached_cell_and_set_connections" :: held 0.001s {{(pid=109322) inner /usr/local/lib/python3.8/dist-packages/oslo_concurrency/lockutils.py:367}}
Sep 23 11:26:31.080443 dv-cinder-809523-4-smb devstack@n-api.service[109322]: DEBUG oslo_concurrency.lockutils [None req-936d4096-b9cc-4491-881c-4f8288f87ee4 tempest-DeleteServersTestJSON-478318255 tempest-DeleteServersTestJSON-478318255-project] Lock "a06e2106-c098-47ba-b660-25c98ab8b62f" acquired by "nova.context.set_target_cell..get_or_set_cached_cell_and_set_connections" :: waited 0.000s {{(pid=109322) inner /usr/local/lib/python3.8/dist-packages/oslo_concurrency/lockutils.py:355}}
Sep 23 11:26:31.081748 dv-cinder-809523-4-smb devstack@n-api.service[109321]: DEBUG oslo_concurrency.lockutils [None req-ac8d2562-bc6a-4565-aa2e-13d9f9040719 tempest-AttachVolumeShelveTestJSON-393500730 tempest-AttachVolumeShelveTestJSON-393500730-project] Lock "a06e2106-c098-47ba-b660-25c98ab8b62f" acquired by "nova.context.set_target_cell..get_or_set_cached_cell_and_set_connections" :: waited 0.000s {{(pid=109321) inner /usr/local/lib/python3.8/dist-packages/oslo_concurrency/lockutils.py:355}}
Sep 23 11:26:31.082386 dv-cinder-809523-4-smb devstack@n-api.service[109321]: DEBUG oslo_concurrency.lockutils [None req-ac8d2562-bc6a-4565-aa2e-13d9f9040719 tempest-AttachVolumeShelveTestJSON-393500730 tempest-AttachVolumeShelveTestJSON-393500730-project] Lock "a06e2106-c098-47ba-b660-25c98ab8b62f" released by "nova.context.set_target_cell..get_or_set_cached_cell_and_set_connections" :: held 0.001s {{(pid=109321) inner /usr/local/lib/python3.8/dist-packages/oslo_concurrency/lockutils.py:367}}
Sep 23 11:26:31.083189 dv-cinder-809523-4-smb devstack@n-api.service[109322]: DEBUG oslo_concurrency.lockutils [None req-936d4096-b9cc-4491-881c-4f8288f87ee4 tempest-DeleteServersTestJSON-478318255 tempest-DeleteServersTestJSON-478318255-project] Lock "a06e2106-c098-47ba-b660-25c98ab8b62f" released by "nova.context.set_target_cell..get_or_set_cached_cell_and_set_connections" :: held 0.003s {{(pid=109322) inner /usr/local/lib/python3.8/dist-packages/oslo_concurrency/lockutils.py:367}}
Sep 23 11:26:31.268829 dv-cinder-809523-4-smb devstack@n-api.service[109321]: DEBUG nova.policy [None req-ac8d2562-bc6a-4565-aa2e-13d9f9040719 tempest-AttachVolumeShelveTestJSON-393500730 tempest-AttachVolumeShelveTestJSON-393500730-project] Policy check for os_compute_api:os-extended-server-attributes failed with credentials {'is_admin': False, 'user_id': '5389c3bcfaff49779189a0a8eb2a1bc1', 'user_domain_id': 'default', 'system_scope': None, 'domain_id': None, 'project_id': '169c55b272b04dd49ab22e899648d0c5', 'project_domain_id': 'default', 'roles': ['reader', 'member'], 'is_admin_project': True, 'service_user_id': None, 'service_user_domain_id': None, 'service_project_id': None, 'service_project_domain_id': None, 'service_roles': []} {{(pid=109321) authorize /opt/stack/nova/nova/policy.py:199}}
Sep 23 11:26:31.300636 dv-cinder-809523-4-smb devstack@n-api.service[109321]: DEBUG nova.policy [None req-ac8d2562-bc6a-4565-aa2e-13d9f9040719 tempest-AttachVolumeShelveTestJSON-393500730 tempest-AttachVolumeShelveTestJSON-393500730-project] Policy check for os_compute_api:servers:show:host_status failed with credentials {'is_admin': False, 'user_id': '5389c3bcfaff49779189a0a8eb2a1bc1', 'user_domain_id': 'default', 'system_scope': None, 'domain_id': None, 'project_id': '169c55b272b04dd49ab22e899648d0c5', 'project_domain_id': 'default', 'roles': ['reader', 'member'], 'is_admin_project': True, 'service_user_id': None, 'service_user_domain_id': None, 'service_project_id': None, 'service_project_domain_id': None, 'service_roles': []} {{(pid=109321) authorize /opt/stack/nova/nova/policy.py:199}}
Sep 23 11:26:31.315511 dv-cinder-809523-4-smb devstack@n-api.service[109321]: DEBUG nova.policy [None req-ac8d2562-bc6a-4565-aa2e-13d9f9040719 tempest-AttachVolumeShelveTestJSON-393500730 tempest-AttachVolumeShelveTestJSON-393500730-project] Policy check for os_compute_api:servers:show:host_status:unknown-only failed with credentials {'is_admin': False, 'user_id': '5389c3bcfaff49779189a0a8eb2a1bc1', 'user_domain_id': 'default', 'system_scope': None, 'domain_id': None, 'project_id': '169c55b272b04dd49ab22e899648d0c5', 'project_domain_id': 'default', 'roles': ['reader', 'member'], 'is_admin_project': True, 'service_user_id': None, 'service_user_domain_id': None, 'service_project_id': None, 'service_project_domain_id': None, 'service_roles': []} {{(pid=109321) authorize /opt/stack/nova/nova/policy.py:199}}
Sep 23 11:26:31.316691 dv-cinder-809523-4-smb devstack@n-api.service[109321]: INFO nova.api.openstack.requestlog [None req-ac8d2562-bc6a-4565-aa2e-13d9f9040719 tempest-AttachVolumeShelveTestJSON-393500730 tempest-AttachVolumeShelveTestJSON-393500730-project] 10.222.0.43 "GET /compute/v2.1/servers/75dc0f17-927e-4863-8c82-2767361196e5" status: 200 len: 1333 microversion: 2.20 time: 0.265231
Sep 23 11:26:31.350441 dv-cinder-809523-4-smb devstack@n-api.service[109321]: [pid: 109321|app: 0|req: 21/38] 10.222.0.43 () {60 vars in 1277 bytes} [Thu Sep 23 11:26:31 2021] GET /compute/v2.1/servers/75dc0f17-927e-4863-8c82-2767361196e5 => generated 1333 bytes in 299 msecs (HTTP/1.1 200) 9 headers in 360 bytes (1 switches on core 0)
Sep 23 11:26:31.370757 dv-cinder-809523-4-smb devstack@n-api.service[109321]: DEBUG nova.api.openstack.wsgi [None req-836e8d26-adee-45a2-8c4b-04ffaca29c0d tempest-ServerRescueNegativeTestJSON-1077982216 tempest-ServerRescueNegativeTestJSON-1077982216-project] Calling method '>' {{(pid=109321) _process_stack /opt/stack/nova/nova/api/openstack/wsgi.py:513}}
Sep 23 11:26:31.371403 dv-cinder-809523-4-smb devstack@n-api.service[109321]: DEBUG nova.compute.api [None req-836e8d26-adee-45a2-8c4b-04ffaca29c0d tempest-ServerRescueNegativeTestJSON-1077982216 tempest-ServerRescueNegativeTestJSON-1077982216-project] [instance: 9f719dc7-a22c-49b5-a05e-e56b8c113c9e] Fetching instance by UUID {{(pid=109321) get /opt/stack/nova/nova/compute/api.py:2863}}
Sep 23 11:26:31.408574 dv-cinder-809523-4-smb devstack@n-api.service[109321]: DEBUG oslo_concurrency.lockutils [None req-836e8d26-adee-45a2-8c4b-04ffaca29c0d tempest-ServerRescueNegativeTestJSON-1077982216 tempest-ServerRescueNegativeTestJSON-1077982216-project] Lock "a06e2106-c098-47ba-b660-25c98ab8b62f" acquired by "nova.context.set_target_cell..get_or_set_cached_cell_and_set_connections" :: waited 0.001s {{(pid=109321) inner /usr/local/lib/python3.8/dist-packages/oslo_concurrency/lockutils.py:355}}
Sep 23 11:26:31.409407 dv-cinder-809523-4-smb devstack@n-api.service[109321]: DEBUG oslo_concurrency.lockutils [None req-836e8d26-adee-45a2-8c4b-04ffaca29c0d tempest-ServerRescueNegativeTestJSON-1077982216 tempest-ServerRescueNegativeTestJSON-1077982216-project] Lock "a06e2106-c098-47ba-b660-25c98ab8b62f" released by "nova.context.set_target_cell..get_or_set_cached_cell_and_set_connections" :: held 0.002s {{(pid=109321) inner /usr/local/lib/python3.8/dist-packages/oslo_concurrency/lockutils.py:367}}
Sep 23 11:26:31.410954 dv-cinder-809523-4-smb devstack@n-api.service[109321]: DEBUG oslo_concurrency.lockutils [None req-836e8d26-adee-45a2-8c4b-04ffaca29c0d tempest-ServerRescueNegativeTestJSON-1077982216 tempest-ServerRescueNegativeTestJSON-1077982216-project] Lock "a06e2106-c098-47ba-b660-25c98ab8b62f" acquired by "nova.context.set_target_cell..get_or_set_cached_cell_and_set_connections" :: waited 0.000s {{(pid=109321) inner /usr/local/lib/python3.8/dist-packages/oslo_concurrency/lockutils.py:355}}
Sep 23 11:26:31.412024 dv-cinder-809523-4-smb devstack@n-api.service[109321]: DEBUG oslo_concurrency.lockutils [None req-836e8d26-adee-45a2-8c4b-04ffaca29c0d tempest-ServerRescueNegativeTestJSON-1077982216 tempest-ServerRescueNegativeTestJSON-1077982216-project] Lock "a06e2106-c098-47ba-b660-25c98ab8b62f" released by "nova.context.set_target_cell..get_or_set_cached_cell_and_set_connections" :: held 0.001s {{(pid=109321) inner /usr/local/lib/python3.8/dist-packages/oslo_concurrency/lockutils.py:367}}
Sep 23 11:26:31.643782 dv-cinder-809523-4-smb devstack@n-api.service[109321]: DEBUG nova.policy [None req-836e8d26-adee-45a2-8c4b-04ffaca29c0d tempest-ServerRescueNegativeTestJSON-1077982216 tempest-ServerRescueNegativeTestJSON-1077982216-project] Policy check for os_compute_api:os-extended-server-attributes failed with credentials {'is_admin': False, 'user_id': '1d46d7c2dd34409a91491fc090f532fc', 'user_domain_id': 'default', 'system_scope': None, 'domain_id': None, 'project_id': '588525df0a45440d8693b1319cbe223d', 'project_domain_id': 'default', 'roles': ['reader', 'member'], 'is_admin_project': True, 'service_user_id': None, 'service_user_domain_id': None, 'service_project_id': None, 'service_project_domain_id': None, 'service_roles': []} {{(pid=109321) authorize /opt/stack/nova/nova/policy.py:199}}
Sep 23 11:26:31.673613 dv-cinder-809523-4-smb devstack@n-api.service[109321]: INFO nova.api.openstack.requestlog [None req-836e8d26-adee-45a2-8c4b-04ffaca29c0d tempest-ServerRescueNegativeTestJSON-1077982216 tempest-ServerRescueNegativeTestJSON-1077982216-project] 10.222.0.43 "GET /compute/v2.1/servers/9f719dc7-a22c-49b5-a05e-e56b8c113c9e" status: 200 len: 1273 microversion: 2.1 time: 0.321776
Sep 23 11:26:31.679753 dv-cinder-809523-4-smb devstack@n-api.service[109321]: [pid: 109321|app: 0|req: 22/39] 10.222.0.43 () {58 vars in 1236 bytes} [Thu Sep 23 11:26:31 2021] GET /compute/v2.1/servers/9f719dc7-a22c-49b5-a05e-e56b8c113c9e => generated 1273 bytes in 329 msecs (HTTP/1.1 200) 9 headers in 358 bytes (1 switches on core 0)
Sep 23 11:26:31.768383 dv-cinder-809523-4-smb devstack@n-api.service[109322]: DEBUG nova.policy [None req-936d4096-b9cc-4491-881c-4f8288f87ee4 tempest-DeleteServersTestJSON-478318255 tempest-DeleteServersTestJSON-478318255-project] Policy check for os_compute_api:os-extended-server-attributes failed with credentials {'is_admin': False, 'user_id': '8f9362e3f6f5468d99f8970143ddc71b', 'user_domain_id': 'default', 'system_scope': None, 'domain_id': None, 'project_id': '9b0d57f317b549e887e2fae831179671', 'project_domain_id': 'default', 'roles': ['reader', 'member'], 'is_admin_project': True, 'service_user_id': None, 'service_user_domain_id': None, 'service_project_id': None, 'service_project_domain_id': None, 'service_roles': []} {{(pid=109322) authorize /opt/stack/nova/nova/policy.py:199}}
Sep 23 11:26:31.778350 dv-cinder-809523-4-smb devstack@n-api.service[109322]: INFO nova.api.openstack.requestlog [None req-936d4096-b9cc-4491-881c-4f8288f87ee4 tempest-DeleteServersTestJSON-478318255 tempest-DeleteServersTestJSON-478318255-project] 10.222.0.43 "GET /compute/v2.1/servers/8f4d46c9-8700-460f-bd92-a520c7395591" status: 200 len: 1315 microversion: 2.1 time: 0.725294
Sep 23 11:26:31.779771 dv-cinder-809523-4-smb devstack@n-api.service[109322]: [pid: 109322|app: 0|req: 18/40] 10.222.0.43 () {58 vars in 1236 bytes} [Thu Sep 23 11:26:31 2021] GET /compute/v2.1/servers/8f4d46c9-8700-460f-bd92-a520c7395591 => generated 1315 bytes in 727 msecs (HTTP/1.1 200) 9 headers in 358 bytes (1 switches on core 0)
Sep 23 11:26:32.358020 dv-cinder-809523-4-smb devstack@n-api.service[109321]: DEBUG nova.api.openstack.wsgi [None req-538b1f04-b540-42c7-a674-7bcd46258a4b tempest-AttachVolumeShelveTestJSON-393500730 tempest-AttachVolumeShelveTestJSON-393500730-project] Calling method '>' {{(pid=109321) _process_stack /opt/stack/nova/nova/api/openstack/wsgi.py:513}}
Sep 23 11:26:32.358020 dv-cinder-809523-4-smb devstack@n-api.service[109321]: DEBUG nova.compute.api [None req-538b1f04-b540-42c7-a674-7bcd46258a4b tempest-AttachVolumeShelveTestJSON-393500730 tempest-AttachVolumeShelveTestJSON-393500730-project] [instance: 75dc0f17-927e-4863-8c82-2767361196e5] Fetching instance by UUID {{(pid=109321) get /opt/stack/nova/nova/compute/api.py:2863}}
Sep 23 11:26:32.358020 dv-cinder-809523-4-smb devstack@n-api.service[109321]: DEBUG oslo_concurrency.lockutils [None req-538b1f04-b540-42c7-a674-7bcd46258a4b tempest-AttachVolumeShelveTestJSON-393500730 tempest-AttachVolumeShelveTestJSON-393500730-project] Lock "a06e2106-c098-47ba-b660-25c98ab8b62f" acquired by "nova.context.set_target_cell..get_or_set_cached_cell_and_set_connections" :: waited 0.000s {{(pid=109321) inner /usr/local/lib/python3.8/dist-packages/oslo_concurrency/lockutils.py:355}}
Sep 23 11:26:32.358020 dv-cinder-809523-4-smb devstack@n-api.service[109321]: DEBUG oslo_concurrency.lockutils [None req-538b1f04-b540-42c7-a674-7bcd46258a4b tempest-AttachVolumeShelveTestJSON-393500730 tempest-AttachVolumeShelveTestJSON-393500730-project] Lock "a06e2106-c098-47ba-b660-25c98ab8b62f" released by "nova.context.set_target_cell..get_or_set_cached_cell_and_set_connections" :: held 0.001s {{(pid=109321) inner /usr/local/lib/python3.8/dist-packages/oslo_concurrency/lockutils.py:367}}
Sep 23 11:26:32.362443 dv-cinder-809523-4-smb devstack@n-api.service[109321]: DEBUG oslo_concurrency.lockutils [None req-538b1f04-b540-42c7-a674-7bcd46258a4b tempest-AttachVolumeShelveTestJSON-393500730 tempest-AttachVolumeShelveTestJSON-393500730-project] Lock "a06e2106-c098-47ba-b660-25c98ab8b62f" acquired by "nova.context.set_target_cell..get_or_set_cached_cell_and_set_connections" :: waited 0.000s {{(pid=109321) inner /usr/local/lib/python3.8/dist-packages/oslo_concurrency/lockutils.py:355}}
Sep 23 11:26:32.362443 dv-cinder-809523-4-smb devstack@n-api.service[109321]: DEBUG oslo_concurrency.lockutils [None req-538b1f04-b540-42c7-a674-7bcd46258a4b tempest-AttachVolumeShelveTestJSON-393500730 tempest-AttachVolumeShelveTestJSON-393500730-project] Lock "a06e2106-c098-47ba-b660-25c98ab8b62f" released by "nova.context.set_target_cell..get_or_set_cached_cell_and_set_connections" :: held 0.000s {{(pid=109321) inner /usr/local/lib/python3.8/dist-packages/oslo_concurrency/lockutils.py:367}}
Sep 23 11:26:32.523300 dv-cinder-809523-4-smb devstack@n-api.service[109321]: DEBUG nova.policy [None req-538b1f04-b540-42c7-a674-7bcd46258a4b tempest-AttachVolumeShelveTestJSON-393500730 tempest-AttachVolumeShelveTestJSON-393500730-project] Policy check for os_compute_api:os-extended-server-attributes failed with credentials {'is_admin': False, 'user_id': '5389c3bcfaff49779189a0a8eb2a1bc1', 'user_domain_id': 'default', 'system_scope': None, 'domain_id': None, 'project_id': '169c55b272b04dd49ab22e899648d0c5', 'project_domain_id': 'default', 'roles': ['reader', 'member'], 'is_admin_project': True, 'service_user_id': None, 'service_user_domain_id': None, 'service_project_id': None, 'service_project_domain_id': None, 'service_roles': []} {{(pid=109321) authorize /opt/stack/nova/nova/policy.py:199}}
Sep 23 11:26:32.532291 dv-cinder-809523-4-smb devstack@n-api.service[109321]: DEBUG nova.policy [None req-538b1f04-b540-42c7-a674-7bcd46258a4b tempest-AttachVolumeShelveTestJSON-393500730 tempest-AttachVolumeShelveTestJSON-393500730-project] Policy check for os_compute_api:servers:show:host_status failed with credentials {'is_admin': False, 'user_id': '5389c3bcfaff49779189a0a8eb2a1bc1', 'user_domain_id': 'default', 'system_scope': None, 'domain_id': None, 'project_id': '169c55b272b04dd49ab22e899648d0c5', 'project_domain_id': 'default', 'roles': ['reader', 'member'], 'is_admin_project': True, 'service_user_id': None, 'service_user_domain_id': None, 'service_project_id': None, 'service_project_domain_id': None, 'service_roles': []} {{(pid=109321) authorize /opt/stack/nova/nova/policy.py:199}}
Sep 23 11:26:32.534125 dv-cinder-809523-4-smb devstack@n-api.service[109321]: DEBUG nova.policy [None req-538b1f04-b540-42c7-a674-7bcd46258a4b tempest-AttachVolumeShelveTestJSON-393500730 tempest-AttachVolumeShelveTestJSON-393500730-project] Policy check for os_compute_api:servers:show:host_status:unknown-only failed with credentials {'is_admin': False, 'user_id': '5389c3bcfaff49779189a0a8eb2a1bc1', 'user_domain_id': 'default', 'system_scope': None, 'domain_id': None, 'project_id': '169c55b272b04dd49ab22e899648d0c5', 'project_domain_id': 'default', 'roles': ['reader', 'member'], 'is_admin_project': True, 'service_user_id': None, 'service_user_domain_id': None, 'service_project_id': None, 'service_project_domain_id': None, 'service_roles': []} {{(pid=109321) authorize /opt/stack/nova/nova/policy.py:199}}
Sep 23 11:26:32.540512 dv-cinder-809523-4-smb devstack@n-api.service[109321]: INFO nova.api.openstack.requestlog [None req-538b1f04-b540-42c7-a674-7bcd46258a4b tempest-AttachVolumeShelveTestJSON-393500730 tempest-AttachVolumeShelveTestJSON-393500730-project] 10.222.0.43 "GET /compute/v2.1/servers/75dc0f17-927e-4863-8c82-2767361196e5" status: 200 len: 1339 microversion: 2.20 time: 0.204146
Sep 23 11:26:32.540512 dv-cinder-809523-4-smb devstack@n-api.service[109321]: [pid: 109321|app: 0|req: 23/41] 10.222.0.43 () {60 vars in 1277 bytes} [Thu Sep 23 11:26:32 2021] GET /compute/v2.1/servers/75dc0f17-927e-4863-8c82-2767361196e5 => generated 1339 bytes in 205 msecs (HTTP/1.1 200) 9 headers in 360 bytes (1 switches on core 0)
Sep 23 11:26:32.756982 dv-cinder-809523-4-smb devstack@n-api.service[109322]: DEBUG nova.api.openstack.wsgi [None req-120751e9-3d56-4a69-b00c-5a6d2c169c66 tempest-ServerRescueNegativeTestJSON-1077982216 tempest-ServerRescueNegativeTestJSON-1077982216-project] Calling method '>' {{(pid=109322) _process_stack /opt/stack/nova/nova/api/openstack/wsgi.py:513}}
Sep 23 11:26:32.756982 dv-cinder-809523-4-smb devstack@n-api.service[109322]: DEBUG nova.compute.api [None req-120751e9-3d56-4a69-b00c-5a6d2c169c66 tempest-ServerRescueNegativeTestJSON-1077982216 tempest-ServerRescueNegativeTestJSON-1077982216-project] [instance: 9f719dc7-a22c-49b5-a05e-e56b8c113c9e] Fetching instance by UUID {{(pid=109322) get /opt/stack/nova/nova/compute/api.py:2863}}
Sep 23 11:26:32.756982 dv-cinder-809523-4-smb devstack@n-api.service[109322]: DEBUG oslo_concurrency.lockutils [None req-120751e9-3d56-4a69-b00c-5a6d2c169c66 tempest-ServerRescueNegativeTestJSON-1077982216 tempest-ServerRescueNegativeTestJSON-1077982216-project] Lock "a06e2106-c098-47ba-b660-25c98ab8b62f" acquired by "nova.context.set_target_cell..get_or_set_cached_cell_and_set_connections" :: waited 0.000s {{(pid=109322) inner /usr/local/lib/python3.8/dist-packages/oslo_concurrency/lockutils.py:355}}
Sep 23 11:26:32.756982 dv-cinder-809523-4-smb devstack@n-api.service[109322]: DEBUG oslo_concurrency.lockutils [None req-120751e9-3d56-4a69-b00c-5a6d2c169c66 tempest-ServerRescueNegativeTestJSON-1077982216 tempest-ServerRescueNegativeTestJSON-1077982216-project] Lock "a06e2106-c098-47ba-b660-25c98ab8b62f" released by "nova.context.set_target_cell..get_or_set_cached_cell_and_set_connections" :: held 0.001s {{(pid=109322) inner /usr/local/lib/python3.8/dist-packages/oslo_concurrency/lockutils.py:367}}
Sep 23 11:26:32.758434 dv-cinder-809523-4-smb devstack@n-api.service[109322]: DEBUG oslo_concurrency.lockutils [None req-120751e9-3d56-4a69-b00c-5a6d2c169c66 tempest-ServerRescueNegativeTestJSON-1077982216 tempest-ServerRescueNegativeTestJSON-1077982216-project] Lock "a06e2106-c098-47ba-b660-25c98ab8b62f" acquired by "nova.context.set_target_cell..get_or_set_cached_cell_and_set_connections" :: waited 0.000s {{(pid=109322) inner /usr/local/lib/python3.8/dist-packages/oslo_concurrency/lockutils.py:355}}
Sep 23 11:26:32.758434 dv-cinder-809523-4-smb devstack@n-api.service[109322]: DEBUG oslo_concurrency.lockutils [None req-120751e9-3d56-4a69-b00c-5a6d2c169c66 tempest-ServerRescueNegativeTestJSON-1077982216 tempest-ServerRescueNegativeTestJSON-1077982216-project] Lock "a06e2106-c098-47ba-b660-25c98ab8b62f" released by "nova.context.set_target_cell..get_or_set_cached_cell_and_set_connections" :: held 0.000s {{(pid=109322) inner /usr/local/lib/python3.8/dist-packages/oslo_concurrency/lockutils.py:367}}
Sep 23 11:26:32.799762 dv-cinder-809523-4-smb devstack@n-api.service[109321]: DEBUG nova.api.openstack.wsgi [None req-ba4c57eb-4418-4712-b672-347a66e800bf tempest-DeleteServersTestJSON-478318255 tempest-DeleteServersTestJSON-478318255-project] Calling method '>' {{(pid=109321) _process_stack /opt/stack/nova/nova/api/openstack/wsgi.py:513}}
Sep 23 11:26:32.801038 dv-cinder-809523-4-smb devstack@n-api.service[109321]: DEBUG nova.compute.api [None req-ba4c57eb-4418-4712-b672-347a66e800bf tempest-DeleteServersTestJSON-478318255 tempest-DeleteServersTestJSON-478318255-project] [instance: 8f4d46c9-8700-460f-bd92-a520c7395591] Fetching instance by UUID {{(pid=109321) get /opt/stack/nova/nova/compute/api.py:2863}}
Sep 23 11:26:32.822204 dv-cinder-809523-4-smb devstack@n-api.service[109321]: DEBUG oslo_concurrency.lockutils [None req-ba4c57eb-4418-4712-b672-347a66e800bf tempest-DeleteServersTestJSON-478318255 tempest-DeleteServersTestJSON-478318255-project] Lock "a06e2106-c098-47ba-b660-25c98ab8b62f" acquired by "nova.context.set_target_cell..get_or_set_cached_cell_and_set_connections" :: waited 0.000s {{(pid=109321) inner /usr/local/lib/python3.8/dist-packages/oslo_concurrency/lockutils.py:355}}
Sep 23 11:26:32.822647 dv-cinder-809523-4-smb devstack@n-api.service[109321]: DEBUG oslo_concurrency.lockutils [None req-ba4c57eb-4418-4712-b672-347a66e800bf tempest-DeleteServersTestJSON-478318255 tempest-DeleteServersTestJSON-478318255-project] Lock "a06e2106-c098-47ba-b660-25c98ab8b62f" released by "nova.context.set_target_cell..get_or_set_cached_cell_and_set_connections" :: held 0.001s {{(pid=109321) inner /usr/local/lib/python3.8/dist-packages/oslo_concurrency/lockutils.py:367}}
Sep 23 11:26:32.829313 dv-cinder-809523-4-smb devstack@n-api.service[109321]: DEBUG oslo_concurrency.lockutils [None req-ba4c57eb-4418-4712-b672-347a66e800bf tempest-DeleteServersTestJSON-478318255 tempest-DeleteServersTestJSON-478318255-project] Lock "a06e2106-c098-47ba-b660-25c98ab8b62f" acquired by "nova.context.set_target_cell..get_or_set_cached_cell_and_set_connections" :: waited 0.000s {{(pid=109321) inner /usr/local/lib/python3.8/dist-packages/oslo_concurrency/lockutils.py:355}}
Sep 23 11:26:32.835112 dv-cinder-809523-4-smb devstack@n-api.service[109321]: DEBUG oslo_concurrency.lockutils [None req-ba4c57eb-4418-4712-b672-347a66e800bf tempest-DeleteServersTestJSON-478318255 tempest-DeleteServersTestJSON-478318255-project] Lock "a06e2106-c098-47ba-b660-25c98ab8b62f" released by "nova.context.set_target_cell..get_or_set_cached_cell_and_set_connections" :: held 0.006s {{(pid=109321) inner /usr/local/lib/python3.8/dist-packages/oslo_concurrency/lockutils.py:367}}
Sep 23 11:26:32.925910 dv-cinder-809523-4-smb devstack@n-api.service[109322]: DEBUG nova.policy [None req-120751e9-3d56-4a69-b00c-5a6d2c169c66 tempest-ServerRescueNegativeTestJSON-1077982216 tempest-ServerRescueNegativeTestJSON-1077982216-project] Policy check for os_compute_api:os-extended-server-attributes failed with credentials {'is_admin': False, 'user_id': '1d46d7c2dd34409a91491fc090f532fc', 'user_domain_id': 'default', 'system_scope': None, 'domain_id': None, 'project_id': '588525df0a45440d8693b1319cbe223d', 'project_domain_id': 'default', 'roles': ['reader', 'member'], 'is_admin_project': True, 'service_user_id': None, 'service_user_domain_id': None, 'service_project_id': None, 'service_project_domain_id': None, 'service_roles': []} {{(pid=109322) authorize /opt/stack/nova/nova/policy.py:199}}
Sep 23 11:26:32.947272 dv-cinder-809523-4-smb devstack@n-api.service[109322]: INFO nova.api.openstack.requestlog [None req-120751e9-3d56-4a69-b00c-5a6d2c169c66 tempest-ServerRescueNegativeTestJSON-1077982216 tempest-ServerRescueNegativeTestJSON-1077982216-project] 10.222.0.43 "GET /compute/v2.1/servers/9f719dc7-a22c-49b5-a05e-e56b8c113c9e" status: 200 len: 1281 microversion: 2.1 time: 0.257376
Sep 23 11:26:32.948215 dv-cinder-809523-4-smb devstack@n-api.service[109322]: [pid: 109322|app: 0|req: 19/42] 10.222.0.43 () {58 vars in 1236 bytes} [Thu Sep 23 11:26:32 2021] GET /compute/v2.1/servers/9f719dc7-a22c-49b5-a05e-e56b8c113c9e => generated 1281 bytes in 259 msecs (HTTP/1.1 200) 9 headers in 358 bytes (2 switches on core 0)
Sep 23 11:26:33.226481 dv-cinder-809523-4-smb devstack@n-api.service[109322]: DEBUG nova.api.openstack.wsgi [None req-9126ed0d-26f1-43ec-98b8-11f5bc2396d5 tempest-VolumesNegativeTest-1409683883 tempest-VolumesNegativeTest-1409683883-project] Action: 'create', calling method: .version_select at 0x7fa8d2aa58b0>, body: {"volume": {"size": "#$%", "display_name": "tempest-VolumesNegativeTest-Volume-103638188", "metadata": {"Type": "work"}}} {{(pid=109322) _process_stack /opt/stack/nova/nova/api/openstack/wsgi.py:511}}
Sep 23 11:26:33.228760 dv-cinder-809523-4-smb devstack@n-api.service[109322]: DEBUG nova.api.openstack.wsgi [None req-9126ed0d-26f1-43ec-98b8-11f5bc2396d5 tempest-VolumesNegativeTest-1409683883 tempest-VolumesNegativeTest-1409683883-project] Returning 400 to user: Invalid input for field/attribute size. Value: #$%. '#$%' does not match '^[0-9]+$' {{(pid=109322) __call__ /opt/stack/nova/nova/api/openstack/wsgi.py:936}}
Sep 23 11:26:33.229945 dv-cinder-809523-4-smb devstack@n-api.service[109322]: INFO nova.api.openstack.requestlog [None req-9126ed0d-26f1-43ec-98b8-11f5bc2396d5 tempest-VolumesNegativeTest-1409683883 tempest-VolumesNegativeTest-1409683883-project] 10.222.0.43 "POST /compute/v2.1/os-volumes" status: 400 len: 127 microversion: 2.1 time: 0.212100
Sep 23 11:26:33.230738 dv-cinder-809523-4-smb devstack@n-api.service[109322]: [pid: 109322|app: 0|req: 20/43] 10.222.0.43 () {60 vars in 1156 bytes} [Thu Sep 23 11:26:33 2021] POST /compute/v2.1/os-volumes => generated 127 bytes in 213 msecs (HTTP/1.1 400) 9 headers in 381 bytes (1 switches on core 0)
Sep 23 11:26:33.243042 dv-cinder-809523-4-smb devstack@n-api.service[109322]: DEBUG nova.api.openstack.wsgi [None req-b45e9eaf-120c-4ae4-8c89-07aa8284c747 tempest-VolumesNegativeTest-1409683883 tempest-VolumesNegativeTest-1409683883-project] Action: 'create', calling method: .version_select at 0x7fa8d220b550>, body: {"volume": {"size": "0", "display_name": "tempest-VolumesNegativeTest-Volume-648577998", "metadata": {"Type": "work"}}} {{(pid=109322) _process_stack /opt/stack/nova/nova/api/openstack/wsgi.py:511}}
Sep 23 11:26:33.248834 dv-cinder-809523-4-smb devstack@n-api.service[109322]: DEBUG nova.api.openstack.wsgi [None req-b45e9eaf-120c-4ae4-8c89-07aa8284c747 tempest-VolumesNegativeTest-1409683883 tempest-VolumesNegativeTest-1409683883-project] Returning 400 to user: Invalid input for field/attribute size. Value: 0. 0 is less than the minimum of 1 {{(pid=109322) __call__ /opt/stack/nova/nova/api/openstack/wsgi.py:936}}
Sep 23 11:26:33.248834 dv-cinder-809523-4-smb devstack@n-api.service[109322]: INFO nova.api.openstack.requestlog [None req-b45e9eaf-120c-4ae4-8c89-07aa8284c747 tempest-VolumesNegativeTest-1409683883 tempest-VolumesNegativeTest-1409683883-project] 10.222.0.43 "POST /compute/v2.1/os-volumes" status: 400 len: 125 microversion: 2.1 time: 0.006441
Sep 23 11:26:33.248834 dv-cinder-809523-4-smb devstack@n-api.service[109322]: [pid: 109322|app: 0|req: 21/44] 10.222.0.43 () {60 vars in 1156 bytes} [Thu Sep 23 11:26:33 2021] POST /compute/v2.1/os-volumes => generated 125 bytes in 8 msecs (HTTP/1.1 400) 9 headers in 381 bytes (1 switches on core 0)
Sep 23 11:26:33.263723 dv-cinder-809523-4-smb devstack@n-api.service[109322]: DEBUG nova.api.openstack.wsgi [None req-f6daa7ad-cf12-436d-9e58-938bcc20c2b3 tempest-VolumesNegativeTest-1409683883 tempest-VolumesNegativeTest-1409683883-project] Action: 'create', calling method: .version_select at 0x7fa8d42d74c0>, body: {"volume": {"size": "", "display_name": "tempest-VolumesNegativeTest-Volume-810421444", "metadata": {"Type": "work"}}} {{(pid=109322) _process_stack /opt/stack/nova/nova/api/openstack/wsgi.py:511}}
Sep 23 11:26:33.266615 dv-cinder-809523-4-smb devstack@n-api.service[109322]: DEBUG nova.api.openstack.wsgi [None req-f6daa7ad-cf12-436d-9e58-938bcc20c2b3 tempest-VolumesNegativeTest-1409683883 tempest-VolumesNegativeTest-1409683883-project] Returning 400 to user: Invalid input for field/attribute size. Value: . '' does not match '^[0-9]+$' {{(pid=109322) __call__ /opt/stack/nova/nova/api/openstack/wsgi.py:936}}
Sep 23 11:26:33.268030 dv-cinder-809523-4-smb devstack@n-api.service[109322]: INFO nova.api.openstack.requestlog [None req-f6daa7ad-cf12-436d-9e58-938bcc20c2b3 tempest-VolumesNegativeTest-1409683883 tempest-VolumesNegativeTest-1409683883-project] 10.222.0.43 "POST /compute/v2.1/os-volumes" status: 400 len: 121 microversion: 2.1 time: 0.012439
Sep 23 11:26:33.268913 dv-cinder-809523-4-smb devstack@n-api.service[109322]: [pid: 109322|app: 0|req: 22/45] 10.222.0.43 () {60 vars in 1156 bytes} [Thu Sep 23 11:26:33 2021] POST /compute/v2.1/os-volumes => generated 121 bytes in 15 msecs (HTTP/1.1 400) 9 headers in 381 bytes (2 switches on core 0)
Sep 23 11:26:33.280334 dv-cinder-809523-4-smb devstack@n-api.service[109322]: DEBUG nova.api.openstack.wsgi [None req-bf1aa803-5bc1-4532-afc8-2e0efd143f1e tempest-VolumesNegativeTest-1409683883 tempest-VolumesNegativeTest-1409683883-project] Calling method '.version_select at 0x7fa8d2aa5d30>' {{(pid=109322) _process_stack /opt/stack/nova/nova/api/openstack/wsgi.py:513}}
Sep 23 11:26:33.317628 dv-cinder-809523-4-smb devstack@n-api.service[109322]: INFO nova.api.openstack.wsgi [None req-bf1aa803-5bc1-4532-afc8-2e0efd143f1e tempest-VolumesNegativeTest-1409683883 tempest-VolumesNegativeTest-1409683883-project] HTTP exception thrown: Volume tempest-invalid-948098333 could not be found.
Sep 23 11:26:33.318622 dv-cinder-809523-4-smb devstack@n-api.service[109322]: DEBUG nova.api.openstack.wsgi [None req-bf1aa803-5bc1-4532-afc8-2e0efd143f1e tempest-VolumesNegativeTest-1409683883 tempest-VolumesNegativeTest-1409683883-project] Returning 404 to user: Volume tempest-invalid-948098333 could not be found. {{(pid=109322) __call__ /opt/stack/nova/nova/api/openstack/wsgi.py:936}}
Sep 23 11:26:33.319858 dv-cinder-809523-4-smb devstack@n-api.service[109322]: INFO nova.api.openstack.requestlog [None req-bf1aa803-5bc1-4532-afc8-2e0efd143f1e tempest-VolumesNegativeTest-1409683883 tempest-VolumesNegativeTest-1409683883-project] 10.222.0.43 "DELETE /compute/v2.1/os-volumes/tempest-invalid-948098333" status: 404 len: 98 microversion: 2.1 time: 0.044137
Sep 23 11:26:33.325615 dv-cinder-809523-4-smb devstack@n-api.service[109322]: [pid: 109322|app: 0|req: 23/46] 10.222.0.43 () {58 vars in 1215 bytes} [Thu Sep 23 11:26:33 2021] DELETE /compute/v2.1/os-volumes/tempest-invalid-948098333 => generated 98 bytes in 50 msecs (HTTP/1.1 404) 9 headers in 378 bytes (1 switches on core 0)
Sep 23 11:26:33.333537 dv-cinder-809523-4-smb devstack@n-api.service[109322]: INFO nova.api.openstack.requestlog [None req-21889e10-b29d-476d-9666-624aafb4c865 tempest-VolumesNegativeTest-1409683883 tempest-VolumesNegativeTest-1409683883-project] 10.222.0.43 "DELETE /compute/v2.1/os-volumes/" status: 404 len: 112 microversion: - time: 0.006401
Sep 23 11:26:33.334797 dv-cinder-809523-4-smb devstack@n-api.service[109322]: [pid: 109322|app: 0|req: 24/47] 10.222.0.43 () {58 vars in 1140 bytes} [Thu Sep 23 11:26:33 2021] DELETE /compute/v2.1/os-volumes/ => generated 112 bytes in 8 msecs (HTTP/1.1 404) 5 headers in 228 bytes (1 switches on core 0)
Sep 23 11:26:33.353176 dv-cinder-809523-4-smb devstack@n-api.service[109322]: INFO nova.api.openstack.requestlog [None req-b07ac5a3-d9f0-4162-84db-81736b804a42 tempest-VolumesNegativeTest-1409683883 tempest-VolumesNegativeTest-1409683883-project] 10.222.0.43 "GET /compute/v2.1/os-volumes/" status: 404 len: 112 microversion: - time: 0.005649
Sep 23 11:26:33.356160 dv-cinder-809523-4-smb devstack@n-api.service[109322]: [pid: 109322|app: 0|req: 25/48] 10.222.0.43 () {58 vars in 1137 bytes} [Thu Sep 23 11:26:33 2021] GET /compute/v2.1/os-volumes/ => generated 112 bytes in 8 msecs (HTTP/1.1 404) 5 headers in 228 bytes (1 switches on core 0)
Sep 23 11:26:33.374148 dv-cinder-809523-4-smb devstack@n-api.service[109322]: DEBUG nova.api.openstack.wsgi [None req-5a7abde2-6dcf-4d38-8e0c-90c520d97211 tempest-VolumesNegativeTest-1409683883 tempest-VolumesNegativeTest-1409683883-project] Calling method '.version_select at 0x7fa8d461d040>' {{(pid=109322) _process_stack /opt/stack/nova/nova/api/openstack/wsgi.py:513}}
Sep 23 11:26:33.379254 dv-cinder-809523-4-smb devstack@n-api.service[109321]: DEBUG nova.policy [None req-ba4c57eb-4418-4712-b672-347a66e800bf tempest-DeleteServersTestJSON-478318255 tempest-DeleteServersTestJSON-478318255-project] Policy check for os_compute_api:os-extended-server-attributes failed with credentials {'is_admin': False, 'user_id': '8f9362e3f6f5468d99f8970143ddc71b', 'user_domain_id': 'default', 'system_scope': None, 'domain_id': None, 'project_id': '9b0d57f317b549e887e2fae831179671', 'project_domain_id': 'default', 'roles': ['reader', 'member'], 'is_admin_project': True, 'service_user_id': None, 'service_user_domain_id': None, 'service_project_id': None, 'service_project_domain_id': None, 'service_roles': []} {{(pid=109321) authorize /opt/stack/nova/nova/policy.py:199}}
Sep 23 11:26:33.388370 dv-cinder-809523-4-smb devstack@n-api.service[109321]: INFO nova.api.openstack.requestlog [None req-ba4c57eb-4418-4712-b672-347a66e800bf tempest-DeleteServersTestJSON-478318255 tempest-DeleteServersTestJSON-478318255-project] 10.222.0.43 "GET /compute/v2.1/servers/8f4d46c9-8700-460f-bd92-a520c7395591" status: 200 len: 1315 microversion: 2.1 time: 0.596081
Sep 23 11:26:33.389369 dv-cinder-809523-4-smb devstack@n-api.service[109321]: [pid: 109321|app: 0|req: 24/49] 10.222.0.43 () {58 vars in 1236 bytes} [Thu Sep 23 11:26:32 2021] GET /compute/v2.1/servers/8f4d46c9-8700-460f-bd92-a520c7395591 => generated 1315 bytes in 598 msecs (HTTP/1.1 200) 9 headers in 358 bytes (1 switches on core 0)
Sep 23 11:26:33.435085 dv-cinder-809523-4-smb devstack@n-api.service[109322]: INFO nova.api.openstack.wsgi [None req-5a7abde2-6dcf-4d38-8e0c-90c520d97211 tempest-VolumesNegativeTest-1409683883 tempest-VolumesNegativeTest-1409683883-project] HTTP exception thrown: Volume 62c2c79e-b115-4894-8808-33f1ce95ecb6 could not be found.
Sep 23 11:26:33.435085 dv-cinder-809523-4-smb devstack@n-api.service[109322]: DEBUG nova.api.openstack.wsgi [None req-5a7abde2-6dcf-4d38-8e0c-90c520d97211 tempest-VolumesNegativeTest-1409683883 tempest-VolumesNegativeTest-1409683883-project] Returning 404 to user: Volume 62c2c79e-b115-4894-8808-33f1ce95ecb6 could not be found. {{(pid=109322) __call__ /opt/stack/nova/nova/api/openstack/wsgi.py:936}}
Sep 23 11:26:33.435085 dv-cinder-809523-4-smb devstack@n-api.service[109322]: INFO nova.api.openstack.requestlog [None req-5a7abde2-6dcf-4d38-8e0c-90c520d97211 tempest-VolumesNegativeTest-1409683883 tempest-VolumesNegativeTest-1409683883-project] 10.222.0.43 "DELETE /compute/v2.1/os-volumes/62c2c79e-b115-4894-8808-33f1ce95ecb6" status: 404 len: 109 microversion: 2.1 time: 0.062055
Sep 23 11:26:33.435085 dv-cinder-809523-4-smb devstack@n-api.service[109322]: [pid: 109322|app: 0|req: 26/50] 10.222.0.43 () {58 vars in 1248 bytes} [Thu Sep 23 11:26:33 2021] DELETE /compute/v2.1/os-volumes/62c2c79e-b115-4894-8808-33f1ce95ecb6 => generated 109 bytes in 64 msecs (HTTP/1.1 404) 9 headers in 379 bytes (1 switches on core 0)
Sep 23 11:26:33.445263 dv-cinder-809523-4-smb devstack@n-api.service[109321]: DEBUG nova.api.openstack.wsgi [None req-197e5cb2-15ff-4fc7-823a-5dd37e074dc3 tempest-VolumesNegativeTest-1409683883 tempest-VolumesNegativeTest-1409683883-project] Calling method '.version_select at 0x7fa8d226c4c0>' {{(pid=109321) _process_stack /opt/stack/nova/nova/api/openstack/wsgi.py:513}}
Sep 23 11:26:33.495472 dv-cinder-809523-4-smb devstack@n-api.service[109321]: INFO nova.api.openstack.wsgi [None req-197e5cb2-15ff-4fc7-823a-5dd37e074dc3 tempest-VolumesNegativeTest-1409683883 tempest-VolumesNegativeTest-1409683883-project] HTTP exception thrown: Volume 59f9be0e-3184-4e33-a7be-03368f3a1061 could not be found.
Sep 23 11:26:33.498589 dv-cinder-809523-4-smb devstack@n-api.service[109321]: DEBUG nova.api.openstack.wsgi [None req-197e5cb2-15ff-4fc7-823a-5dd37e074dc3 tempest-VolumesNegativeTest-1409683883 tempest-VolumesNegativeTest-1409683883-project] Returning 404 to user: Volume 59f9be0e-3184-4e33-a7be-03368f3a1061 could not be found. {{(pid=109321) __call__ /opt/stack/nova/nova/api/openstack/wsgi.py:936}}
Sep 23 11:26:33.501446 dv-cinder-809523-4-smb devstack@n-api.service[109321]: INFO nova.api.openstack.requestlog [None req-197e5cb2-15ff-4fc7-823a-5dd37e074dc3 tempest-VolumesNegativeTest-1409683883 tempest-VolumesNegativeTest-1409683883-project] 10.222.0.43 "GET /compute/v2.1/os-volumes/59f9be0e-3184-4e33-a7be-03368f3a1061" status: 404 len: 109 microversion: 2.1 time: 0.063684
Sep 23 11:26:33.519253 dv-cinder-809523-4-smb devstack@n-api.service[109321]: [pid: 109321|app: 0|req: 25/51] 10.222.0.43 () {58 vars in 1245 bytes} [Thu Sep 23 11:26:33 2021] GET /compute/v2.1/os-volumes/59f9be0e-3184-4e33-a7be-03368f3a1061 => generated 109 bytes in 82 msecs (HTTP/1.1 404) 9 headers in 379 bytes (1 switches on core 0)
Sep 23 11:26:33.570644 dv-cinder-809523-4-smb devstack@n-api.service[109322]: DEBUG nova.api.openstack.wsgi [None req-591e7654-14ce-459a-8d01-2d8620be7cc1 tempest-AttachVolumeShelveTestJSON-393500730 tempest-AttachVolumeShelveTestJSON-393500730-project] Calling method '>' {{(pid=109322) _process_stack /opt/stack/nova/nova/api/openstack/wsgi.py:513}}
Sep 23 11:26:33.574901 dv-cinder-809523-4-smb devstack@n-api.service[109322]: DEBUG nova.compute.api [None req-591e7654-14ce-459a-8d01-2d8620be7cc1 tempest-AttachVolumeShelveTestJSON-393500730 tempest-AttachVolumeShelveTestJSON-393500730-project] [instance: 75dc0f17-927e-4863-8c82-2767361196e5] Fetching instance by UUID {{(pid=109322) get /opt/stack/nova/nova/compute/api.py:2863}}
Sep 23 11:26:33.603308 dv-cinder-809523-4-smb devstack@n-api.service[109322]: DEBUG oslo_concurrency.lockutils [None req-591e7654-14ce-459a-8d01-2d8620be7cc1 tempest-AttachVolumeShelveTestJSON-393500730 tempest-AttachVolumeShelveTestJSON-393500730-project] Lock "a06e2106-c098-47ba-b660-25c98ab8b62f" acquired by "nova.context.set_target_cell..get_or_set_cached_cell_and_set_connections" :: waited 0.000s {{(pid=109322) inner /usr/local/lib/python3.8/dist-packages/oslo_concurrency/lockutils.py:355}}
Sep 23 11:26:33.606204 dv-cinder-809523-4-smb devstack@n-api.service[109322]: DEBUG oslo_concurrency.lockutils [None req-591e7654-14ce-459a-8d01-2d8620be7cc1 tempest-AttachVolumeShelveTestJSON-393500730 tempest-AttachVolumeShelveTestJSON-393500730-project] Lock "a06e2106-c098-47ba-b660-25c98ab8b62f" released by "nova.context.set_target_cell..get_or_set_cached_cell_and_set_connections" :: held 0.003s {{(pid=109322) inner /usr/local/lib/python3.8/dist-packages/oslo_concurrency/lockutils.py:367}}
Sep 23 11:26:33.610825 dv-cinder-809523-4-smb devstack@n-api.service[109322]: DEBUG oslo_concurrency.lockutils [None req-591e7654-14ce-459a-8d01-2d8620be7cc1 tempest-AttachVolumeShelveTestJSON-393500730 tempest-AttachVolumeShelveTestJSON-393500730-project] Lock "a06e2106-c098-47ba-b660-25c98ab8b62f" acquired by "nova.context.set_target_cell..get_or_set_cached_cell_and_set_connections" :: waited 0.000s {{(pid=109322) inner /usr/local/lib/python3.8/dist-packages/oslo_concurrency/lockutils.py:355}}
Sep 23 11:26:33.612078 dv-cinder-809523-4-smb devstack@n-api.service[109322]: DEBUG oslo_concurrency.lockutils [None req-591e7654-14ce-459a-8d01-2d8620be7cc1 tempest-AttachVolumeShelveTestJSON-393500730 tempest-AttachVolumeShelveTestJSON-393500730-project] Lock "a06e2106-c098-47ba-b660-25c98ab8b62f" released by "nova.context.set_target_cell..get_or_set_cached_cell_and_set_connections" :: held 0.004s {{(pid=109322) inner /usr/local/lib/python3.8/dist-packages/oslo_concurrency/lockutils.py:367}}
Sep 23 11:26:33.752627 dv-cinder-809523-4-smb devstack@n-api.service[109322]: DEBUG nova.policy [None req-591e7654-14ce-459a-8d01-2d8620be7cc1 tempest-AttachVolumeShelveTestJSON-393500730 tempest-AttachVolumeShelveTestJSON-393500730-project] Policy check for os_compute_api:os-extended-server-attributes failed with credentials {'is_admin': False, 'user_id': '5389c3bcfaff49779189a0a8eb2a1bc1', 'user_domain_id': 'default', 'system_scope': None, 'domain_id': None, 'project_id': '169c55b272b04dd49ab22e899648d0c5', 'project_domain_id': 'default', 'roles': ['reader', 'member'], 'is_admin_project': True, 'service_user_id': None, 'service_user_domain_id': None, 'service_project_id': None, 'service_project_domain_id': None, 'service_roles': []} {{(pid=109322) authorize /opt/stack/nova/nova/policy.py:199}}
Sep 23 11:26:33.940904 dv-cinder-809523-4-smb devstack@n-api.service[109322]: DEBUG nova.policy [None req-591e7654-14ce-459a-8d01-2d8620be7cc1 tempest-AttachVolumeShelveTestJSON-393500730 tempest-AttachVolumeShelveTestJSON-393500730-project] Policy check for os_compute_api:servers:show:host_status failed with credentials {'is_admin': False, 'user_id': '5389c3bcfaff49779189a0a8eb2a1bc1', 'user_domain_id': 'default', 'system_scope': None, 'domain_id': None, 'project_id': '169c55b272b04dd49ab22e899648d0c5', 'project_domain_id': 'default', 'roles': ['reader', 'member'], 'is_admin_project': True, 'service_user_id': None, 'service_user_domain_id': None, 'service_project_id': None, 'service_project_domain_id': None, 'service_roles': []} {{(pid=109322) authorize /opt/stack/nova/nova/policy.py:199}}
