Sep 17 05:28:20.266393 dv-cinder-809518-2-smb neutron-server[94997]: DEBUG neutron_lib.callbacks.manager [None req-54173b91-dddc-4f04-ac0b-d5f3e907e107 admin admin] Notify callbacks ['neutron.plugins.ml2.plugin.SecurityGroupServerNotifierRpcMixin._notify_sg_on_port_change-687228', 'neutron.plugins.ml2.ovo_rpc._ObjectChangeHandler.handle_event-181375', 'neutron.api.rpc.agentnotifiers.dhcp_rpc_agent_api.DhcpAgentNotifyAPI._native_event_send_dhcp_notification-3675449', 'neutron.db.l3_db.L3RpcNotifierMixin._notify_gateway_port_ip_changed-8770862435597', 'neutron.db.l3_dvrscheduler_db._notify_l3_agent_port_update-8770861880796', 'neutron.db.l3_hascheduler_db._notify_l3_agent_ha_port_update-8770861880814'] for port, after_update {{(pid=94997) _notify_loop /usr/local/lib/python3.8/dist-packages/neutron_lib/callbacks/manager.py:192}}
Sep 17 05:28:20.268809 dv-cinder-809518-2-smb neutron-server[94997]: DEBUG neutron_lib.callbacks.manager [None req-54173b91-dddc-4f04-ac0b-d5f3e907e107 admin admin] Notify callbacks ['neutron.api.rpc.agentnotifiers.dhcp_rpc_agent_api.DhcpAgentNotifyAPI._after_router_interface_created-3672275', 'neutron.services.l3_router.l3_router_plugin.DVRResourceOperationHandler._update_snat_v6_addrs_after_intf_update-3682577'] for router_interface, after_create {{(pid=94997) _notify_loop /usr/local/lib/python3.8/dist-packages/neutron_lib/callbacks/manager.py:192}}
Sep 17 05:28:20.403269 dv-cinder-809518-2-smb neutron-server[94998]: DEBUG neutron.api.rpc.handlers.resources_rpc [None req-a8052334-81c7-4a89-9a03-647aca89686d admin admin] Pushing event updated for resources: {'Port': ['ID=220b0048-1173-49b7-98b7-e833e11ae038,revision_number=2']} {{(pid=94998) push /opt/stack/neutron/neutron/api/rpc/handlers/resources_rpc.py:237}}
Sep 17 05:28:20.477557 dv-cinder-809518-2-smb neutron-server[94997]: DEBUG neutron.api.rpc.handlers.resources_rpc [None req-54173b91-dddc-4f04-ac0b-d5f3e907e107 admin admin] Pushing event updated for resources: {'Port': ['ID=f76bf1fc-0f63-4214-b6af-e960d152183b,revision_number=2']} {{(pid=94997) push /opt/stack/neutron/neutron/api/rpc/handlers/resources_rpc.py:237}}
Sep 17 05:28:20.482029 dv-cinder-809518-2-smb neutron-server[94999]: DEBUG neutron.plugins.ml2.rpc [None req-d34ac257-ae20-4b41-8913-e36cfa76d3f9 None None] Device 94616114-6fa4-447e-8e57-ad13159a9377 up at agent ovs-agent-dv-cinder-809518-2-smb {{(pid=94999) update_device_up /opt/stack/neutron/neutron/plugins/ml2/rpc.py:296}}
Sep 17 05:28:20.624927 dv-cinder-809518-2-smb neutron-server[94997]: DEBUG neutron.scheduler.dhcp_agent_scheduler [None req-54173b91-dddc-4f04-ac0b-d5f3e907e107 admin admin] Network 8db1eba3-5111-4b76-886f-0aa9d3140cac is already hosted by enough agents. {{(pid=94997) _get_dhcp_agents_hosting_network /opt/stack/neutron/neutron/scheduler/dhcp_agent_scheduler.py:275}}
Sep 17 05:28:20.626746 dv-cinder-809518-2-smb neutron-server[94997]: DEBUG neutron.scheduler.base_scheduler [None req-54173b91-dddc-4f04-ac0b-d5f3e907e107 admin admin] Resources bound (agent type, host, resource id): {{(pid=94997) schedule /opt/stack/neutron/neutron/scheduler/base_scheduler.py:57}}
Sep 17 05:28:20.683674 dv-cinder-809518-2-smb neutron-server[94999]: DEBUG neutron.db.provisioning_blocks [None req-d34ac257-ae20-4b41-8913-e36cfa76d3f9 None None] Provisioning complete for port 94616114-6fa4-447e-8e57-ad13159a9377 triggered by entity L2. {{(pid=94999) provisioning_complete /opt/stack/neutron/neutron/db/provisioning_blocks.py:139}}
Sep 17 05:28:20.684500 dv-cinder-809518-2-smb neutron-server[94999]: DEBUG neutron_lib.callbacks.manager [None req-d34ac257-ae20-4b41-8913-e36cfa76d3f9 None None] Notify callbacks ['neutron.plugins.ml2.plugin.Ml2Plugin._port_provisioned-646641'] for port, provisioning_complete {{(pid=94999) _notify_loop /usr/local/lib/python3.8/dist-packages/neutron_lib/callbacks/manager.py:192}}
Sep 17 05:28:20.804621 dv-cinder-809518-2-smb neutron-server[94998]: DEBUG neutron.db.db_base_plugin_common [req-b746baa3-b415-4fe5-a9ad-a9f76698de61 req-71b29210-6ade-4ec3-bfde-1fb4e4bef246 tempest-DeleteServersTestJSON-417994909 tempest-DeleteServersTestJSON-417994909-project] Allocated IP 172.20.0.7 (1761e517-9061-4d52-9edd-4ef89d3813f5/4b6b2813-b66f-45b1-af90-745621e5f5a3/73a60a81-a130-456f-bd98-d3d0d4c9c7ed) {{(pid=94998) _store_ip_allocation /opt/stack/neutron/neutron/db/db_base_plugin_common.py:131}}
Sep 17 05:28:20.978687 dv-cinder-809518-2-smb neutron-server[94999]: DEBUG neutron_lib.callbacks.manager [None req-d34ac257-ae20-4b41-8913-e36cfa76d3f9 None None] Notify callbacks ['neutron.plugins.ml2.plugin.SecurityGroupDbMixin._ensure_default_security_group_handler-687165'] for port, before_update {{(pid=94999) _notify_loop /usr/local/lib/python3.8/dist-packages/neutron_lib/callbacks/manager.py:192}}
Sep 17 05:28:21.046390 dv-cinder-809518-2-smb neutron-server[94999]: DEBUG neutron.plugins.ml2.db [None req-d34ac257-ae20-4b41-8913-e36cfa76d3f9 None None] For port 94616114-6fa4-447e-8e57-ad13159a9377, host dv-cinder-809518-2-smb, got binding levels [PortBindingLevel(driver='openvswitch',host='dv-cinder-809518-2-smb',level=0,port_id=94616114-6fa4-447e-8e57-ad13159a9377,segment=NetworkSegment(12bd9870-f864-4399-b735-9a8d6990df18),segment_id=12bd9870-f864-4399-b735-9a8d6990df18)] {{(pid=94999) get_binding_level_objs /opt/stack/neutron/neutron/plugins/ml2/db.py:74}}
Sep 17 05:28:21.066093 dv-cinder-809518-2-smb neutron-server[94998]: DEBUG neutron.scheduler.dhcp_agent_scheduler [None req-a8052334-81c7-4a89-9a03-647aca89686d admin admin] Network 9898732a-93aa-4266-bcd6-773fdd9ba2d6 is already hosted by enough agents. {{(pid=94998) _get_dhcp_agents_hosting_network /opt/stack/neutron/neutron/scheduler/dhcp_agent_scheduler.py:275}}
Sep 17 05:28:21.073960 dv-cinder-809518-2-smb neutron-server[94998]: DEBUG neutron.scheduler.base_scheduler [None req-a8052334-81c7-4a89-9a03-647aca89686d admin admin] Resources bound (agent type, host, resource id): {{(pid=94998) schedule /opt/stack/neutron/neutron/scheduler/base_scheduler.py:57}}
Sep 17 05:28:21.107558 dv-cinder-809518-2-smb neutron-server[94999]: DEBUG neutron.db.provisioning_blocks [None req-22ec98ac-59df-4800-907c-3ddca4879fbf None None] Provisioning complete for port f76bf1fc-0f63-4214-b6af-e960d152183b triggered by entity DHCP. {{(pid=94999) provisioning_complete /opt/stack/neutron/neutron/db/provisioning_blocks.py:139}}
Sep 17 05:28:21.108881 dv-cinder-809518-2-smb neutron-server[94999]: DEBUG neutron_lib.callbacks.manager [None req-22ec98ac-59df-4800-907c-3ddca4879fbf None None] Notify callbacks ['neutron.plugins.ml2.plugin.Ml2Plugin._port_provisioned-646641'] for port, provisioning_complete {{(pid=94999) _notify_loop /usr/local/lib/python3.8/dist-packages/neutron_lib/callbacks/manager.py:192}}
Sep 17 05:28:21.208459 dv-cinder-809518-2-smb neutron-server[94999]: DEBUG neutron_lib.callbacks.manager [None req-d34ac257-ae20-4b41-8913-e36cfa76d3f9 None None] Notify callbacks ['neutron.plugins.ml2.plugin.SecurityGroupServerNotifierRpcMixin._notify_sg_on_port_change-687228', 'neutron.plugins.ml2.ovo_rpc._ObjectChangeHandler.handle_event-181375', 'neutron.api.rpc.agentnotifiers.dhcp_rpc_agent_api.DhcpAgentNotifyAPI._native_event_send_dhcp_notification-3675449', 'neutron.db.l3_db.L3RpcNotifierMixin._notify_gateway_port_ip_changed-8770862435597', 'neutron.db.l3_dvrscheduler_db._notify_l3_agent_port_update-8770861880796', 'neutron.db.l3_hascheduler_db._notify_l3_agent_ha_port_update-8770861880814'] for port, after_update {{(pid=94999) _notify_loop /usr/local/lib/python3.8/dist-packages/neutron_lib/callbacks/manager.py:192}}
Sep 17 05:28:21.208459 dv-cinder-809518-2-smb neutron-server[94999]: DEBUG neutron.plugins.ml2.rpc [None req-d34ac257-ae20-4b41-8913-e36cfa76d3f9 None None] Device 4ddb9aeb-87b2-4341-9244-7ec40af8f2b9 up at agent ovs-agent-dv-cinder-809518-2-smb {{(pid=94999) update_device_up /opt/stack/neutron/neutron/plugins/ml2/rpc.py:296}}
Sep 17 05:28:21.283194 dv-cinder-809518-2-smb neutron-server[94997]: DEBUG neutron.scheduler.l3_agent_scheduler [None req-54173b91-dddc-4f04-ac0b-d5f3e907e107 admin admin] Router f41ad269-4bbd-4009-bce7-b81753da496a has already been hosted by L3 agent d8f5a435-53f6-4acf-8baa-55453eeed09d {{(pid=94997) _get_candidates /opt/stack/neutron/neutron/scheduler/l3_agent_scheduler.py:126}}
Sep 17 05:28:21.366596 dv-cinder-809518-2-smb neutron-server[94997]: INFO neutron.wsgi [req-17427e8b-74ac-4756-a847-be1024eb6314 req-0e4c8223-6e8d-4a28-8389-d63a34d85bcf tempest-DeleteServersTestJSON-417994909 tempest-DeleteServersTestJSON-417994909-project] 10.222.0.32 "GET /v2.0/ports?device_id=627eeda5-ea57-4b55-a170-6b956f761d03 HTTP/1.1" status: 200 len: 210 time: 0.0692391
Sep 17 05:28:21.373496 dv-cinder-809518-2-smb neutron-server[94999]: DEBUG neutron.plugins.ml2.plugin [None req-22ec98ac-59df-4800-907c-3ddca4879fbf None None] Port f76bf1fc-0f63-4214-b6af-e960d152183b cannot update to ACTIVE because it is not bound. {{(pid=94999) _port_provisioned /opt/stack/neutron/neutron/plugins/ml2/plugin.py:338}}
Sep 17 05:28:21.413618 dv-cinder-809518-2-smb neutron-server[94999]: DEBUG neutron.api.rpc.handlers.resources_rpc [None req-d34ac257-ae20-4b41-8913-e36cfa76d3f9 None None] Pushing event updated for resources: {'Port': ['ID=94616114-6fa4-447e-8e57-ad13159a9377,revision_number=4']} {{(pid=94999) push /opt/stack/neutron/neutron/api/rpc/handlers/resources_rpc.py:237}}
Sep 17 05:28:21.477922 dv-cinder-809518-2-smb neutron-server[94999]: DEBUG neutron.db.provisioning_blocks [None req-d34ac257-ae20-4b41-8913-e36cfa76d3f9 None None] Provisioning complete for port 4ddb9aeb-87b2-4341-9244-7ec40af8f2b9 triggered by entity L2. {{(pid=94999) provisioning_complete /opt/stack/neutron/neutron/db/provisioning_blocks.py:139}}
Sep 17 05:28:21.478373 dv-cinder-809518-2-smb neutron-server[94999]: DEBUG neutron_lib.callbacks.manager [None req-d34ac257-ae20-4b41-8913-e36cfa76d3f9 None None] Notify callbacks ['neutron.plugins.ml2.plugin.Ml2Plugin._port_provisioned-646641'] for port, provisioning_complete {{(pid=94999) _notify_loop /usr/local/lib/python3.8/dist-packages/neutron_lib/callbacks/manager.py:192}}
Sep 17 05:28:21.527939 dv-cinder-809518-2-smb neutron-server[94997]: DEBUG neutron.api.rpc.agentnotifiers.l3_rpc_agent_api [None req-54173b91-dddc-4f04-ac0b-d5f3e907e107 admin admin] Notify agent at l3_agent.dv-cinder-809518-2-smb the message routers_updated {{(pid=94997) _agent_notification /opt/stack/neutron/neutron/api/rpc/agentnotifiers/l3_rpc_agent_api.py:65}}
Sep 17 05:28:21.558672 dv-cinder-809518-2-smb neutron-server[94997]: INFO neutron.wsgi [None req-54173b91-dddc-4f04-ac0b-d5f3e907e107 admin admin] 10.222.0.32 "PUT /v2.0/routers/f41ad269-4bbd-4009-bce7-b81753da496a/add_router_interface HTTP/1.1" status: 200 len: 503 time: 5.0539386
Sep 17 05:28:21.572091 dv-cinder-809518-2-smb neutron-server[94998]: DEBUG neutron_lib.callbacks.manager [req-b746baa3-b415-4fe5-a9ad-a9f76698de61 req-71b29210-6ade-4ec3-bfde-1fb4e4bef246 tempest-DeleteServersTestJSON-417994909 tempest-DeleteServersTestJSON-417994909-project] Notify callbacks [] for port, precommit_create {{(pid=94998) _notify_loop /usr/local/lib/python3.8/dist-packages/neutron_lib/callbacks/manager.py:192}}
Sep 17 05:28:21.678379 dv-cinder-809518-2-smb neutron-server[94998]: DEBUG neutron.scheduler.l3_agent_scheduler [None req-a8052334-81c7-4a89-9a03-647aca89686d admin admin] Router 426dbc8b-864d-45a1-98d8-0d5e178d358c has already been hosted by L3 agent d8f5a435-53f6-4acf-8baa-55453eeed09d {{(pid=94998) _get_candidates /opt/stack/neutron/neutron/scheduler/l3_agent_scheduler.py:126}}
Sep 17 05:28:21.682124 dv-cinder-809518-2-smb neutron-server[94999]: DEBUG neutron_lib.callbacks.manager [None req-d34ac257-ae20-4b41-8913-e36cfa76d3f9 None None] Notify callbacks ['neutron.plugins.ml2.plugin.SecurityGroupDbMixin._ensure_default_security_group_handler-687165'] for port, before_update {{(pid=94999) _notify_loop /usr/local/lib/python3.8/dist-packages/neutron_lib/callbacks/manager.py:192}}
Sep 17 05:28:21.704333 dv-cinder-809518-2-smb neutron-server[94999]: DEBUG neutron.plugins.ml2.db [None req-d34ac257-ae20-4b41-8913-e36cfa76d3f9 None None] For port 4ddb9aeb-87b2-4341-9244-7ec40af8f2b9, host dv-cinder-809518-2-smb, got binding levels [PortBindingLevel(driver='openvswitch',host='dv-cinder-809518-2-smb',level=0,port_id=4ddb9aeb-87b2-4341-9244-7ec40af8f2b9,segment=NetworkSegment(12bd9870-f864-4399-b735-9a8d6990df18),segment_id=12bd9870-f864-4399-b735-9a8d6990df18)] {{(pid=94999) get_binding_level_objs /opt/stack/neutron/neutron/plugins/ml2/db.py:74}}
Sep 17 05:28:21.705582 dv-cinder-809518-2-smb neutron-server[94999]: DEBUG neutron.db.provisioning_blocks [None req-fa41f48c-ecf6-4731-b59e-c814b325fa3a None None] Provisioning complete for port 220b0048-1173-49b7-98b7-e833e11ae038 triggered by entity DHCP. {{(pid=94999) provisioning_complete /opt/stack/neutron/neutron/db/provisioning_blocks.py:139}}
Sep 17 05:28:21.705958 dv-cinder-809518-2-smb neutron-server[94999]: DEBUG neutron_lib.callbacks.manager [None req-fa41f48c-ecf6-4731-b59e-c814b325fa3a None None] Notify callbacks ['neutron.plugins.ml2.plugin.Ml2Plugin._port_provisioned-646641'] for port, provisioning_complete {{(pid=94999) _notify_loop /usr/local/lib/python3.8/dist-packages/neutron_lib/callbacks/manager.py:192}}
Sep 17 05:28:21.789142 dv-cinder-809518-2-smb neutron-server[94999]: DEBUG neutron.plugins.ml2.plugin [None req-fa41f48c-ecf6-4731-b59e-c814b325fa3a None None] Port 220b0048-1173-49b7-98b7-e833e11ae038 cannot update to ACTIVE because it is not bound. {{(pid=94999) _port_provisioned /opt/stack/neutron/neutron/plugins/ml2/plugin.py:338}}
Sep 17 05:28:21.801541 dv-cinder-809518-2-smb neutron-server[94998]: DEBUG neutron.api.rpc.agentnotifiers.l3_rpc_agent_api [None req-a8052334-81c7-4a89-9a03-647aca89686d admin admin] Notify agent at l3_agent.dv-cinder-809518-2-smb the message routers_updated {{(pid=94998) _agent_notification /opt/stack/neutron/neutron/api/rpc/agentnotifiers/l3_rpc_agent_api.py:65}}
Sep 17 05:28:21.805752 dv-cinder-809518-2-smb neutron-server[94998]: INFO neutron.wsgi [None req-a8052334-81c7-4a89-9a03-647aca89686d admin admin] 10.222.0.32 "PUT /v2.0/routers/426dbc8b-864d-45a1-98d8-0d5e178d358c/add_router_interface HTTP/1.1" status: 200 len: 503 time: 4.7195332
Sep 17 05:28:21.891347 dv-cinder-809518-2-smb neutron-server[94999]: DEBUG neutron_lib.callbacks.manager [None req-d34ac257-ae20-4b41-8913-e36cfa76d3f9 None None] Notify callbacks ['neutron.plugins.ml2.plugin.SecurityGroupServerNotifierRpcMixin._notify_sg_on_port_change-687228', 'neutron.plugins.ml2.ovo_rpc._ObjectChangeHandler.handle_event-181375', 'neutron.api.rpc.agentnotifiers.dhcp_rpc_agent_api.DhcpAgentNotifyAPI._native_event_send_dhcp_notification-3675449', 'neutron.db.l3_db.L3RpcNotifierMixin._notify_gateway_port_ip_changed-8770862435597', 'neutron.db.l3_dvrscheduler_db._notify_l3_agent_port_update-8770861880796', 'neutron.db.l3_hascheduler_db._notify_l3_agent_ha_port_update-8770861880814'] for port, after_update {{(pid=94999) _notify_loop /usr/local/lib/python3.8/dist-packages/neutron_lib/callbacks/manager.py:192}}
Sep 17 05:28:21.894013 dv-cinder-809518-2-smb neutron-server[94998]: DEBUG neutron_lib.callbacks.manager [req-b746baa3-b415-4fe5-a9ad-a9f76698de61 req-71b29210-6ade-4ec3-bfde-1fb4e4bef246 tempest-DeleteServersTestJSON-417994909 tempest-DeleteServersTestJSON-417994909-project] Notify callbacks ['neutron.plugins.ml2.plugin.SecurityGroupServerNotifierRpcMixin._notify_sg_on_port_change-687228', 'neutron.plugins.ml2.ovo_rpc._ObjectChangeHandler.handle_event-181375', 'neutron.api.rpc.agentnotifiers.dhcp_rpc_agent_api.DhcpAgentNotifyAPI._native_event_send_dhcp_notification-3675449', 'neutron.db.l3_dvrscheduler_db._notify_l3_agent_new_port-8770861880778'] for port, after_create {{(pid=94998) _notify_loop /usr/local/lib/python3.8/dist-packages/neutron_lib/callbacks/manager.py:192}}
Sep 17 05:28:22.040453 dv-cinder-809518-2-smb neutron-server[94999]: DEBUG neutron.api.rpc.handlers.resources_rpc [None req-d34ac257-ae20-4b41-8913-e36cfa76d3f9 None None] Pushing event updated for resources: {'Port': ['ID=4ddb9aeb-87b2-4341-9244-7ec40af8f2b9,revision_number=4']} {{(pid=94999) push /opt/stack/neutron/neutron/api/rpc/handlers/resources_rpc.py:237}}
Sep 17 05:28:22.260927 dv-cinder-809518-2-smb neutron-server[94998]: DEBUG neutron.scheduler.dhcp_agent_scheduler [req-b746baa3-b415-4fe5-a9ad-a9f76698de61 req-71b29210-6ade-4ec3-bfde-1fb4e4bef246 tempest-DeleteServersTestJSON-417994909 tempest-DeleteServersTestJSON-417994909-project] Network 1761e517-9061-4d52-9edd-4ef89d3813f5 is already hosted by enough agents. {{(pid=94998) _get_dhcp_agents_hosting_network /opt/stack/neutron/neutron/scheduler/dhcp_agent_scheduler.py:275}}
Sep 17 05:28:22.260927 dv-cinder-809518-2-smb neutron-server[94998]: DEBUG neutron.api.rpc.handlers.resources_rpc [None req-71b29210-6ade-4ec3-bfde-1fb4e4bef246 tempest-DeleteServersTestJSON-417994909 tempest-DeleteServersTestJSON-417994909-project] Pushing event updated for resources: {'Port': ['ID=73a60a81-a130-456f-bd98-d3d0d4c9c7ed,revision_number=1']} {{(pid=94998) push /opt/stack/neutron/neutron/api/rpc/handlers/resources_rpc.py:237}}
Sep 17 05:28:22.260927 dv-cinder-809518-2-smb neutron-server[94998]: DEBUG neutron.scheduler.base_scheduler [req-b746baa3-b415-4fe5-a9ad-a9f76698de61 req-71b29210-6ade-4ec3-bfde-1fb4e4bef246 tempest-DeleteServersTestJSON-417994909 tempest-DeleteServersTestJSON-417994909-project] Resources bound (agent type, host, resource id): {{(pid=94998) schedule /opt/stack/neutron/neutron/scheduler/base_scheduler.py:57}}
Sep 17 05:28:22.739846 dv-cinder-809518-2-smb neutron-server[95000]: DEBUG neutron.api.rpc.handlers.l3_rpc [None req-5d490ef6-a3bb-4164-ab15-fb0c70af4585 None None] Sync routers for ids ['f41ad269-4bbd-4009-bce7-b81753da496a'] in dv-cinder-809518-2-smb {{(pid=95000) sync_routers /opt/stack/neutron/neutron/api/rpc/handlers/l3_rpc.py:125}}
Sep 17 05:28:22.752554 dv-cinder-809518-2-smb neutron-server[94998]: DEBUG neutron.db.l3_dvrscheduler_db [req-b746baa3-b415-4fe5-a9ad-a9f76698de61 req-71b29210-6ade-4ec3-bfde-1fb4e4bef246 tempest-DeleteServersTestJSON-417994909 tempest-DeleteServersTestJSON-417994909-project] Received port after_create {{(pid=94998) _notify_l3_agent_new_port /opt/stack/neutron/neutron/db/l3_dvrscheduler_db.py:535}}
Sep 17 05:28:22.752554 dv-cinder-809518-2-smb neutron-server[94998]: DEBUG neutron.pecan_wsgi.hooks.policy_enforcement [req-b746baa3-b415-4fe5-a9ad-a9f76698de61 req-71b29210-6ade-4ec3-bfde-1fb4e4bef246 tempest-DeleteServersTestJSON-417994909 tempest-DeleteServersTestJSON-417994909-project] Attributes excluded by policy engine: ['standard_attr_id', 'binding:profile', 'binding:host_id', 'binding:vif_type', 'binding:vif_details', 'network'] {{(pid=94998) _exclude_attributes_by_policy /opt/stack/neutron/neutron/pecan_wsgi/hooks/policy_enforcement.py:255}}
Sep 17 05:28:22.752554 dv-cinder-809518-2-smb neutron-server[94998]: DEBUG neutron_lib.callbacks.manager [req-b746baa3-b415-4fe5-a9ad-a9f76698de61 req-71b29210-6ade-4ec3-bfde-1fb4e4bef246 tempest-DeleteServersTestJSON-417994909 tempest-DeleteServersTestJSON-417994909-project] Notify callbacks ['neutron.notifiers.nova.Notifier._send_nova_notification-251745', 'neutron.api.rpc.agentnotifiers.dhcp_rpc_agent_api.DhcpAgentNotifyAPI._send_dhcp_notification-3675435'] for port, before_response {{(pid=94998) _notify_loop /usr/local/lib/python3.8/dist-packages/neutron_lib/callbacks/manager.py:192}}
Sep 17 05:28:22.753680 dv-cinder-809518-2-smb neutron-server[95000]: DEBUG neutron.db.l3_dvrscheduler_db [None req-5d490ef6-a3bb-4164-ab15-fb0c70af4585 None None] Routers {'f41ad269-4bbd-4009-bce7-b81753da496a'} bound to L3 agent in host dv-cinder-809518-2-smb {{(pid=95000) _get_router_ids_for_agent /opt/stack/neutron/neutron/db/l3_dvrscheduler_db.py:420}}
Sep 17 05:28:22.753680 dv-cinder-809518-2-smb neutron-server[95000]: DEBUG neutron.db.l3_hamode_db [None req-5d490ef6-a3bb-4164-ab15-fb0c70af4585 None None] neutron.services.l3_router.l3_router_plugin.L3RouterPlugin method get_ha_sync_data_for_host called with arguments (, 'dv-cinder-809518-2-smb', Agent(admin_state_up=True,agent_type='L3 agent',availability_zone='nova',binary='neutron-l3-agent',configurations={"agent_mode": "legacy", "ex_gw_ports": 1, "extensions": [], "floating_ips": 0, "handle_internal_only_routers": true, "interface_driver": "openvswitch", "interfaces": 1, "log_agent_heartbeats": false, "routers": 1},created_at=2021-09-17T05:20:04Z,description=,heartbeat_timestamp=2021-09-17T05:28:04Z,host='dv-cinder-809518-2-smb',id=d8f5a435-53f6-4acf-8baa-55453eeed09d,load=0,resource_versions=,resources_synced=,started_at=2021-09-17T05:20:04Z,topic='l3_agent')) {'router_ids': ['f41ad269-4bbd-4009-bce7-b81753da496a'], 'active': True} {{(pid=95000) wrapper /usr/local/lib/python3.8/dist-packages/oslo_log/helpers.py:65}}
Sep 17 05:28:22.754300 dv-cinder-809518-2-smb neutron-server[94998]: INFO neutron.wsgi [req-b746baa3-b415-4fe5-a9ad-a9f76698de61 req-71b29210-6ade-4ec3-bfde-1fb4e4bef246 tempest-DeleteServersTestJSON-417994909 tempest-DeleteServersTestJSON-417994909-project] 10.222.0.42 "POST /v2.0/ports HTTP/1.1" status: 201 len: 933 time: 3.0491860
Sep 17 05:28:22.754300 dv-cinder-809518-2-smb neutron-server[94998]: DEBUG neutron.wsgi [req-b746baa3-b415-4fe5-a9ad-a9f76698de61 req-bb517a11-3fef-4a86-a2e7-20b8d2d723a0 tempest-DeleteServersTestJSON-417994909 tempest-DeleteServersTestJSON-417994909-project] http://10.222.0.32:9696/v2.0/extensions returned with HTTP 200 {{(pid=94998) __call__ /opt/stack/neutron/neutron/wsgi.py:729}}
Sep 17 05:28:22.754300 dv-cinder-809518-2-smb neutron-server[94998]: INFO neutron.wsgi [req-b746baa3-b415-4fe5-a9ad-a9f76698de61 req-bb517a11-3fef-4a86-a2e7-20b8d2d723a0 tempest-DeleteServersTestJSON-417994909 tempest-DeleteServersTestJSON-417994909-project] 10.222.0.42 "GET /v2.0/extensions HTTP/1.1" status: 200 len: 13640 time: 0.0078712
Sep 17 05:28:22.754724 dv-cinder-809518-2-smb neutron-server[94999]: DEBUG neutron.plugins.ml2.rpc [None req-d34ac257-ae20-4b41-8913-e36cfa76d3f9 None None] Device 94616114-6fa4-447e-8e57-ad13159a9377 up at agent ovs-agent-dv-cinder-809518-2-smb {{(pid=94999) update_device_up /opt/stack/neutron/neutron/plugins/ml2/rpc.py:296}}
Sep 17 05:28:22.754724 dv-cinder-809518-2-smb neutron-server[94999]: DEBUG neutron.db.provisioning_blocks [None req-d34ac257-ae20-4b41-8913-e36cfa76d3f9 None None] Provisioning complete for port 94616114-6fa4-447e-8e57-ad13159a9377 triggered by entity L2. {{(pid=94999) provisioning_complete /opt/stack/neutron/neutron/db/provisioning_blocks.py:139}}
Sep 17 05:28:22.754724 dv-cinder-809518-2-smb neutron-server[94999]: DEBUG neutron_lib.callbacks.manager [None req-d34ac257-ae20-4b41-8913-e36cfa76d3f9 None None] Notify callbacks ['neutron.plugins.ml2.plugin.Ml2Plugin._port_provisioned-646641'] for port, provisioning_complete {{(pid=94999) _notify_loop /usr/local/lib/python3.8/dist-packages/neutron_lib/callbacks/manager.py:192}}
Sep 17 05:28:22.754724 dv-cinder-809518-2-smb neutron-server[94999]: DEBUG neutron.plugins.ml2.rpc [None req-d34ac257-ae20-4b41-8913-e36cfa76d3f9 None None] Device 4ddb9aeb-87b2-4341-9244-7ec40af8f2b9 up at agent ovs-agent-dv-cinder-809518-2-smb {{(pid=94999) update_device_up /opt/stack/neutron/neutron/plugins/ml2/rpc.py:296}}
Sep 17 05:28:22.755709 dv-cinder-809518-2-smb neutron-server[95000]: DEBUG neutron.db.l3_dvr_db [None req-5d490ef6-a3bb-4164-ab15-fb0c70af4585 None None] Set router f41ad269-4bbd-4009-bce7-b81753da496a gateway port host: dv-cinder-809518-2-smb {{(pid=95000) _build_routers_list /opt/stack/neutron/neutron/db/l3_dvr_db.py:906}}
Sep 17 05:28:22.763020 dv-cinder-809518-2-smb neutron-server[94999]: DEBUG neutron.db.provisioning_blocks [None req-d34ac257-ae20-4b41-8913-e36cfa76d3f9 None None] Provisioning complete for port 4ddb9aeb-87b2-4341-9244-7ec40af8f2b9 triggered by entity L2. {{(pid=94999) provisioning_complete /opt/stack/neutron/neutron/db/provisioning_blocks.py:139}}
Sep 17 05:28:22.763020 dv-cinder-809518-2-smb neutron-server[94999]: DEBUG neutron_lib.callbacks.manager [None req-d34ac257-ae20-4b41-8913-e36cfa76d3f9 None None] Notify callbacks ['neutron.plugins.ml2.plugin.Ml2Plugin._port_provisioned-646641'] for port, provisioning_complete {{(pid=94999) _notify_loop /usr/local/lib/python3.8/dist-packages/neutron_lib/callbacks/manager.py:192}}
Sep 17 05:28:22.858889 dv-cinder-809518-2-smb neutron-server[94998]: DEBUG neutron.api.v2.base [req-b746baa3-b415-4fe5-a9ad-a9f76698de61 req-4bcc5a88-0074-407e-89ae-1eceeed6c81c service neutron] Request body: {'port': {'device_id': '627eeda5-ea57-4b55-a170-6b956f761d03', 'device_owner': 'compute:nova', 'binding:host_id': 'hv-cinder-80951'}} {{(pid=94998) prepare_request_body /opt/stack/neutron/neutron/api/v2/base.py:730}}
Sep 17 05:28:22.909660 dv-cinder-809518-2-smb neutron-server[94997]: DEBUG neutron.wsgi [-] (94997) accepted ('10.222.0.32', 32930) {{(pid=94997) server /usr/local/lib/python3.8/dist-packages/eventlet/wsgi.py:982}}
Sep 17 05:28:22.916565 dv-cinder-809518-2-smb neutron-server[94997]: DEBUG neutron.api.v2.base [None req-757af766-88ec-44dc-b0b0-e92dd2ced6ce tempest-AttachVolumeTestJSON-573687540 tempest-AttachVolumeTestJSON-573687540-project] Request body: {'security_group': {'name': 'tempest-securitygroup--1877971084', 'description': 'tempest-description--644913205'}} {{(pid=94997) prepare_request_body /opt/stack/neutron/neutron/api/v2/base.py:730}}
Sep 17 05:28:23.059680 dv-cinder-809518-2-smb neutron-server[94998]: DEBUG neutron_lib.callbacks.manager [req-b746baa3-b415-4fe5-a9ad-a9f76698de61 req-4bcc5a88-0074-407e-89ae-1eceeed6c81c service neutron] Notify callbacks ['neutron.plugins.ml2.plugin.SecurityGroupDbMixin._ensure_default_security_group_handler-687165'] for port, before_update {{(pid=94998) _notify_loop /usr/local/lib/python3.8/dist-packages/neutron_lib/callbacks/manager.py:192}}
Sep 17 05:28:23.059945 dv-cinder-809518-2-smb neutron-server[94997]: DEBUG neutron_lib.callbacks.manager [None req-757af766-88ec-44dc-b0b0-e92dd2ced6ce tempest-AttachVolumeTestJSON-573687540 tempest-AttachVolumeTestJSON-573687540-project] Notify callbacks [] for security_group, before_create {{(pid=94997) _notify_loop /usr/local/lib/python3.8/dist-packages/neutron_lib/callbacks/manager.py:192}}
Sep 17 05:28:23.143492 dv-cinder-809518-2-smb neutron-server[94999]: DEBUG neutron.api.rpc.handlers.l3_rpc [None req-c3708613-a5d4-4825-8d8e-9feba9ce3950 None None] Sync routers for ids ['426dbc8b-864d-45a1-98d8-0d5e178d358c'] in dv-cinder-809518-2-smb {{(pid=94999) sync_routers /opt/stack/neutron/neutron/api/rpc/handlers/l3_rpc.py:125}}
Sep 17 05:28:23.159918 dv-cinder-809518-2-smb neutron-server[94999]: DEBUG neutron.db.l3_dvrscheduler_db [None req-c3708613-a5d4-4825-8d8e-9feba9ce3950 None None] Routers {'426dbc8b-864d-45a1-98d8-0d5e178d358c'} bound to L3 agent in host dv-cinder-809518-2-smb {{(pid=94999) _get_router_ids_for_agent /opt/stack/neutron/neutron/db/l3_dvrscheduler_db.py:420}}
Sep 17 05:28:23.161909 dv-cinder-809518-2-smb neutron-server[94999]: DEBUG neutron.db.l3_hamode_db [None req-c3708613-a5d4-4825-8d8e-9feba9ce3950 None None] neutron.services.l3_router.l3_router_plugin.L3RouterPlugin method get_ha_sync_data_for_host called with arguments (, 'dv-cinder-809518-2-smb', Agent(admin_state_up=True,agent_type='L3 agent',availability_zone='nova',binary='neutron-l3-agent',configurations={"agent_mode": "legacy", "ex_gw_ports": 1, "extensions": [], "floating_ips": 0, "handle_internal_only_routers": true, "interface_driver": "openvswitch", "interfaces": 1, "log_agent_heartbeats": false, "routers": 1},created_at=2021-09-17T05:20:04Z,description=,heartbeat_timestamp=2021-09-17T05:28:04Z,host='dv-cinder-809518-2-smb',id=d8f5a435-53f6-4acf-8baa-55453eeed09d,load=0,resource_versions=,resources_synced=,started_at=2021-09-17T05:20:04Z,topic='l3_agent')) {'router_ids': ['426dbc8b-864d-45a1-98d8-0d5e178d358c'], 'active': True} {{(pid=94999) wrapper /usr/local/lib/python3.8/dist-packages/oslo_log/helpers.py:65}}
Sep 17 05:28:23.367665 dv-cinder-809518-2-smb neutron-server[95000]: DEBUG neutron.db.l3_hamode_db [None req-5d490ef6-a3bb-4164-ab15-fb0c70af4585 None None] neutron.services.l3_router.l3_router_plugin.L3RouterPlugin method _process_sync_ha_data called with arguments (, [{'id': 'f41ad269-4bbd-4009-bce7-b81753da496a', 'name': 'tempest-AttachVolumeTestJSON-932210854-router', 'tenant_id': 'fb18e590cc544ac386bb0f210925bd48', 'admin_state_up': True, 'status': 'ACTIVE', 'external_gateway_info': {'network_id': '0abfee13-07fd-4352-9f14-d363fdb44818', 'external_fixed_ips': [{'subnet_id': '2e39e10b-4c1b-4002-9658-f5636b580525', 'ip_address': '172.28.1.238'}], 'enable_snat': True}, 'gw_port_id': '94616114-6fa4-447e-8e57-ad13159a9377', 'description': '', 'availability_zones': ['nova'], 'distributed': False, 'ha': False, 'ha_vr_id': 0, 'availability_zone_hints': [], 'routes': [], 'flavor_id': None, 'tags': [], 'created_at': '2021-09-17T05:28:12Z', 'updated_at': '2021-09-17T05:28:19Z', 'revision_number': 4, 'project_id': 'fb18e590cc544ac386bb0f210925bd48', 'gw_port': {'id': '94616114-6fa4-447e-8e57-ad13159a9377', 'name': '', 'network_id': '0abfee13-07fd-4352-9f14-d363fdb44818', 'tenant_id': '', 'mac_address': 'fa:16:3e:d0:18:23', 'admin_state_up': True, 'status': 'ACTIVE', 'device_id': 'f41ad269-4bbd-4009-bce7-b81753da496a', 'device_owner': 'network:router_gateway', 'standard_attr_id': 59, 'fixed_ips': [{'subnet_id': '2e39e10b-4c1b-4002-9658-f5636b580525', 'ip_address': '172.28.1.238', 'prefixlen': 24}], 'allowed_address_pairs': [], 'extra_dhcp_opts': [], 'security_groups': [], 'description': '', 'binding:vnic_type': 'normal', 'binding:profile': {}, 'binding:host_id': 'dv-cinder-809518-2-smb', 'binding:vif_type': 'ovs', 'binding:vif_details': {'connectivity': 'l2', 'port_filter': True, 'ovs_hybrid_plug': False, 'datapath_type': 'system', 'bridge_name': 'br-int'}, 'port_security_enabled': False, 'tags': [], 'created_at': '2021-09-17T05:28:13Z', 'updated_at': '2021-09-17T05:28:20Z', 'revision_number': 4, 'project_id': '', 'subnets': [{'id': '2e39e10b-4c1b-4002-9658-f5636b580525', 'cidr': '172.28.1.0/24', 'gateway_ip': '172.28.1.1', 'dns_nameservers': [], 'ipv6_ra_mode': None, 'subnetpool_id': None}], 'extra_subnets': [], 'address_scopes': {4: None, 6: None}, 'mtu': 1500}, 'enable_snat': True, 'gw_port_host': 'dv-cinder-809518-2-smb', '_interfaces': [{'id': 'f76bf1fc-0f63-4214-b6af-e960d152183b', 'name': '', 'network_id': '8db1eba3-5111-4b76-886f-0aa9d3140cac', 'tenant_id': 'fb18e590cc544ac386bb0f210925bd48', 'mac_address': 'fa:16:3e:be:51:06', 'admin_state_up': True, 'status': 'DOWN', 'device_id': 'f41ad269-4bbd-4009-bce7-b81753da496a', 'device_owner': 'network:router_interface', 'standard_attr_id': 61, 'fixed_ips': [{'subnet_id': 'febbd186-880f-4253-8591-edea3c1d0e8c', 'ip_address': '172.20.0.1', 'prefixlen': 28}], 'allowed_address_pairs': [], 'extra_dhcp_opts': [], 'security_groups': [], 'description': '', 'binding:vnic_type': 'normal', 'binding:profile': {}, 'binding:host_id': '', 'binding:vif_type': 'unbound', 'binding:vif_details': {}, 'port_security_enabled': False, 'tags': [], 'created_at': '2021-09-17T05:28:17Z', 'updated_at': '2021-09-17T05:28:19Z', 'revision_number': 2, 'project_id': 'fb18e590cc544ac386bb0f210925bd48', 'subnets': [{'id': 'febbd186-880f-4253-8591-edea3c1d0e8c', 'cidr': '172.20.0.0/28', 'gateway_ip': '172.20.0.1', 'dns_nameservers': [], 'ipv6_ra_mode': None, 'subnetpool_id': None}], 'extra_subnets': [], 'address_scopes': {4: None, 6: None}, 'mtu': 1500}]}], 'dv-cinder-809518-2-smb', False) {} {{(pid=95000) wrapper /usr/local/lib/python3.8/dist-packages/oslo_log/helpers.py:65}}
Sep 17 05:28:23.443429 dv-cinder-809518-2-smb neutron-server[95000]: DEBUG neutron.api.rpc.handlers.l3_rpc [None req-5d490ef6-a3bb-4164-ab15-fb0c70af4585 None None] Checking router: f41ad269-4bbd-4009-bce7-b81753da496a for host: dv-cinder-809518-2-smb {{(pid=95000) _ensure_host_set_on_ports /opt/stack/neutron/neutron/api/rpc/handlers/l3_rpc.py:155}}
Sep 17 05:28:23.443797 dv-cinder-809518-2-smb neutron-server[95000]: DEBUG neutron.api.rpc.handlers.l3_rpc [None req-5d490ef6-a3bb-4164-ab15-fb0c70af4585 None None] Updating router f41ad269-4bbd-4009-bce7-b81753da496a port f76bf1fc-0f63-4214-b6af-e960d152183b binding host dv-cinder-809518-2-smb {{(pid=95000) _ensure_host_set_on_port /opt/stack/neutron/neutron/api/rpc/handlers/l3_rpc.py:205}}
Sep 17 05:28:23.467883 dv-cinder-809518-2-smb neutron-server[94999]: DEBUG neutron.db.l3_dvr_db [None req-c3708613-a5d4-4825-8d8e-9feba9ce3950 None None] Set router 426dbc8b-864d-45a1-98d8-0d5e178d358c gateway port host: dv-cinder-809518-2-smb {{(pid=94999) _build_routers_list /opt/stack/neutron/neutron/db/l3_dvr_db.py:906}}
Sep 17 05:28:23.496165 dv-cinder-809518-2-smb neutron-server[94997]: DEBUG neutron.pecan_wsgi.hooks.policy_enforcement [req-31ddddd6-4765-4c2a-9f7b-60fade1c980c req-8fcbb25f-95a6-4f2f-9b2b-dabd20fb110f tempest-DeleteServersTestJSON-417994909 tempest-DeleteServersTestJSON-417994909-project] Attributes excluded by policy engine: ['standard_attr_id', 'binding:profile', 'binding:host_id', 'binding:vif_type', 'binding:vif_details'] {{(pid=94997) _exclude_attributes_by_policy /opt/stack/neutron/neutron/pecan_wsgi/hooks/policy_enforcement.py:255}}
Sep 17 05:28:23.500926 dv-cinder-809518-2-smb neutron-server[94997]: INFO neutron.wsgi [req-31ddddd6-4765-4c2a-9f7b-60fade1c980c req-8fcbb25f-95a6-4f2f-9b2b-dabd20fb110f tempest-DeleteServersTestJSON-417994909 tempest-DeleteServersTestJSON-417994909-project] 10.222.0.32 "GET /v2.0/ports?device_id=627eeda5-ea57-4b55-a170-6b956f761d03 HTTP/1.1" status: 200 len: 931 time: 0.2634134
Sep 17 05:28:23.523531 dv-cinder-809518-2-smb neutron-server[95000]: DEBUG neutron_lib.callbacks.manager [None req-5d490ef6-a3bb-4164-ab15-fb0c70af4585 None None] Notify callbacks ['neutron.plugins.ml2.plugin.SecurityGroupDbMixin._ensure_default_security_group_handler-687165'] for port, before_update {{(pid=95000) _notify_loop /usr/local/lib/python3.8/dist-packages/neutron_lib/callbacks/manager.py:192}}
Sep 17 05:28:23.526779 dv-cinder-809518-2-smb neutron-server[94997]: DEBUG neutron_lib.callbacks.manager [None req-757af766-88ec-44dc-b0b0-e92dd2ced6ce tempest-AttachVolumeTestJSON-573687540 tempest-AttachVolumeTestJSON-573687540-project] Notify callbacks [] for security_group, precommit_create {{(pid=94997) _notify_loop /usr/local/lib/python3.8/dist-packages/neutron_lib/callbacks/manager.py:192}}
Sep 17 05:28:23.635708 dv-cinder-809518-2-smb neutron-server[94997]: INFO neutron.wsgi [req-31ddddd6-4765-4c2a-9f7b-60fade1c980c req-21d4887e-8cfb-431a-90e7-2612130ee378 tempest-DeleteServersTestJSON-417994909 tempest-DeleteServersTestJSON-417994909-project] 10.222.0.32 "GET /v2.0/security-groups?id=46879240-c5ae-44f0-b35f-5d82d93a494b&fields=id&fields=name HTTP/1.1" status: 200 len: 286 time: 0.1231477
Sep 17 05:28:23.728073 dv-cinder-809518-2-smb neutron-server[94997]: DEBUG neutron_lib.callbacks.manager [None req-757af766-88ec-44dc-b0b0-e92dd2ced6ce tempest-AttachVolumeTestJSON-573687540 tempest-AttachVolumeTestJSON-573687540-project] Notify callbacks ['neutron.plugins.ml2.ovo_rpc._ObjectChangeHandler.handle_event-3727577'] for security_group, after_create {{(pid=94997) _notify_loop /usr/local/lib/python3.8/dist-packages/neutron_lib/callbacks/manager.py:192}}
Sep 17 05:28:23.784377 dv-cinder-809518-2-smb neutron-server[94997]: DEBUG neutron.api.rpc.handlers.resources_rpc [None req-757af766-88ec-44dc-b0b0-e92dd2ced6ce tempest-AttachVolumeTestJSON-573687540 tempest-AttachVolumeTestJSON-573687540-project] Pushing event updated for resources: {'SecurityGroup': ['ID=044ce5f5-4581-4456-a267-0ebe1640e0fb,revision_number=1']} {{(pid=94997) push /opt/stack/neutron/neutron/api/rpc/handlers/resources_rpc.py:237}}
Sep 17 05:28:23.825665 dv-cinder-809518-2-smb neutron-server[94997]: DEBUG neutron_lib.callbacks.manager [None req-757af766-88ec-44dc-b0b0-e92dd2ced6ce tempest-AttachVolumeTestJSON-573687540 tempest-AttachVolumeTestJSON-573687540-project] Notify callbacks [] for security_group, before_response {{(pid=94997) _notify_loop /usr/local/lib/python3.8/dist-packages/neutron_lib/callbacks/manager.py:192}}
Sep 17 05:28:23.829717 dv-cinder-809518-2-smb neutron-server[94997]: INFO neutron.wsgi [None req-757af766-88ec-44dc-b0b0-e92dd2ced6ce tempest-AttachVolumeTestJSON-573687540 tempest-AttachVolumeTestJSON-573687540-project] 10.222.0.32 "POST /v2.0/security-groups HTTP/1.1" status: 201 len: 1777 time: 0.9170458
Sep 17 05:28:23.832596 dv-cinder-809518-2-smb neutron-server[94997]: DEBUG neutron.wsgi [-] (94997) accepted ('10.222.0.32', 32950) {{(pid=94997) server /usr/local/lib/python3.8/dist-packages/eventlet/wsgi.py:982}}
Sep 17 05:28:23.840220 dv-cinder-809518-2-smb neutron-server[94997]: DEBUG neutron.api.v2.base [None req-7c02efec-f96a-4e6b-93c3-fb171c2de536 tempest-AttachVolumeTestJSON-573687540 tempest-AttachVolumeTestJSON-573687540-project] Request body: {'security_group_rule': {'security_group_id': '044ce5f5-4581-4456-a267-0ebe1640e0fb', 'protocol': 'tcp', 'ethertype': 'IPv4', 'port_range_min': 22, 'port_range_max': 22, 'direction': 'ingress'}} {{(pid=94997) prepare_request_body /opt/stack/neutron/neutron/api/v2/base.py:730}}
Sep 17 05:28:23.890816 dv-cinder-809518-2-smb neutron-server[94999]: DEBUG neutron.db.l3_hamode_db [None req-c3708613-a5d4-4825-8d8e-9feba9ce3950 None None] neutron.services.l3_router.l3_router_plugin.L3RouterPlugin method _process_sync_ha_data called with arguments (, [{'id': '426dbc8b-864d-45a1-98d8-0d5e178d358c', 'name': 'tempest-AttachVolumeShelveTestJSON-859352118-router', 'tenant_id': 'f279b82197554cdc87719a24918fe58a', 'admin_state_up': True, 'status': 'ACTIVE', 'external_gateway_info': {'network_id': '0abfee13-07fd-4352-9f14-d363fdb44818', 'external_fixed_ips': [{'subnet_id': '2e39e10b-4c1b-4002-9658-f5636b580525', 'ip_address': '172.28.1.20'}], 'enable_snat': True}, 'gw_port_id': '4ddb9aeb-87b2-4341-9244-7ec40af8f2b9', 'description': '', 'availability_zones': ['nova'], 'distributed': False, 'ha': False, 'ha_vr_id': 0, 'availability_zone_hints': [], 'routes': [], 'flavor_id': None, 'tags': [], 'created_at': '2021-09-17T05:28:12Z', 'updated_at': '2021-09-17T05:28:19Z', 'revision_number': 4, 'project_id': 'f279b82197554cdc87719a24918fe58a', 'gw_port': {'id': '4ddb9aeb-87b2-4341-9244-7ec40af8f2b9', 'name': '', 'network_id': '0abfee13-07fd-4352-9f14-d363fdb44818', 'tenant_id': '', 'mac_address': 'fa:16:3e:bd:00:20', 'admin_state_up': True, 'status': 'ACTIVE', 'device_id': '426dbc8b-864d-45a1-98d8-0d5e178d358c', 'device_owner': 'network:router_gateway', 'standard_attr_id': 60, 'fixed_ips': [{'subnet_id': '2e39e10b-4c1b-4002-9658-f5636b580525', 'ip_address': '172.28.1.20', 'prefixlen': 24}], 'allowed_address_pairs': [], 'extra_dhcp_opts': [], 'security_groups': [], 'description': '', 'binding:vnic_type': 'normal', 'binding:profile': {}, 'binding:host_id': 'dv-cinder-809518-2-smb', 'binding:vif_type': 'ovs', 'binding:vif_details': {'connectivity': 'l2', 'port_filter': True, 'ovs_hybrid_plug': False, 'datapath_type': 'system', 'bridge_name': 'br-int'}, 'port_security_enabled': False, 'tags': [], 'created_at': '2021-09-17T05:28:14Z', 'updated_at': '2021-09-17T05:28:21Z', 'revision_number': 4, 'project_id': '', 'subnets': [{'id': '2e39e10b-4c1b-4002-9658-f5636b580525', 'cidr': '172.28.1.0/24', 'gateway_ip': '172.28.1.1', 'dns_nameservers': [], 'ipv6_ra_mode': None, 'subnetpool_id': None}], 'extra_subnets': [], 'address_scopes': {4: None, 6: None}, 'mtu': 1500}, 'enable_snat': True, 'gw_port_host': 'dv-cinder-809518-2-smb', '_interfaces': [{'id': '220b0048-1173-49b7-98b7-e833e11ae038', 'name': '', 'network_id': '9898732a-93aa-4266-bcd6-773fdd9ba2d6', 'tenant_id': 'f279b82197554cdc87719a24918fe58a', 'mac_address': 'fa:16:3e:b0:b7:94', 'admin_state_up': True, 'status': 'DOWN', 'device_id': '426dbc8b-864d-45a1-98d8-0d5e178d358c', 'device_owner': 'network:router_interface', 'standard_attr_id': 62, 'fixed_ips': [{'subnet_id': '05af0356-c921-46d5-84f6-ada5403b4914', 'ip_address': '172.20.0.1', 'prefixlen': 28}], 'allowed_address_pairs': [], 'extra_dhcp_opts': [], 'security_groups': [], 'description': '', 'binding:vnic_type': 'normal', 'binding:profile': {}, 'binding:host_id': '', 'binding:vif_type': 'unbound', 'binding:vif_details': {}, 'port_security_enabled': False, 'tags': [], 'created_at': '2021-09-17T05:28:17Z', 'updated_at': '2021-09-17T05:28:19Z', 'revision_number': 2, 'project_id': 'f279b82197554cdc87719a24918fe58a', 'subnets': [{'id': '05af0356-c921-46d5-84f6-ada5403b4914', 'cidr': '172.20.0.0/28', 'gateway_ip': '172.20.0.1', 'dns_nameservers': [], 'ipv6_ra_mode': None, 'subnetpool_id': None}], 'extra_subnets': [], 'address_scopes': {4: None, 6: None}, 'mtu': 1500}]}], 'dv-cinder-809518-2-smb', False) {} {{(pid=94999) wrapper /usr/local/lib/python3.8/dist-packages/oslo_log/helpers.py:65}}
Sep 17 05:28:23.892788 dv-cinder-809518-2-smb neutron-server[94997]: DEBUG neutron.wsgi [-] (94997) accepted ('10.222.0.32', 32952) {{(pid=94997) server /usr/local/lib/python3.8/dist-packages/eventlet/wsgi.py:982}}
Sep 17 05:28:23.907619 dv-cinder-809518-2-smb neutron-server[94997]: DEBUG neutron.api.v2.base [None req-444c3d66-937d-49eb-ae5b-5e732c49cda6 tempest-AttachVolumeShelveTestJSON-1647379249 tempest-AttachVolumeShelveTestJSON-1647379249-project] Request body: {'security_group': {'name': 'tempest-securitygroup--1857889447', 'description': 'tempest-description--149230864'}} {{(pid=94997) prepare_request_body /opt/stack/neutron/neutron/api/v2/base.py:730}}
Sep 17 05:28:23.940698 dv-cinder-809518-2-smb neutron-server[94999]: DEBUG neutron.api.rpc.handlers.l3_rpc [None req-c3708613-a5d4-4825-8d8e-9feba9ce3950 None None] Checking router: 426dbc8b-864d-45a1-98d8-0d5e178d358c for host: dv-cinder-809518-2-smb {{(pid=94999) _ensure_host_set_on_ports /opt/stack/neutron/neutron/api/rpc/handlers/l3_rpc.py:155}}
Sep 17 05:28:23.941394 dv-cinder-809518-2-smb neutron-server[94999]: DEBUG neutron.api.rpc.handlers.l3_rpc [None req-c3708613-a5d4-4825-8d8e-9feba9ce3950 None None] Updating router 426dbc8b-864d-45a1-98d8-0d5e178d358c port 220b0048-1173-49b7-98b7-e833e11ae038 binding host dv-cinder-809518-2-smb {{(pid=94999) _ensure_host_set_on_port /opt/stack/neutron/neutron/api/rpc/handlers/l3_rpc.py:205}}
Sep 17 05:28:23.944294 dv-cinder-809518-2-smb neutron-server[94998]: DEBUG neutron.notifiers.nova [req-b746baa3-b415-4fe5-a9ad-a9f76698de61 req-4bcc5a88-0074-407e-89ae-1eceeed6c81c service neutron] Ignoring state change previous_port_status: DOWN current_port_status: DOWN port_id 73a60a81-a130-456f-bd98-d3d0d4c9c7ed {{(pid=94998) record_port_status_changed /opt/stack/neutron/neutron/notifiers/nova.py:224}}
Sep 17 05:28:23.964412 dv-cinder-809518-2-smb neutron-server[94998]: DEBUG neutron_lib.callbacks.manager [req-b746baa3-b415-4fe5-a9ad-a9f76698de61 req-4bcc5a88-0074-407e-89ae-1eceeed6c81c service neutron] Notify callbacks [] for port, precommit_update {{(pid=94998) _notify_loop /usr/local/lib/python3.8/dist-packages/neutron_lib/callbacks/manager.py:192}}
Sep 17 05:28:24.036160 dv-cinder-809518-2-smb neutron-server[94997]: DEBUG neutron_lib.callbacks.manager [None req-7c02efec-f96a-4e6b-93c3-fb171c2de536 tempest-AttachVolumeTestJSON-573687540 tempest-AttachVolumeTestJSON-573687540-project] Notify callbacks [] for security_group_rule, before_create {{(pid=94997) _notify_loop /usr/local/lib/python3.8/dist-packages/neutron_lib/callbacks/manager.py:192}}
Sep 17 05:28:24.051507 dv-cinder-809518-2-smb neutron-server[94998]: DEBUG neutron.db.provisioning_blocks [req-b746baa3-b415-4fe5-a9ad-a9f76698de61 req-4bcc5a88-0074-407e-89ae-1eceeed6c81c service neutron] Transition to ACTIVE for port object 73a60a81-a130-456f-bd98-d3d0d4c9c7ed will not be triggered until provisioned by entity L2. {{(pid=94998) add_provisioning_component /opt/stack/neutron/neutron/db/provisioning_blocks.py:73}}
Sep 17 05:28:24.063189 dv-cinder-809518-2-smb neutron-server[94999]: DEBUG neutron_lib.callbacks.manager [None req-c3708613-a5d4-4825-8d8e-9feba9ce3950 None None] Notify callbacks ['neutron.plugins.ml2.plugin.SecurityGroupDbMixin._ensure_default_security_group_handler-687165'] for port, before_update {{(pid=94999) _notify_loop /usr/local/lib/python3.8/dist-packages/neutron_lib/callbacks/manager.py:192}}
Sep 17 05:28:24.198066 dv-cinder-809518-2-smb neutron-server[95000]: DEBUG neutron_lib.callbacks.manager [None req-5d490ef6-a3bb-4164-ab15-fb0c70af4585 None None] Notify callbacks [] for port, precommit_update {{(pid=95000) _notify_loop /usr/local/lib/python3.8/dist-packages/neutron_lib/callbacks/manager.py:192}}
Sep 17 05:28:24.214461 dv-cinder-809518-2-smb neutron-server[94997]: DEBUG neutron_lib.callbacks.manager [None req-7c02efec-f96a-4e6b-93c3-fb171c2de536 tempest-AttachVolumeTestJSON-573687540 tempest-AttachVolumeTestJSON-573687540-project] Notify callbacks [] for security_group_rule, precommit_create {{(pid=94997) _notify_loop /usr/local/lib/python3.8/dist-packages/neutron_lib/callbacks/manager.py:192}}
Sep 17 05:28:24.375067 dv-cinder-809518-2-smb neutron-server[95000]: DEBUG neutron_lib.callbacks.manager [None req-5d490ef6-a3bb-4164-ab15-fb0c70af4585 None None] Notify callbacks ['neutron.plugins.ml2.plugin.SecurityGroupServerNotifierRpcMixin._notify_sg_on_port_change-687228', 'neutron.plugins.ml2.ovo_rpc._ObjectChangeHandler.handle_event-181375', 'neutron.api.rpc.agentnotifiers.dhcp_rpc_agent_api.DhcpAgentNotifyAPI._native_event_send_dhcp_notification-3675449', 'neutron.db.l3_db.L3RpcNotifierMixin._notify_gateway_port_ip_changed-8770862435597', 'neutron.db.l3_dvrscheduler_db._notify_l3_agent_port_update-8770861880796', 'neutron.db.l3_hascheduler_db._notify_l3_agent_ha_port_update-8770861880814'] for port, after_update {{(pid=95000) _notify_loop /usr/local/lib/python3.8/dist-packages/neutron_lib/callbacks/manager.py:192}}
Sep 17 05:28:24.375200 dv-cinder-809518-2-smb neutron-server[94997]: DEBUG neutron_lib.callbacks.manager [None req-444c3d66-937d-49eb-ae5b-5e732c49cda6 tempest-AttachVolumeShelveTestJSON-1647379249 tempest-AttachVolumeShelveTestJSON-1647379249-project] Notify callbacks [] for security_group, before_create {{(pid=94997) _notify_loop /usr/local/lib/python3.8/dist-packages/neutron_lib/callbacks/manager.py:192}}
Sep 17 05:28:24.375438 dv-cinder-809518-2-smb neutron-server[94998]: DEBUG neutron_lib.callbacks.manager [req-b746baa3-b415-4fe5-a9ad-a9f76698de61 req-4bcc5a88-0074-407e-89ae-1eceeed6c81c service neutron] Notify callbacks ['neutron.plugins.ml2.plugin.SecurityGroupServerNotifierRpcMixin._notify_sg_on_port_change-687228', 'neutron.plugins.ml2.ovo_rpc._ObjectChangeHandler.handle_event-181375', 'neutron.api.rpc.agentnotifiers.dhcp_rpc_agent_api.DhcpAgentNotifyAPI._native_event_send_dhcp_notification-3675449', 'neutron.db.l3_db.L3RpcNotifierMixin._notify_gateway_port_ip_changed-8770862435597', 'neutron.db.l3_dvrscheduler_db._notify_l3_agent_port_update-8770861880796', 'neutron.db.l3_hascheduler_db._notify_l3_agent_ha_port_update-8770861880814'] for port, after_update {{(pid=94998) _notify_loop /usr/local/lib/python3.8/dist-packages/neutron_lib/callbacks/manager.py:192}}
Sep 17 05:28:24.423632 dv-cinder-809518-2-smb neutron-server[94997]: DEBUG neutron_lib.callbacks.manager [None req-7c02efec-f96a-4e6b-93c3-fb171c2de536 tempest-AttachVolumeTestJSON-573687540 tempest-AttachVolumeTestJSON-573687540-project] Notify callbacks ['neutron.plugins.ml2.ovo_rpc._ObjectChangeHandler.handle_event-4140329'] for security_group_rule, after_create {{(pid=94997) _notify_loop /usr/local/lib/python3.8/dist-packages/neutron_lib/callbacks/manager.py:192}}
Sep 17 05:28:24.454884 dv-cinder-809518-2-smb neutron-server[94998]: DEBUG neutron.api.rpc.handlers.resources_rpc [None req-4bcc5a88-0074-407e-89ae-1eceeed6c81c service neutron] Pushing event updated for resources: {'Port': ['ID=73a60a81-a130-456f-bd98-d3d0d4c9c7ed,revision_number=2']} {{(pid=94998) push /opt/stack/neutron/neutron/api/rpc/handlers/resources_rpc.py:237}}
Sep 17 05:28:24.574763 dv-cinder-809518-2-smb neutron-server[95000]: DEBUG neutron.api.rpc.handlers.resources_rpc [None req-08675927-4d81-4487-aef8-7953c6dbf4c9 None None] Pushing event updated for resources: {'Port': ['ID=f76bf1fc-0f63-4214-b6af-e960d152183b,revision_number=3']} {{(pid=95000) push /opt/stack/neutron/neutron/api/rpc/handlers/resources_rpc.py:237}}
Sep 17 05:28:24.577150 dv-cinder-809518-2-smb neutron-server[94997]: DEBUG neutron.api.rpc.handlers.resources_rpc [None req-7c02efec-f96a-4e6b-93c3-fb171c2de536 tempest-AttachVolumeTestJSON-573687540 tempest-AttachVolumeTestJSON-573687540-project] Pushing event updated for resources: {'SecurityGroupRule': ['ID=de181bfc-4479-4291-9d95-f9f21b155417,revision_number=0']} {{(pid=94997) push /opt/stack/neutron/neutron/api/rpc/handlers/resources_rpc.py:237}}
Sep 17 05:28:24.577533 dv-cinder-809518-2-smb neutron-server[94998]: DEBUG neutron.plugins.ml2.managers [req-b746baa3-b415-4fe5-a9ad-a9f76698de61 req-4bcc5a88-0074-407e-89ae-1eceeed6c81c service neutron] Attempting to bind port 73a60a81-a130-456f-bd98-d3d0d4c9c7ed on host hv-cinder-80951 for vnic_type normal with profile {{(pid=94998) bind_port /opt/stack/neutron/neutron/plugins/ml2/managers.py:790}}
Sep 17 05:28:24.577533 dv-cinder-809518-2-smb neutron-server[94998]: DEBUG neutron.plugins.ml2.managers [req-b746baa3-b415-4fe5-a9ad-a9f76698de61 req-4bcc5a88-0074-407e-89ae-1eceeed6c81c service neutron] Attempting to bind port 73a60a81-a130-456f-bd98-d3d0d4c9c7ed by drivers openvswitch,hyperv on host hv-cinder-80951 at level 0 using segments [{'id': '42ca82a4-166d-43cd-976c-4783794ae97e', 'network_type': 'vlan', 'physical_network': 'physnet1', 'segmentation_id': 325, 'network_id': '1761e517-9061-4d52-9edd-4ef89d3813f5'}] {{(pid=94998) _bind_port_level /opt/stack/neutron/neutron/plugins/ml2/managers.py:815}}
