Sep 17 05:28:13.347572 dv-cinder-809518-2-smb devstack@c-api.service[101864]: [pid: 101864|app: 0|req: 7/12] 10.222.0.32 () {64 vars in 1522 bytes} [Fri Sep 17 05:28:12 2021] POST /volume/v3/963998e0bfc44e12a0b2ea8e40469f0f/volumes => generated 824 bytes in 1191 msecs (HTTP/1.1 202) 7 headers in 291 bytes (2 switches on core 0)
Sep 17 05:28:13.383791 dv-cinder-809518-2-smb devstack@c-api.service[101863]: INFO cinder.api.openstack.wsgi [None req-18f93286-3722-4320-bbac-52202a09bbbf tempest-GroupsTest-1382831339 tempest-GroupsTest-1382831339-project] http://10.222.0.32/volume/v3/0ff53ee5f5cc45b88e97d6e1a1ad674e/groups returned with HTTP 202
Sep 17 05:28:13.385979 dv-cinder-809518-2-smb devstack@c-api.service[101863]: [pid: 101863|app: 0|req: 6/13] 10.222.0.32 () {62 vars in 1274 bytes} [Fri Sep 17 05:28:12 2021] POST /volume/v3/0ff53ee5f5cc45b88e97d6e1a1ad674e/groups => generated 93 bytes in 1201 msecs (HTTP/1.1 202) 7 headers in 291 bytes (2 switches on core 0)
Sep 17 05:28:13.395977 dv-cinder-809518-2-smb devstack@c-api.service[101863]: INFO cinder.api.openstack.wsgi [None req-c7fb03c6-a8dc-4d55-a317-d7b00482bc6f tempest-VolumesTestJSON-616874710 tempest-VolumesTestJSON-616874710-project] GET http://10.222.0.32/volume/v3/e22df5f7e6744140b5dfc8a3d7268179/volumes/097d8509-e207-47fb-b2f5-a4fd9fad9adb
Sep 17 05:28:13.397004 dv-cinder-809518-2-smb devstack@c-api.service[101863]: DEBUG cinder.api.openstack.wsgi [None req-c7fb03c6-a8dc-4d55-a317-d7b00482bc6f tempest-VolumesTestJSON-616874710 tempest-VolumesTestJSON-616874710-project] Empty body provided in request {{(pid=101863) get_body /opt/stack/cinder/cinder/api/openstack/wsgi.py:703}}
Sep 17 05:28:13.397324 dv-cinder-809518-2-smb devstack@c-api.service[101863]: /usr/local/lib/python3.8/dist-packages/webob/acceptparse.py:1047: DeprecationWarning: The behavior of AcceptValidHeader.best_match is currently being maintained for backward compatibility, but it will be deprecated in the future, as it does not conform to the RFC.
Sep 17 05:28:13.397324 dv-cinder-809518-2-smb devstack@c-api.service[101863]: warnings.warn(
Sep 17 05:28:13.397878 dv-cinder-809518-2-smb devstack@c-api.service[101863]: DEBUG cinder.api.openstack.wsgi [None req-c7fb03c6-a8dc-4d55-a317-d7b00482bc6f tempest-VolumesTestJSON-616874710 tempest-VolumesTestJSON-616874710-project] Calling method 'show' {{(pid=101863) _process_stack /opt/stack/cinder/cinder/api/openstack/wsgi.py:856}}
Sep 17 05:28:13.421617 dv-cinder-809518-2-smb devstack@c-api.service[101863]: /usr/local/lib/python3.8/dist-packages/oslo_context/context.py:105: DeprecationWarning: Policy enforcement is depending on the value of is_admin. This key is deprecated. Please update your policy file to use the standard policy values.
Sep 17 05:28:13.421617 dv-cinder-809518-2-smb devstack@c-api.service[101863]: warnings.warn('Policy enforcement is depending on the value of '
Sep 17 05:28:13.434545 dv-cinder-809518-2-smb devstack@c-api.service[101863]: INFO cinder.volume.api [None req-c7fb03c6-a8dc-4d55-a317-d7b00482bc6f tempest-VolumesTestJSON-616874710 tempest-VolumesTestJSON-616874710-project] Volume info retrieved successfully.
Sep 17 05:28:13.460105 dv-cinder-809518-2-smb devstack@c-api.service[101863]: INFO cinder.api.openstack.wsgi [None req-c7fb03c6-a8dc-4d55-a317-d7b00482bc6f tempest-VolumesTestJSON-616874710 tempest-VolumesTestJSON-616874710-project] http://10.222.0.32/volume/v3/e22df5f7e6744140b5dfc8a3d7268179/volumes/097d8509-e207-47fb-b2f5-a4fd9fad9adb returned with HTTP 200
Sep 17 05:28:13.490460 dv-cinder-809518-2-smb devstack@c-api.service[101863]: [pid: 101863|app: 0|req: 7/14] 10.222.0.32 () {58 vars in 1325 bytes} [Fri Sep 17 05:28:13 2021] GET /volume/v3/e22df5f7e6744140b5dfc8a3d7268179/volumes/097d8509-e207-47fb-b2f5-a4fd9fad9adb => generated 921 bytes in 104 msecs (HTTP/1.1 200) 7 headers in 285 bytes (1 switches on core 0)
Sep 17 05:28:13.564235 dv-cinder-809518-2-smb devstack@c-api.service[101864]: INFO cinder.api.openstack.wsgi [None req-68ac2d67-347c-47d1-9ee5-980942d3d261 tempest-VolumeManageAdminTest-283593870 tempest-VolumeManageAdminTest-283593870-project] POST http://10.222.0.32/volume/v3/bf58d42b11214bacbdf4deb2948d8d77/volumes
Sep 17 05:28:13.564841 dv-cinder-809518-2-smb devstack@c-api.service[101864]: /usr/local/lib/python3.8/dist-packages/webob/acceptparse.py:1047: DeprecationWarning: The behavior of AcceptValidHeader.best_match is currently being maintained for backward compatibility, but it will be deprecated in the future, as it does not conform to the RFC.
Sep 17 05:28:13.564841 dv-cinder-809518-2-smb devstack@c-api.service[101864]: warnings.warn(
Sep 17 05:28:13.565352 dv-cinder-809518-2-smb devstack@c-api.service[101864]: DEBUG cinder.api.openstack.wsgi [None req-68ac2d67-347c-47d1-9ee5-980942d3d261 tempest-VolumeManageAdminTest-283593870 tempest-VolumeManageAdminTest-283593870-project] Action: 'create', calling method: create, body: {"volume": {"size": 1, "name": "tempest-VolumeManageAdminTest-Volume-408002746"}} {{(pid=101864) _process_stack /opt/stack/cinder/cinder/api/openstack/wsgi.py:854}}
Sep 17 05:28:13.566443 dv-cinder-809518-2-smb devstack@c-api.service[101864]: DEBUG cinder.api.v3.volumes [None req-68ac2d67-347c-47d1-9ee5-980942d3d261 tempest-VolumeManageAdminTest-283593870 tempest-VolumeManageAdminTest-283593870-project] Create volume request body: {'volume': {'size': 1, 'name': 'tempest-VolumeManageAdminTest-Volume-408002746'}} {{(pid=101864) create /opt/stack/cinder/cinder/api/v3/volumes.py:298}}
Sep 17 05:28:13.566824 dv-cinder-809518-2-smb devstack@c-api.service[101864]: INFO cinder.api.v3.volumes [None req-68ac2d67-347c-47d1-9ee5-980942d3d261 tempest-VolumeManageAdminTest-283593870 tempest-VolumeManageAdminTest-283593870-project] Create volume of 1 GB
Sep 17 05:28:13.568166 dv-cinder-809518-2-smb devstack@c-api.service[101864]: /usr/local/lib/python3.8/dist-packages/oslo_context/context.py:105: DeprecationWarning: Policy enforcement is depending on the value of is_admin. This key is deprecated. Please update your policy file to use the standard policy values.
Sep 17 05:28:13.568166 dv-cinder-809518-2-smb devstack@c-api.service[101864]: warnings.warn('Policy enforcement is depending on the value of '
Sep 17 05:28:13.582229 dv-cinder-809518-2-smb devstack@c-api.service[101864]: INFO cinder.volume.api [None req-68ac2d67-347c-47d1-9ee5-980942d3d261 tempest-VolumeManageAdminTest-283593870 tempest-VolumeManageAdminTest-283593870-project] Availability Zones retrieved successfully.
Sep 17 05:28:13.594717 dv-cinder-809518-2-smb devstack@c-api.service[101863]: INFO cinder.api.openstack.wsgi [None req-8aa60c7a-6269-44e4-84f6-d65261ee6ea0 tempest-GroupsV314Test-1284189052 tempest-GroupsV314Test-1284189052-project-admin] POST http://10.222.0.32/volume/v3/40ef405893ad48039c2fba4956e4e7fc/types
Sep 17 05:28:13.595742 dv-cinder-809518-2-smb devstack@c-api.service[101863]: /usr/local/lib/python3.8/dist-packages/webob/acceptparse.py:1047: DeprecationWarning: The behavior of AcceptValidHeader.best_match is currently being maintained for backward compatibility, but it will be deprecated in the future, as it does not conform to the RFC.
Sep 17 05:28:13.595742 dv-cinder-809518-2-smb devstack@c-api.service[101863]: warnings.warn(
Sep 17 05:28:13.596359 dv-cinder-809518-2-smb devstack@c-api.service[101863]: DEBUG cinder.api.openstack.wsgi [None req-8aa60c7a-6269-44e4-84f6-d65261ee6ea0 tempest-GroupsV314Test-1284189052 tempest-GroupsV314Test-1284189052-project-admin] Action: 'create', calling method: _create, body: {"volume_type": {"name": "tempest-GroupsV314Test-volume-type-1104116997"}} {{(pid=101863) _process_stack /opt/stack/cinder/cinder/api/openstack/wsgi.py:854}}
Sep 17 05:28:13.619828 dv-cinder-809518-2-smb devstack@c-api.service[101864]: DEBUG cinder.volume.api [None req-68ac2d67-347c-47d1-9ee5-980942d3d261 tempest-VolumeManageAdminTest-283593870 tempest-VolumeManageAdminTest-283593870-project] Flow 'volume_create_api' (3bafa408-bcfe-4e88-a39b-deddf9d2cbdf) transitioned into state 'RUNNING' from state 'PENDING' {{(pid=101864) _flow_receiver /usr/local/lib/python3.8/dist-packages/taskflow/listeners/logging.py:141}}
Sep 17 05:28:13.630240 dv-cinder-809518-2-smb devstack@c-api.service[101864]: DEBUG cinder.volume.api [None req-68ac2d67-347c-47d1-9ee5-980942d3d261 tempest-VolumeManageAdminTest-283593870 tempest-VolumeManageAdminTest-283593870-project] Task 'cinder.volume.flows.api.create_volume.ExtractVolumeRequestTask;volume:create' (270b61d8-f7db-4454-9eb3-7ba2f804a824) transitioned into state 'RUNNING' from state 'PENDING' {{(pid=101864) _task_receiver /usr/local/lib/python3.8/dist-packages/taskflow/listeners/logging.py:190}}
Sep 17 05:28:13.637520 dv-cinder-809518-2-smb devstack@c-api.service[101864]: DEBUG cinder.volume.flows.api.create_volume [None req-68ac2d67-347c-47d1-9ee5-980942d3d261 tempest-VolumeManageAdminTest-283593870 tempest-VolumeManageAdminTest-283593870-project] Validating volume size '1' using validate_int {{(pid=101864) _extract_size /opt/stack/cinder/cinder/volume/flows/api/create_volume.py:225}}
Sep 17 05:28:13.691056 dv-cinder-809518-2-smb devstack@c-api.service[101864]: DEBUG cinder.volume.api [None req-68ac2d67-347c-47d1-9ee5-980942d3d261 tempest-VolumeManageAdminTest-283593870 tempest-VolumeManageAdminTest-283593870-project] Task 'cinder.volume.flows.api.create_volume.ExtractVolumeRequestTask;volume:create' (270b61d8-f7db-4454-9eb3-7ba2f804a824) transitioned into state 'SUCCESS' from state 'RUNNING' with result '{'size': 1, 'snapshot_id': None, 'source_volid': None, 'volume_type': VolumeType(created_at=2021-09-17T05:12:48Z,deleted=False,deleted_at=None,description='Default Volume Type',extra_specs={},id=1c7ac38a-2564-453b-81a8-c3e6896b2abf,is_public=True,name='__DEFAULT__',projects=[],qos_specs=,qos_specs_id=None,updated_at=2021-09-17T05:12:48Z), 'volume_type_id': '1c7ac38a-2564-453b-81a8-c3e6896b2abf', 'encryption_key_id': None, 'qos_specs': None, 'consistencygroup_id': None, 'cgsnapshot_id': None, 'group_id': None, 'replication_status': 'disabled', 'refresh_az': False, 'backup_id': None, 'multiattach': False, 'availability_zones': ['nova']}' {{(pid=101864) _task_receiver /usr/local/lib/python3.8/dist-packages/taskflow/listeners/logging.py:178}}
Sep 17 05:28:13.693292 dv-cinder-809518-2-smb devstack@c-api.service[101864]: DEBUG cinder.volume.api [None req-68ac2d67-347c-47d1-9ee5-980942d3d261 tempest-VolumeManageAdminTest-283593870 tempest-VolumeManageAdminTest-283593870-project] Task 'cinder.volume.flows.api.create_volume.QuotaReserveTask;volume:create' (243b54f2-348a-40f7-a7d4-66d9b1b3d594) transitioned into state 'RUNNING' from state 'PENDING' {{(pid=101864) _task_receiver /usr/local/lib/python3.8/dist-packages/taskflow/listeners/logging.py:190}}
Sep 17 05:28:13.788850 dv-cinder-809518-2-smb devstack@c-api.service[101863]: INFO cinder.api.openstack.wsgi [None req-8aa60c7a-6269-44e4-84f6-d65261ee6ea0 tempest-GroupsV314Test-1284189052 tempest-GroupsV314Test-1284189052-project-admin] http://10.222.0.32/volume/v3/40ef405893ad48039c2fba4956e4e7fc/types returned with HTTP 200
Sep 17 05:28:13.789729 dv-cinder-809518-2-smb devstack@c-api.service[101863]: [pid: 101863|app: 0|req: 8/15] 10.222.0.32 () {60 vars in 1229 bytes} [Fri Sep 17 05:28:13 2021] POST /volume/v3/40ef405893ad48039c2fba4956e4e7fc/types => generated 220 bytes in 299 msecs (HTTP/1.1 200) 7 headers in 285 bytes (1 switches on core 0)
Sep 17 05:28:13.793654 dv-cinder-809518-2-smb devstack@c-api.service[101863]: WARNING keystonemiddleware.auth_token [None req-8aa60c7a-6269-44e4-84f6-d65261ee6ea0 tempest-GroupsV314Test-1284189052 tempest-GroupsV314Test-1284189052-project-admin] A valid token was submitted as a service token, but it was not a valid service token. This is incorrect but backwards compatible behaviour. This will be removed in future releases.
Sep 17 05:28:13.815586 dv-cinder-809518-2-smb devstack@c-api.service[101863]: INFO cinder.api.openstack.wsgi [req-fe94e4c7-bdac-452e-ac9b-6733701e2b33 req-c57f0c74-6308-4764-8cce-64515bff8de2 tempest-VolumesSnapshotsTestJSON-994417517 tempest-VolumesSnapshotsTestJSON-994417517-project] GET http://10.222.0.32/volume/v3/963998e0bfc44e12a0b2ea8e40469f0f/volumes/c74f07a2-8742-4baa-b664-c5cd6a64c49d
Sep 17 05:28:13.815586 dv-cinder-809518-2-smb devstack@c-api.service[101863]: DEBUG cinder.api.openstack.wsgi [req-fe94e4c7-bdac-452e-ac9b-6733701e2b33 req-c57f0c74-6308-4764-8cce-64515bff8de2 tempest-VolumesSnapshotsTestJSON-994417517 tempest-VolumesSnapshotsTestJSON-994417517-project] Empty body provided in request {{(pid=101863) get_body /opt/stack/cinder/cinder/api/openstack/wsgi.py:703}}
Sep 17 05:28:13.815586 dv-cinder-809518-2-smb devstack@c-api.service[101863]: DEBUG cinder.api.openstack.wsgi [req-fe94e4c7-bdac-452e-ac9b-6733701e2b33 req-c57f0c74-6308-4764-8cce-64515bff8de2 tempest-VolumesSnapshotsTestJSON-994417517 tempest-VolumesSnapshotsTestJSON-994417517-project] Calling method 'show' {{(pid=101863) _process_stack /opt/stack/cinder/cinder/api/openstack/wsgi.py:856}}
Sep 17 05:28:13.841123 dv-cinder-809518-2-smb devstack@c-api.service[101863]: /usr/local/lib/python3.8/dist-packages/oslo_context/context.py:105: DeprecationWarning: Policy enforcement is depending on the value of is_admin. This key is deprecated. Please update your policy file to use the standard policy values.
Sep 17 05:28:13.841123 dv-cinder-809518-2-smb devstack@c-api.service[101863]: warnings.warn('Policy enforcement is depending on the value of '
Sep 17 05:28:13.862004 dv-cinder-809518-2-smb devstack@c-api.service[101863]: INFO cinder.volume.api [req-fe94e4c7-bdac-452e-ac9b-6733701e2b33 req-c57f0c74-6308-4764-8cce-64515bff8de2 tempest-VolumesSnapshotsTestJSON-994417517 tempest-VolumesSnapshotsTestJSON-994417517-project] Volume info retrieved successfully.
Sep 17 05:28:13.888195 dv-cinder-809518-2-smb devstack@c-api.service[101863]: INFO cinder.api.openstack.wsgi [req-fe94e4c7-bdac-452e-ac9b-6733701e2b33 req-c57f0c74-6308-4764-8cce-64515bff8de2 tempest-VolumesSnapshotsTestJSON-994417517 tempest-VolumesSnapshotsTestJSON-994417517-project] http://10.222.0.32/volume/v3/963998e0bfc44e12a0b2ea8e40469f0f/volumes/c74f07a2-8742-4baa-b664-c5cd6a64c49d returned with HTTP 200
Sep 17 05:28:13.890960 dv-cinder-809518-2-smb devstack@c-api.service[101863]: [pid: 101863|app: 0|req: 9/16] 10.222.0.32 () {60 vars in 1579 bytes} [Fri Sep 17 05:28:13 2021] GET /volume/v3/963998e0bfc44e12a0b2ea8e40469f0f/volumes/c74f07a2-8742-4baa-b664-c5cd6a64c49d => generated 916 bytes in 101 msecs (HTTP/1.1 200) 7 headers in 285 bytes (1 switches on core 0)
Sep 17 05:28:13.897618 dv-cinder-809518-2-smb devstack@c-api.service[101863]: INFO cinder.api.openstack.wsgi [None req-5da4685e-78ae-4f9f-a122-65aa60d94e22 tempest-GroupsTest-1382831339 tempest-GroupsTest-1382831339-project] GET http://10.222.0.32/volume/v3/0ff53ee5f5cc45b88e97d6e1a1ad674e/groups/2ab14b03-a9b4-48c6-9acc-a9af47478ca5
Sep 17 05:28:13.898297 dv-cinder-809518-2-smb devstack@c-api.service[101863]: DEBUG cinder.api.openstack.wsgi [None req-5da4685e-78ae-4f9f-a122-65aa60d94e22 tempest-GroupsTest-1382831339 tempest-GroupsTest-1382831339-project] Empty body provided in request {{(pid=101863) get_body /opt/stack/cinder/cinder/api/openstack/wsgi.py:703}}
Sep 17 05:28:13.898624 dv-cinder-809518-2-smb devstack@c-api.service[101863]: /usr/local/lib/python3.8/dist-packages/webob/acceptparse.py:1047: DeprecationWarning: The behavior of AcceptValidHeader.best_match is currently being maintained for backward compatibility, but it will be deprecated in the future, as it does not conform to the RFC.
Sep 17 05:28:13.898624 dv-cinder-809518-2-smb devstack@c-api.service[101863]: warnings.warn(
Sep 17 05:28:13.899154 dv-cinder-809518-2-smb devstack@c-api.service[101863]: DEBUG cinder.api.openstack.wsgi [None req-5da4685e-78ae-4f9f-a122-65aa60d94e22 tempest-GroupsTest-1382831339 tempest-GroupsTest-1382831339-project] Calling method 'version_select' {{(pid=101863) _process_stack /opt/stack/cinder/cinder/api/openstack/wsgi.py:856}}
Sep 17 05:28:13.899710 dv-cinder-809518-2-smb devstack@c-api.service[101863]: DEBUG cinder.api.v3.groups [None req-5da4685e-78ae-4f9f-a122-65aa60d94e22 tempest-GroupsTest-1382831339 tempest-GroupsTest-1382831339-project] show called for member 2ab14b03-a9b4-48c6-9acc-a9af47478ca5 {{(pid=101863) show /opt/stack/cinder/cinder/api/v3/groups.py:58}}
Sep 17 05:28:13.913298 dv-cinder-809518-2-smb devstack@c-api.service[101863]: /usr/local/lib/python3.8/dist-packages/oslo_context/context.py:105: DeprecationWarning: Policy enforcement is depending on the value of is_admin. This key is deprecated. Please update your policy file to use the standard policy values.
Sep 17 05:28:13.913298 dv-cinder-809518-2-smb devstack@c-api.service[101863]: warnings.warn('Policy enforcement is depending on the value of '
Sep 17 05:28:13.959091 dv-cinder-809518-2-smb devstack@c-api.service[101863]: INFO cinder.api.openstack.wsgi [None req-5da4685e-78ae-4f9f-a122-65aa60d94e22 tempest-GroupsTest-1382831339 tempest-GroupsTest-1382831339-project] http://10.222.0.32/volume/v3/0ff53ee5f5cc45b88e97d6e1a1ad674e/groups/2ab14b03-a9b4-48c6-9acc-a9af47478ca5 returned with HTTP 200
Sep 17 05:28:13.964580 dv-cinder-809518-2-smb devstack@c-api.service[101863]: [pid: 101863|app: 0|req: 10/17] 10.222.0.32 () {60 vars in 1363 bytes} [Fri Sep 17 05:28:13 2021] GET /volume/v3/0ff53ee5f5cc45b88e97d6e1a1ad674e/groups/2ab14b03-a9b4-48c6-9acc-a9af47478ca5 => generated 322 bytes in 73 msecs (HTTP/1.1 200) 7 headers in 286 bytes (1 switches on core 0)
Sep 17 05:28:13.969661 dv-cinder-809518-2-smb devstack@c-api.service[101863]: INFO cinder.api.openstack.wsgi [None req-f67d85a1-f50e-445a-8dc8-f6c970ed0103 tempest-GroupsV314Test-1284189052 tempest-GroupsV314Test-1284189052-project-admin] POST http://10.222.0.32/volume/v3/40ef405893ad48039c2fba4956e4e7fc/group_types
Sep 17 05:28:13.970173 dv-cinder-809518-2-smb devstack@c-api.service[101863]: /usr/local/lib/python3.8/dist-packages/webob/acceptparse.py:1047: DeprecationWarning: The behavior of AcceptValidHeader.best_match is currently being maintained for backward compatibility, but it will be deprecated in the future, as it does not conform to the RFC.
Sep 17 05:28:13.970173 dv-cinder-809518-2-smb devstack@c-api.service[101863]: warnings.warn(
Sep 17 05:28:13.970969 dv-cinder-809518-2-smb devstack@c-api.service[101863]: DEBUG cinder.api.openstack.wsgi [None req-f67d85a1-f50e-445a-8dc8-f6c970ed0103 tempest-GroupsV314Test-1284189052 tempest-GroupsV314Test-1284189052-project-admin] Action: 'create', calling method: version_select, body: {"group_type": {"name": "tempest-GroupsV314Test-group-type-1262649291"}} {{(pid=101863) _process_stack /opt/stack/cinder/cinder/api/openstack/wsgi.py:854}}
Sep 17 05:28:13.971888 dv-cinder-809518-2-smb devstack@c-api.service[101863]: /usr/local/lib/python3.8/dist-packages/oslo_context/context.py:105: DeprecationWarning: Policy enforcement is depending on the value of is_admin. This key is deprecated. Please update your policy file to use the standard policy values.
Sep 17 05:28:13.971888 dv-cinder-809518-2-smb devstack@c-api.service[101863]: warnings.warn('Policy enforcement is depending on the value of '
Sep 17 05:28:14.105435 dv-cinder-809518-2-smb devstack@c-api.service[101864]: DEBUG cinder.quota [None req-68ac2d67-347c-47d1-9ee5-980942d3d261 tempest-VolumeManageAdminTest-283593870 tempest-VolumeManageAdminTest-283593870-project] Created reservations ['3dba83ea-67c1-4910-a8e3-ffdf19189a4c', '6ac7c2eb-15fc-40dd-b7de-a3df6368a2af', '12c977c4-a632-42a1-b346-f6202e245414', '0156cf93-c6d9-488d-bd05-1340707db6f3'] {{(pid=101864) reserve /opt/stack/cinder/cinder/quota.py:755}}
Sep 17 05:28:14.107403 dv-cinder-809518-2-smb devstack@c-api.service[101864]: DEBUG cinder.volume.api [None req-68ac2d67-347c-47d1-9ee5-980942d3d261 tempest-VolumeManageAdminTest-283593870 tempest-VolumeManageAdminTest-283593870-project] Task 'cinder.volume.flows.api.create_volume.QuotaReserveTask;volume:create' (243b54f2-348a-40f7-a7d4-66d9b1b3d594) transitioned into state 'SUCCESS' from state 'RUNNING' with result '{'reservations': ['3dba83ea-67c1-4910-a8e3-ffdf19189a4c', '6ac7c2eb-15fc-40dd-b7de-a3df6368a2af', '12c977c4-a632-42a1-b346-f6202e245414', '0156cf93-c6d9-488d-bd05-1340707db6f3']}' {{(pid=101864) _task_receiver /usr/local/lib/python3.8/dist-packages/taskflow/listeners/logging.py:178}}
Sep 17 05:28:14.110438 dv-cinder-809518-2-smb devstack@c-api.service[101864]: DEBUG cinder.volume.api [None req-68ac2d67-347c-47d1-9ee5-980942d3d261 tempest-VolumeManageAdminTest-283593870 tempest-VolumeManageAdminTest-283593870-project] Task 'cinder.volume.flows.api.create_volume.EntryCreateTask;volume:create' (b674099e-c442-4e65-b32c-1683ab69c77b) transitioned into state 'RUNNING' from state 'PENDING' {{(pid=101864) _task_receiver /usr/local/lib/python3.8/dist-packages/taskflow/listeners/logging.py:190}}
Sep 17 05:28:14.117003 dv-cinder-809518-2-smb devstack@c-api.service[101863]: INFO cinder.api.openstack.wsgi [None req-f67d85a1-f50e-445a-8dc8-f6c970ed0103 tempest-GroupsV314Test-1284189052 tempest-GroupsV314Test-1284189052-project-admin] http://10.222.0.32/volume/v3/40ef405893ad48039c2fba4956e4e7fc/group_types returned with HTTP 202
Sep 17 05:28:14.120261 dv-cinder-809518-2-smb devstack@c-api.service[101863]: [pid: 101863|app: 0|req: 11/18] 10.222.0.32 () {62 vars in 1288 bytes} [Fri Sep 17 05:28:13 2021] POST /volume/v3/40ef405893ad48039c2fba4956e4e7fc/group_types => generated 177 bytes in 153 msecs (HTTP/1.1 202) 7 headers in 292 bytes (1 switches on core 0)
Sep 17 05:28:14.123415 dv-cinder-809518-2-smb devstack@c-api.service[101863]: INFO cinder.api.openstack.wsgi [req-2485ee4b-e021-48b2-ab5e-12d436a17e9f req-c2be8bf1-81cd-4e9b-885d-429cfe8a0fe4 tempest-VolumesTestJSON-616874710 tempest-VolumesTestJSON-616874710-project] GET http://10.222.0.32/volume/v3/e22df5f7e6744140b5dfc8a3d7268179/volumes/097d8509-e207-47fb-b2f5-a4fd9fad9adb
Sep 17 05:28:14.123897 dv-cinder-809518-2-smb devstack@c-api.service[101863]: DEBUG cinder.api.openstack.wsgi [req-2485ee4b-e021-48b2-ab5e-12d436a17e9f req-c2be8bf1-81cd-4e9b-885d-429cfe8a0fe4 tempest-VolumesTestJSON-616874710 tempest-VolumesTestJSON-616874710-project] Empty body provided in request {{(pid=101863) get_body /opt/stack/cinder/cinder/api/openstack/wsgi.py:703}}
Sep 17 05:28:14.124371 dv-cinder-809518-2-smb devstack@c-api.service[101863]: DEBUG cinder.api.openstack.wsgi [req-2485ee4b-e021-48b2-ab5e-12d436a17e9f req-c2be8bf1-81cd-4e9b-885d-429cfe8a0fe4 tempest-VolumesTestJSON-616874710 tempest-VolumesTestJSON-616874710-project] Calling method 'show' {{(pid=101863) _process_stack /opt/stack/cinder/cinder/api/openstack/wsgi.py:856}}
Sep 17 05:28:14.146316 dv-cinder-809518-2-smb devstack@c-api.service[101863]: /usr/local/lib/python3.8/dist-packages/oslo_context/context.py:105: DeprecationWarning: Policy enforcement is depending on the value of is_admin. This key is deprecated. Please update your policy file to use the standard policy values.
Sep 17 05:28:14.146316 dv-cinder-809518-2-smb devstack@c-api.service[101863]: warnings.warn('Policy enforcement is depending on the value of '
Sep 17 05:28:14.156944 dv-cinder-809518-2-smb devstack@c-api.service[101863]: INFO cinder.volume.api [req-2485ee4b-e021-48b2-ab5e-12d436a17e9f req-c2be8bf1-81cd-4e9b-885d-429cfe8a0fe4 tempest-VolumesTestJSON-616874710 tempest-VolumesTestJSON-616874710-project] Volume info retrieved successfully.
Sep 17 05:28:14.199711 dv-cinder-809518-2-smb devstack@c-api.service[101863]: INFO cinder.api.openstack.wsgi [req-2485ee4b-e021-48b2-ab5e-12d436a17e9f req-c2be8bf1-81cd-4e9b-885d-429cfe8a0fe4 tempest-VolumesTestJSON-616874710 tempest-VolumesTestJSON-616874710-project] http://10.222.0.32/volume/v3/e22df5f7e6744140b5dfc8a3d7268179/volumes/097d8509-e207-47fb-b2f5-a4fd9fad9adb returned with HTTP 200
Sep 17 05:28:14.200502 dv-cinder-809518-2-smb devstack@c-api.service[101863]: [pid: 101863|app: 0|req: 12/19] 10.222.0.32 () {60 vars in 1579 bytes} [Fri Sep 17 05:28:14 2021] GET /volume/v3/e22df5f7e6744140b5dfc8a3d7268179/volumes/097d8509-e207-47fb-b2f5-a4fd9fad9adb => generated 921 bytes in 82 msecs (HTTP/1.1 200) 7 headers in 285 bytes (1 switches on core 0)
Sep 17 05:28:14.216501 dv-cinder-809518-2-smb devstack@c-api.service[101863]: INFO cinder.api.openstack.wsgi [None req-f0e5e296-446c-4822-836b-019398cbc754 tempest-GroupsTest-1382831339 tempest-GroupsTest-1382831339-project] POST http://10.222.0.32/volume/v3/0ff53ee5f5cc45b88e97d6e1a1ad674e/groups
Sep 17 05:28:14.218016 dv-cinder-809518-2-smb devstack@c-api.service[101863]: /usr/local/lib/python3.8/dist-packages/webob/acceptparse.py:1047: DeprecationWarning: The behavior of AcceptValidHeader.best_match is currently being maintained for backward compatibility, but it will be deprecated in the future, as it does not conform to the RFC.
Sep 17 05:28:14.218016 dv-cinder-809518-2-smb devstack@c-api.service[101863]: warnings.warn(
Sep 17 05:28:14.233905 dv-cinder-809518-2-smb devstack@c-api.service[101863]: DEBUG cinder.api.openstack.wsgi [None req-f0e5e296-446c-4822-836b-019398cbc754 tempest-GroupsTest-1382831339 tempest-GroupsTest-1382831339-project] Action: 'create', calling method: version_select, body: {"group": {"group_type": "642f0d73-31c0-4206-9a79-addc4ca7f66a", "volume_types": ["b33cdc35-97db-4b11-89fb-6c0d58b0fc47"], "name": "tempest-Group2-1748982782"}} {{(pid=101863) _process_stack /opt/stack/cinder/cinder/api/openstack/wsgi.py:854}}
Sep 17 05:28:14.236170 dv-cinder-809518-2-smb devstack@c-api.service[101863]: DEBUG cinder.api.v3.groups [None req-f0e5e296-446c-4822-836b-019398cbc754 tempest-GroupsTest-1382831339 tempest-GroupsTest-1382831339-project] Creating new group {'group': {'group_type': '642f0d73-31c0-4206-9a79-addc4ca7f66a', 'volume_types': ['b33cdc35-97db-4b11-89fb-6c0d58b0fc47'], 'name': 'tempest-Group2-1748982782'}} {{(pid=101863) create /opt/stack/cinder/cinder/api/v3/groups.py:190}}
Sep 17 05:28:14.240835 dv-cinder-809518-2-smb devstack@c-api.service[101864]: DEBUG cinder.volume.api [None req-68ac2d67-347c-47d1-9ee5-980942d3d261 tempest-VolumeManageAdminTest-283593870 tempest-VolumeManageAdminTest-283593870-project] Task 'cinder.volume.flows.api.create_volume.EntryCreateTask;volume:create' (b674099e-c442-4e65-b32c-1683ab69c77b) transitioned into state 'SUCCESS' from state 'RUNNING' with result '{'volume_id': '38088776-0630-471a-b6de-232ae73339b7', 'volume_properties': VolumeProperties(attach_status='detached',availability_zone='nova',cgsnapshot_id=None,consistencygroup_id=None,display_description=None,display_name='tempest-VolumeManageAdminTest-Volume-408002746',encryption_key_id=None,group_id=None,group_type_id=,metadata={},multiattach=False,project_id='bf58d42b11214bacbdf4deb2948d8d77',qos_specs=None,replication_status=,reservations=['3dba83ea-67c1-4910-a8e3-ffdf19189a4c','6ac7c2eb-15fc-40dd-b7de-a3df6368a2af','12c977c4-a632-42a1-b346-f6202e245414','0156cf93-c6d9-488d-bd05-1340707db6f3'],size=1,snapshot_id=None,source_replicaid=,source_volid=None,status='creating',user_id='0a8071f892f74ff7b7e145ae2d50ef76',volume_type_id=1c7ac38a-2564-453b-81a8-c3e6896b2abf), 'volume': Volume(_name_id=None,admin_metadata=,attach_status='detached',availability_zone='nova',bootable=False,cluster=,cluster_name=None,consistencygroup=,consistencygroup_id=None,created_at=2021-09-17T05:28:14Z,deleted=False,deleted_at=None,display_description=None,display_name='tempest-VolumeManageAdminTest-Volume-408002746',ec2_id=None,encryption_key_id=None,glance_metadata=,group=,group_id=None,host=None,id=38088776-0630-471a-b6de-232ae73339b7,launched_at=None,metadata={},migration_status=None,multiattach=False,previous_status=None,project_id='bf58d42b11214bacbdf4deb2948d8d77',provider_auth=None,provider_geometry=None,provider_id=None,provider_location=None,replication_driver_data=None,replication_extended_status=None,replication_status=None,scheduled_at=None,service_uuid=None,shared_targets=True,size=1,snapshot_id=None,snapshots=,source_volid=None,status='creating',terminated_at=None,updated_at=None,use_quota=True,user_id='0a8071f892f74ff7b7e145ae2d50ef76',volume_attachment=,volume_type=VolumeType(1c7ac38a-2564-453b-81a8-c3e6896b2abf),volume_type_id=1c7ac38a-2564-453b-81a8-c3e6896b2abf)}' {{(pid=101864) _task_receiver /usr/local/lib/python3.8/dist-packages/taskflow/listeners/logging.py:178}}
Sep 17 05:28:14.244704 dv-cinder-809518-2-smb devstack@c-api.service[101864]: DEBUG cinder.volume.api [None req-68ac2d67-347c-47d1-9ee5-980942d3d261 tempest-VolumeManageAdminTest-283593870 tempest-VolumeManageAdminTest-283593870-project] Task 'cinder.volume.flows.api.create_volume.QuotaCommitTask;volume:create' (e4658328-0060-46a2-9c4f-f9cdad5535af) transitioned into state 'RUNNING' from state 'PENDING' {{(pid=101864) _task_receiver /usr/local/lib/python3.8/dist-packages/taskflow/listeners/logging.py:190}}
Sep 17 05:28:14.263354 dv-cinder-809518-2-smb devstack@c-api.service[101863]: INFO cinder.api.v3.groups [None req-f0e5e296-446c-4822-836b-019398cbc754 tempest-GroupsTest-1382831339 tempest-GroupsTest-1382831339-project] Creating group tempest-Group2-1748982782.
Sep 17 05:28:14.304502 dv-cinder-809518-2-smb devstack@c-api.service[101863]: INFO cinder.volume.api [None req-f0e5e296-446c-4822-836b-019398cbc754 tempest-GroupsTest-1382831339 tempest-GroupsTest-1382831339-project] Availability Zones retrieved successfully.
Sep 17 05:28:14.454247 dv-cinder-809518-2-smb devstack@c-api.service[101864]: DEBUG cinder.volume.api [None req-68ac2d67-347c-47d1-9ee5-980942d3d261 tempest-VolumeManageAdminTest-283593870 tempest-VolumeManageAdminTest-283593870-project] Task 'cinder.volume.flows.api.create_volume.QuotaCommitTask;volume:create' (e4658328-0060-46a2-9c4f-f9cdad5535af) transitioned into state 'SUCCESS' from state 'RUNNING' with result '{'volume_properties': VolumeProperties(attach_status='detached',availability_zone='nova',cgsnapshot_id=None,consistencygroup_id=None,display_description=None,display_name='tempest-VolumeManageAdminTest-Volume-408002746',encryption_key_id=None,group_id=None,group_type_id=,metadata={},multiattach=False,project_id='bf58d42b11214bacbdf4deb2948d8d77',qos_specs=None,replication_status=,reservations=['3dba83ea-67c1-4910-a8e3-ffdf19189a4c','6ac7c2eb-15fc-40dd-b7de-a3df6368a2af','12c977c4-a632-42a1-b346-f6202e245414','0156cf93-c6d9-488d-bd05-1340707db6f3'],size=1,snapshot_id=None,source_replicaid=,source_volid=None,status='creating',user_id='0a8071f892f74ff7b7e145ae2d50ef76',volume_type_id=1c7ac38a-2564-453b-81a8-c3e6896b2abf)}' {{(pid=101864) _task_receiver /usr/local/lib/python3.8/dist-packages/taskflow/listeners/logging.py:178}}
Sep 17 05:28:14.457129 dv-cinder-809518-2-smb devstack@c-api.service[101864]: DEBUG cinder.volume.api [None req-68ac2d67-347c-47d1-9ee5-980942d3d261 tempest-VolumeManageAdminTest-283593870 tempest-VolumeManageAdminTest-283593870-project] Task 'cinder.volume.flows.api.create_volume.VolumeCastTask;volume:create' (5e3db17c-c513-48a2-9f47-96e17a8c5edb) transitioned into state 'RUNNING' from state 'PENDING' {{(pid=101864) _task_receiver /usr/local/lib/python3.8/dist-packages/taskflow/listeners/logging.py:190}}
Sep 17 05:28:14.542085 dv-cinder-809518-2-smb devstack@c-api.service[101863]: DEBUG cinder.quota [None req-f0e5e296-446c-4822-836b-019398cbc754 tempest-GroupsTest-1382831339 tempest-GroupsTest-1382831339-project] Created reservations ['8bf18f8f-628c-41ae-ac75-f7789bdbc1db'] {{(pid=101863) reserve /opt/stack/cinder/cinder/quota.py:755}}
Sep 17 05:28:14.555216 dv-cinder-809518-2-smb devstack@c-api.service[101864]: DEBUG cinder.volume.api [None req-68ac2d67-347c-47d1-9ee5-980942d3d261 tempest-VolumeManageAdminTest-283593870 tempest-VolumeManageAdminTest-283593870-project] Task 'cinder.volume.flows.api.create_volume.VolumeCastTask;volume:create' (5e3db17c-c513-48a2-9f47-96e17a8c5edb) transitioned into state 'SUCCESS' from state 'RUNNING' with result 'None' {{(pid=101864) _task_receiver /usr/local/lib/python3.8/dist-packages/taskflow/listeners/logging.py:178}}
Sep 17 05:28:14.558712 dv-cinder-809518-2-smb devstack@c-api.service[101864]: DEBUG cinder.volume.api [None req-68ac2d67-347c-47d1-9ee5-980942d3d261 tempest-VolumeManageAdminTest-283593870 tempest-VolumeManageAdminTest-283593870-project] Flow 'volume_create_api' (3bafa408-bcfe-4e88-a39b-deddf9d2cbdf) transitioned into state 'SUCCESS' from state 'RUNNING' {{(pid=101864) _flow_receiver /usr/local/lib/python3.8/dist-packages/taskflow/listeners/logging.py:141}}
Sep 17 05:28:14.559639 dv-cinder-809518-2-smb devstack@c-api.service[101864]: INFO cinder.volume.api [None req-68ac2d67-347c-47d1-9ee5-980942d3d261 tempest-VolumeManageAdminTest-283593870 tempest-VolumeManageAdminTest-283593870-project] Create volume request issued successfully.
Sep 17 05:28:14.568956 dv-cinder-809518-2-smb devstack@c-api.service[101864]: INFO cinder.api.openstack.wsgi [None req-68ac2d67-347c-47d1-9ee5-980942d3d261 tempest-VolumeManageAdminTest-283593870 tempest-VolumeManageAdminTest-283593870-project] http://10.222.0.32/volume/v3/bf58d42b11214bacbdf4deb2948d8d77/volumes returned with HTTP 202
Sep 17 05:28:14.573459 dv-cinder-809518-2-smb devstack@c-api.service[101864]: [pid: 101864|app: 0|req: 8/20] 10.222.0.32 () {60 vars in 1235 bytes} [Fri Sep 17 05:28:13 2021] POST /volume/v3/bf58d42b11214bacbdf4deb2948d8d77/volumes => generated 820 bytes in 1225 msecs (HTTP/1.1 202) 7 headers in 291 bytes (1 switches on core 0)
Sep 17 05:28:14.757537 dv-cinder-809518-2-smb devstack@c-api.service[101864]: INFO cinder.api.openstack.wsgi [None req-b9cd08c4-b32c-40ec-b6b6-a86b190713aa tempest-GroupsV314Test-2028771705 tempest-GroupsV314Test-2028771705-project] POST http://10.222.0.32/volume/v3/697ef19232294e7db716aeac810a8a7c/groups
Sep 17 05:28:14.758283 dv-cinder-809518-2-smb devstack@c-api.service[101864]: /usr/local/lib/python3.8/dist-packages/webob/acceptparse.py:1047: DeprecationWarning: The behavior of AcceptValidHeader.best_match is currently being maintained for backward compatibility, but it will be deprecated in the future, as it does not conform to the RFC.
Sep 17 05:28:14.758283 dv-cinder-809518-2-smb devstack@c-api.service[101864]: warnings.warn(
Sep 17 05:28:14.759106 dv-cinder-809518-2-smb devstack@c-api.service[101864]: DEBUG cinder.api.openstack.wsgi [None req-b9cd08c4-b32c-40ec-b6b6-a86b190713aa tempest-GroupsV314Test-2028771705 tempest-GroupsV314Test-2028771705-project] Action: 'create', calling method: version_select, body: {"group": {"group_type": "f4dd4145-93b6-4c61-94d1-6b120947d4a8", "volume_types": ["6ec43364-6d0b-4280-b587-d14116844788"], "name": "tempest-GroupsV314Test-Group-1795217627"}} {{(pid=101864) _process_stack /opt/stack/cinder/cinder/api/openstack/wsgi.py:854}}
Sep 17 05:28:14.761827 dv-cinder-809518-2-smb devstack@c-api.service[101864]: DEBUG cinder.api.v3.groups [None req-b9cd08c4-b32c-40ec-b6b6-a86b190713aa tempest-GroupsV314Test-2028771705 tempest-GroupsV314Test-2028771705-project] Creating new group {'group': {'group_type': 'f4dd4145-93b6-4c61-94d1-6b120947d4a8', 'volume_types': ['6ec43364-6d0b-4280-b587-d14116844788'], 'name': 'tempest-GroupsV314Test-Group-1795217627'}} {{(pid=101864) create /opt/stack/cinder/cinder/api/v3/groups.py:190}}
Sep 17 05:28:14.775961 dv-cinder-809518-2-smb devstack@c-api.service[101863]: INFO cinder.api.openstack.wsgi [None req-f0e5e296-446c-4822-836b-019398cbc754 tempest-GroupsTest-1382831339 tempest-GroupsTest-1382831339-project] http://10.222.0.32/volume/v3/0ff53ee5f5cc45b88e97d6e1a1ad674e/groups returned with HTTP 202
Sep 17 05:28:14.791095 dv-cinder-809518-2-smb devstack@c-api.service[101864]: INFO cinder.api.v3.groups [None req-b9cd08c4-b32c-40ec-b6b6-a86b190713aa tempest-GroupsV314Test-2028771705 tempest-GroupsV314Test-2028771705-project] Creating group tempest-GroupsV314Test-Group-1795217627.
Sep 17 05:28:14.792652 dv-cinder-809518-2-smb devstack@c-api.service[101864]: /usr/local/lib/python3.8/dist-packages/oslo_context/context.py:105: DeprecationWarning: Policy enforcement is depending on the value of is_admin. This key is deprecated. Please update your policy file to use the standard policy values.
Sep 17 05:28:14.792652 dv-cinder-809518-2-smb devstack@c-api.service[101864]: warnings.warn('Policy enforcement is depending on the value of '
Sep 17 05:28:14.796962 dv-cinder-809518-2-smb devstack@c-api.service[101863]: [pid: 101863|app: 0|req: 13/21] 10.222.0.32 () {62 vars in 1274 bytes} [Fri Sep 17 05:28:14 2021] POST /volume/v3/0ff53ee5f5cc45b88e97d6e1a1ad674e/groups => generated 94 bytes in 596 msecs (HTTP/1.1 202) 7 headers in 291 bytes (1 switches on core 0)
Sep 17 05:28:14.802214 dv-cinder-809518-2-smb devstack@c-api.service[101863]: INFO cinder.api.openstack.wsgi [None req-31fedd86-a04f-40b9-8474-242758d6edd3 tempest-VolumesTestJSON-616874710 tempest-VolumesTestJSON-616874710-project] POST http://10.222.0.32/volume/v3/e22df5f7e6744140b5dfc8a3d7268179/volumes
Sep 17 05:28:14.802951 dv-cinder-809518-2-smb devstack@c-api.service[101863]: /usr/local/lib/python3.8/dist-packages/webob/acceptparse.py:1047: DeprecationWarning: The behavior of AcceptValidHeader.best_match is currently being maintained for backward compatibility, but it will be deprecated in the future, as it does not conform to the RFC.
Sep 17 05:28:14.802951 dv-cinder-809518-2-smb devstack@c-api.service[101863]: warnings.warn(
Sep 17 05:28:14.804004 dv-cinder-809518-2-smb devstack@c-api.service[101863]: DEBUG cinder.api.openstack.wsgi [None req-31fedd86-a04f-40b9-8474-242758d6edd3 tempest-VolumesTestJSON-616874710 tempest-VolumesTestJSON-616874710-project] Action: 'create', calling method: create, body: {"volume": {"metadata": {"Type": "work"}, "size": 1, "display_name": "tempest-VolumesTestJSON-volume-1326538287"}} {{(pid=101863) _process_stack /opt/stack/cinder/cinder/api/openstack/wsgi.py:854}}
Sep 17 05:28:14.805783 dv-cinder-809518-2-smb devstack@c-api.service[101863]: DEBUG cinder.api.v3.volumes [None req-31fedd86-a04f-40b9-8474-242758d6edd3 tempest-VolumesTestJSON-616874710 tempest-VolumesTestJSON-616874710-project] Create volume request body: {'volume': {'metadata': {'Type': 'work'}, 'size': 1, 'display_name': 'tempest-VolumesTestJSON-volume-1326538287'}} {{(pid=101863) create /opt/stack/cinder/cinder/api/v3/volumes.py:298}}
Sep 17 05:28:14.806989 dv-cinder-809518-2-smb devstack@c-api.service[101863]: INFO cinder.api.v3.volumes [None req-31fedd86-a04f-40b9-8474-242758d6edd3 tempest-VolumesTestJSON-616874710 tempest-VolumesTestJSON-616874710-project] Create volume of 1 GB
Sep 17 05:28:14.807967 dv-cinder-809518-2-smb devstack@c-api.service[101863]: /usr/local/lib/python3.8/dist-packages/oslo_context/context.py:105: DeprecationWarning: Policy enforcement is depending on the value of is_admin. This key is deprecated. Please update your policy file to use the standard policy values.
Sep 17 05:28:14.807967 dv-cinder-809518-2-smb devstack@c-api.service[101863]: warnings.warn('Policy enforcement is depending on the value of '
Sep 17 05:28:14.822445 dv-cinder-809518-2-smb devstack@c-api.service[101863]: DEBUG cinder.volume.api [None req-31fedd86-a04f-40b9-8474-242758d6edd3 tempest-VolumesTestJSON-616874710 tempest-VolumesTestJSON-616874710-project] Availability zone cache updated, next update will occur around 2021-09-17 06:28:14.821988. {{(pid=101863) list_availability_zones /opt/stack/cinder/cinder/volume/api.py:148}}
Sep 17 05:28:14.827790 dv-cinder-809518-2-smb devstack@c-api.service[101863]: INFO cinder.volume.api [None req-31fedd86-a04f-40b9-8474-242758d6edd3 tempest-VolumesTestJSON-616874710 tempest-VolumesTestJSON-616874710-project] Availability Zones retrieved successfully.
Sep 17 05:28:14.842149 dv-cinder-809518-2-smb devstack@c-api.service[101864]: DEBUG cinder.volume.api [None req-b9cd08c4-b32c-40ec-b6b6-a86b190713aa tempest-GroupsV314Test-2028771705 tempest-GroupsV314Test-2028771705-project] Availability zone cache updated, next update will occur around 2021-09-17 06:28:14.841354. {{(pid=101864) list_availability_zones /opt/stack/cinder/cinder/volume/api.py:148}}
Sep 17 05:28:14.843762 dv-cinder-809518-2-smb devstack@c-api.service[101864]: INFO cinder.volume.api [None req-b9cd08c4-b32c-40ec-b6b6-a86b190713aa tempest-GroupsV314Test-2028771705 tempest-GroupsV314Test-2028771705-project] Availability Zones retrieved successfully.
Sep 17 05:28:14.937420 dv-cinder-809518-2-smb devstack@c-api.service[101863]: DEBUG cinder.volume.api [None req-31fedd86-a04f-40b9-8474-242758d6edd3 tempest-VolumesTestJSON-616874710 tempest-VolumesTestJSON-616874710-project] Flow 'volume_create_api' (446ef559-a728-4362-ae13-455d7a8f0d01) transitioned into state 'RUNNING' from state 'PENDING' {{(pid=101863) _flow_receiver /usr/local/lib/python3.8/dist-packages/taskflow/listeners/logging.py:141}}
Sep 17 05:28:14.940537 dv-cinder-809518-2-smb devstack@c-api.service[101863]: DEBUG cinder.volume.api [None req-31fedd86-a04f-40b9-8474-242758d6edd3 tempest-VolumesTestJSON-616874710 tempest-VolumesTestJSON-616874710-project] Task 'cinder.volume.flows.api.create_volume.ExtractVolumeRequestTask;volume:create' (c665979b-a253-4f8e-bdab-94ff49cac0cc) transitioned into state 'RUNNING' from state 'PENDING' {{(pid=101863) _task_receiver /usr/local/lib/python3.8/dist-packages/taskflow/listeners/logging.py:190}}
Sep 17 05:28:14.943409 dv-cinder-809518-2-smb devstack@c-api.service[101863]: DEBUG cinder.volume.flows.api.create_volume [None req-31fedd86-a04f-40b9-8474-242758d6edd3 tempest-VolumesTestJSON-616874710 tempest-VolumesTestJSON-616874710-project] Validating volume size '1' using validate_int {{(pid=101863) _extract_size /opt/stack/cinder/cinder/volume/flows/api/create_volume.py:225}}
Sep 17 05:28:15.033254 dv-cinder-809518-2-smb devstack@c-api.service[101863]: DEBUG cinder.volume.api [None req-31fedd86-a04f-40b9-8474-242758d6edd3 tempest-VolumesTestJSON-616874710 tempest-VolumesTestJSON-616874710-project] Task 'cinder.volume.flows.api.create_volume.ExtractVolumeRequestTask;volume:create' (c665979b-a253-4f8e-bdab-94ff49cac0cc) transitioned into state 'SUCCESS' from state 'RUNNING' with result '{'size': 1, 'snapshot_id': None, 'source_volid': None, 'volume_type': VolumeType(created_at=2021-09-17T05:12:48Z,deleted=False,deleted_at=None,description='Default Volume Type',extra_specs={},id=1c7ac38a-2564-453b-81a8-c3e6896b2abf,is_public=True,name='__DEFAULT__',projects=[],qos_specs=,qos_specs_id=None,updated_at=2021-09-17T05:12:48Z), 'volume_type_id': '1c7ac38a-2564-453b-81a8-c3e6896b2abf', 'encryption_key_id': None, 'qos_specs': None, 'consistencygroup_id': None, 'cgsnapshot_id': None, 'group_id': None, 'replication_status': 'disabled', 'refresh_az': False, 'backup_id': None, 'multiattach': False, 'availability_zones': ['nova']}' {{(pid=101863) _task_receiver /usr/local/lib/python3.8/dist-packages/taskflow/listeners/logging.py:178}}
Sep 17 05:28:15.038524 dv-cinder-809518-2-smb devstack@c-api.service[101863]: DEBUG cinder.volume.api [None req-31fedd86-a04f-40b9-8474-242758d6edd3 tempest-VolumesTestJSON-616874710 tempest-VolumesTestJSON-616874710-project] Task 'cinder.volume.flows.api.create_volume.QuotaReserveTask;volume:create' (6f58ff80-678d-4abe-b627-6adaad4ac0bb) transitioned into state 'RUNNING' from state 'PENDING' {{(pid=101863) _task_receiver /usr/local/lib/python3.8/dist-packages/taskflow/listeners/logging.py:190}}
Sep 17 05:28:15.097118 dv-cinder-809518-2-smb devstack@c-api.service[101863]: WARNING cinder.quota [None req-31fedd86-a04f-40b9-8474-242758d6edd3 tempest-VolumesTestJSON-616874710 tempest-VolumesTestJSON-616874710-project] Deprecated: Default quota for resource: volumes___DEFAULT__ is set by the default quota flag: quota_volumes___DEFAULT__, it is now deprecated. Please use the default quota class for default quota.
Sep 17 05:28:15.097865 dv-cinder-809518-2-smb devstack@c-api.service[101863]: WARNING cinder.quota [None req-31fedd86-a04f-40b9-8474-242758d6edd3 tempest-VolumesTestJSON-616874710 tempest-VolumesTestJSON-616874710-project] Deprecated: Default quota for resource: gigabytes___DEFAULT__ is set by the default quota flag: quota_gigabytes___DEFAULT__, it is now deprecated. Please use the default quota class for default quota.
Sep 17 05:28:15.126613 dv-cinder-809518-2-smb devstack@c-api.service[101864]: DEBUG cinder.quota [None req-b9cd08c4-b32c-40ec-b6b6-a86b190713aa tempest-GroupsV314Test-2028771705 tempest-GroupsV314Test-2028771705-project] Created reservations ['82b8ea2d-4a45-4b5d-9555-082e5d67d303'] {{(pid=101864) reserve /opt/stack/cinder/cinder/quota.py:755}}
Sep 17 05:28:15.224034 dv-cinder-809518-2-smb devstack@c-api.service[101863]: DEBUG cinder.quota [None req-31fedd86-a04f-40b9-8474-242758d6edd3 tempest-VolumesTestJSON-616874710 tempest-VolumesTestJSON-616874710-project] Created reservations ['4f0037a3-e622-4502-af7a-c6efc420a654', '0778547c-f56f-4395-bb4f-0596a72a0aa5', '01e554ab-9936-4cc0-b8d7-ab0b3f4ad67d', 'c555b5ac-d089-49b0-940a-1bac817e8a90'] {{(pid=101863) reserve /opt/stack/cinder/cinder/quota.py:755}}
Sep 17 05:28:15.225828 dv-cinder-809518-2-smb devstack@c-api.service[101863]: DEBUG cinder.volume.api [None req-31fedd86-a04f-40b9-8474-242758d6edd3 tempest-VolumesTestJSON-616874710 tempest-VolumesTestJSON-616874710-project] Task 'cinder.volume.flows.api.create_volume.QuotaReserveTask;volume:create' (6f58ff80-678d-4abe-b627-6adaad4ac0bb) transitioned into state 'SUCCESS' from state 'RUNNING' with result '{'reservations': ['4f0037a3-e622-4502-af7a-c6efc420a654', '0778547c-f56f-4395-bb4f-0596a72a0aa5', '01e554ab-9936-4cc0-b8d7-ab0b3f4ad67d', 'c555b5ac-d089-49b0-940a-1bac817e8a90']}' {{(pid=101863) _task_receiver /usr/local/lib/python3.8/dist-packages/taskflow/listeners/logging.py:178}}
Sep 17 05:28:15.227802 dv-cinder-809518-2-smb devstack@c-api.service[101863]: DEBUG cinder.volume.api [None req-31fedd86-a04f-40b9-8474-242758d6edd3 tempest-VolumesTestJSON-616874710 tempest-VolumesTestJSON-616874710-project] Task 'cinder.volume.flows.api.create_volume.EntryCreateTask;volume:create' (a3b55f81-9556-4a3f-9971-00aa9d57a61c) transitioned into state 'RUNNING' from state 'PENDING' {{(pid=101863) _task_receiver /usr/local/lib/python3.8/dist-packages/taskflow/listeners/logging.py:190}}
Sep 17 05:28:15.405311 dv-cinder-809518-2-smb devstack@c-api.service[101863]: DEBUG cinder.volume.api [None req-31fedd86-a04f-40b9-8474-242758d6edd3 tempest-VolumesTestJSON-616874710 tempest-VolumesTestJSON-616874710-project] Task 'cinder.volume.flows.api.create_volume.EntryCreateTask;volume:create' (a3b55f81-9556-4a3f-9971-00aa9d57a61c) transitioned into state 'SUCCESS' from state 'RUNNING' with result '{'volume_id': '47dafb0c-4dbb-4f81-811a-43a2713d1bb8', 'volume_properties': VolumeProperties(attach_status='detached',availability_zone='nova',cgsnapshot_id=None,consistencygroup_id=None,display_description=None,display_name='tempest-VolumesTestJSON-volume-1326538287',encryption_key_id=None,group_id=None,group_type_id=,metadata={Type='work'},multiattach=False,project_id='e22df5f7e6744140b5dfc8a3d7268179',qos_specs=None,replication_status=,reservations=['4f0037a3-e622-4502-af7a-c6efc420a654','0778547c-f56f-4395-bb4f-0596a72a0aa5','01e554ab-9936-4cc0-b8d7-ab0b3f4ad67d','c555b5ac-d089-49b0-940a-1bac817e8a90'],size=1,snapshot_id=None,source_replicaid=,source_volid=None,status='creating',user_id='f576f54c7aaf437a890b916302401295',volume_type_id=1c7ac38a-2564-453b-81a8-c3e6896b2abf), 'volume': Volume(_name_id=None,admin_metadata=,attach_status='detached',availability_zone='nova',bootable=False,cluster=,cluster_name=None,consistencygroup=,consistencygroup_id=None,created_at=2021-09-17T05:28:15Z,deleted=False,deleted_at=None,display_description=None,display_name='tempest-VolumesTestJSON-volume-1326538287',ec2_id=None,encryption_key_id=None,glance_metadata=,group=,group_id=None,host=None,id=47dafb0c-4dbb-4f81-811a-43a2713d1bb8,launched_at=None,metadata={Type='work'},migration_status=None,multiattach=False,previous_status=None,project_id='e22df5f7e6744140b5dfc8a3d7268179',provider_auth=None,provider_geometry=None,provider_id=None,provider_location=None,replication_driver_data=None,replication_extended_status=None,replication_status=None,scheduled_at=None,service_uuid=None,shared_targets=True,size=1,snapshot_id=None,snapshots=,source_volid=None,status='creating',terminated_at=None,updated_at=None,use_quota=True,user_id='f576f54c7aaf437a890b916302401295',volume_attachment=,volume_type=VolumeType(1c7ac38a-2564-453b-81a8-c3e6896b2abf),volume_type_id=1c7ac38a-2564-453b-81a8-c3e6896b2abf)}' {{(pid=101863) _task_receiver /usr/local/lib/python3.8/dist-packages/taskflow/listeners/logging.py:178}}
Sep 17 05:28:15.435048 dv-cinder-809518-2-smb devstack@c-api.service[101863]: DEBUG cinder.volume.api [None req-31fedd86-a04f-40b9-8474-242758d6edd3 tempest-VolumesTestJSON-616874710 tempest-VolumesTestJSON-616874710-project] Task 'cinder.volume.flows.api.create_volume.QuotaCommitTask;volume:create' (53777e7e-ec06-4a62-b49d-1cd16bd2f852) transitioned into state 'RUNNING' from state 'PENDING' {{(pid=101863) _task_receiver /usr/local/lib/python3.8/dist-packages/taskflow/listeners/logging.py:190}}
Sep 17 05:28:15.440535 dv-cinder-809518-2-smb devstack@c-api.service[101864]: INFO cinder.api.openstack.wsgi [None req-b9cd08c4-b32c-40ec-b6b6-a86b190713aa tempest-GroupsV314Test-2028771705 tempest-GroupsV314Test-2028771705-project] http://10.222.0.32/volume/v3/697ef19232294e7db716aeac810a8a7c/groups returned with HTTP 202
Sep 17 05:28:15.446000 dv-cinder-809518-2-smb devstack@c-api.service[101864]: [pid: 101864|app: 0|req: 9/22] 10.222.0.32 () {62 vars in 1274 bytes} [Fri Sep 17 05:28:14 2021] POST /volume/v3/697ef19232294e7db716aeac810a8a7c/groups => generated 108 bytes in 872 msecs (HTTP/1.1 202) 7 headers in 292 bytes (1 switches on core 0)
