Sep 16 19:11:40.090418 dv-cinder-809447-1-iscsi devstack@c-api.service[82089]: INFO cinder.volume.api [None req-c920c7e3-1c8d-47f7-8f7e-2d1dff3b2cf9 tempest-DeleteServersTestJSON-1094405526 tempest-DeleteServersTestJSON-1094405526-project] Volume info retrieved successfully.
Sep 16 19:11:40.124648 dv-cinder-809447-1-iscsi devstack@c-api.service[82090]: INFO cinder.api.openstack.wsgi [None req-169997b0-efac-4666-bc7b-8f6af76306ec tempest-VolumeTypesTest-1809438185 tempest-VolumeTypesTest-1809438185-project-admin] POST http://10.222.0.22/volume/v3/8a4e369c1a394c8eabae2ec768df2e8f/types
Sep 16 19:11:40.126091 dv-cinder-809447-1-iscsi devstack@c-api.service[82090]: DEBUG cinder.api.openstack.wsgi [None req-169997b0-efac-4666-bc7b-8f6af76306ec tempest-VolumeTypesTest-1809438185 tempest-VolumeTypesTest-1809438185-project-admin] Action: 'create', calling method: _create, body: {"volume_type": {"name": "tempest-VolumeTypesTest-volume-type-847486825", "extra_specs": {"storage_protocol": "iSCSI", "vendor_name": "Microsoft"}}} {{(pid=82090) _process_stack /opt/stack/cinder/cinder/api/openstack/wsgi.py:865}}
Sep 16 19:11:40.142245 dv-cinder-809447-1-iscsi devstack@c-api.service[82089]: INFO cinder.api.openstack.wsgi [None req-c920c7e3-1c8d-47f7-8f7e-2d1dff3b2cf9 tempest-DeleteServersTestJSON-1094405526 tempest-DeleteServersTestJSON-1094405526-project] http://10.222.0.22/volume/v3/6f5af238eb4a47999df65b5fab40782a/volumes/6ea45c9e-8616-49a9-90a4-6e06925141c1 returned with HTTP 200
Sep 16 19:11:40.146291 dv-cinder-809447-1-iscsi devstack@c-api.service[82089]: [pid: 82089|app: 0|req: 75/157] 10.222.0.22 () {58 vars in 1325 bytes} [Thu Sep 16 19:11:39 2021] GET /volume/v3/6f5af238eb4a47999df65b5fab40782a/volumes/6ea45c9e-8616-49a9-90a4-6e06925141c1 => generated 913 bytes in 217 msecs (HTTP/1.1 200) 7 headers in 285 bytes (1 switches on core 0)
Sep 16 19:11:40.176078 dv-cinder-809447-1-iscsi devstack@c-api.service[82089]: INFO cinder.api.openstack.wsgi [None req-107bcb3c-6aa8-4840-954e-6b7f2891aadf tempest-VolumeTypesExtraSpecsTest-1197952194 tempest-VolumeTypesExtraSpecsTest-1197952194-project-admin] POST http://10.222.0.22/volume/v3/c0d7d4ae4a054611ba7fa21de6d920d6/types/4b69d2b6-94a9-4246-9bdc-8976ab9ae8b2/extra_specs
Sep 16 19:11:40.176474 dv-cinder-809447-1-iscsi devstack@c-api.service[82089]: /usr/local/lib/python3.8/dist-packages/webob/acceptparse.py:1047: DeprecationWarning: The behavior of AcceptValidHeader.best_match is currently being maintained for backward compatibility, but it will be deprecated in the future, as it does not conform to the RFC.
Sep 16 19:11:40.176474 dv-cinder-809447-1-iscsi devstack@c-api.service[82089]: warnings.warn(
Sep 16 19:11:40.176887 dv-cinder-809447-1-iscsi devstack@c-api.service[82089]: DEBUG cinder.api.openstack.wsgi [None req-107bcb3c-6aa8-4840-954e-6b7f2891aadf tempest-VolumeTypesExtraSpecsTest-1197952194 tempest-VolumeTypesExtraSpecsTest-1197952194-project-admin] Action: 'create', calling method: create, body: {"extra_specs": {"spec2": "val1"}} {{(pid=82089) _process_stack /opt/stack/cinder/cinder/api/openstack/wsgi.py:865}}
Sep 16 19:11:40.208562 dv-cinder-809447-1-iscsi devstack@c-api.service[82090]: INFO cinder.api.openstack.wsgi [None req-169997b0-efac-4666-bc7b-8f6af76306ec tempest-VolumeTypesTest-1809438185 tempest-VolumeTypesTest-1809438185-project-admin] http://10.222.0.22/volume/v3/8a4e369c1a394c8eabae2ec768df2e8f/types returned with HTTP 200
Sep 16 19:11:40.209689 dv-cinder-809447-1-iscsi devstack@c-api.service[82090]: [pid: 82090|app: 0|req: 83/158] 10.222.0.22 () {60 vars in 1230 bytes} [Thu Sep 16 19:11:39 2021] POST /volume/v3/8a4e369c1a394c8eabae2ec768df2e8f/types => generated 275 bytes in 665 msecs (HTTP/1.1 200) 7 headers in 285 bytes (1 switches on core 0)
Sep 16 19:11:40.258980 dv-cinder-809447-1-iscsi devstack@c-api.service[82090]: INFO cinder.api.openstack.wsgi [None req-8cce5af9-7f67-409f-91fb-73e697a1fe5d tempest-VolumeTypesTest-1809438185 tempest-VolumeTypesTest-1809438185-project-admin] POST http://10.222.0.22/volume/v3/8a4e369c1a394c8eabae2ec768df2e8f/types
Sep 16 19:11:40.277318 dv-cinder-809447-1-iscsi devstack@c-api.service[82090]: DEBUG cinder.api.openstack.wsgi [None req-8cce5af9-7f67-409f-91fb-73e697a1fe5d tempest-VolumeTypesTest-1809438185 tempest-VolumeTypesTest-1809438185-project-admin] Action: 'create', calling method: _create, body: {"volume_type": {"name": "tempest-VolumeTypesTest-volume-type-1800133803", "extra_specs": {"storage_protocol": "iSCSI", "vendor_name": "Microsoft"}}} {{(pid=82090) _process_stack /opt/stack/cinder/cinder/api/openstack/wsgi.py:865}}
Sep 16 19:11:40.419212 dv-cinder-809447-1-iscsi devstack@c-api.service[82090]: INFO cinder.api.openstack.wsgi [None req-8cce5af9-7f67-409f-91fb-73e697a1fe5d tempest-VolumeTypesTest-1809438185 tempest-VolumeTypesTest-1809438185-project-admin] http://10.222.0.22/volume/v3/8a4e369c1a394c8eabae2ec768df2e8f/types returned with HTTP 200
Sep 16 19:11:40.422257 dv-cinder-809447-1-iscsi devstack@c-api.service[82090]: [pid: 82090|app: 0|req: 84/159] 10.222.0.22 () {60 vars in 1230 bytes} [Thu Sep 16 19:11:40 2021] POST /volume/v3/8a4e369c1a394c8eabae2ec768df2e8f/types => generated 276 bytes in 188 msecs (HTTP/1.1 200) 7 headers in 285 bytes (1 switches on core 0)
Sep 16 19:11:40.480444 dv-cinder-809447-1-iscsi devstack@c-api.service[82089]: INFO cinder.api.openstack.wsgi [None req-107bcb3c-6aa8-4840-954e-6b7f2891aadf tempest-VolumeTypesExtraSpecsTest-1197952194 tempest-VolumeTypesExtraSpecsTest-1197952194-project-admin] http://10.222.0.22/volume/v3/c0d7d4ae4a054611ba7fa21de6d920d6/types/4b69d2b6-94a9-4246-9bdc-8976ab9ae8b2/extra_specs returned with HTTP 200
Sep 16 19:11:40.481391 dv-cinder-809447-1-iscsi devstack@c-api.service[82089]: [pid: 82089|app: 0|req: 76/160] 10.222.0.22 () {60 vars in 1376 bytes} [Thu Sep 16 19:11:40 2021] POST /volume/v3/c0d7d4ae4a054611ba7fa21de6d920d6/types/4b69d2b6-94a9-4246-9bdc-8976ab9ae8b2/extra_specs => generated 34 bytes in 325 msecs (HTTP/1.1 200) 7 headers in 284 bytes (1 switches on core 0)
Sep 16 19:11:40.493267 dv-cinder-809447-1-iscsi devstack@c-api.service[82089]: INFO cinder.api.openstack.wsgi [None req-b5a22696-ac96-4cf1-a5e7-061166486c2e tempest-VolumeTypesExtraSpecsTest-1197952194 tempest-VolumeTypesExtraSpecsTest-1197952194-project-admin] PUT http://10.222.0.22/volume/v3/c0d7d4ae4a054611ba7fa21de6d920d6/types/4b69d2b6-94a9-4246-9bdc-8976ab9ae8b2/extra_specs/spec2
Sep 16 19:11:40.494604 dv-cinder-809447-1-iscsi devstack@c-api.service[82089]: DEBUG cinder.api.openstack.wsgi [None req-b5a22696-ac96-4cf1-a5e7-061166486c2e tempest-VolumeTypesExtraSpecsTest-1197952194 tempest-VolumeTypesExtraSpecsTest-1197952194-project-admin] Action: 'update', calling method: update, body: {"spec2": "val2"} {{(pid=82089) _process_stack /opt/stack/cinder/cinder/api/openstack/wsgi.py:865}}
Sep 16 19:11:40.646626 dv-cinder-809447-1-iscsi devstack@c-api.service[82089]: INFO cinder.api.openstack.wsgi [None req-b5a22696-ac96-4cf1-a5e7-061166486c2e tempest-VolumeTypesExtraSpecsTest-1197952194 tempest-VolumeTypesExtraSpecsTest-1197952194-project-admin] http://10.222.0.22/volume/v3/c0d7d4ae4a054611ba7fa21de6d920d6/types/4b69d2b6-94a9-4246-9bdc-8976ab9ae8b2/extra_specs/spec2 returned with HTTP 200
Sep 16 19:11:40.647065 dv-cinder-809447-1-iscsi devstack@c-api.service[82089]: [pid: 82089|app: 0|req: 77/161] 10.222.0.22 () {60 vars in 1393 bytes} [Thu Sep 16 19:11:40 2021] PUT /volume/v3/c0d7d4ae4a054611ba7fa21de6d920d6/types/4b69d2b6-94a9-4246-9bdc-8976ab9ae8b2/extra_specs/spec2 => generated 17 bytes in 160 msecs (HTTP/1.1 200) 7 headers in 284 bytes (1 switches on core 0)
Sep 16 19:11:40.656425 dv-cinder-809447-1-iscsi devstack@c-api.service[82089]: INFO cinder.api.openstack.wsgi [None req-081d12e6-3902-4a76-af73-be827c233261 tempest-VolumeTypesExtraSpecsTest-1197952194 tempest-VolumeTypesExtraSpecsTest-1197952194-project-admin] GET http://10.222.0.22/volume/v3/c0d7d4ae4a054611ba7fa21de6d920d6/types/4b69d2b6-94a9-4246-9bdc-8976ab9ae8b2/extra_specs/spec2
Sep 16 19:11:40.656884 dv-cinder-809447-1-iscsi devstack@c-api.service[82089]: DEBUG cinder.api.openstack.wsgi [None req-081d12e6-3902-4a76-af73-be827c233261 tempest-VolumeTypesExtraSpecsTest-1197952194 tempest-VolumeTypesExtraSpecsTest-1197952194-project-admin] Empty body provided in request {{(pid=82089) get_body /opt/stack/cinder/cinder/api/openstack/wsgi.py:714}}
Sep 16 19:11:40.657301 dv-cinder-809447-1-iscsi devstack@c-api.service[82089]: DEBUG cinder.api.openstack.wsgi [None req-081d12e6-3902-4a76-af73-be827c233261 tempest-VolumeTypesExtraSpecsTest-1197952194 tempest-VolumeTypesExtraSpecsTest-1197952194-project-admin] Calling method 'show' {{(pid=82089) _process_stack /opt/stack/cinder/cinder/api/openstack/wsgi.py:867}}
Sep 16 19:11:40.688914 dv-cinder-809447-1-iscsi devstack@c-api.service[82089]: INFO cinder.api.openstack.wsgi [None req-081d12e6-3902-4a76-af73-be827c233261 tempest-VolumeTypesExtraSpecsTest-1197952194 tempest-VolumeTypesExtraSpecsTest-1197952194-project-admin] http://10.222.0.22/volume/v3/c0d7d4ae4a054611ba7fa21de6d920d6/types/4b69d2b6-94a9-4246-9bdc-8976ab9ae8b2/extra_specs/spec2 returned with HTTP 200
Sep 16 19:11:40.690070 dv-cinder-809447-1-iscsi devstack@c-api.service[82089]: [pid: 82089|app: 0|req: 78/162] 10.222.0.22 () {58 vars in 1373 bytes} [Thu Sep 16 19:11:40 2021] GET /volume/v3/c0d7d4ae4a054611ba7fa21de6d920d6/types/4b69d2b6-94a9-4246-9bdc-8976ab9ae8b2/extra_specs/spec2 => generated 17 bytes in 38 msecs (HTTP/1.1 200) 7 headers in 284 bytes (2 switches on core 0)
Sep 16 19:11:40.699437 dv-cinder-809447-1-iscsi devstack@c-api.service[82089]: INFO cinder.api.openstack.wsgi [None req-735b40f0-8c68-4d3a-a14d-180282a5a5ae tempest-VolumeTypesExtraSpecsTest-1197952194 tempest-VolumeTypesExtraSpecsTest-1197952194-project-admin] POST http://10.222.0.22/volume/v3/c0d7d4ae4a054611ba7fa21de6d920d6/types/4b69d2b6-94a9-4246-9bdc-8976ab9ae8b2/extra_specs
Sep 16 19:11:40.700118 dv-cinder-809447-1-iscsi devstack@c-api.service[82089]: DEBUG cinder.api.openstack.wsgi [None req-735b40f0-8c68-4d3a-a14d-180282a5a5ae tempest-VolumeTypesExtraSpecsTest-1197952194 tempest-VolumeTypesExtraSpecsTest-1197952194-project-admin] Action: 'create', calling method: create, body: {"extra_specs": {"spec2": "val3", "spec4": "val4"}} {{(pid=82089) _process_stack /opt/stack/cinder/cinder/api/openstack/wsgi.py:865}}
Sep 16 19:11:40.865140 dv-cinder-809447-1-iscsi devstack@c-api.service[82090]: INFO cinder.api.openstack.wsgi [None req-f8654742-d532-4216-bc1a-ce40141b1791 tempest-VolumeTypesTest-1479348878 tempest-VolumeTypesTest-1479348878-project] POST http://10.222.0.22/volume/v3/96a90667d54d4af48a0e1f635410b0cb/volumes
Sep 16 19:11:40.865918 dv-cinder-809447-1-iscsi devstack@c-api.service[82090]: DEBUG cinder.api.openstack.wsgi [None req-f8654742-d532-4216-bc1a-ce40141b1791 tempest-VolumeTypesTest-1479348878 tempest-VolumeTypesTest-1479348878-project] Action: 'create', calling method: create, body: {"volume": {"name": "tempest-VolumeTypesTest-volume-1249458367", "volume_type": "17f9d333-1ba6-4668-9dc0-77c03be1bf23", "size": 1}} {{(pid=82090) _process_stack /opt/stack/cinder/cinder/api/openstack/wsgi.py:865}}
Sep 16 19:11:40.866838 dv-cinder-809447-1-iscsi devstack@c-api.service[82090]: DEBUG cinder.api.v3.volumes [None req-f8654742-d532-4216-bc1a-ce40141b1791 tempest-VolumeTypesTest-1479348878 tempest-VolumeTypesTest-1479348878-project] Create volume request body: {'volume': {'name': 'tempest-VolumeTypesTest-volume-1249458367', 'volume_type': '17f9d333-1ba6-4668-9dc0-77c03be1bf23', 'size': 1}} {{(pid=82090) create /opt/stack/cinder/cinder/api/v3/volumes.py:290}}
Sep 16 19:11:40.893312 dv-cinder-809447-1-iscsi devstack@c-api.service[82090]: INFO cinder.api.v3.volumes [None req-f8654742-d532-4216-bc1a-ce40141b1791 tempest-VolumeTypesTest-1479348878 tempest-VolumeTypesTest-1479348878-project] Create volume of 1 GB
Sep 16 19:11:40.894002 dv-cinder-809447-1-iscsi devstack@c-api.service[82090]: /usr/local/lib/python3.8/dist-packages/oslo_context/context.py:105: DeprecationWarning: Policy enforcement is depending on the value of is_admin. This key is deprecated. Please update your policy file to use the standard policy values.
Sep 16 19:11:40.894002 dv-cinder-809447-1-iscsi devstack@c-api.service[82090]: warnings.warn('Policy enforcement is depending on the value of '
Sep 16 19:11:40.894612 dv-cinder-809447-1-iscsi devstack@c-api.service[82090]: INFO cinder.volume.api [None req-f8654742-d532-4216-bc1a-ce40141b1791 tempest-VolumeTypesTest-1479348878 tempest-VolumeTypesTest-1479348878-project] Availability Zones retrieved successfully.
Sep 16 19:11:40.913864 dv-cinder-809447-1-iscsi devstack@c-api.service[82090]: DEBUG cinder.volume.api [None req-f8654742-d532-4216-bc1a-ce40141b1791 tempest-VolumeTypesTest-1479348878 tempest-VolumeTypesTest-1479348878-project] Flow 'volume_create_api' (c5454a38-60f7-43c7-8056-4343d66a0952) transitioned into state 'RUNNING' from state 'PENDING' {{(pid=82090) _flow_receiver /usr/local/lib/python3.8/dist-packages/taskflow/listeners/logging.py:141}}
Sep 16 19:11:40.919194 dv-cinder-809447-1-iscsi devstack@c-api.service[82090]: DEBUG cinder.volume.api [None req-f8654742-d532-4216-bc1a-ce40141b1791 tempest-VolumeTypesTest-1479348878 tempest-VolumeTypesTest-1479348878-project] Task 'cinder.volume.flows.api.create_volume.ExtractVolumeRequestTask;volume:create' (3c9d5067-d8d3-4205-bf08-cb773d99b62b) transitioned into state 'RUNNING' from state 'PENDING' {{(pid=82090) _task_receiver /usr/local/lib/python3.8/dist-packages/taskflow/listeners/logging.py:190}}
Sep 16 19:11:40.927099 dv-cinder-809447-1-iscsi devstack@c-api.service[82090]: DEBUG cinder.volume.flows.api.create_volume [None req-f8654742-d532-4216-bc1a-ce40141b1791 tempest-VolumeTypesTest-1479348878 tempest-VolumeTypesTest-1479348878-project] Validating volume size '1' using validate_int {{(pid=82090) _extract_size /opt/stack/cinder/cinder/volume/flows/api/create_volume.py:202}}
Sep 16 19:11:40.960273 dv-cinder-809447-1-iscsi devstack@c-api.service[82089]: INFO cinder.api.openstack.wsgi [None req-735b40f0-8c68-4d3a-a14d-180282a5a5ae tempest-VolumeTypesExtraSpecsTest-1197952194 tempest-VolumeTypesExtraSpecsTest-1197952194-project-admin] http://10.222.0.22/volume/v3/c0d7d4ae4a054611ba7fa21de6d920d6/types/4b69d2b6-94a9-4246-9bdc-8976ab9ae8b2/extra_specs returned with HTTP 200
Sep 16 19:11:40.961013 dv-cinder-809447-1-iscsi devstack@c-api.service[82089]: [pid: 82089|app: 0|req: 79/163] 10.222.0.22 () {60 vars in 1376 bytes} [Thu Sep 16 19:11:40 2021] POST /volume/v3/c0d7d4ae4a054611ba7fa21de6d920d6/types/4b69d2b6-94a9-4246-9bdc-8976ab9ae8b2/extra_specs => generated 51 bytes in 266 msecs (HTTP/1.1 200) 7 headers in 284 bytes (1 switches on core 0)
Sep 16 19:11:40.980088 dv-cinder-809447-1-iscsi devstack@c-api.service[82089]: INFO cinder.api.openstack.wsgi [None req-08bed4cb-a095-41b2-8b35-f622aa951883 tempest-AttachVolumeNegativeTest-998842740 tempest-AttachVolumeNegativeTest-998842740-project] POST http://10.222.0.22/volume/v3/b3a25b099c944b938fe922665db15f3b/volumes
Sep 16 19:11:40.980783 dv-cinder-809447-1-iscsi devstack@c-api.service[82089]: DEBUG cinder.api.openstack.wsgi [None req-08bed4cb-a095-41b2-8b35-f622aa951883 tempest-AttachVolumeNegativeTest-998842740 tempest-AttachVolumeNegativeTest-998842740-project] Action: 'create', calling method: create, body: {"volume": {"size": 1, "display_name": "tempest-AttachVolumeNegativeTest-volume-1003469245"}} {{(pid=82089) _process_stack /opt/stack/cinder/cinder/api/openstack/wsgi.py:865}}
Sep 16 19:11:40.981749 dv-cinder-809447-1-iscsi devstack@c-api.service[82089]: DEBUG cinder.api.v3.volumes [None req-08bed4cb-a095-41b2-8b35-f622aa951883 tempest-AttachVolumeNegativeTest-998842740 tempest-AttachVolumeNegativeTest-998842740-project] Create volume request body: {'volume': {'size': 1, 'display_name': 'tempest-AttachVolumeNegativeTest-volume-1003469245'}} {{(pid=82089) create /opt/stack/cinder/cinder/api/v3/volumes.py:290}}
Sep 16 19:11:40.982291 dv-cinder-809447-1-iscsi devstack@c-api.service[82089]: INFO cinder.api.v3.volumes [None req-08bed4cb-a095-41b2-8b35-f622aa951883 tempest-AttachVolumeNegativeTest-998842740 tempest-AttachVolumeNegativeTest-998842740-project] Create volume of 1 GB
Sep 16 19:11:41.006494 dv-cinder-809447-1-iscsi devstack@c-api.service[82089]: INFO cinder.volume.api [None req-08bed4cb-a095-41b2-8b35-f622aa951883 tempest-AttachVolumeNegativeTest-998842740 tempest-AttachVolumeNegativeTest-998842740-project] Availability Zones retrieved successfully.
Sep 16 19:11:41.037026 dv-cinder-809447-1-iscsi devstack@c-api.service[82090]: DEBUG cinder.volume.api [None req-f8654742-d532-4216-bc1a-ce40141b1791 tempest-VolumeTypesTest-1479348878 tempest-VolumeTypesTest-1479348878-project] Task 'cinder.volume.flows.api.create_volume.ExtractVolumeRequestTask;volume:create' (3c9d5067-d8d3-4205-bf08-cb773d99b62b) transitioned into state 'SUCCESS' from state 'RUNNING' with result '{'size': 1, 'snapshot_id': None, 'source_volid': None, 'volume_type': VolumeType(created_at=2021-09-16T19:11:40Z,deleted=False,deleted_at=None,description=None,extra_specs={storage_protocol='iSCSI',vendor_name='Microsoft'},id=17f9d333-1ba6-4668-9dc0-77c03be1bf23,is_public=True,name='tempest-VolumeTypesTest-volume-type-847486825',projects=[],qos_specs=,qos_specs_id=None,updated_at=None), 'volume_type_id': '17f9d333-1ba6-4668-9dc0-77c03be1bf23', 'encryption_key_id': None, 'qos_specs': None, 'consistencygroup_id': None, 'cgsnapshot_id': None, 'group_id': None, 'replication_status': 'disabled', 'refresh_az': False, 'backup_id': None, 'multiattach': False, 'availability_zones': ['nova']}' {{(pid=82090) _task_receiver /usr/local/lib/python3.8/dist-packages/taskflow/listeners/logging.py:178}}
Sep 16 19:11:41.039059 dv-cinder-809447-1-iscsi devstack@c-api.service[82090]: DEBUG cinder.volume.api [None req-f8654742-d532-4216-bc1a-ce40141b1791 tempest-VolumeTypesTest-1479348878 tempest-VolumeTypesTest-1479348878-project] Task 'cinder.volume.flows.api.create_volume.QuotaReserveTask;volume:create' (a52e8fea-7b02-4b1a-b3bd-e3ee984940a7) transitioned into state 'RUNNING' from state 'PENDING' {{(pid=82090) _task_receiver /usr/local/lib/python3.8/dist-packages/taskflow/listeners/logging.py:190}}
Sep 16 19:11:41.065886 dv-cinder-809447-1-iscsi devstack@c-api.service[82089]: DEBUG cinder.volume.api [None req-08bed4cb-a095-41b2-8b35-f622aa951883 tempest-AttachVolumeNegativeTest-998842740 tempest-AttachVolumeNegativeTest-998842740-project] Flow 'volume_create_api' (26fab7ac-96f3-462c-9a4a-54b888744dc3) transitioned into state 'RUNNING' from state 'PENDING' {{(pid=82089) _flow_receiver /usr/local/lib/python3.8/dist-packages/taskflow/listeners/logging.py:141}}
Sep 16 19:11:41.071412 dv-cinder-809447-1-iscsi devstack@c-api.service[82089]: DEBUG cinder.volume.api [None req-08bed4cb-a095-41b2-8b35-f622aa951883 tempest-AttachVolumeNegativeTest-998842740 tempest-AttachVolumeNegativeTest-998842740-project] Task 'cinder.volume.flows.api.create_volume.ExtractVolumeRequestTask;volume:create' (f358ab6a-0a86-4770-a5e4-0a05465e34d5) transitioned into state 'RUNNING' from state 'PENDING' {{(pid=82089) _task_receiver /usr/local/lib/python3.8/dist-packages/taskflow/listeners/logging.py:190}}
Sep 16 19:11:41.075423 dv-cinder-809447-1-iscsi devstack@c-api.service[82089]: DEBUG cinder.volume.flows.api.create_volume [None req-08bed4cb-a095-41b2-8b35-f622aa951883 tempest-AttachVolumeNegativeTest-998842740 tempest-AttachVolumeNegativeTest-998842740-project] Validating volume size '1' using validate_int {{(pid=82089) _extract_size /opt/stack/cinder/cinder/volume/flows/api/create_volume.py:202}}
Sep 16 19:11:41.119699 dv-cinder-809447-1-iscsi devstack@c-api.service[82090]: WARNING cinder.quota [None req-f8654742-d532-4216-bc1a-ce40141b1791 tempest-VolumeTypesTest-1479348878 tempest-VolumeTypesTest-1479348878-project] Deprecated: Default quota for resource: volumes_tempest-VolumeTypesTest-volume-type-847486825 is set by the default quota flag: quota_volumes_tempest-VolumeTypesTest-volume-type-847486825, it is now deprecated. Please use the default quota class for default quota.
Sep 16 19:11:41.120855 dv-cinder-809447-1-iscsi devstack@c-api.service[82090]: WARNING cinder.quota [None req-f8654742-d532-4216-bc1a-ce40141b1791 tempest-VolumeTypesTest-1479348878 tempest-VolumeTypesTest-1479348878-project] Deprecated: Default quota for resource: gigabytes_tempest-VolumeTypesTest-volume-type-847486825 is set by the default quota flag: quota_gigabytes_tempest-VolumeTypesTest-volume-type-847486825, it is now deprecated. Please use the default quota class for default quota.
Sep 16 19:11:41.169002 dv-cinder-809447-1-iscsi devstack@c-api.service[82090]: DEBUG cinder.quota [None req-f8654742-d532-4216-bc1a-ce40141b1791 tempest-VolumeTypesTest-1479348878 tempest-VolumeTypesTest-1479348878-project] Created reservations ['d0ee1785-4993-485b-a77c-e2b198cdbac2', '90e271d9-a68b-42f5-829a-86bf6cd20783', '35794a7d-a7fc-46d0-82a8-3cba047244f0', '6d2e7230-365f-4bef-8318-e08a92f6e2ad'] {{(pid=82090) reserve /opt/stack/cinder/cinder/quota.py:1036}}
Sep 16 19:11:41.174882 dv-cinder-809447-1-iscsi devstack@c-api.service[82090]: DEBUG cinder.volume.api [None req-f8654742-d532-4216-bc1a-ce40141b1791 tempest-VolumeTypesTest-1479348878 tempest-VolumeTypesTest-1479348878-project] Task 'cinder.volume.flows.api.create_volume.QuotaReserveTask;volume:create' (a52e8fea-7b02-4b1a-b3bd-e3ee984940a7) transitioned into state 'SUCCESS' from state 'RUNNING' with result '{'reservations': ['d0ee1785-4993-485b-a77c-e2b198cdbac2', '90e271d9-a68b-42f5-829a-86bf6cd20783', '35794a7d-a7fc-46d0-82a8-3cba047244f0', '6d2e7230-365f-4bef-8318-e08a92f6e2ad']}' {{(pid=82090) _task_receiver /usr/local/lib/python3.8/dist-packages/taskflow/listeners/logging.py:178}}
Sep 16 19:11:41.177277 dv-cinder-809447-1-iscsi devstack@c-api.service[82090]: DEBUG cinder.volume.api [None req-f8654742-d532-4216-bc1a-ce40141b1791 tempest-VolumeTypesTest-1479348878 tempest-VolumeTypesTest-1479348878-project] Task 'cinder.volume.flows.api.create_volume.EntryCreateTask;volume:create' (93a66f83-9d31-4a16-938a-c99071c894a4) transitioned into state 'RUNNING' from state 'PENDING' {{(pid=82090) _task_receiver /usr/local/lib/python3.8/dist-packages/taskflow/listeners/logging.py:190}}
Sep 16 19:11:41.276284 dv-cinder-809447-1-iscsi devstack@c-api.service[82090]: DEBUG cinder.volume.api [None req-f8654742-d532-4216-bc1a-ce40141b1791 tempest-VolumeTypesTest-1479348878 tempest-VolumeTypesTest-1479348878-project] Task 'cinder.volume.flows.api.create_volume.EntryCreateTask;volume:create' (93a66f83-9d31-4a16-938a-c99071c894a4) transitioned into state 'SUCCESS' from state 'RUNNING' with result '{'volume_id': '7c4f02c1-1a99-4005-bbb1-d8d80f492d8f', 'volume_properties': VolumeProperties(attach_status='detached',availability_zone='nova',cgsnapshot_id=None,consistencygroup_id=None,display_description=None,display_name='tempest-VolumeTypesTest-volume-1249458367',encryption_key_id=None,group_id=None,group_type_id=,metadata={},multiattach=False,project_id='96a90667d54d4af48a0e1f635410b0cb',qos_specs=None,replication_status=,reservations=['d0ee1785-4993-485b-a77c-e2b198cdbac2','90e271d9-a68b-42f5-829a-86bf6cd20783','35794a7d-a7fc-46d0-82a8-3cba047244f0','6d2e7230-365f-4bef-8318-e08a92f6e2ad'],size=1,snapshot_id=None,source_replicaid=,source_volid=None,status='creating',user_id='9eae1aa707204912b5c568a561365431',volume_type_id=17f9d333-1ba6-4668-9dc0-77c03be1bf23), 'volume': Volume(_name_id=None,admin_metadata=,attach_status='detached',availability_zone='nova',bootable=False,cluster=,cluster_name=None,consistencygroup=,consistencygroup_id=None,created_at=2021-09-16T19:11:41Z,deleted=False,deleted_at=None,display_description=None,display_name='tempest-VolumeTypesTest-volume-1249458367',ec2_id=None,encryption_key_id=None,glance_metadata=,group=,group_id=None,host=None,id=7c4f02c1-1a99-4005-bbb1-d8d80f492d8f,launched_at=None,metadata={},migration_status=None,multiattach=False,previous_status=None,project_id='96a90667d54d4af48a0e1f635410b0cb',provider_auth=None,provider_geometry=None,provider_id=None,provider_location=None,replication_driver_data=None,replication_extended_status=None,replication_status=None,scheduled_at=None,service_uuid=None,shared_targets=True,size=1,snapshot_id=None,snapshots=,source_volid=None,status='creating',terminated_at=None,updated_at=None,user_id='9eae1aa707204912b5c568a561365431',volume_attachment=,volume_type=,volume_type_id=17f9d333-1ba6-4668-9dc0-77c03be1bf23)}' {{(pid=82090) _task_receiver /usr/local/lib/python3.8/dist-packages/taskflow/listeners/logging.py:178}}
Sep 16 19:11:41.278751 dv-cinder-809447-1-iscsi devstack@c-api.service[82090]: DEBUG cinder.volume.api [None req-f8654742-d532-4216-bc1a-ce40141b1791 tempest-VolumeTypesTest-1479348878 tempest-VolumeTypesTest-1479348878-project] Task 'cinder.volume.flows.api.create_volume.QuotaCommitTask;volume:create' (debf0a00-46d8-48fa-8501-4ea8c3cdecc7) transitioned into state 'RUNNING' from state 'PENDING' {{(pid=82090) _task_receiver /usr/local/lib/python3.8/dist-packages/taskflow/listeners/logging.py:190}}
Sep 16 19:11:41.302468 dv-cinder-809447-1-iscsi devstack@c-api.service[82089]: DEBUG cinder.volume.api [None req-08bed4cb-a095-41b2-8b35-f622aa951883 tempest-AttachVolumeNegativeTest-998842740 tempest-AttachVolumeNegativeTest-998842740-project] Task 'cinder.volume.flows.api.create_volume.ExtractVolumeRequestTask;volume:create' (f358ab6a-0a86-4770-a5e4-0a05465e34d5) transitioned into state 'SUCCESS' from state 'RUNNING' with result '{'size': 1, 'snapshot_id': None, 'source_volid': None, 'volume_type': VolumeType(created_at=2021-09-16T19:00:47Z,deleted=False,deleted_at=None,description='Default Volume Type',extra_specs={},id=10f59d86-2b25-46f7-8bc1-2116d62197e9,is_public=True,name='__DEFAULT__',projects=[],qos_specs=,qos_specs_id=None,updated_at=2021-09-16T19:00:47Z), 'volume_type_id': '10f59d86-2b25-46f7-8bc1-2116d62197e9', 'encryption_key_id': None, 'qos_specs': None, 'consistencygroup_id': None, 'cgsnapshot_id': None, 'group_id': None, 'replication_status': 'disabled', 'refresh_az': False, 'backup_id': None, 'multiattach': False, 'availability_zones': ['nova']}' {{(pid=82089) _task_receiver /usr/local/lib/python3.8/dist-packages/taskflow/listeners/logging.py:178}}
Sep 16 19:11:41.309842 dv-cinder-809447-1-iscsi devstack@c-api.service[82089]: DEBUG cinder.volume.api [None req-08bed4cb-a095-41b2-8b35-f622aa951883 tempest-AttachVolumeNegativeTest-998842740 tempest-AttachVolumeNegativeTest-998842740-project] Task 'cinder.volume.flows.api.create_volume.QuotaReserveTask;volume:create' (364e0fd7-3289-4ad5-bb0b-d682f86181c1) transitioned into state 'RUNNING' from state 'PENDING' {{(pid=82089) _task_receiver /usr/local/lib/python3.8/dist-packages/taskflow/listeners/logging.py:190}}
Sep 16 19:11:41.315545 dv-cinder-809447-1-iscsi devstack@c-api.service[82090]: DEBUG cinder.volume.api [None req-f8654742-d532-4216-bc1a-ce40141b1791 tempest-VolumeTypesTest-1479348878 tempest-VolumeTypesTest-1479348878-project] Task 'cinder.volume.flows.api.create_volume.QuotaCommitTask;volume:create' (debf0a00-46d8-48fa-8501-4ea8c3cdecc7) transitioned into state 'SUCCESS' from state 'RUNNING' with result '{'volume_properties': VolumeProperties(attach_status='detached',availability_zone='nova',cgsnapshot_id=None,consistencygroup_id=None,display_description=None,display_name='tempest-VolumeTypesTest-volume-1249458367',encryption_key_id=None,group_id=None,group_type_id=,metadata={},multiattach=False,project_id='96a90667d54d4af48a0e1f635410b0cb',qos_specs=None,replication_status=,reservations=['d0ee1785-4993-485b-a77c-e2b198cdbac2','90e271d9-a68b-42f5-829a-86bf6cd20783','35794a7d-a7fc-46d0-82a8-3cba047244f0','6d2e7230-365f-4bef-8318-e08a92f6e2ad'],size=1,snapshot_id=None,source_replicaid=,source_volid=None,status='creating',user_id='9eae1aa707204912b5c568a561365431',volume_type_id=17f9d333-1ba6-4668-9dc0-77c03be1bf23)}' {{(pid=82090) _task_receiver /usr/local/lib/python3.8/dist-packages/taskflow/listeners/logging.py:178}}
Sep 16 19:11:41.317637 dv-cinder-809447-1-iscsi devstack@c-api.service[82090]: DEBUG cinder.volume.api [None req-f8654742-d532-4216-bc1a-ce40141b1791 tempest-VolumeTypesTest-1479348878 tempest-VolumeTypesTest-1479348878-project] Task 'cinder.volume.flows.api.create_volume.VolumeCastTask;volume:create' (a6d43590-0b0d-4579-9f59-c5b780410edb) transitioned into state 'RUNNING' from state 'PENDING' {{(pid=82090) _task_receiver /usr/local/lib/python3.8/dist-packages/taskflow/listeners/logging.py:190}}
Sep 16 19:11:41.347069 dv-cinder-809447-1-iscsi devstack@c-api.service[82090]: DEBUG cinder.volume.api [None req-f8654742-d532-4216-bc1a-ce40141b1791 tempest-VolumeTypesTest-1479348878 tempest-VolumeTypesTest-1479348878-project] Task 'cinder.volume.flows.api.create_volume.VolumeCastTask;volume:create' (a6d43590-0b0d-4579-9f59-c5b780410edb) transitioned into state 'SUCCESS' from state 'RUNNING' with result 'None' {{(pid=82090) _task_receiver /usr/local/lib/python3.8/dist-packages/taskflow/listeners/logging.py:178}}
Sep 16 19:11:41.350800 dv-cinder-809447-1-iscsi devstack@c-api.service[82090]: DEBUG cinder.volume.api [None req-f8654742-d532-4216-bc1a-ce40141b1791 tempest-VolumeTypesTest-1479348878 tempest-VolumeTypesTest-1479348878-project] Flow 'volume_create_api' (c5454a38-60f7-43c7-8056-4343d66a0952) transitioned into state 'SUCCESS' from state 'RUNNING' {{(pid=82090) _flow_receiver /usr/local/lib/python3.8/dist-packages/taskflow/listeners/logging.py:141}}
Sep 16 19:11:41.465029 dv-cinder-809447-1-iscsi devstack@c-api.service[82090]: INFO cinder.volume.api [None req-f8654742-d532-4216-bc1a-ce40141b1791 tempest-VolumeTypesTest-1479348878 tempest-VolumeTypesTest-1479348878-project] Create volume request issued successfully.
Sep 16 19:11:41.514185 dv-cinder-809447-1-iscsi devstack@c-api.service[82090]: INFO cinder.api.openstack.wsgi [None req-f8654742-d532-4216-bc1a-ce40141b1791 tempest-VolumeTypesTest-1479348878 tempest-VolumeTypesTest-1479348878-project] http://10.222.0.22/volume/v3/96a90667d54d4af48a0e1f635410b0cb/volumes returned with HTTP 202
Sep 16 19:11:41.524356 dv-cinder-809447-1-iscsi devstack@c-api.service[82090]: [pid: 82090|app: 0|req: 85/164] 10.222.0.22 () {60 vars in 1236 bytes} [Thu Sep 16 19:11:40 2021] POST /volume/v3/96a90667d54d4af48a0e1f635410b0cb/volumes => generated 849 bytes in 1092 msecs (HTTP/1.1 202) 7 headers in 291 bytes (1 switches on core 0)
Sep 16 19:11:41.536669 dv-cinder-809447-1-iscsi devstack@c-api.service[82090]: INFO cinder.api.openstack.wsgi [None req-7106cba0-c78c-4868-b885-0d6b2d142db2 tempest-VolumeTypesExtraSpecsTest-1197952194 tempest-VolumeTypesExtraSpecsTest-1197952194-project-admin] GET http://10.222.0.22/volume/v3/c0d7d4ae4a054611ba7fa21de6d920d6/types/4b69d2b6-94a9-4246-9bdc-8976ab9ae8b2/extra_specs
Sep 16 19:11:41.537134 dv-cinder-809447-1-iscsi devstack@c-api.service[82090]: DEBUG cinder.api.openstack.wsgi [None req-7106cba0-c78c-4868-b885-0d6b2d142db2 tempest-VolumeTypesExtraSpecsTest-1197952194 tempest-VolumeTypesExtraSpecsTest-1197952194-project-admin] Empty body provided in request {{(pid=82090) get_body /opt/stack/cinder/cinder/api/openstack/wsgi.py:714}}
Sep 16 19:11:41.537309 dv-cinder-809447-1-iscsi devstack@c-api.service[82090]: /usr/local/lib/python3.8/dist-packages/webob/acceptparse.py:1047: DeprecationWarning: The behavior of AcceptValidHeader.best_match is currently being maintained for backward compatibility, but it will be deprecated in the future, as it does not conform to the RFC.
Sep 16 19:11:41.537309 dv-cinder-809447-1-iscsi devstack@c-api.service[82090]: warnings.warn(
Sep 16 19:11:41.541849 dv-cinder-809447-1-iscsi devstack@c-api.service[82090]: DEBUG cinder.api.openstack.wsgi [None req-7106cba0-c78c-4868-b885-0d6b2d142db2 tempest-VolumeTypesExtraSpecsTest-1197952194 tempest-VolumeTypesExtraSpecsTest-1197952194-project-admin] Calling method 'index' {{(pid=82090) _process_stack /opt/stack/cinder/cinder/api/openstack/wsgi.py:867}}
Sep 16 19:11:41.542540 dv-cinder-809447-1-iscsi devstack@c-api.service[82090]: /usr/local/lib/python3.8/dist-packages/oslo_context/context.py:105: DeprecationWarning: Policy enforcement is depending on the value of is_admin. This key is deprecated. Please update your policy file to use the standard policy values.
Sep 16 19:11:41.542540 dv-cinder-809447-1-iscsi devstack@c-api.service[82090]: warnings.warn('Policy enforcement is depending on the value of '
Sep 16 19:11:41.591240 dv-cinder-809447-1-iscsi devstack@c-api.service[82090]: INFO cinder.api.openstack.wsgi [None req-7106cba0-c78c-4868-b885-0d6b2d142db2 tempest-VolumeTypesExtraSpecsTest-1197952194 tempest-VolumeTypesExtraSpecsTest-1197952194-project-admin] http://10.222.0.22/volume/v3/c0d7d4ae4a054611ba7fa21de6d920d6/types/4b69d2b6-94a9-4246-9bdc-8976ab9ae8b2/extra_specs returned with HTTP 200
Sep 16 19:11:41.594342 dv-cinder-809447-1-iscsi devstack@c-api.service[82090]: [pid: 82090|app: 0|req: 86/165] 10.222.0.22 () {58 vars in 1355 bytes} [Thu Sep 16 19:11:41 2021] GET /volume/v3/c0d7d4ae4a054611ba7fa21de6d920d6/types/4b69d2b6-94a9-4246-9bdc-8976ab9ae8b2/extra_specs => generated 68 bytes in 71 msecs (HTTP/1.1 200) 7 headers in 284 bytes (1 switches on core 0)
Sep 16 19:11:41.611588 dv-cinder-809447-1-iscsi devstack@c-api.service[82090]: INFO cinder.api.openstack.wsgi [None req-a924de7e-160f-4951-94b7-e0faad4f8a42 tempest-DeleteServersTestJSON-1094405526 tempest-DeleteServersTestJSON-1094405526-project] GET http://10.222.0.22/volume/v3/6f5af238eb4a47999df65b5fab40782a/volumes/6ea45c9e-8616-49a9-90a4-6e06925141c1
Sep 16 19:11:41.612150 dv-cinder-809447-1-iscsi devstack@c-api.service[82089]: DEBUG cinder.quota [None req-08bed4cb-a095-41b2-8b35-f622aa951883 tempest-AttachVolumeNegativeTest-998842740 tempest-AttachVolumeNegativeTest-998842740-project] Created reservations ['9089e547-09f1-43ac-8bc7-6f5ceeceadac', 'b0d0fc21-f2cc-4827-8fc9-f423a9c13cfe', '679028be-8c04-4681-92f8-de7841cf333b', '4081c006-16f3-4ee4-9d8a-72640c0fe818'] {{(pid=82089) reserve /opt/stack/cinder/cinder/quota.py:1036}}
Sep 16 19:11:41.612872 dv-cinder-809447-1-iscsi devstack@c-api.service[82090]: DEBUG cinder.api.openstack.wsgi [None req-a924de7e-160f-4951-94b7-e0faad4f8a42 tempest-DeleteServersTestJSON-1094405526 tempest-DeleteServersTestJSON-1094405526-project] Empty body provided in request {{(pid=82090) get_body /opt/stack/cinder/cinder/api/openstack/wsgi.py:714}}
Sep 16 19:11:41.613706 dv-cinder-809447-1-iscsi devstack@c-api.service[82090]: DEBUG cinder.api.openstack.wsgi [None req-a924de7e-160f-4951-94b7-e0faad4f8a42 tempest-DeleteServersTestJSON-1094405526 tempest-DeleteServersTestJSON-1094405526-project] Calling method 'show' {{(pid=82090) _process_stack /opt/stack/cinder/cinder/api/openstack/wsgi.py:867}}
Sep 16 19:11:41.617124 dv-cinder-809447-1-iscsi devstack@c-api.service[82089]: DEBUG cinder.volume.api [None req-08bed4cb-a095-41b2-8b35-f622aa951883 tempest-AttachVolumeNegativeTest-998842740 tempest-AttachVolumeNegativeTest-998842740-project] Task 'cinder.volume.flows.api.create_volume.QuotaReserveTask;volume:create' (364e0fd7-3289-4ad5-bb0b-d682f86181c1) transitioned into state 'SUCCESS' from state 'RUNNING' with result '{'reservations': ['9089e547-09f1-43ac-8bc7-6f5ceeceadac', 'b0d0fc21-f2cc-4827-8fc9-f423a9c13cfe', '679028be-8c04-4681-92f8-de7841cf333b', '4081c006-16f3-4ee4-9d8a-72640c0fe818']}' {{(pid=82089) _task_receiver /usr/local/lib/python3.8/dist-packages/taskflow/listeners/logging.py:178}}
Sep 16 19:11:41.625849 dv-cinder-809447-1-iscsi devstack@c-api.service[82089]: DEBUG cinder.volume.api [None req-08bed4cb-a095-41b2-8b35-f622aa951883 tempest-AttachVolumeNegativeTest-998842740 tempest-AttachVolumeNegativeTest-998842740-project] Task 'cinder.volume.flows.api.create_volume.EntryCreateTask;volume:create' (15082297-1b84-4b84-bd64-ba7add4ced43) transitioned into state 'RUNNING' from state 'PENDING' {{(pid=82089) _task_receiver /usr/local/lib/python3.8/dist-packages/taskflow/listeners/logging.py:190}}
Sep 16 19:11:41.666854 dv-cinder-809447-1-iscsi devstack@c-api.service[82090]: /usr/local/lib/python3.8/dist-packages/oslo_context/context.py:105: DeprecationWarning: Policy enforcement is depending on the value of is_admin. This key is deprecated. Please update your policy file to use the standard policy values.
Sep 16 19:11:41.666854 dv-cinder-809447-1-iscsi devstack@c-api.service[82090]: warnings.warn('Policy enforcement is depending on the value of '
Sep 16 19:11:41.677868 dv-cinder-809447-1-iscsi devstack@c-api.service[82090]: INFO cinder.volume.api [None req-a924de7e-160f-4951-94b7-e0faad4f8a42 tempest-DeleteServersTestJSON-1094405526 tempest-DeleteServersTestJSON-1094405526-project] Volume info retrieved successfully.
Sep 16 19:11:41.702260 dv-cinder-809447-1-iscsi devstack@c-api.service[82090]: INFO cinder.api.openstack.wsgi [None req-a924de7e-160f-4951-94b7-e0faad4f8a42 tempest-DeleteServersTestJSON-1094405526 tempest-DeleteServersTestJSON-1094405526-project] http://10.222.0.22/volume/v3/6f5af238eb4a47999df65b5fab40782a/volumes/6ea45c9e-8616-49a9-90a4-6e06925141c1 returned with HTTP 200
Sep 16 19:11:41.703306 dv-cinder-809447-1-iscsi devstack@c-api.service[82090]: [pid: 82090|app: 0|req: 87/166] 10.222.0.22 () {58 vars in 1325 bytes} [Thu Sep 16 19:11:41 2021] GET /volume/v3/6f5af238eb4a47999df65b5fab40782a/volumes/6ea45c9e-8616-49a9-90a4-6e06925141c1 => generated 914 bytes in 109 msecs (HTTP/1.1 200) 7 headers in 285 bytes (1 switches on core 0)
Sep 16 19:11:41.706991 dv-cinder-809447-1-iscsi devstack@c-api.service[82090]: INFO cinder.api.openstack.wsgi [None req-dc99bf86-4a06-4cfb-8b9e-256edd4f75a2 tempest-VolumeTypesTest-1479348878 tempest-VolumeTypesTest-1479348878-project] GET http://10.222.0.22/volume/v3/96a90667d54d4af48a0e1f635410b0cb/volumes/7c4f02c1-1a99-4005-bbb1-d8d80f492d8f
Sep 16 19:11:41.707649 dv-cinder-809447-1-iscsi devstack@c-api.service[82090]: DEBUG cinder.api.openstack.wsgi [None req-dc99bf86-4a06-4cfb-8b9e-256edd4f75a2 tempest-VolumeTypesTest-1479348878 tempest-VolumeTypesTest-1479348878-project] Empty body provided in request {{(pid=82090) get_body /opt/stack/cinder/cinder/api/openstack/wsgi.py:714}}
Sep 16 19:11:41.708051 dv-cinder-809447-1-iscsi devstack@c-api.service[82090]: /usr/local/lib/python3.8/dist-packages/webob/acceptparse.py:1047: DeprecationWarning: The behavior of AcceptValidHeader.best_match is currently being maintained for backward compatibility, but it will be deprecated in the future, as it does not conform to the RFC.
Sep 16 19:11:41.708051 dv-cinder-809447-1-iscsi devstack@c-api.service[82090]: warnings.warn(
Sep 16 19:11:41.708658 dv-cinder-809447-1-iscsi devstack@c-api.service[82090]: DEBUG cinder.api.openstack.wsgi [None req-dc99bf86-4a06-4cfb-8b9e-256edd4f75a2 tempest-VolumeTypesTest-1479348878 tempest-VolumeTypesTest-1479348878-project] Calling method 'show' {{(pid=82090) _process_stack /opt/stack/cinder/cinder/api/openstack/wsgi.py:867}}
Sep 16 19:11:41.763269 dv-cinder-809447-1-iscsi devstack@c-api.service[82090]: /usr/local/lib/python3.8/dist-packages/oslo_context/context.py:105: DeprecationWarning: Policy enforcement is depending on the value of is_admin. This key is deprecated. Please update your policy file to use the standard policy values.
Sep 16 19:11:41.763269 dv-cinder-809447-1-iscsi devstack@c-api.service[82090]: warnings.warn('Policy enforcement is depending on the value of '
Sep 16 19:11:41.771855 dv-cinder-809447-1-iscsi devstack@c-api.service[82090]: INFO cinder.volume.api [None req-dc99bf86-4a06-4cfb-8b9e-256edd4f75a2 tempest-VolumeTypesTest-1479348878 tempest-VolumeTypesTest-1479348878-project] Volume info retrieved successfully.
Sep 16 19:11:41.828292 dv-cinder-809447-1-iscsi devstack@c-api.service[82090]: INFO cinder.api.openstack.wsgi [None req-dc99bf86-4a06-4cfb-8b9e-256edd4f75a2 tempest-VolumeTypesTest-1479348878 tempest-VolumeTypesTest-1479348878-project] http://10.222.0.22/volume/v3/96a90667d54d4af48a0e1f635410b0cb/volumes/7c4f02c1-1a99-4005-bbb1-d8d80f492d8f returned with HTTP 200
Sep 16 19:11:41.831737 dv-cinder-809447-1-iscsi devstack@c-api.service[82090]: [pid: 82090|app: 0|req: 88/167] 10.222.0.22 () {58 vars in 1325 bytes} [Thu Sep 16 19:11:41 2021] GET /volume/v3/96a90667d54d4af48a0e1f635410b0cb/volumes/7c4f02c1-1a99-4005-bbb1-d8d80f492d8f => generated 941 bytes in 128 msecs (HTTP/1.1 200) 7 headers in 285 bytes (1 switches on core 0)
Sep 16 19:11:41.840510 dv-cinder-809447-1-iscsi devstack@c-api.service[82090]: INFO cinder.api.openstack.wsgi [None req-ce94cbf7-5656-40f4-ae69-24072c9f51d8 tempest-VolumeTypesExtraSpecsTest-1197952194 tempest-VolumeTypesExtraSpecsTest-1197952194-project-admin] DELETE http://10.222.0.22/volume/v3/c0d7d4ae4a054611ba7fa21de6d920d6/types/4b69d2b6-94a9-4246-9bdc-8976ab9ae8b2
Sep 16 19:11:41.841355 dv-cinder-809447-1-iscsi devstack@c-api.service[82090]: DEBUG cinder.api.openstack.wsgi [None req-ce94cbf7-5656-40f4-ae69-24072c9f51d8 tempest-VolumeTypesExtraSpecsTest-1197952194 tempest-VolumeTypesExtraSpecsTest-1197952194-project-admin] Empty body provided in request {{(pid=82090) get_body /opt/stack/cinder/cinder/api/openstack/wsgi.py:714}}
Sep 16 19:11:41.841927 dv-cinder-809447-1-iscsi devstack@c-api.service[82090]: /usr/local/lib/python3.8/dist-packages/webob/acceptparse.py:1047: DeprecationWarning: The behavior of AcceptValidHeader.best_match is currently being maintained for backward compatibility, but it will be deprecated in the future, as it does not conform to the RFC.
Sep 16 19:11:41.841927 dv-cinder-809447-1-iscsi devstack@c-api.service[82090]: warnings.warn(
Sep 16 19:11:41.842546 dv-cinder-809447-1-iscsi devstack@c-api.service[82090]: DEBUG cinder.api.openstack.wsgi [None req-ce94cbf7-5656-40f4-ae69-24072c9f51d8 tempest-VolumeTypesExtraSpecsTest-1197952194 tempest-VolumeTypesExtraSpecsTest-1197952194-project-admin] Calling method '_delete' {{(pid=82090) _process_stack /opt/stack/cinder/cinder/api/openstack/wsgi.py:867}}
Sep 16 19:11:41.932164 dv-cinder-809447-1-iscsi devstack@c-api.service[82089]: DEBUG cinder.volume.api [None req-08bed4cb-a095-41b2-8b35-f622aa951883 tempest-AttachVolumeNegativeTest-998842740 tempest-AttachVolumeNegativeTest-998842740-project] Task 'cinder.volume.flows.api.create_volume.EntryCreateTask;volume:create' (15082297-1b84-4b84-bd64-ba7add4ced43) transitioned into state 'SUCCESS' from state 'RUNNING' with result '{'volume_id': '7db9b3fe-b22e-4235-9379-6d3ab733af70', 'volume_properties': VolumeProperties(attach_status='detached',availability_zone='nova',cgsnapshot_id=None,consistencygroup_id=None,display_description=None,display_name='tempest-AttachVolumeNegativeTest-volume-1003469245',encryption_key_id=None,group_id=None,group_type_id=,metadata={},multiattach=False,project_id='b3a25b099c944b938fe922665db15f3b',qos_specs=None,replication_status=,reservations=['9089e547-09f1-43ac-8bc7-6f5ceeceadac','b0d0fc21-f2cc-4827-8fc9-f423a9c13cfe','679028be-8c04-4681-92f8-de7841cf333b','4081c006-16f3-4ee4-9d8a-72640c0fe818'],size=1,snapshot_id=None,source_replicaid=,source_volid=None,status='creating',user_id='d3776eb9c3eb472894221ff559034fe3',volume_type_id=10f59d86-2b25-46f7-8bc1-2116d62197e9), 'volume': Volume(_name_id=None,admin_metadata=,attach_status='detached',availability_zone='nova',bootable=False,cluster=,cluster_name=None,consistencygroup=,consistencygroup_id=None,created_at=2021-09-16T19:11:41Z,deleted=False,deleted_at=None,display_description=None,display_name='tempest-AttachVolumeNegativeTest-volume-1003469245',ec2_id=None,encryption_key_id=None,glance_metadata=,group=,group_id=None,host=None,id=7db9b3fe-b22e-4235-9379-6d3ab733af70,launched_at=None,metadata={},migration_status=None,multiattach=False,previous_status=None,project_id='b3a25b099c944b938fe922665db15f3b',provider_auth=None,provider_geometry=None,provider_id=None,provider_location=None,replication_driver_data=None,replication_extended_status=None,replication_status=None,scheduled_at=None,service_uuid=None,shared_targets=True,size=1,snapshot_id=None,snapshots=,source_volid=None,status='creating',terminated_at=None,updated_at=None,user_id='d3776eb9c3eb472894221ff559034fe3',volume_attachment=,volume_type=,volume_type_id=10f59d86-2b25-46f7-8bc1-2116d62197e9)}' {{(pid=82089) _task_receiver /usr/local/lib/python3.8/dist-packages/taskflow/listeners/logging.py:178}}
Sep 16 19:11:41.938532 dv-cinder-809447-1-iscsi devstack@c-api.service[82090]: /usr/local/lib/python3.8/dist-packages/sqlalchemy/orm/evaluator.py:95: SAWarning: Evaluating non-mapped column expression 'updated_at' onto ORM instances; this is a deprecated use case. Please make use of the actual mapped columns in ORM-evaluated UPDATE / DELETE expressions.
Sep 16 19:11:41.938532 dv-cinder-809447-1-iscsi devstack@c-api.service[82090]: util.warn(
Sep 16 19:11:41.941364 dv-cinder-809447-1-iscsi devstack@c-api.service[82089]: DEBUG cinder.volume.api [None req-08bed4cb-a095-41b2-8b35-f622aa951883 tempest-AttachVolumeNegativeTest-998842740 tempest-AttachVolumeNegativeTest-998842740-project] Task 'cinder.volume.flows.api.create_volume.QuotaCommitTask;volume:create' (45be269b-d35f-4f6a-9610-dbb8c107c75b) transitioned into state 'RUNNING' from state 'PENDING' {{(pid=82089) _task_receiver /usr/local/lib/python3.8/dist-packages/taskflow/listeners/logging.py:190}}
Sep 16 19:11:41.954904 dv-cinder-809447-1-iscsi devstack@c-api.service[82090]: INFO cinder.api.openstack.wsgi [None req-ce94cbf7-5656-40f4-ae69-24072c9f51d8 tempest-VolumeTypesExtraSpecsTest-1197952194 tempest-VolumeTypesExtraSpecsTest-1197952194-project-admin] http://10.222.0.22/volume/v3/c0d7d4ae4a054611ba7fa21de6d920d6/types/4b69d2b6-94a9-4246-9bdc-8976ab9ae8b2 returned with HTTP 202
Sep 16 19:11:41.956050 dv-cinder-809447-1-iscsi devstack@c-api.service[82090]: [pid: 82090|app: 0|req: 89/168] 10.222.0.22 () {58 vars in 1322 bytes} [Thu Sep 16 19:11:41 2021] DELETE /volume/v3/c0d7d4ae4a054611ba7fa21de6d920d6/types/4b69d2b6-94a9-4246-9bdc-8976ab9ae8b2 => generated 0 bytes in 124 msecs (HTTP/1.1 202) 6 headers in 233 bytes (1 switches on core 0)
Sep 16 19:11:41.995104 dv-cinder-809447-1-iscsi devstack@c-api.service[82089]: DEBUG cinder.volume.api [None req-08bed4cb-a095-41b2-8b35-f622aa951883 tempest-AttachVolumeNegativeTest-998842740 tempest-AttachVolumeNegativeTest-998842740-project] Task 'cinder.volume.flows.api.create_volume.QuotaCommitTask;volume:create' (45be269b-d35f-4f6a-9610-dbb8c107c75b) transitioned into state 'SUCCESS' from state 'RUNNING' with result '{'volume_properties': VolumeProperties(attach_status='detached',availability_zone='nova',cgsnapshot_id=None,consistencygroup_id=None,display_description=None,display_name='tempest-AttachVolumeNegativeTest-volume-1003469245',encryption_key_id=None,group_id=None,group_type_id=,metadata={},multiattach=False,project_id='b3a25b099c944b938fe922665db15f3b',qos_specs=None,replication_status=,reservations=['9089e547-09f1-43ac-8bc7-6f5ceeceadac','b0d0fc21-f2cc-4827-8fc9-f423a9c13cfe','679028be-8c04-4681-92f8-de7841cf333b','4081c006-16f3-4ee4-9d8a-72640c0fe818'],size=1,snapshot_id=None,source_replicaid=,source_volid=None,status='creating',user_id='d3776eb9c3eb472894221ff559034fe3',volume_type_id=10f59d86-2b25-46f7-8bc1-2116d62197e9)}' {{(pid=82089) _task_receiver /usr/local/lib/python3.8/dist-packages/taskflow/listeners/logging.py:178}}
Sep 16 19:11:42.003354 dv-cinder-809447-1-iscsi devstack@c-api.service[82089]: DEBUG cinder.volume.api [None req-08bed4cb-a095-41b2-8b35-f622aa951883 tempest-AttachVolumeNegativeTest-998842740 tempest-AttachVolumeNegativeTest-998842740-project] Task 'cinder.volume.flows.api.create_volume.VolumeCastTask;volume:create' (3176b27e-880e-4544-8faf-20caec73e0c0) transitioned into state 'RUNNING' from state 'PENDING' {{(pid=82089) _task_receiver /usr/local/lib/python3.8/dist-packages/taskflow/listeners/logging.py:190}}
Sep 16 19:11:42.008431 dv-cinder-809447-1-iscsi devstack@c-api.service[82090]: INFO cinder.api.openstack.wsgi [None req-cf5610a8-79e1-4070-ae13-30a2df8033b3 tempest-VolumeTypesExtraSpecsTest-1197952194 tempest-VolumeTypesExtraSpecsTest-1197952194-project-admin] GET http://10.222.0.22/volume/v3/c0d7d4ae4a054611ba7fa21de6d920d6/types/4b69d2b6-94a9-4246-9bdc-8976ab9ae8b2
Sep 16 19:11:42.008619 dv-cinder-809447-1-iscsi devstack@c-api.service[82090]: DEBUG cinder.api.openstack.wsgi [None req-cf5610a8-79e1-4070-ae13-30a2df8033b3 tempest-VolumeTypesExtraSpecsTest-1197952194 tempest-VolumeTypesExtraSpecsTest-1197952194-project-admin] Empty body provided in request {{(pid=82090) get_body /opt/stack/cinder/cinder/api/openstack/wsgi.py:714}}
Sep 16 19:11:42.009052 dv-cinder-809447-1-iscsi devstack@c-api.service[82090]: DEBUG cinder.api.openstack.wsgi [None req-cf5610a8-79e1-4070-ae13-30a2df8033b3 tempest-VolumeTypesExtraSpecsTest-1197952194 tempest-VolumeTypesExtraSpecsTest-1197952194-project-admin] Calling method 'show' {{(pid=82090) _process_stack /opt/stack/cinder/cinder/api/openstack/wsgi.py:867}}
Sep 16 19:11:42.026358 dv-cinder-809447-1-iscsi devstack@c-api.service[82089]: DEBUG cinder.volume.api [None req-08bed4cb-a095-41b2-8b35-f622aa951883 tempest-AttachVolumeNegativeTest-998842740 tempest-AttachVolumeNegativeTest-998842740-project] Task 'cinder.volume.flows.api.create_volume.VolumeCastTask;volume:create' (3176b27e-880e-4544-8faf-20caec73e0c0) transitioned into state 'SUCCESS' from state 'RUNNING' with result 'None' {{(pid=82089) _task_receiver /usr/local/lib/python3.8/dist-packages/taskflow/listeners/logging.py:178}}
