Sep 16 17:55:53.950131 dv-cinder-809439-1-iscsi devstack@c-api.service[86840]: DEBUG cinder.volume.api [None req-a928f5bf-b79b-44c2-a7ea-31b5b10ebec0 tempest-VolumesTestJSON-1957222311 tempest-VolumesTestJSON-1957222311-project] Task 'cinder.volume.flows.api.create_volume.EntryCreateTask;volume:create' (0364a0d1-8133-468f-8344-d3d9adaa2ba9) transitioned into state 'RUNNING' from state 'PENDING' {{(pid=86840) _task_receiver /usr/local/lib/python3.8/dist-packages/taskflow/listeners/logging.py:190}}
Sep 16 17:55:54.276360 dv-cinder-809439-1-iscsi devstack@c-api.service[86840]: DEBUG cinder.volume.api [None req-a928f5bf-b79b-44c2-a7ea-31b5b10ebec0 tempest-VolumesTestJSON-1957222311 tempest-VolumesTestJSON-1957222311-project] Task 'cinder.volume.flows.api.create_volume.EntryCreateTask;volume:create' (0364a0d1-8133-468f-8344-d3d9adaa2ba9) transitioned into state 'SUCCESS' from state 'RUNNING' with result '{'volume_id': '6599c4ab-939e-4afe-bd9d-1fd083b5f851', 'volume_properties': VolumeProperties(attach_status='detached',availability_zone='nova',cgsnapshot_id=None,consistencygroup_id=None,display_description=None,display_name='tempest-VolumesTestJSON-volume-1117743398',encryption_key_id=None,group_id=None,group_type_id=<?>,metadata={Type='work'},multiattach=False,project_id='6f2217a368ac418883eca096bb713c0f',qos_specs=None,replication_status=<?>,reservations=['deab7bbf-a3ff-427f-9596-d982bf424914','fca66869-5ee5-42ac-8c8d-1691e3db0a46','0f86e35b-287b-467d-a446-b3648c3c6d84','2c3a1c4f-29ab-4561-ab04-e6f8edc39ceb'],size=1,snapshot_id=None,source_replicaid=<?>,source_volid=None,status='creating',user_id='6cb17185a114410eb6a9f50b4d937377',volume_type_id=0778dc1b-75d5-4ff9-ae1f-b23a424c39de), 'volume': Volume(_name_id=None,admin_metadata=<?>,attach_status='detached',availability_zone='nova',bootable=False,cluster=<?>,cluster_name=None,consistencygroup=<?>,consistencygroup_id=None,created_at=2021-09-16T17:55:53Z,deleted=False,deleted_at=None,display_description=None,display_name='tempest-VolumesTestJSON-volume-1117743398',ec2_id=None,encryption_key_id=None,glance_metadata=<?>,group=<?>,group_id=None,host=None,id=6599c4ab-939e-4afe-bd9d-1fd083b5f851,launched_at=None,metadata={Type='work'},migration_status=None,multiattach=False,previous_status=None,project_id='6f2217a368ac418883eca096bb713c0f',provider_auth=None,provider_geometry=None,provider_id=None,provider_location=None,replication_driver_data=None,replication_extended_status=None,replication_status=None,scheduled_at=None,service_uuid=None,shared_targets=True,size=1,snapshot_id=None,snapshots=<?>,source_volid=None,status='creating',terminated_at=None,updated_at=None,user_id='6cb17185a114410eb6a9f50b4d937377',volume_attachment=<?>,volume_type=VolumeType(0778dc1b-75d5-4ff9-ae1f-b23a424c39de),volume_type_id=0778dc1b-75d5-4ff9-ae1f-b23a424c39de)}' {{(pid=86840) _task_receiver /usr/local/lib/python3.8/dist-packages/taskflow/listeners/logging.py:178}}
Sep 16 17:55:54.280559 dv-cinder-809439-1-iscsi devstack@c-api.service[86840]: DEBUG cinder.volume.api [None req-a928f5bf-b79b-44c2-a7ea-31b5b10ebec0 tempest-VolumesTestJSON-1957222311 tempest-VolumesTestJSON-1957222311-project] Task 'cinder.volume.flows.api.create_volume.QuotaCommitTask;volume:create' (a0abc547-8a94-4ae1-9093-d8d8eb81f967) transitioned into state 'RUNNING' from state 'PENDING' {{(pid=86840) _task_receiver /usr/local/lib/python3.8/dist-packages/taskflow/listeners/logging.py:190}}
Sep 16 17:55:54.420165 dv-cinder-809439-1-iscsi devstack@c-api.service[86840]: DEBUG cinder.volume.api [None req-a928f5bf-b79b-44c2-a7ea-31b5b10ebec0 tempest-VolumesTestJSON-1957222311 tempest-VolumesTestJSON-1957222311-project] Task 'cinder.volume.flows.api.create_volume.QuotaCommitTask;volume:create' (a0abc547-8a94-4ae1-9093-d8d8eb81f967) transitioned into state 'SUCCESS' from state 'RUNNING' with result '{'volume_properties': VolumeProperties(attach_status='detached',availability_zone='nova',cgsnapshot_id=None,consistencygroup_id=None,display_description=None,display_name='tempest-VolumesTestJSON-volume-1117743398',encryption_key_id=None,group_id=None,group_type_id=<?>,metadata={Type='work'},multiattach=False,project_id='6f2217a368ac418883eca096bb713c0f',qos_specs=None,replication_status=<?>,reservations=['deab7bbf-a3ff-427f-9596-d982bf424914','fca66869-5ee5-42ac-8c8d-1691e3db0a46','0f86e35b-287b-467d-a446-b3648c3c6d84','2c3a1c4f-29ab-4561-ab04-e6f8edc39ceb'],size=1,snapshot_id=None,source_replicaid=<?>,source_volid=None,status='creating',user_id='6cb17185a114410eb6a9f50b4d937377',volume_type_id=0778dc1b-75d5-4ff9-ae1f-b23a424c39de)}' {{(pid=86840) _task_receiver /usr/local/lib/python3.8/dist-packages/taskflow/listeners/logging.py:178}}
Sep 16 17:55:54.428826 dv-cinder-809439-1-iscsi devstack@c-api.service[86840]: DEBUG cinder.volume.api [None req-a928f5bf-b79b-44c2-a7ea-31b5b10ebec0 tempest-VolumesTestJSON-1957222311 tempest-VolumesTestJSON-1957222311-project] Task 'cinder.volume.flows.api.create_volume.VolumeCastTask;volume:create' (e4bf8053-3c9a-49f6-a741-1cd35c10b13d) transitioned into state 'RUNNING' from state 'PENDING' {{(pid=86840) _task_receiver /usr/local/lib/python3.8/dist-packages/taskflow/listeners/logging.py:190}}
Sep 16 17:55:54.686202 dv-cinder-809439-1-iscsi devstack@c-api.service[86840]: DEBUG cinder.volume.api [None req-a928f5bf-b79b-44c2-a7ea-31b5b10ebec0 tempest-VolumesTestJSON-1957222311 tempest-VolumesTestJSON-1957222311-project] Task 'cinder.volume.flows.api.create_volume.VolumeCastTask;volume:create' (e4bf8053-3c9a-49f6-a741-1cd35c10b13d) transitioned into state 'SUCCESS' from state 'RUNNING' with result 'None' {{(pid=86840) _task_receiver /usr/local/lib/python3.8/dist-packages/taskflow/listeners/logging.py:178}}
Sep 16 17:55:54.692019 dv-cinder-809439-1-iscsi devstack@c-api.service[86840]: DEBUG cinder.volume.api [None req-a928f5bf-b79b-44c2-a7ea-31b5b10ebec0 tempest-VolumesTestJSON-1957222311 tempest-VolumesTestJSON-1957222311-project] Flow 'volume_create_api' (e6edf2ec-63c4-4f57-8de0-d5362af8a300) transitioned into state 'SUCCESS' from state 'RUNNING' {{(pid=86840) _flow_receiver /usr/local/lib/python3.8/dist-packages/taskflow/listeners/logging.py:141}}
Sep 16 17:55:54.692019 dv-cinder-809439-1-iscsi devstack@c-api.service[86840]: INFO cinder.volume.api [None req-a928f5bf-b79b-44c2-a7ea-31b5b10ebec0 tempest-VolumesTestJSON-1957222311 tempest-VolumesTestJSON-1957222311-project] Create volume request issued successfully.
Sep 16 17:55:54.786876 dv-cinder-809439-1-iscsi devstack@c-api.service[86840]: INFO cinder.api.openstack.wsgi [None req-a928f5bf-b79b-44c2-a7ea-31b5b10ebec0 tempest-VolumesTestJSON-1957222311 tempest-VolumesTestJSON-1957222311-project] http://10.222.0.37/volume/v3/6f2217a368ac418883eca096bb713c0f/volumes returned with HTTP 202
Sep 16 17:55:54.789483 dv-cinder-809439-1-iscsi devstack@c-api.service[86840]: [pid: 86840|app: 0|req: 4/8] 10.222.0.37 () {60 vars in 1236 bytes} [Thu Sep 16 17:55:53 2021] POST /volume/v3/6f2217a368ac418883eca096bb713c0f/volumes => generated 829 bytes in 1653 msecs (HTTP/1.1 202) 7 headers in 291 bytes (1 switches on core 0)
Sep 16 17:55:54.805973 dv-cinder-809439-1-iscsi devstack@c-api.service[86840]: INFO cinder.api.openstack.wsgi [None req-b747f7d1-d1bd-4fb4-a8cb-add7d3683146 tempest-VolumesTestJSON-1957222311 tempest-VolumesTestJSON-1957222311-project] GET http://10.222.0.37/volume/v3/6f2217a368ac418883eca096bb713c0f/volumes/6599c4ab-939e-4afe-bd9d-1fd083b5f851
Sep 16 17:55:54.806836 dv-cinder-809439-1-iscsi devstack@c-api.service[86840]: DEBUG cinder.api.openstack.wsgi [None req-b747f7d1-d1bd-4fb4-a8cb-add7d3683146 tempest-VolumesTestJSON-1957222311 tempest-VolumesTestJSON-1957222311-project] Empty body provided in request {{(pid=86840) get_body /opt/stack/cinder/cinder/api/openstack/wsgi.py:713}}
Sep 16 17:55:54.807252 dv-cinder-809439-1-iscsi devstack@c-api.service[86840]: /usr/local/lib/python3.8/dist-packages/webob/acceptparse.py:1047: DeprecationWarning: The behavior of AcceptValidHeader.best_match is currently being maintained for backward compatibility, but it will be deprecated in the future, as it does not conform to the RFC.
Sep 16 17:55:54.807252 dv-cinder-809439-1-iscsi devstack@c-api.service[86840]: warnings.warn(
Sep 16 17:55:54.808259 dv-cinder-809439-1-iscsi devstack@c-api.service[86840]: DEBUG cinder.api.openstack.wsgi [None req-b747f7d1-d1bd-4fb4-a8cb-add7d3683146 tempest-VolumesTestJSON-1957222311 tempest-VolumesTestJSON-1957222311-project] Calling method 'show' {{(pid=86840) _process_stack /opt/stack/cinder/cinder/api/openstack/wsgi.py:866}}
Sep 16 17:55:54.893923 dv-cinder-809439-1-iscsi devstack@c-api.service[86839]: INFO cinder.api.openstack.wsgi [None req-8cabe812-c332-4a94-ab88-df3f37d4cc98 tempest-GroupsTest-641464122 tempest-GroupsTest-641464122-project-admin] POST http://10.222.0.37/volume/v3/4dd0eeb70a1a44feb6ff1154193e7cf0/types
Sep 16 17:55:54.894896 dv-cinder-809439-1-iscsi devstack@c-api.service[86839]: DEBUG cinder.api.openstack.wsgi [None req-8cabe812-c332-4a94-ab88-df3f37d4cc98 tempest-GroupsTest-641464122 tempest-GroupsTest-641464122-project-admin] Action: 'create', calling method: _create, body: {"volume_type": {"name": "tempest-GroupsTest-volume-type-1625671574"}} {{(pid=86839) _process_stack /opt/stack/cinder/cinder/api/openstack/wsgi.py:864}}
Sep 16 17:55:54.913251 dv-cinder-809439-1-iscsi devstack@c-api.service[86840]: /usr/local/lib/python3.8/dist-packages/oslo_context/context.py:105: DeprecationWarning: Policy enforcement is depending on the value of is_admin. This key is deprecated. Please update your policy file to use the standard policy values.
Sep 16 17:55:54.913251 dv-cinder-809439-1-iscsi devstack@c-api.service[86840]: warnings.warn('Policy enforcement is depending on the value of '
Sep 16 17:55:54.940472 dv-cinder-809439-1-iscsi devstack@c-api.service[86840]: INFO cinder.volume.api [None req-b747f7d1-d1bd-4fb4-a8cb-add7d3683146 tempest-VolumesTestJSON-1957222311 tempest-VolumesTestJSON-1957222311-project] Volume info retrieved successfully.
Sep 16 17:55:54.981141 dv-cinder-809439-1-iscsi devstack@c-api.service[86840]: INFO cinder.api.openstack.wsgi [None req-b747f7d1-d1bd-4fb4-a8cb-add7d3683146 tempest-VolumesTestJSON-1957222311 tempest-VolumesTestJSON-1957222311-project] http://10.222.0.37/volume/v3/6f2217a368ac418883eca096bb713c0f/volumes/6599c4ab-939e-4afe-bd9d-1fd083b5f851 returned with HTTP 200
Sep 16 17:55:54.981913 dv-cinder-809439-1-iscsi devstack@c-api.service[86840]: [pid: 86840|app: 0|req: 5/9] 10.222.0.37 () {58 vars in 1325 bytes} [Thu Sep 16 17:55:54 2021] GET /volume/v3/6f2217a368ac418883eca096bb713c0f/volumes/6599c4ab-939e-4afe-bd9d-1fd083b5f851 => generated 897 bytes in 182 msecs (HTTP/1.1 200) 7 headers in 285 bytes (2 switches on core 0)
Sep 16 17:55:55.096193 dv-cinder-809439-1-iscsi devstack@c-api.service[86840]: WARNING keystonemiddleware.auth_token [None req-b747f7d1-d1bd-4fb4-a8cb-add7d3683146 tempest-VolumesTestJSON-1957222311 tempest-VolumesTestJSON-1957222311-project] A valid token was submitted as a service token, but it was not a valid service token. This is incorrect but backwards compatible behaviour. This will be removed in future releases.
Sep 16 17:55:55.100282 dv-cinder-809439-1-iscsi devstack@c-api.service[86840]: INFO cinder.api.openstack.wsgi [req-92baf133-1d97-412a-982c-935a9676e972 req-c0b087d7-9f3d-4e87-a324-c3ab20329f8a tempest-VolumesGetTestJSON-1362096581 tempest-VolumesGetTestJSON-1362096581-project] POST http://10.222.0.37/volume/v3/4e8883cde57e46f1a8986cf4a7adebdf/volumes
Sep 16 17:55:55.100696 dv-cinder-809439-1-iscsi devstack@c-api.service[86840]: /usr/local/lib/python3.8/dist-packages/webob/acceptparse.py:1047: DeprecationWarning: The behavior of AcceptValidHeader.best_match is currently being maintained for backward compatibility, but it will be deprecated in the future, as it does not conform to the RFC.
Sep 16 17:55:55.100696 dv-cinder-809439-1-iscsi devstack@c-api.service[86840]: warnings.warn(
Sep 16 17:55:55.101078 dv-cinder-809439-1-iscsi devstack@c-api.service[86840]: DEBUG cinder.api.openstack.wsgi [req-92baf133-1d97-412a-982c-935a9676e972 req-c0b087d7-9f3d-4e87-a324-c3ab20329f8a tempest-VolumesGetTestJSON-1362096581 tempest-VolumesGetTestJSON-1362096581-project] Action: 'create', calling method: create, body: {"volume": {"size": 1, "consistencygroup_id": null, "snapshot_id": null, "name": "tempest-VolumesGetTestJSON-Volume-920733829", "description": null, "volume_type": null, "availability_zone": null, "metadata": {"Type": "work"}, "imageRef": null, "source_volid": null, "backup_id": null}} {{(pid=86840) _process_stack /opt/stack/cinder/cinder/api/openstack/wsgi.py:864}}
Sep 16 17:55:55.102690 dv-cinder-809439-1-iscsi devstack@c-api.service[86840]: DEBUG cinder.api.v3.volumes [req-92baf133-1d97-412a-982c-935a9676e972 req-c0b087d7-9f3d-4e87-a324-c3ab20329f8a tempest-VolumesGetTestJSON-1362096581 tempest-VolumesGetTestJSON-1362096581-project] Create volume request body: {'volume': {'size': 1, 'consistencygroup_id': None, 'snapshot_id': None, 'name': 'tempest-VolumesGetTestJSON-Volume-920733829', 'description': None, 'volume_type': None, 'availability_zone': None, 'metadata': {'Type': 'work'}, 'imageRef': None, 'source_volid': None, 'backup_id': None}} {{(pid=86840) create /opt/stack/cinder/cinder/api/v3/volumes.py:289}}
Sep 16 17:55:55.103013 dv-cinder-809439-1-iscsi devstack@c-api.service[86840]: INFO cinder.api.v3.volumes [req-92baf133-1d97-412a-982c-935a9676e972 req-c0b087d7-9f3d-4e87-a324-c3ab20329f8a tempest-VolumesGetTestJSON-1362096581 tempest-VolumesGetTestJSON-1362096581-project] Create volume of 1 GB
Sep 16 17:55:55.107450 dv-cinder-809439-1-iscsi devstack@c-api.service[86839]: INFO cinder.api.openstack.wsgi [None req-8cabe812-c332-4a94-ab88-df3f37d4cc98 tempest-GroupsTest-641464122 tempest-GroupsTest-641464122-project-admin] http://10.222.0.37/volume/v3/4dd0eeb70a1a44feb6ff1154193e7cf0/types returned with HTTP 200
Sep 16 17:55:55.108480 dv-cinder-809439-1-iscsi devstack@c-api.service[86839]: [pid: 86839|app: 0|req: 5/10] 10.222.0.37 () {60 vars in 1229 bytes} [Thu Sep 16 17:55:54 2021] POST /volume/v3/4dd0eeb70a1a44feb6ff1154193e7cf0/types => generated 216 bytes in 494 msecs (HTTP/1.1 200) 7 headers in 285 bytes (1 switches on core 0)
Sep 16 17:55:55.121390 dv-cinder-809439-1-iscsi devstack@c-api.service[86839]: INFO cinder.api.openstack.wsgi [None req-9fac909a-3c65-4426-8679-aa355ee87f25 tempest-GroupsTest-641464122 tempest-GroupsTest-641464122-project-admin] POST http://10.222.0.37/volume/v3/4dd0eeb70a1a44feb6ff1154193e7cf0/group_types
Sep 16 17:55:55.122331 dv-cinder-809439-1-iscsi devstack@c-api.service[86839]: DEBUG cinder.api.openstack.wsgi [None req-9fac909a-3c65-4426-8679-aa355ee87f25 tempest-GroupsTest-641464122 tempest-GroupsTest-641464122-project-admin] Action: 'create', calling method: version_select, body: {"group_type": {"name": "tempest-GroupsTest-group-type-1416156506"}} {{(pid=86839) _process_stack /opt/stack/cinder/cinder/api/openstack/wsgi.py:864}}
Sep 16 17:55:55.133128 dv-cinder-809439-1-iscsi devstack@c-api.service[86840]: INFO cinder.volume.api [req-92baf133-1d97-412a-982c-935a9676e972 req-c0b087d7-9f3d-4e87-a324-c3ab20329f8a tempest-VolumesGetTestJSON-1362096581 tempest-VolumesGetTestJSON-1362096581-project] Availability Zones retrieved successfully.
Sep 16 17:55:55.169270 dv-cinder-809439-1-iscsi devstack@c-api.service[86840]: DEBUG cinder.volume.api [req-92baf133-1d97-412a-982c-935a9676e972 req-c0b087d7-9f3d-4e87-a324-c3ab20329f8a tempest-VolumesGetTestJSON-1362096581 tempest-VolumesGetTestJSON-1362096581-project] Flow 'volume_create_api' (678b8e33-d487-4496-a507-cb42f3a05e10) transitioned into state 'RUNNING' from state 'PENDING' {{(pid=86840) _flow_receiver /usr/local/lib/python3.8/dist-packages/taskflow/listeners/logging.py:141}}
Sep 16 17:55:55.177236 dv-cinder-809439-1-iscsi devstack@c-api.service[86840]: DEBUG cinder.volume.api [req-92baf133-1d97-412a-982c-935a9676e972 req-c0b087d7-9f3d-4e87-a324-c3ab20329f8a tempest-VolumesGetTestJSON-1362096581 tempest-VolumesGetTestJSON-1362096581-project] Task 'cinder.volume.flows.api.create_volume.ExtractVolumeRequestTask;volume:create' (f809e9a1-6a06-4e94-97ca-48e237f8e183) transitioned into state 'RUNNING' from state 'PENDING' {{(pid=86840) _task_receiver /usr/local/lib/python3.8/dist-packages/taskflow/listeners/logging.py:190}}
Sep 16 17:55:55.181321 dv-cinder-809439-1-iscsi devstack@c-api.service[86840]: DEBUG cinder.volume.flows.api.create_volume [req-92baf133-1d97-412a-982c-935a9676e972 req-c0b087d7-9f3d-4e87-a324-c3ab20329f8a tempest-VolumesGetTestJSON-1362096581 tempest-VolumesGetTestJSON-1362096581-project] Validating volume size '1' using validate_int {{(pid=86840) _extract_size /opt/stack/cinder/cinder/volume/flows/api/create_volume.py:201}}
Sep 16 17:55:55.258442 dv-cinder-809439-1-iscsi devstack@c-api.service[86839]: INFO cinder.api.openstack.wsgi [None req-9fac909a-3c65-4426-8679-aa355ee87f25 tempest-GroupsTest-641464122 tempest-GroupsTest-641464122-project-admin] http://10.222.0.37/volume/v3/4dd0eeb70a1a44feb6ff1154193e7cf0/group_types returned with HTTP 202
Sep 16 17:55:55.260146 dv-cinder-809439-1-iscsi devstack@c-api.service[86839]: [pid: 86839|app: 0|req: 6/11] 10.222.0.37 () {62 vars in 1288 bytes} [Thu Sep 16 17:55:55 2021] POST /volume/v3/4dd0eeb70a1a44feb6ff1154193e7cf0/group_types => generated 173 bytes in 144 msecs (HTTP/1.1 202) 7 headers in 292 bytes (1 switches on core 0)
Sep 16 17:55:55.288563 dv-cinder-809439-1-iscsi devstack@c-api.service[86840]: DEBUG cinder.volume.api [req-92baf133-1d97-412a-982c-935a9676e972 req-c0b087d7-9f3d-4e87-a324-c3ab20329f8a tempest-VolumesGetTestJSON-1362096581 tempest-VolumesGetTestJSON-1362096581-project] Task 'cinder.volume.flows.api.create_volume.ExtractVolumeRequestTask;volume:create' (f809e9a1-6a06-4e94-97ca-48e237f8e183) transitioned into state 'SUCCESS' from state 'RUNNING' with result '{'size': 1, 'snapshot_id': None, 'source_volid': None, 'volume_type': VolumeType(created_at=2021-09-16T17:41:30Z,deleted=False,deleted_at=None,description='Default Volume Type',extra_specs={},id=0778dc1b-75d5-4ff9-ae1f-b23a424c39de,is_public=True,name='__DEFAULT__',projects=[],qos_specs=<?>,qos_specs_id=None,updated_at=2021-09-16T17:41:30Z), 'volume_type_id': '0778dc1b-75d5-4ff9-ae1f-b23a424c39de', 'encryption_key_id': None, 'qos_specs': None, 'consistencygroup_id': None, 'cgsnapshot_id': None, 'group_id': None, 'replication_status': 'disabled', 'refresh_az': False, 'backup_id': None, 'multiattach': False, 'availability_zones': ['nova']}' {{(pid=86840) _task_receiver /usr/local/lib/python3.8/dist-packages/taskflow/listeners/logging.py:178}}
Sep 16 17:55:55.291415 dv-cinder-809439-1-iscsi devstack@c-api.service[86840]: DEBUG cinder.volume.api [req-92baf133-1d97-412a-982c-935a9676e972 req-c0b087d7-9f3d-4e87-a324-c3ab20329f8a tempest-VolumesGetTestJSON-1362096581 tempest-VolumesGetTestJSON-1362096581-project] Task 'cinder.volume.flows.api.create_volume.QuotaReserveTask;volume:create' (fac07d36-87ea-454f-8f66-e686c4822027) transitioned into state 'RUNNING' from state 'PENDING' {{(pid=86840) _task_receiver /usr/local/lib/python3.8/dist-packages/taskflow/listeners/logging.py:190}}
Sep 16 17:55:55.427545 dv-cinder-809439-1-iscsi devstack@c-api.service[86839]: INFO cinder.api.openstack.wsgi [None req-7a5ea628-8117-468a-bce4-19ee3ab73a1c tempest-GroupsTest-642883855 tempest-GroupsTest-642883855-project] POST http://10.222.0.37/volume/v3/3cbdd8a3a8e54efeae955f42a61628f1/groups
Sep 16 17:55:55.428770 dv-cinder-809439-1-iscsi devstack@c-api.service[86839]: DEBUG cinder.api.openstack.wsgi [None req-7a5ea628-8117-468a-bce4-19ee3ab73a1c tempest-GroupsTest-642883855 tempest-GroupsTest-642883855-project] Action: 'create', calling method: version_select, body: {"group": {"group_type": "04118f03-26bf-4695-b1ea-9883c76e02a3", "volume_types": ["6f856956-e661-44ee-9bda-ee3e163fed34"], "name": "tempest-Group1-1746438276"}} {{(pid=86839) _process_stack /opt/stack/cinder/cinder/api/openstack/wsgi.py:864}}
Sep 16 17:55:55.430046 dv-cinder-809439-1-iscsi devstack@c-api.service[86839]: DEBUG cinder.api.v3.groups [None req-7a5ea628-8117-468a-bce4-19ee3ab73a1c tempest-GroupsTest-642883855 tempest-GroupsTest-642883855-project] Creating new group {'group': {'group_type': '04118f03-26bf-4695-b1ea-9883c76e02a3', 'volume_types': ['6f856956-e661-44ee-9bda-ee3e163fed34'], 'name': 'tempest-Group1-1746438276'}} {{(pid=86839) create /opt/stack/cinder/cinder/api/v3/groups.py:190}}
Sep 16 17:55:55.456694 dv-cinder-809439-1-iscsi devstack@c-api.service[86839]: INFO cinder.api.v3.groups [None req-7a5ea628-8117-468a-bce4-19ee3ab73a1c tempest-GroupsTest-642883855 tempest-GroupsTest-642883855-project] Creating group tempest-Group1-1746438276.
Sep 16 17:55:55.549887 dv-cinder-809439-1-iscsi devstack@c-api.service[86839]: DEBUG cinder.volume.api [None req-7a5ea628-8117-468a-bce4-19ee3ab73a1c tempest-GroupsTest-642883855 tempest-GroupsTest-642883855-project] Availability zone cache updated, next update will occur around 2021-09-16 18:55:55.549056. {{(pid=86839) list_availability_zones /opt/stack/cinder/cinder/volume/api.py:148}}
Sep 16 17:55:55.551138 dv-cinder-809439-1-iscsi devstack@c-api.service[86839]: INFO cinder.volume.api [None req-7a5ea628-8117-468a-bce4-19ee3ab73a1c tempest-GroupsTest-642883855 tempest-GroupsTest-642883855-project] Availability Zones retrieved successfully.
Sep 16 17:55:55.688367 dv-cinder-809439-1-iscsi devstack@c-api.service[86840]: DEBUG cinder.quota [req-92baf133-1d97-412a-982c-935a9676e972 req-c0b087d7-9f3d-4e87-a324-c3ab20329f8a tempest-VolumesGetTestJSON-1362096581 tempest-VolumesGetTestJSON-1362096581-project] Created reservations ['f4cf0b68-0159-4049-ae6e-5a77cb790616', 'b001d9ca-1d13-4507-9a1d-c6e5df5d9e51', '786e8270-e794-49ab-8269-8d2907400d59', '010ff4c2-e297-4645-866c-7d82eee6fc3f'] {{(pid=86840) reserve /opt/stack/cinder/cinder/quota.py:756}}
Sep 16 17:55:55.690210 dv-cinder-809439-1-iscsi devstack@c-api.service[86840]: DEBUG cinder.volume.api [req-92baf133-1d97-412a-982c-935a9676e972 req-c0b087d7-9f3d-4e87-a324-c3ab20329f8a tempest-VolumesGetTestJSON-1362096581 tempest-VolumesGetTestJSON-1362096581-project] Task 'cinder.volume.flows.api.create_volume.QuotaReserveTask;volume:create' (fac07d36-87ea-454f-8f66-e686c4822027) transitioned into state 'SUCCESS' from state 'RUNNING' with result '{'reservations': ['f4cf0b68-0159-4049-ae6e-5a77cb790616', 'b001d9ca-1d13-4507-9a1d-c6e5df5d9e51', '786e8270-e794-49ab-8269-8d2907400d59', '010ff4c2-e297-4645-866c-7d82eee6fc3f']}' {{(pid=86840) _task_receiver /usr/local/lib/python3.8/dist-packages/taskflow/listeners/logging.py:178}}
Sep 16 17:55:55.692289 dv-cinder-809439-1-iscsi devstack@c-api.service[86840]: DEBUG cinder.volume.api [req-92baf133-1d97-412a-982c-935a9676e972 req-c0b087d7-9f3d-4e87-a324-c3ab20329f8a tempest-VolumesGetTestJSON-1362096581 tempest-VolumesGetTestJSON-1362096581-project] Task 'cinder.volume.flows.api.create_volume.EntryCreateTask;volume:create' (bfa15bb4-8b92-4a81-83d3-267b79e63862) transitioned into state 'RUNNING' from state 'PENDING' {{(pid=86840) _task_receiver /usr/local/lib/python3.8/dist-packages/taskflow/listeners/logging.py:190}}
Sep 16 17:55:55.896620 dv-cinder-809439-1-iscsi devstack@c-api.service[86839]: DEBUG cinder.quota [None req-7a5ea628-8117-468a-bce4-19ee3ab73a1c tempest-GroupsTest-642883855 tempest-GroupsTest-642883855-project] Created reservations ['5b40aa25-d706-411f-a80a-f4a8ffa0125e'] {{(pid=86839) reserve /opt/stack/cinder/cinder/quota.py:756}}
Sep 16 17:55:55.897877 dv-cinder-809439-1-iscsi devstack@c-api.service[86840]: DEBUG cinder.volume.api [req-92baf133-1d97-412a-982c-935a9676e972 req-c0b087d7-9f3d-4e87-a324-c3ab20329f8a tempest-VolumesGetTestJSON-1362096581 tempest-VolumesGetTestJSON-1362096581-project] Task 'cinder.volume.flows.api.create_volume.EntryCreateTask;volume:create' (bfa15bb4-8b92-4a81-83d3-267b79e63862) transitioned into state 'SUCCESS' from state 'RUNNING' with result '{'volume_id': '6c984fdc-4496-4506-a2b7-d5897b77c565', 'volume_properties': VolumeProperties(attach_status='detached',availability_zone='nova',cgsnapshot_id=None,consistencygroup_id=None,display_description=None,display_name='tempest-VolumesGetTestJSON-Volume-920733829',encryption_key_id=None,group_id=None,group_type_id=<?>,metadata={Type='work'},multiattach=False,project_id='4e8883cde57e46f1a8986cf4a7adebdf',qos_specs=None,replication_status=<?>,reservations=['f4cf0b68-0159-4049-ae6e-5a77cb790616','b001d9ca-1d13-4507-9a1d-c6e5df5d9e51','786e8270-e794-49ab-8269-8d2907400d59','010ff4c2-e297-4645-866c-7d82eee6fc3f'],size=1,snapshot_id=None,source_replicaid=<?>,source_volid=None,status='creating',user_id='f731cabea4ee4686b780102cfa721ad2',volume_type_id=0778dc1b-75d5-4ff9-ae1f-b23a424c39de), 'volume': Volume(_name_id=None,admin_metadata=<?>,attach_status='detached',availability_zone='nova',bootable=False,cluster=<?>,cluster_name=None,consistencygroup=<?>,consistencygroup_id=None,created_at=2021-09-16T17:55:55Z,deleted=False,deleted_at=None,display_description=None,display_name='tempest-VolumesGetTestJSON-Volume-920733829',ec2_id=None,encryption_key_id=None,glance_metadata=<?>,group=<?>,group_id=None,host=None,id=6c984fdc-4496-4506-a2b7-d5897b77c565,launched_at=None,metadata={Type='work'},migration_status=None,multiattach=False,previous_status=None,project_id='4e8883cde57e46f1a8986cf4a7adebdf',provider_auth=None,provider_geometry=None,provider_id=None,provider_location=None,replication_driver_data=None,replication_extended_status=None,replication_status=None,scheduled_at=None,service_uuid=None,shared_targets=True,size=1,snapshot_id=None,snapshots=<?>,source_volid=None,status='creating',terminated_at=None,updated_at=None,user_id='f731cabea4ee4686b780102cfa721ad2',volume_attachment=<?>,volume_type=VolumeType(0778dc1b-75d5-4ff9-ae1f-b23a424c39de),volume_type_id=0778dc1b-75d5-4ff9-ae1f-b23a424c39de)}' {{(pid=86840) _task_receiver /usr/local/lib/python3.8/dist-packages/taskflow/listeners/logging.py:178}}
Sep 16 17:55:55.900160 dv-cinder-809439-1-iscsi devstack@c-api.service[86840]: DEBUG cinder.volume.api [req-92baf133-1d97-412a-982c-935a9676e972 req-c0b087d7-9f3d-4e87-a324-c3ab20329f8a tempest-VolumesGetTestJSON-1362096581 tempest-VolumesGetTestJSON-1362096581-project] Task 'cinder.volume.flows.api.create_volume.QuotaCommitTask;volume:create' (06022042-9d7f-4713-8eef-1d66e606bba7) transitioned into state 'RUNNING' from state 'PENDING' {{(pid=86840) _task_receiver /usr/local/lib/python3.8/dist-packages/taskflow/listeners/logging.py:190}}
Sep 16 17:55:55.984811 dv-cinder-809439-1-iscsi devstack@c-api.service[86840]: DEBUG cinder.volume.api [req-92baf133-1d97-412a-982c-935a9676e972 req-c0b087d7-9f3d-4e87-a324-c3ab20329f8a tempest-VolumesGetTestJSON-1362096581 tempest-VolumesGetTestJSON-1362096581-project] Task 'cinder.volume.flows.api.create_volume.QuotaCommitTask;volume:create' (06022042-9d7f-4713-8eef-1d66e606bba7) transitioned into state 'SUCCESS' from state 'RUNNING' with result '{'volume_properties': VolumeProperties(attach_status='detached',availability_zone='nova',cgsnapshot_id=None,consistencygroup_id=None,display_description=None,display_name='tempest-VolumesGetTestJSON-Volume-920733829',encryption_key_id=None,group_id=None,group_type_id=<?>,metadata={Type='work'},multiattach=False,project_id='4e8883cde57e46f1a8986cf4a7adebdf',qos_specs=None,replication_status=<?>,reservations=['f4cf0b68-0159-4049-ae6e-5a77cb790616','b001d9ca-1d13-4507-9a1d-c6e5df5d9e51','786e8270-e794-49ab-8269-8d2907400d59','010ff4c2-e297-4645-866c-7d82eee6fc3f'],size=1,snapshot_id=None,source_replicaid=<?>,source_volid=None,status='creating',user_id='f731cabea4ee4686b780102cfa721ad2',volume_type_id=0778dc1b-75d5-4ff9-ae1f-b23a424c39de)}' {{(pid=86840) _task_receiver /usr/local/lib/python3.8/dist-packages/taskflow/listeners/logging.py:178}}
Sep 16 17:55:55.988015 dv-cinder-809439-1-iscsi devstack@c-api.service[86840]: DEBUG cinder.volume.api [req-92baf133-1d97-412a-982c-935a9676e972 req-c0b087d7-9f3d-4e87-a324-c3ab20329f8a tempest-VolumesGetTestJSON-1362096581 tempest-VolumesGetTestJSON-1362096581-project] Task 'cinder.volume.flows.api.create_volume.VolumeCastTask;volume:create' (4b6c2b9c-97e8-4816-8072-52b62979b87d) transitioned into state 'RUNNING' from state 'PENDING' {{(pid=86840) _task_receiver /usr/local/lib/python3.8/dist-packages/taskflow/listeners/logging.py:190}}
Sep 16 17:55:56.072712 dv-cinder-809439-1-iscsi devstack@c-api.service[86840]: DEBUG cinder.volume.api [req-92baf133-1d97-412a-982c-935a9676e972 req-c0b087d7-9f3d-4e87-a324-c3ab20329f8a tempest-VolumesGetTestJSON-1362096581 tempest-VolumesGetTestJSON-1362096581-project] Task 'cinder.volume.flows.api.create_volume.VolumeCastTask;volume:create' (4b6c2b9c-97e8-4816-8072-52b62979b87d) transitioned into state 'SUCCESS' from state 'RUNNING' with result 'None' {{(pid=86840) _task_receiver /usr/local/lib/python3.8/dist-packages/taskflow/listeners/logging.py:178}}
Sep 16 17:55:56.081033 dv-cinder-809439-1-iscsi devstack@c-api.service[86840]: DEBUG cinder.volume.api [req-92baf133-1d97-412a-982c-935a9676e972 req-c0b087d7-9f3d-4e87-a324-c3ab20329f8a tempest-VolumesGetTestJSON-1362096581 tempest-VolumesGetTestJSON-1362096581-project] Flow 'volume_create_api' (678b8e33-d487-4496-a507-cb42f3a05e10) transitioned into state 'SUCCESS' from state 'RUNNING' {{(pid=86840) _flow_receiver /usr/local/lib/python3.8/dist-packages/taskflow/listeners/logging.py:141}}
Sep 16 17:55:56.084993 dv-cinder-809439-1-iscsi devstack@c-api.service[86840]: INFO cinder.volume.api [req-92baf133-1d97-412a-982c-935a9676e972 req-c0b087d7-9f3d-4e87-a324-c3ab20329f8a tempest-VolumesGetTestJSON-1362096581 tempest-VolumesGetTestJSON-1362096581-project] Create volume request issued successfully.
Sep 16 17:55:56.102265 dv-cinder-809439-1-iscsi devstack@c-api.service[86840]: INFO cinder.api.openstack.wsgi [req-92baf133-1d97-412a-982c-935a9676e972 req-c0b087d7-9f3d-4e87-a324-c3ab20329f8a tempest-VolumesGetTestJSON-1362096581 tempest-VolumesGetTestJSON-1362096581-project] http://10.222.0.37/volume/v3/4e8883cde57e46f1a8986cf4a7adebdf/volumes returned with HTTP 202
Sep 16 17:55:56.103487 dv-cinder-809439-1-iscsi devstack@c-api.service[86840]: [pid: 86840|app: 0|req: 6/12] 10.222.0.37 () {64 vars in 1522 bytes} [Thu Sep 16 17:55:54 2021] POST /volume/v3/4e8883cde57e46f1a8986cf4a7adebdf/volumes => generated 831 bytes in 1121 msecs (HTTP/1.1 202) 7 headers in 291 bytes (1 switches on core 0)
Sep 16 17:55:56.115188 dv-cinder-809439-1-iscsi devstack@c-api.service[86840]: INFO cinder.api.openstack.wsgi [None req-2487bccd-ceac-4476-96a8-6625cb2d6508 tempest-VolumesTestJSON-1957222311 tempest-VolumesTestJSON-1957222311-project] GET http://10.222.0.37/volume/v3/6f2217a368ac418883eca096bb713c0f/volumes/6599c4ab-939e-4afe-bd9d-1fd083b5f851
Sep 16 17:55:56.115979 dv-cinder-809439-1-iscsi devstack@c-api.service[86840]: DEBUG cinder.api.openstack.wsgi [None req-2487bccd-ceac-4476-96a8-6625cb2d6508 tempest-VolumesTestJSON-1957222311 tempest-VolumesTestJSON-1957222311-project] Empty body provided in request {{(pid=86840) get_body /opt/stack/cinder/cinder/api/openstack/wsgi.py:713}}
Sep 16 17:55:56.116243 dv-cinder-809439-1-iscsi devstack@c-api.service[86840]: /usr/local/lib/python3.8/dist-packages/webob/acceptparse.py:1047: DeprecationWarning: The behavior of AcceptValidHeader.best_match is currently being maintained for backward compatibility, but it will be deprecated in the future, as it does not conform to the RFC.
Sep 16 17:55:56.116243 dv-cinder-809439-1-iscsi devstack@c-api.service[86840]: warnings.warn(
Sep 16 17:55:56.116736 dv-cinder-809439-1-iscsi devstack@c-api.service[86840]: DEBUG cinder.api.openstack.wsgi [None req-2487bccd-ceac-4476-96a8-6625cb2d6508 tempest-VolumesTestJSON-1957222311 tempest-VolumesTestJSON-1957222311-project] Calling method 'show' {{(pid=86840) _process_stack /opt/stack/cinder/cinder/api/openstack/wsgi.py:866}}
Sep 16 17:55:56.152547 dv-cinder-809439-1-iscsi devstack@c-api.service[86839]: INFO cinder.api.openstack.wsgi [None req-7a5ea628-8117-468a-bce4-19ee3ab73a1c tempest-GroupsTest-642883855 tempest-GroupsTest-642883855-project] http://10.222.0.37/volume/v3/3cbdd8a3a8e54efeae955f42a61628f1/groups returned with HTTP 202
Sep 16 17:55:56.153985 dv-cinder-809439-1-iscsi devstack@c-api.service[86839]: [pid: 86839|app: 0|req: 7/13] 10.222.0.37 () {62 vars in 1274 bytes} [Thu Sep 16 17:55:55 2021] POST /volume/v3/3cbdd8a3a8e54efeae955f42a61628f1/groups => generated 94 bytes in 889 msecs (HTTP/1.1 202) 7 headers in 291 bytes (2 switches on core 0)
Sep 16 17:55:56.159076 dv-cinder-809439-1-iscsi devstack@c-api.service[86839]: WARNING keystonemiddleware.auth_token [None req-7a5ea628-8117-468a-bce4-19ee3ab73a1c tempest-GroupsTest-642883855 tempest-GroupsTest-642883855-project] A valid token was submitted as a service token, but it was not a valid service token. This is incorrect but backwards compatible behaviour. This will be removed in future releases.
Sep 16 17:55:56.163656 dv-cinder-809439-1-iscsi devstack@c-api.service[86839]: INFO cinder.api.openstack.wsgi [req-92baf133-1d97-412a-982c-935a9676e972 req-151d3466-84c2-428a-b09e-ec9ec37bfbf7 tempest-VolumesGetTestJSON-1362096581 tempest-VolumesGetTestJSON-1362096581-project] GET http://10.222.0.37/volume/v3/4e8883cde57e46f1a8986cf4a7adebdf/volumes/6c984fdc-4496-4506-a2b7-d5897b77c565
Sep 16 17:55:56.164576 dv-cinder-809439-1-iscsi devstack@c-api.service[86839]: DEBUG cinder.api.openstack.wsgi [req-92baf133-1d97-412a-982c-935a9676e972 req-151d3466-84c2-428a-b09e-ec9ec37bfbf7 tempest-VolumesGetTestJSON-1362096581 tempest-VolumesGetTestJSON-1362096581-project] Empty body provided in request {{(pid=86839) get_body /opt/stack/cinder/cinder/api/openstack/wsgi.py:713}}
Sep 16 17:55:56.166304 dv-cinder-809439-1-iscsi devstack@c-api.service[86839]: /usr/local/lib/python3.8/dist-packages/webob/acceptparse.py:1047: DeprecationWarning: The behavior of AcceptValidHeader.best_match is currently being maintained for backward compatibility, but it will be deprecated in the future, as it does not conform to the RFC.
Sep 16 17:55:56.166304 dv-cinder-809439-1-iscsi devstack@c-api.service[86839]: warnings.warn(
Sep 16 17:55:56.166674 dv-cinder-809439-1-iscsi devstack@c-api.service[86839]: DEBUG cinder.api.openstack.wsgi [req-92baf133-1d97-412a-982c-935a9676e972 req-151d3466-84c2-428a-b09e-ec9ec37bfbf7 tempest-VolumesGetTestJSON-1362096581 tempest-VolumesGetTestJSON-1362096581-project] Calling method 'show' {{(pid=86839) _process_stack /opt/stack/cinder/cinder/api/openstack/wsgi.py:866}}
Sep 16 17:55:56.215649 dv-cinder-809439-1-iscsi devstack@c-api.service[86840]: /usr/local/lib/python3.8/dist-packages/oslo_context/context.py:105: DeprecationWarning: Policy enforcement is depending on the value of is_admin. This key is deprecated. Please update your policy file to use the standard policy values.
Sep 16 17:55:56.215649 dv-cinder-809439-1-iscsi devstack@c-api.service[86840]: warnings.warn('Policy enforcement is depending on the value of '
Sep 16 17:55:56.228600 dv-cinder-809439-1-iscsi devstack@c-api.service[86840]: INFO cinder.volume.api [None req-2487bccd-ceac-4476-96a8-6625cb2d6508 tempest-VolumesTestJSON-1957222311 tempest-VolumesTestJSON-1957222311-project] Volume info retrieved successfully.
Sep 16 17:55:56.258951 dv-cinder-809439-1-iscsi devstack@c-api.service[86840]: INFO cinder.api.openstack.wsgi [None req-2487bccd-ceac-4476-96a8-6625cb2d6508 tempest-VolumesTestJSON-1957222311 tempest-VolumesTestJSON-1957222311-project] http://10.222.0.37/volume/v3/6f2217a368ac418883eca096bb713c0f/volumes/6599c4ab-939e-4afe-bd9d-1fd083b5f851 returned with HTTP 200
Sep 16 17:55:56.269999 dv-cinder-809439-1-iscsi devstack@c-api.service[86840]: [pid: 86840|app: 0|req: 7/14] 10.222.0.37 () {58 vars in 1325 bytes} [Thu Sep 16 17:55:56 2021] GET /volume/v3/6f2217a368ac418883eca096bb713c0f/volumes/6599c4ab-939e-4afe-bd9d-1fd083b5f851 => generated 921 bytes in 153 msecs (HTTP/1.1 200) 7 headers in 285 bytes (1 switches on core 0)
Sep 16 17:55:56.272436 dv-cinder-809439-1-iscsi devstack@c-api.service[86840]: INFO cinder.api.openstack.wsgi [None req-50d3e285-fb45-49b6-ae4b-c10920cd6298 tempest-GroupsTest-642883855 tempest-GroupsTest-642883855-project] GET http://10.222.0.37/volume/v3/3cbdd8a3a8e54efeae955f42a61628f1/groups/b5fe7743-a276-417d-b88c-f95ed899e4f8
Sep 16 17:55:56.274351 dv-cinder-809439-1-iscsi devstack@c-api.service[86840]: DEBUG cinder.api.openstack.wsgi [None req-50d3e285-fb45-49b6-ae4b-c10920cd6298 tempest-GroupsTest-642883855 tempest-GroupsTest-642883855-project] Empty body provided in request {{(pid=86840) get_body /opt/stack/cinder/cinder/api/openstack/wsgi.py:713}}
Sep 16 17:55:56.275145 dv-cinder-809439-1-iscsi devstack@c-api.service[86840]: /usr/local/lib/python3.8/dist-packages/webob/acceptparse.py:1047: DeprecationWarning: The behavior of AcceptValidHeader.best_match is currently being maintained for backward compatibility, but it will be deprecated in the future, as it does not conform to the RFC.
Sep 16 17:55:56.275145 dv-cinder-809439-1-iscsi devstack@c-api.service[86840]: warnings.warn(
Sep 16 17:55:56.275489 dv-cinder-809439-1-iscsi devstack@c-api.service[86840]: DEBUG cinder.api.openstack.wsgi [None req-50d3e285-fb45-49b6-ae4b-c10920cd6298 tempest-GroupsTest-642883855 tempest-GroupsTest-642883855-project] Calling method 'version_select' {{(pid=86840) _process_stack /opt/stack/cinder/cinder/api/openstack/wsgi.py:866}}
Sep 16 17:55:56.276453 dv-cinder-809439-1-iscsi devstack@c-api.service[86840]: DEBUG cinder.api.v3.groups [None req-50d3e285-fb45-49b6-ae4b-c10920cd6298 tempest-GroupsTest-642883855 tempest-GroupsTest-642883855-project] show called for member b5fe7743-a276-417d-b88c-f95ed899e4f8 {{(pid=86840) show /opt/stack/cinder/cinder/api/v3/groups.py:58}}
Sep 16 17:55:56.302467 dv-cinder-809439-1-iscsi devstack@c-api.service[86840]: /usr/local/lib/python3.8/dist-packages/oslo_context/context.py:105: DeprecationWarning: Policy enforcement is depending on the value of is_admin. This key is deprecated. Please update your policy file to use the standard policy values.
Sep 16 17:55:56.302467 dv-cinder-809439-1-iscsi devstack@c-api.service[86840]: warnings.warn('Policy enforcement is depending on the value of '
Sep 16 17:55:56.310741 dv-cinder-809439-1-iscsi devstack@c-api.service[86839]: /usr/local/lib/python3.8/dist-packages/oslo_context/context.py:105: DeprecationWarning: Policy enforcement is depending on the value of is_admin. This key is deprecated. Please update your policy file to use the standard policy values.
Sep 16 17:55:56.310741 dv-cinder-809439-1-iscsi devstack@c-api.service[86839]: warnings.warn('Policy enforcement is depending on the value of '
Sep 16 17:55:56.331888 dv-cinder-809439-1-iscsi devstack@c-api.service[86839]: INFO cinder.volume.api [req-92baf133-1d97-412a-982c-935a9676e972 req-151d3466-84c2-428a-b09e-ec9ec37bfbf7 tempest-VolumesGetTestJSON-1362096581 tempest-VolumesGetTestJSON-1362096581-project] Volume info retrieved successfully.
Sep 16 17:55:56.374122 dv-cinder-809439-1-iscsi devstack@c-api.service[86840]: INFO cinder.api.openstack.wsgi [None req-50d3e285-fb45-49b6-ae4b-c10920cd6298 tempest-GroupsTest-642883855 tempest-GroupsTest-642883855-project] http://10.222.0.37/volume/v3/3cbdd8a3a8e54efeae955f42a61628f1/groups/b5fe7743-a276-417d-b88c-f95ed899e4f8 returned with HTTP 200
Sep 16 17:55:56.380765 dv-cinder-809439-1-iscsi devstack@c-api.service[86840]: [pid: 86840|app: 0|req: 8/15] 10.222.0.37 () {60 vars in 1363 bytes} [Thu Sep 16 17:55:56 2021] GET /volume/v3/3cbdd8a3a8e54efeae955f42a61628f1/groups/b5fe7743-a276-417d-b88c-f95ed899e4f8 => generated 322 bytes in 117 msecs (HTTP/1.1 200) 7 headers in 286 bytes (1 switches on core 0)
Sep 16 17:55:56.424254 dv-cinder-809439-1-iscsi devstack@c-api.service[86839]: INFO cinder.api.openstack.wsgi [req-92baf133-1d97-412a-982c-935a9676e972 req-151d3466-84c2-428a-b09e-ec9ec37bfbf7 tempest-VolumesGetTestJSON-1362096581 tempest-VolumesGetTestJSON-1362096581-project] http://10.222.0.37/volume/v3/4e8883cde57e46f1a8986cf4a7adebdf/volumes/6c984fdc-4496-4506-a2b7-d5897b77c565 returned with HTTP 200
Sep 16 17:55:56.436979 dv-cinder-809439-1-iscsi devstack@c-api.service[86839]: [pid: 86839|app: 0|req: 8/16] 10.222.0.37 () {60 vars in 1579 bytes} [Thu Sep 16 17:55:56 2021] GET /volume/v3/4e8883cde57e46f1a8986cf4a7adebdf/volumes/6c984fdc-4496-4506-a2b7-d5897b77c565 => generated 899 bytes in 271 msecs (HTTP/1.1 200) 7 headers in 285 bytes (1 switches on core 0)
Sep 16 17:55:56.485607 dv-cinder-809439-1-iscsi devstack@c-api.service[86840]: INFO cinder.api.openstack.wsgi [req-be2a4225-85c6-4c72-8f42-ba29811431d5 req-969893a1-589d-4feb-8ae3-9baff20ae60e tempest-VolumesGetTestJSON-1362096581 tempest-VolumesGetTestJSON-1362096581-project] GET http://10.222.0.37/volume/v3/4e8883cde57e46f1a8986cf4a7adebdf/volumes/6c984fdc-4496-4506-a2b7-d5897b77c565
Sep 16 17:55:56.486072 dv-cinder-809439-1-iscsi devstack@c-api.service[86840]: DEBUG cinder.api.openstack.wsgi [req-be2a4225-85c6-4c72-8f42-ba29811431d5 req-969893a1-589d-4feb-8ae3-9baff20ae60e tempest-VolumesGetTestJSON-1362096581 tempest-VolumesGetTestJSON-1362096581-project] Empty body provided in request {{(pid=86840) get_body /opt/stack/cinder/cinder/api/openstack/wsgi.py:713}}
Sep 16 17:55:56.486249 dv-cinder-809439-1-iscsi devstack@c-api.service[86840]: /usr/local/lib/python3.8/dist-packages/webob/acceptparse.py:1047: DeprecationWarning: The behavior of AcceptValidHeader.best_match is currently being maintained for backward compatibility, but it will be deprecated in the future, as it does not conform to the RFC.
Sep 16 17:55:56.486249 dv-cinder-809439-1-iscsi devstack@c-api.service[86840]: warnings.warn(
Sep 16 17:55:56.487321 dv-cinder-809439-1-iscsi devstack@c-api.service[86840]: DEBUG cinder.api.openstack.wsgi [req-be2a4225-85c6-4c72-8f42-ba29811431d5 req-969893a1-589d-4feb-8ae3-9baff20ae60e tempest-VolumesGetTestJSON-1362096581 tempest-VolumesGetTestJSON-1362096581-project] Calling method 'show' {{(pid=86840) _process_stack /opt/stack/cinder/cinder/api/openstack/wsgi.py:866}}
Sep 16 17:55:56.606768 dv-cinder-809439-1-iscsi devstack@c-api.service[86840]: /usr/local/lib/python3.8/dist-packages/oslo_context/context.py:105: DeprecationWarning: Policy enforcement is depending on the value of is_admin. This key is deprecated. Please update your policy file to use the standard policy values.
Sep 16 17:55:56.606768 dv-cinder-809439-1-iscsi devstack@c-api.service[86840]: warnings.warn('Policy enforcement is depending on the value of '
Sep 16 17:55:56.649583 dv-cinder-809439-1-iscsi devstack@c-api.service[86840]: INFO cinder.volume.api [req-be2a4225-85c6-4c72-8f42-ba29811431d5 req-969893a1-589d-4feb-8ae3-9baff20ae60e tempest-VolumesGetTestJSON-1362096581 tempest-VolumesGetTestJSON-1362096581-project] Volume info retrieved successfully.
Sep 16 17:55:56.730528 dv-cinder-809439-1-iscsi devstack@c-api.service[86840]: INFO cinder.api.openstack.wsgi [req-be2a4225-85c6-4c72-8f42-ba29811431d5 req-969893a1-589d-4feb-8ae3-9baff20ae60e tempest-VolumesGetTestJSON-1362096581 tempest-VolumesGetTestJSON-1362096581-project] http://10.222.0.37/volume/v3/4e8883cde57e46f1a8986cf4a7adebdf/volumes/6c984fdc-4496-4506-a2b7-d5897b77c565 returned with HTTP 200
Sep 16 17:55:56.731670 dv-cinder-809439-1-iscsi devstack@c-api.service[86840]: [pid: 86840|app: 0|req: 9/17] 10.222.0.37 () {60 vars in 1579 bytes} [Thu Sep 16 17:55:56 2021] GET /volume/v3/4e8883cde57e46f1a8986cf4a7adebdf/volumes/6c984fdc-4496-4506-a2b7-d5897b77c565 => generated 899 bytes in 251 msecs (HTTP/1.1 200) 7 headers in 285 bytes (1 switches on core 0)
Sep 16 17:55:57.278348 dv-cinder-809439-1-iscsi devstack@c-api.service[86839]: INFO cinder.api.openstack.wsgi [None req-b55b946a-6011-4bf1-a608-c4b2acafa79f tempest-VolumesTestJSON-1957222311 tempest-VolumesTestJSON-1957222311-project] GET http://10.222.0.37/volume/v3/6f2217a368ac418883eca096bb713c0f/volumes/6599c4ab-939e-4afe-bd9d-1fd083b5f851
Sep 16 17:55:57.281447 dv-cinder-809439-1-iscsi devstack@c-api.service[86839]: DEBUG cinder.api.openstack.wsgi [None req-b55b946a-6011-4bf1-a608-c4b2acafa79f tempest-VolumesTestJSON-1957222311 tempest-VolumesTestJSON-1957222311-project] Empty body provided in request {{(pid=86839) get_body /opt/stack/cinder/cinder/api/openstack/wsgi.py:713}}
Sep 16 17:55:57.287290 dv-cinder-809439-1-iscsi devstack@c-api.service[86839]: /usr/local/lib/python3.8/dist-packages/webob/acceptparse.py:1047: DeprecationWarning: The behavior of AcceptValidHeader.best_match is currently being maintained for backward compatibility, but it will be deprecated in the future, as it does not conform to the RFC.
Sep 16 17:55:57.287290 dv-cinder-809439-1-iscsi devstack@c-api.service[86839]: warnings.warn(
Sep 16 17:55:57.288118 dv-cinder-809439-1-iscsi devstack@c-api.service[86839]: DEBUG cinder.api.openstack.wsgi [None req-b55b946a-6011-4bf1-a608-c4b2acafa79f tempest-VolumesTestJSON-1957222311 tempest-VolumesTestJSON-1957222311-project] Calling method 'show' {{(pid=86839) _process_stack /opt/stack/cinder/cinder/api/openstack/wsgi.py:866}}
Sep 16 17:55:57.354017 dv-cinder-809439-1-iscsi devstack@c-api.service[86839]: /usr/local/lib/python3.8/dist-packages/oslo_context/context.py:105: DeprecationWarning: Policy enforcement is depending on the value of is_admin. This key is deprecated. Please update your policy file to use the standard policy values.
Sep 16 17:55:57.354017 dv-cinder-809439-1-iscsi devstack@c-api.service[86839]: warnings.warn('Policy enforcement is depending on the value of '
Sep 16 17:55:57.367471 dv-cinder-809439-1-iscsi devstack@c-api.service[86839]: INFO cinder.volume.api [None req-b55b946a-6011-4bf1-a608-c4b2acafa79f tempest-VolumesTestJSON-1957222311 tempest-VolumesTestJSON-1957222311-project] Volume info retrieved successfully.
Sep 16 17:55:57.389347 dv-cinder-809439-1-iscsi devstack@c-api.service[86840]: INFO cinder.api.openstack.wsgi [None req-d9b3eed7-3a54-403c-8bdc-5fd4be26e4e2 tempest-GroupsTest-642883855 tempest-GroupsTest-642883855-project] GET http://10.222.0.37/volume/v3/3cbdd8a3a8e54efeae955f42a61628f1/groups/b5fe7743-a276-417d-b88c-f95ed899e4f8
Sep 16 17:55:57.391286 dv-cinder-809439-1-iscsi devstack@c-api.service[86840]: DEBUG cinder.api.openstack.wsgi [None req-d9b3eed7-3a54-403c-8bdc-5fd4be26e4e2 tempest-GroupsTest-642883855 tempest-GroupsTest-642883855-project] Empty body provided in request {{(pid=86840) get_body /opt/stack/cinder/cinder/api/openstack/wsgi.py:713}}
Sep 16 17:55:57.393247 dv-cinder-809439-1-iscsi devstack@c-api.service[86840]: /usr/local/lib/python3.8/dist-packages/webob/acceptparse.py:1047: DeprecationWarning: The behavior of AcceptValidHeader.best_match is currently being maintained for backward compatibility, but it will be deprecated in the future, as it does not conform to the RFC.
Sep 16 17:55:57.393247 dv-cinder-809439-1-iscsi devstack@c-api.service[86840]: warnings.warn(
Sep 16 17:55:57.395201 dv-cinder-809439-1-iscsi devstack@c-api.service[86840]: DEBUG cinder.api.openstack.wsgi [None req-d9b3eed7-3a54-403c-8bdc-5fd4be26e4e2 tempest-GroupsTest-642883855 tempest-GroupsTest-642883855-project] Calling method 'version_select' {{(pid=86840) _process_stack /opt/stack/cinder/cinder/api/openstack/wsgi.py:866}}
Sep 16 17:55:57.395882 dv-cinder-809439-1-iscsi devstack@c-api.service[86840]: DEBUG cinder.api.v3.groups [None req-d9b3eed7-3a54-403c-8bdc-5fd4be26e4e2 tempest-GroupsTest-642883855 tempest-GroupsTest-642883855-project] show called for member b5fe7743-a276-417d-b88c-f95ed899e4f8 {{(pid=86840) show /opt/stack/cinder/cinder/api/v3/groups.py:58}}
Sep 16 17:55:57.413396 dv-cinder-809439-1-iscsi devstack@c-api.service[86840]: /usr/local/lib/python3.8/dist-packages/oslo_context/context.py:105: DeprecationWarning: Policy enforcement is depending on the value of is_admin. This key is deprecated. Please update your policy file to use the standard policy values.
Sep 16 17:55:57.413396 dv-cinder-809439-1-iscsi devstack@c-api.service[86840]: warnings.warn('Policy enforcement is depending on the value of '
Sep 16 17:55:57.421329 dv-cinder-809439-1-iscsi devstack@c-api.service[86839]: INFO cinder.api.openstack.wsgi [None req-b55b946a-6011-4bf1-a608-c4b2acafa79f tempest-VolumesTestJSON-1957222311 tempest-VolumesTestJSON-1957222311-project] http://10.222.0.37/volume/v3/6f2217a368ac418883eca096bb713c0f/volumes/6599c4ab-939e-4afe-bd9d-1fd083b5f851 returned with HTTP 200
Sep 16 17:55:57.422094 dv-cinder-809439-1-iscsi devstack@c-api.service[86839]: [pid: 86839|app: 0|req: 9/18] 10.222.0.37 () {58 vars in 1325 bytes} [Thu Sep 16 17:55:57 2021] GET /volume/v3/6f2217a368ac418883eca096bb713c0f/volumes/6599c4ab-939e-4afe-bd9d-1fd083b5f851 => generated 922 bytes in 149 msecs (HTTP/1.1 200) 7 headers in 285 bytes (1 switches on core 0)
Sep 16 17:55:57.462874 dv-cinder-809439-1-iscsi devstack@c-api.service[86840]: INFO cinder.api.openstack.wsgi [None req-d9b3eed7-3a54-403c-8bdc-5fd4be26e4e2 tempest-GroupsTest-642883855 tempest-GroupsTest-642883855-project] http://10.222.0.37/volume/v3/3cbdd8a3a8e54efeae955f42a61628f1/groups/b5fe7743-a276-417d-b88c-f95ed899e4f8 returned with HTTP 200
Sep 16 17:55:57.463892 dv-cinder-809439-1-iscsi devstack@c-api.service[86840]: [pid: 86840|app: 0|req: 10/19] 10.222.0.37 () {60 vars in 1363 bytes} [Thu Sep 16 17:55:57 2021] GET /volume/v3/3cbdd8a3a8e54efeae955f42a61628f1/groups/b5fe7743-a276-417d-b88c-f95ed899e4f8 => generated 323 bytes in 80 msecs (HTTP/1.1 200) 7 headers in 286 bytes (1 switches on core 0)
Sep 16 17:55:57.475686 dv-cinder-809439-1-iscsi devstack@c-api.service[86839]: INFO cinder.api.openstack.wsgi [None req-5a9889ed-225e-4b33-941a-322882fdc618 tempest-GroupsTest-642883855 tempest-GroupsTest-642883855-project] POST http://10.222.0.37/volume/v3/3cbdd8a3a8e54efeae955f42a61628f1/groups
