Sep 16 15:10:16.260585 dv-cinder-809420-1-iscsi devstack@c-api.service[101020]: DEBUG cinder.api.openstack.wsgi [None req-fceb4454-7c78-49e9-9aad-5ac8c8c194d0 tempest-VolumesDeleteCascade-1219038470 tempest-VolumesDeleteCascade-1219038470-project] Calling method 'show' {{(pid=101020) _process_stack /opt/stack/cinder/cinder/api/openstack/wsgi.py:856}}
Sep 16 15:10:16.260677 dv-cinder-809420-1-iscsi devstack@c-api.service[101021]: /usr/local/lib/python3.8/dist-packages/webob/acceptparse.py:1047: DeprecationWarning: The behavior of AcceptValidHeader.best_match is currently being maintained for backward compatibility, but it will be deprecated in the future, as it does not conform to the RFC.
Sep 16 15:10:16.260677 dv-cinder-809420-1-iscsi devstack@c-api.service[101021]: warnings.warn(
Sep 16 15:10:16.261029 dv-cinder-809420-1-iscsi devstack@c-api.service[101021]: DEBUG cinder.api.openstack.wsgi [None req-0005d2f8-982b-4f39-9e0c-fe50c59e03a9 tempest-VolumesTransfersTest-1644702061 tempest-VolumesTransfersTest-1644702061-project] Action: 'create', calling method: create, body: {"volume": {"size": 1, "name": "tempest-VolumesTransfersTest-Volume-1893924219"}} {{(pid=101021) _process_stack /opt/stack/cinder/cinder/api/openstack/wsgi.py:854}}
Sep 16 15:10:16.261974 dv-cinder-809420-1-iscsi devstack@c-api.service[101021]: DEBUG cinder.api.v3.volumes [None req-0005d2f8-982b-4f39-9e0c-fe50c59e03a9 tempest-VolumesTransfersTest-1644702061 tempest-VolumesTransfersTest-1644702061-project] Create volume request body: {'volume': {'size': 1, 'name': 'tempest-VolumesTransfersTest-Volume-1893924219'}} {{(pid=101021) create /opt/stack/cinder/cinder/api/v3/volumes.py:298}}
Sep 16 15:10:16.262357 dv-cinder-809420-1-iscsi devstack@c-api.service[101021]: INFO cinder.api.v3.volumes [None req-0005d2f8-982b-4f39-9e0c-fe50c59e03a9 tempest-VolumesTransfersTest-1644702061 tempest-VolumesTransfersTest-1644702061-project] Create volume of 1 GB
Sep 16 15:10:16.278711 dv-cinder-809420-1-iscsi devstack@c-api.service[101021]: INFO cinder.volume.api [None req-0005d2f8-982b-4f39-9e0c-fe50c59e03a9 tempest-VolumesTransfersTest-1644702061 tempest-VolumesTransfersTest-1644702061-project] Availability Zones retrieved successfully.
Sep 16 15:10:16.281984 dv-cinder-809420-1-iscsi devstack@c-api.service[101020]: /usr/local/lib/python3.8/dist-packages/oslo_context/context.py:105: DeprecationWarning: Policy enforcement is depending on the value of is_admin. This key is deprecated. Please update your policy file to use the standard policy values.
Sep 16 15:10:16.281984 dv-cinder-809420-1-iscsi devstack@c-api.service[101020]: warnings.warn('Policy enforcement is depending on the value of '
Sep 16 15:10:16.290664 dv-cinder-809420-1-iscsi devstack@c-api.service[101020]: INFO cinder.volume.api [None req-fceb4454-7c78-49e9-9aad-5ac8c8c194d0 tempest-VolumesDeleteCascade-1219038470 tempest-VolumesDeleteCascade-1219038470-project] Volume info retrieved successfully.
Sep 16 15:10:16.303488 dv-cinder-809420-1-iscsi devstack@c-api.service[101021]: DEBUG cinder.volume.api [None req-0005d2f8-982b-4f39-9e0c-fe50c59e03a9 tempest-VolumesTransfersTest-1644702061 tempest-VolumesTransfersTest-1644702061-project] Flow 'volume_create_api' (8a36f661-cbf6-45c1-983f-204d8e594744) transitioned into state 'RUNNING' from state 'PENDING' {{(pid=101021) _flow_receiver /usr/local/lib/python3.8/dist-packages/taskflow/listeners/logging.py:141}}
Sep 16 15:10:16.306104 dv-cinder-809420-1-iscsi devstack@c-api.service[101020]: INFO cinder.api.openstack.wsgi [None req-fceb4454-7c78-49e9-9aad-5ac8c8c194d0 tempest-VolumesDeleteCascade-1219038470 tempest-VolumesDeleteCascade-1219038470-project] http://10.222.0.52/volume/v3/9b9ee08f22854f0ca7caa7cf873d9dac/volumes/dae2503d-beca-4e9c-be99-ec306848caad returned with HTTP 200
Sep 16 15:10:16.307693 dv-cinder-809420-1-iscsi devstack@c-api.service[101020]: [pid: 101020|app: 0|req: 97/182] 10.222.0.52 () {58 vars in 1325 bytes} [Thu Sep 16 15:10:16 2021] GET /volume/v3/9b9ee08f22854f0ca7caa7cf873d9dac/volumes/dae2503d-beca-4e9c-be99-ec306848caad => generated 888 bytes in 53 msecs (HTTP/1.1 200) 7 headers in 285 bytes (1 switches on core 0)
Sep 16 15:10:16.310355 dv-cinder-809420-1-iscsi devstack@c-api.service[101021]: DEBUG cinder.volume.api [None req-0005d2f8-982b-4f39-9e0c-fe50c59e03a9 tempest-VolumesTransfersTest-1644702061 tempest-VolumesTransfersTest-1644702061-project] Task 'cinder.volume.flows.api.create_volume.ExtractVolumeRequestTask;volume:create' (fcc41063-f11f-4878-a7e3-59c782c77850) transitioned into state 'RUNNING' from state 'PENDING' {{(pid=101021) _task_receiver /usr/local/lib/python3.8/dist-packages/taskflow/listeners/logging.py:190}}
Sep 16 15:10:16.314057 dv-cinder-809420-1-iscsi devstack@c-api.service[101021]: DEBUG cinder.volume.flows.api.create_volume [None req-0005d2f8-982b-4f39-9e0c-fe50c59e03a9 tempest-VolumesTransfersTest-1644702061 tempest-VolumesTransfersTest-1644702061-project] Validating volume size '1' using validate_int {{(pid=101021) _extract_size /opt/stack/cinder/cinder/volume/flows/api/create_volume.py:225}}
Sep 16 15:10:16.351687 dv-cinder-809420-1-iscsi devstack@c-api.service[101021]: DEBUG cinder.volume.api [None req-0005d2f8-982b-4f39-9e0c-fe50c59e03a9 tempest-VolumesTransfersTest-1644702061 tempest-VolumesTransfersTest-1644702061-project] Task 'cinder.volume.flows.api.create_volume.ExtractVolumeRequestTask;volume:create' (fcc41063-f11f-4878-a7e3-59c782c77850) transitioned into state 'SUCCESS' from state 'RUNNING' with result '{'size': 1, 'snapshot_id': None, 'source_volid': None, 'volume_type': VolumeType(created_at=2021-09-16T15:00:03Z,deleted=False,deleted_at=None,description='Default Volume Type',extra_specs={},id=6c8b3f21-ac1b-4a14-a85e-ceb24d813c46,is_public=True,name='__DEFAULT__',projects=[],qos_specs=,qos_specs_id=None,updated_at=2021-09-16T15:00:03Z), 'volume_type_id': '6c8b3f21-ac1b-4a14-a85e-ceb24d813c46', 'encryption_key_id': None, 'qos_specs': None, 'consistencygroup_id': None, 'cgsnapshot_id': None, 'group_id': None, 'replication_status': 'disabled', 'refresh_az': False, 'backup_id': None, 'multiattach': False, 'availability_zones': ['nova']}' {{(pid=101021) _task_receiver /usr/local/lib/python3.8/dist-packages/taskflow/listeners/logging.py:178}}
Sep 16 15:10:16.354610 dv-cinder-809420-1-iscsi devstack@c-api.service[101021]: DEBUG cinder.volume.api [None req-0005d2f8-982b-4f39-9e0c-fe50c59e03a9 tempest-VolumesTransfersTest-1644702061 tempest-VolumesTransfersTest-1644702061-project] Task 'cinder.volume.flows.api.create_volume.QuotaReserveTask;volume:create' (0d743730-7784-4429-9f7f-2ca462ca45ee) transitioned into state 'RUNNING' from state 'PENDING' {{(pid=101021) _task_receiver /usr/local/lib/python3.8/dist-packages/taskflow/listeners/logging.py:190}}
Sep 16 15:10:16.381743 dv-cinder-809420-1-iscsi devstack@c-api.service[101020]: INFO cinder.api.openstack.wsgi [None req-9b746b6e-7236-4ac3-9adf-7ed4cd8e46e5 tempest-AttachVolumeNegativeTest-917346821 tempest-AttachVolumeNegativeTest-917346821-project] GET http://10.222.0.52/volume/v3/e996f34b557847edaec9995df7fab9c1/volumes/0af8b844-18b6-43bd-a5db-c9da16d98dcd
Sep 16 15:10:16.382187 dv-cinder-809420-1-iscsi devstack@c-api.service[101020]: DEBUG cinder.api.openstack.wsgi [None req-9b746b6e-7236-4ac3-9adf-7ed4cd8e46e5 tempest-AttachVolumeNegativeTest-917346821 tempest-AttachVolumeNegativeTest-917346821-project] Empty body provided in request {{(pid=101020) get_body /opt/stack/cinder/cinder/api/openstack/wsgi.py:703}}
Sep 16 15:10:16.382367 dv-cinder-809420-1-iscsi devstack@c-api.service[101020]: /usr/local/lib/python3.8/dist-packages/webob/acceptparse.py:1047: DeprecationWarning: The behavior of AcceptValidHeader.best_match is currently being maintained for backward compatibility, but it will be deprecated in the future, as it does not conform to the RFC.
Sep 16 15:10:16.382367 dv-cinder-809420-1-iscsi devstack@c-api.service[101020]: warnings.warn(
Sep 16 15:10:16.382706 dv-cinder-809420-1-iscsi devstack@c-api.service[101020]: DEBUG cinder.api.openstack.wsgi [None req-9b746b6e-7236-4ac3-9adf-7ed4cd8e46e5 tempest-AttachVolumeNegativeTest-917346821 tempest-AttachVolumeNegativeTest-917346821-project] Calling method 'show' {{(pid=101020) _process_stack /opt/stack/cinder/cinder/api/openstack/wsgi.py:856}}
Sep 16 15:10:16.396159 dv-cinder-809420-1-iscsi devstack@c-api.service[101020]: /usr/local/lib/python3.8/dist-packages/oslo_context/context.py:105: DeprecationWarning: Policy enforcement is depending on the value of is_admin. This key is deprecated. Please update your policy file to use the standard policy values.
Sep 16 15:10:16.396159 dv-cinder-809420-1-iscsi devstack@c-api.service[101020]: warnings.warn('Policy enforcement is depending on the value of '
Sep 16 15:10:16.404866 dv-cinder-809420-1-iscsi devstack@c-api.service[101020]: INFO cinder.volume.api [None req-9b746b6e-7236-4ac3-9adf-7ed4cd8e46e5 tempest-AttachVolumeNegativeTest-917346821 tempest-AttachVolumeNegativeTest-917346821-project] Volume info retrieved successfully.
Sep 16 15:10:16.416764 dv-cinder-809420-1-iscsi devstack@c-api.service[101020]: /usr/local/lib/python3.8/dist-packages/oslo_context/context.py:105: DeprecationWarning: Policy enforcement is depending on the value of is_admin. This key is deprecated. Please update your policy file to use the standard policy values.
Sep 16 15:10:16.416764 dv-cinder-809420-1-iscsi devstack@c-api.service[101020]: warnings.warn('Policy enforcement is depending on the value of '
Sep 16 15:10:16.424618 dv-cinder-809420-1-iscsi devstack@c-api.service[101020]: INFO cinder.api.openstack.wsgi [None req-9b746b6e-7236-4ac3-9adf-7ed4cd8e46e5 tempest-AttachVolumeNegativeTest-917346821 tempest-AttachVolumeNegativeTest-917346821-project] http://10.222.0.52/volume/v3/e996f34b557847edaec9995df7fab9c1/volumes/0af8b844-18b6-43bd-a5db-c9da16d98dcd returned with HTTP 200
Sep 16 15:10:16.435207 dv-cinder-809420-1-iscsi devstack@c-api.service[101020]: [pid: 101020|app: 0|req: 98/183] 10.222.0.52 () {58 vars in 1325 bytes} [Thu Sep 16 15:10:16 2021] GET /volume/v3/e996f34b557847edaec9995df7fab9c1/volumes/0af8b844-18b6-43bd-a5db-c9da16d98dcd => generated 915 bytes in 49 msecs (HTTP/1.1 200) 7 headers in 285 bytes (2 switches on core 0)
Sep 16 15:10:16.454538 dv-cinder-809420-1-iscsi devstack@c-api.service[101021]: DEBUG cinder.quota [None req-0005d2f8-982b-4f39-9e0c-fe50c59e03a9 tempest-VolumesTransfersTest-1644702061 tempest-VolumesTransfersTest-1644702061-project] Created reservations ['02b03ec7-5ca7-4395-9896-48810a63bef9', 'b71669db-6e95-41a4-90cf-752e8a21b830', 'f2e3b568-7ba5-4b2e-99e0-a929717f3e78', 'c5635661-fc88-42c4-8c88-32446d6107e7'] {{(pid=101021) reserve /opt/stack/cinder/cinder/quota.py:755}}
Sep 16 15:10:16.456770 dv-cinder-809420-1-iscsi devstack@c-api.service[101021]: DEBUG cinder.volume.api [None req-0005d2f8-982b-4f39-9e0c-fe50c59e03a9 tempest-VolumesTransfersTest-1644702061 tempest-VolumesTransfersTest-1644702061-project] Task 'cinder.volume.flows.api.create_volume.QuotaReserveTask;volume:create' (0d743730-7784-4429-9f7f-2ca462ca45ee) transitioned into state 'SUCCESS' from state 'RUNNING' with result '{'reservations': ['02b03ec7-5ca7-4395-9896-48810a63bef9', 'b71669db-6e95-41a4-90cf-752e8a21b830', 'f2e3b568-7ba5-4b2e-99e0-a929717f3e78', 'c5635661-fc88-42c4-8c88-32446d6107e7']}' {{(pid=101021) _task_receiver /usr/local/lib/python3.8/dist-packages/taskflow/listeners/logging.py:178}}
Sep 16 15:10:16.458920 dv-cinder-809420-1-iscsi devstack@c-api.service[101021]: DEBUG cinder.volume.api [None req-0005d2f8-982b-4f39-9e0c-fe50c59e03a9 tempest-VolumesTransfersTest-1644702061 tempest-VolumesTransfersTest-1644702061-project] Task 'cinder.volume.flows.api.create_volume.EntryCreateTask;volume:create' (ddde8442-efdc-4a29-8c7c-f4a111a618d2) transitioned into state 'RUNNING' from state 'PENDING' {{(pid=101021) _task_receiver /usr/local/lib/python3.8/dist-packages/taskflow/listeners/logging.py:190}}
Sep 16 15:10:16.485668 dv-cinder-809420-1-iscsi devstack@c-api.service[101021]: DEBUG cinder.volume.api [None req-0005d2f8-982b-4f39-9e0c-fe50c59e03a9 tempest-VolumesTransfersTest-1644702061 tempest-VolumesTransfersTest-1644702061-project] Task 'cinder.volume.flows.api.create_volume.EntryCreateTask;volume:create' (ddde8442-efdc-4a29-8c7c-f4a111a618d2) transitioned into state 'SUCCESS' from state 'RUNNING' with result '{'volume_id': 'eca37b07-cd59-41f5-b1dd-c82dd3ba3ade', 'volume_properties': VolumeProperties(attach_status='detached',availability_zone='nova',cgsnapshot_id=None,consistencygroup_id=None,display_description=None,display_name='tempest-VolumesTransfersTest-Volume-1893924219',encryption_key_id=None,group_id=None,group_type_id=,metadata={},multiattach=False,project_id='5352e86392904bfebc8663c3d8d3a0b3',qos_specs=None,replication_status=,reservations=['02b03ec7-5ca7-4395-9896-48810a63bef9','b71669db-6e95-41a4-90cf-752e8a21b830','f2e3b568-7ba5-4b2e-99e0-a929717f3e78','c5635661-fc88-42c4-8c88-32446d6107e7'],size=1,snapshot_id=None,source_replicaid=,source_volid=None,status='creating',user_id='b8d08828d9044459b578a083afd40bf9',volume_type_id=6c8b3f21-ac1b-4a14-a85e-ceb24d813c46), 'volume': Volume(_name_id=None,admin_metadata=,attach_status='detached',availability_zone='nova',bootable=False,cluster=,cluster_name=None,consistencygroup=,consistencygroup_id=None,created_at=2021-09-16T15:10:16Z,deleted=False,deleted_at=None,display_description=None,display_name='tempest-VolumesTransfersTest-Volume-1893924219',ec2_id=None,encryption_key_id=None,glance_metadata=,group=,group_id=None,host=None,id=eca37b07-cd59-41f5-b1dd-c82dd3ba3ade,launched_at=None,metadata={},migration_status=None,multiattach=False,previous_status=None,project_id='5352e86392904bfebc8663c3d8d3a0b3',provider_auth=None,provider_geometry=None,provider_id=None,provider_location=None,replication_driver_data=None,replication_extended_status=None,replication_status=None,scheduled_at=None,service_uuid=None,shared_targets=True,size=1,snapshot_id=None,snapshots=,source_volid=None,status='creating',terminated_at=None,updated_at=None,use_quota=True,user_id='b8d08828d9044459b578a083afd40bf9',volume_attachment=,volume_type=VolumeType(6c8b3f21-ac1b-4a14-a85e-ceb24d813c46),volume_type_id=6c8b3f21-ac1b-4a14-a85e-ceb24d813c46)}' {{(pid=101021) _task_receiver /usr/local/lib/python3.8/dist-packages/taskflow/listeners/logging.py:178}}
Sep 16 15:10:16.488081 dv-cinder-809420-1-iscsi devstack@c-api.service[101021]: DEBUG cinder.volume.api [None req-0005d2f8-982b-4f39-9e0c-fe50c59e03a9 tempest-VolumesTransfersTest-1644702061 tempest-VolumesTransfersTest-1644702061-project] Task 'cinder.volume.flows.api.create_volume.QuotaCommitTask;volume:create' (ce369d50-a007-459c-b92f-f76ab71cf9a4) transitioned into state 'RUNNING' from state 'PENDING' {{(pid=101021) _task_receiver /usr/local/lib/python3.8/dist-packages/taskflow/listeners/logging.py:190}}
Sep 16 15:10:16.498944 dv-cinder-809420-1-iscsi devstack@c-api.service[101020]: INFO cinder.api.openstack.wsgi [None req-90982367-9bd0-44cb-979a-7489b9fde20a tempest-DeleteServersTestJSON-1758990727 tempest-DeleteServersTestJSON-1758990727-project] GET http://10.222.0.52/volume/v3/c029949eecb24ce594e39d49d26ea082/volumes/9af4ff30-a953-4020-bba7-630cc6c1ae7d
Sep 16 15:10:16.499887 dv-cinder-809420-1-iscsi devstack@c-api.service[101020]: DEBUG cinder.api.openstack.wsgi [None req-90982367-9bd0-44cb-979a-7489b9fde20a tempest-DeleteServersTestJSON-1758990727 tempest-DeleteServersTestJSON-1758990727-project] Empty body provided in request {{(pid=101020) get_body /opt/stack/cinder/cinder/api/openstack/wsgi.py:703}}
Sep 16 15:10:16.500061 dv-cinder-809420-1-iscsi devstack@c-api.service[101020]: /usr/local/lib/python3.8/dist-packages/webob/acceptparse.py:1047: DeprecationWarning: The behavior of AcceptValidHeader.best_match is currently being maintained for backward compatibility, but it will be deprecated in the future, as it does not conform to the RFC.
Sep 16 15:10:16.500061 dv-cinder-809420-1-iscsi devstack@c-api.service[101020]: warnings.warn(
Sep 16 15:10:16.500630 dv-cinder-809420-1-iscsi devstack@c-api.service[101020]: DEBUG cinder.api.openstack.wsgi [None req-90982367-9bd0-44cb-979a-7489b9fde20a tempest-DeleteServersTestJSON-1758990727 tempest-DeleteServersTestJSON-1758990727-project] Calling method 'show' {{(pid=101020) _process_stack /opt/stack/cinder/cinder/api/openstack/wsgi.py:856}}
Sep 16 15:10:16.516042 dv-cinder-809420-1-iscsi devstack@c-api.service[101021]: DEBUG cinder.volume.api [None req-0005d2f8-982b-4f39-9e0c-fe50c59e03a9 tempest-VolumesTransfersTest-1644702061 tempest-VolumesTransfersTest-1644702061-project] Task 'cinder.volume.flows.api.create_volume.QuotaCommitTask;volume:create' (ce369d50-a007-459c-b92f-f76ab71cf9a4) transitioned into state 'SUCCESS' from state 'RUNNING' with result '{'volume_properties': VolumeProperties(attach_status='detached',availability_zone='nova',cgsnapshot_id=None,consistencygroup_id=None,display_description=None,display_name='tempest-VolumesTransfersTest-Volume-1893924219',encryption_key_id=None,group_id=None,group_type_id=,metadata={},multiattach=False,project_id='5352e86392904bfebc8663c3d8d3a0b3',qos_specs=None,replication_status=,reservations=['02b03ec7-5ca7-4395-9896-48810a63bef9','b71669db-6e95-41a4-90cf-752e8a21b830','f2e3b568-7ba5-4b2e-99e0-a929717f3e78','c5635661-fc88-42c4-8c88-32446d6107e7'],size=1,snapshot_id=None,source_replicaid=,source_volid=None,status='creating',user_id='b8d08828d9044459b578a083afd40bf9',volume_type_id=6c8b3f21-ac1b-4a14-a85e-ceb24d813c46)}' {{(pid=101021) _task_receiver /usr/local/lib/python3.8/dist-packages/taskflow/listeners/logging.py:178}}
Sep 16 15:10:16.520735 dv-cinder-809420-1-iscsi devstack@c-api.service[101021]: DEBUG cinder.volume.api [None req-0005d2f8-982b-4f39-9e0c-fe50c59e03a9 tempest-VolumesTransfersTest-1644702061 tempest-VolumesTransfersTest-1644702061-project] Task 'cinder.volume.flows.api.create_volume.VolumeCastTask;volume:create' (2b4f270f-8e0a-487b-8dce-c8f6a92fb13c) transitioned into state 'RUNNING' from state 'PENDING' {{(pid=101021) _task_receiver /usr/local/lib/python3.8/dist-packages/taskflow/listeners/logging.py:190}}
Sep 16 15:10:16.528159 dv-cinder-809420-1-iscsi devstack@c-api.service[101020]: /usr/local/lib/python3.8/dist-packages/oslo_context/context.py:105: DeprecationWarning: Policy enforcement is depending on the value of is_admin. This key is deprecated. Please update your policy file to use the standard policy values.
Sep 16 15:10:16.528159 dv-cinder-809420-1-iscsi devstack@c-api.service[101020]: warnings.warn('Policy enforcement is depending on the value of '
Sep 16 15:10:16.540285 dv-cinder-809420-1-iscsi devstack@c-api.service[101021]: DEBUG cinder.volume.api [None req-0005d2f8-982b-4f39-9e0c-fe50c59e03a9 tempest-VolumesTransfersTest-1644702061 tempest-VolumesTransfersTest-1644702061-project] Task 'cinder.volume.flows.api.create_volume.VolumeCastTask;volume:create' (2b4f270f-8e0a-487b-8dce-c8f6a92fb13c) transitioned into state 'SUCCESS' from state 'RUNNING' with result 'None' {{(pid=101021) _task_receiver /usr/local/lib/python3.8/dist-packages/taskflow/listeners/logging.py:178}}
Sep 16 15:10:16.544670 dv-cinder-809420-1-iscsi devstack@c-api.service[101021]: DEBUG cinder.volume.api [None req-0005d2f8-982b-4f39-9e0c-fe50c59e03a9 tempest-VolumesTransfersTest-1644702061 tempest-VolumesTransfersTest-1644702061-project] Flow 'volume_create_api' (8a36f661-cbf6-45c1-983f-204d8e594744) transitioned into state 'SUCCESS' from state 'RUNNING' {{(pid=101021) _flow_receiver /usr/local/lib/python3.8/dist-packages/taskflow/listeners/logging.py:141}}
Sep 16 15:10:16.545583 dv-cinder-809420-1-iscsi devstack@c-api.service[101021]: INFO cinder.volume.api [None req-0005d2f8-982b-4f39-9e0c-fe50c59e03a9 tempest-VolumesTransfersTest-1644702061 tempest-VolumesTransfersTest-1644702061-project] Create volume request issued successfully.
Sep 16 15:10:16.546023 dv-cinder-809420-1-iscsi devstack@c-api.service[101020]: INFO cinder.volume.api [None req-90982367-9bd0-44cb-979a-7489b9fde20a tempest-DeleteServersTestJSON-1758990727 tempest-DeleteServersTestJSON-1758990727-project] Volume info retrieved successfully.
Sep 16 15:10:16.554037 dv-cinder-809420-1-iscsi devstack@c-api.service[101021]: INFO cinder.api.openstack.wsgi [None req-0005d2f8-982b-4f39-9e0c-fe50c59e03a9 tempest-VolumesTransfersTest-1644702061 tempest-VolumesTransfersTest-1644702061-project] http://10.222.0.52/volume/v3/5352e86392904bfebc8663c3d8d3a0b3/volumes returned with HTTP 202
Sep 16 15:10:16.565308 dv-cinder-809420-1-iscsi devstack@c-api.service[101020]: /usr/local/lib/python3.8/dist-packages/oslo_context/context.py:105: DeprecationWarning: Policy enforcement is depending on the value of is_admin. This key is deprecated. Please update your policy file to use the standard policy values.
Sep 16 15:10:16.565308 dv-cinder-809420-1-iscsi devstack@c-api.service[101020]: warnings.warn('Policy enforcement is depending on the value of '
Sep 16 15:10:16.567116 dv-cinder-809420-1-iscsi devstack@c-api.service[101021]: [pid: 101021|app: 0|req: 86/184] 10.222.0.52 () {60 vars in 1235 bytes} [Thu Sep 16 15:10:16 2021] POST /volume/v3/5352e86392904bfebc8663c3d8d3a0b3/volumes => generated 820 bytes in 468 msecs (HTTP/1.1 202) 7 headers in 291 bytes (1 switches on core 0)
Sep 16 15:10:16.571628 dv-cinder-809420-1-iscsi devstack@c-api.service[101021]: INFO cinder.api.openstack.wsgi [None req-5a97e52c-8059-4f38-896d-6412c4f65e49 tempest-VolumesTransfersTest-1644702061 tempest-VolumesTransfersTest-1644702061-project] GET http://10.222.0.52/volume/v3/5352e86392904bfebc8663c3d8d3a0b3/volumes/eca37b07-cd59-41f5-b1dd-c82dd3ba3ade
Sep 16 15:10:16.572105 dv-cinder-809420-1-iscsi devstack@c-api.service[101021]: DEBUG cinder.api.openstack.wsgi [None req-5a97e52c-8059-4f38-896d-6412c4f65e49 tempest-VolumesTransfersTest-1644702061 tempest-VolumesTransfersTest-1644702061-project] Empty body provided in request {{(pid=101021) get_body /opt/stack/cinder/cinder/api/openstack/wsgi.py:703}}
Sep 16 15:10:16.572259 dv-cinder-809420-1-iscsi devstack@c-api.service[101021]: /usr/local/lib/python3.8/dist-packages/webob/acceptparse.py:1047: DeprecationWarning: The behavior of AcceptValidHeader.best_match is currently being maintained for backward compatibility, but it will be deprecated in the future, as it does not conform to the RFC.
Sep 16 15:10:16.572259 dv-cinder-809420-1-iscsi devstack@c-api.service[101021]: warnings.warn(
Sep 16 15:10:16.572633 dv-cinder-809420-1-iscsi devstack@c-api.service[101021]: DEBUG cinder.api.openstack.wsgi [None req-5a97e52c-8059-4f38-896d-6412c4f65e49 tempest-VolumesTransfersTest-1644702061 tempest-VolumesTransfersTest-1644702061-project] Calling method 'show' {{(pid=101021) _process_stack /opt/stack/cinder/cinder/api/openstack/wsgi.py:856}}
Sep 16 15:10:16.582764 dv-cinder-809420-1-iscsi devstack@c-api.service[101020]: INFO cinder.api.openstack.wsgi [None req-90982367-9bd0-44cb-979a-7489b9fde20a tempest-DeleteServersTestJSON-1758990727 tempest-DeleteServersTestJSON-1758990727-project] http://10.222.0.52/volume/v3/c029949eecb24ce594e39d49d26ea082/volumes/9af4ff30-a953-4020-bba7-630cc6c1ae7d returned with HTTP 200
Sep 16 15:10:16.583906 dv-cinder-809420-1-iscsi devstack@c-api.service[101020]: [pid: 101020|app: 0|req: 99/185] 10.222.0.52 () {58 vars in 1325 bytes} [Thu Sep 16 15:10:16 2021] GET /volume/v3/c029949eecb24ce594e39d49d26ea082/volumes/9af4ff30-a953-4020-bba7-630cc6c1ae7d => generated 913 bytes in 90 msecs (HTTP/1.1 200) 7 headers in 285 bytes (1 switches on core 0)
Sep 16 15:10:16.590614 dv-cinder-809420-1-iscsi devstack@c-api.service[101021]: /usr/local/lib/python3.8/dist-packages/oslo_context/context.py:105: DeprecationWarning: Policy enforcement is depending on the value of is_admin. This key is deprecated. Please update your policy file to use the standard policy values.
Sep 16 15:10:16.590614 dv-cinder-809420-1-iscsi devstack@c-api.service[101021]: warnings.warn('Policy enforcement is depending on the value of '
Sep 16 15:10:16.603147 dv-cinder-809420-1-iscsi devstack@c-api.service[101021]: INFO cinder.volume.api [None req-5a97e52c-8059-4f38-896d-6412c4f65e49 tempest-VolumesTransfersTest-1644702061 tempest-VolumesTransfersTest-1644702061-project] Volume info retrieved successfully.
Sep 16 15:10:16.636937 dv-cinder-809420-1-iscsi devstack@c-api.service[101021]: INFO cinder.api.openstack.wsgi [None req-5a97e52c-8059-4f38-896d-6412c4f65e49 tempest-VolumesTransfersTest-1644702061 tempest-VolumesTransfersTest-1644702061-project] http://10.222.0.52/volume/v3/5352e86392904bfebc8663c3d8d3a0b3/volumes/eca37b07-cd59-41f5-b1dd-c82dd3ba3ade returned with HTTP 200
Sep 16 15:10:16.639870 dv-cinder-809420-1-iscsi devstack@c-api.service[101021]: [pid: 101021|app: 0|req: 87/186] 10.222.0.52 () {58 vars in 1325 bytes} [Thu Sep 16 15:10:16 2021] GET /volume/v3/5352e86392904bfebc8663c3d8d3a0b3/volumes/eca37b07-cd59-41f5-b1dd-c82dd3ba3ade => generated 888 bytes in 71 msecs (HTTP/1.1 200) 7 headers in 285 bytes (1 switches on core 0)
Sep 16 15:10:16.961705 dv-cinder-809420-1-iscsi devstack@c-api.service[101020]: INFO cinder.api.openstack.wsgi [None req-81941686-ce85-46f0-9b3c-41b65edd7a1b tempest-SnapshotMetadataTestJSON-1631089255 tempest-SnapshotMetadataTestJSON-1631089255-project] GET http://10.222.0.52/volume/v3/fcf86e8c4d9e461086365af34e8b3ba5/volumes/d2ec0d7d-8c58-47bc-9bc7-586e94d99f06
Sep 16 15:10:16.962205 dv-cinder-809420-1-iscsi devstack@c-api.service[101020]: DEBUG cinder.api.openstack.wsgi [None req-81941686-ce85-46f0-9b3c-41b65edd7a1b tempest-SnapshotMetadataTestJSON-1631089255 tempest-SnapshotMetadataTestJSON-1631089255-project] Empty body provided in request {{(pid=101020) get_body /opt/stack/cinder/cinder/api/openstack/wsgi.py:703}}
Sep 16 15:10:16.962460 dv-cinder-809420-1-iscsi devstack@c-api.service[101020]: /usr/local/lib/python3.8/dist-packages/webob/acceptparse.py:1047: DeprecationWarning: The behavior of AcceptValidHeader.best_match is currently being maintained for backward compatibility, but it will be deprecated in the future, as it does not conform to the RFC.
Sep 16 15:10:16.962460 dv-cinder-809420-1-iscsi devstack@c-api.service[101020]: warnings.warn(
Sep 16 15:10:16.963020 dv-cinder-809420-1-iscsi devstack@c-api.service[101020]: DEBUG cinder.api.openstack.wsgi [None req-81941686-ce85-46f0-9b3c-41b65edd7a1b tempest-SnapshotMetadataTestJSON-1631089255 tempest-SnapshotMetadataTestJSON-1631089255-project] Calling method 'show' {{(pid=101020) _process_stack /opt/stack/cinder/cinder/api/openstack/wsgi.py:856}}
Sep 16 15:10:16.977940 dv-cinder-809420-1-iscsi devstack@c-api.service[101020]: /usr/local/lib/python3.8/dist-packages/oslo_context/context.py:105: DeprecationWarning: Policy enforcement is depending on the value of is_admin. This key is deprecated. Please update your policy file to use the standard policy values.
Sep 16 15:10:16.977940 dv-cinder-809420-1-iscsi devstack@c-api.service[101020]: warnings.warn('Policy enforcement is depending on the value of '
Sep 16 15:10:16.985665 dv-cinder-809420-1-iscsi devstack@c-api.service[101020]: INFO cinder.volume.api [None req-81941686-ce85-46f0-9b3c-41b65edd7a1b tempest-SnapshotMetadataTestJSON-1631089255 tempest-SnapshotMetadataTestJSON-1631089255-project] Volume info retrieved successfully.
Sep 16 15:10:17.000131 dv-cinder-809420-1-iscsi devstack@c-api.service[101020]: INFO cinder.api.openstack.wsgi [None req-81941686-ce85-46f0-9b3c-41b65edd7a1b tempest-SnapshotMetadataTestJSON-1631089255 tempest-SnapshotMetadataTestJSON-1631089255-project] http://10.222.0.52/volume/v3/fcf86e8c4d9e461086365af34e8b3ba5/volumes/d2ec0d7d-8c58-47bc-9bc7-586e94d99f06 returned with HTTP 200
Sep 16 15:10:17.001043 dv-cinder-809420-1-iscsi devstack@c-api.service[101020]: [pid: 101020|app: 0|req: 100/187] 10.222.0.52 () {58 vars in 1325 bytes} [Thu Sep 16 15:10:16 2021] GET /volume/v3/fcf86e8c4d9e461086365af34e8b3ba5/volumes/d2ec0d7d-8c58-47bc-9bc7-586e94d99f06 => generated 916 bytes in 43 msecs (HTTP/1.1 200) 7 headers in 285 bytes (1 switches on core 0)
Sep 16 15:10:17.015313 dv-cinder-809420-1-iscsi devstack@c-api.service[101021]: INFO cinder.api.openstack.wsgi [None req-8d54b0c0-01de-461c-a4ba-907029ae3ffc tempest-SnapshotMetadataTestJSON-1631089255 tempest-SnapshotMetadataTestJSON-1631089255-project] POST http://10.222.0.52/volume/v3/fcf86e8c4d9e461086365af34e8b3ba5/snapshots
Sep 16 15:10:17.015650 dv-cinder-809420-1-iscsi devstack@c-api.service[101021]: /usr/local/lib/python3.8/dist-packages/webob/acceptparse.py:1047: DeprecationWarning: The behavior of AcceptValidHeader.best_match is currently being maintained for backward compatibility, but it will be deprecated in the future, as it does not conform to the RFC.
Sep 16 15:10:17.015650 dv-cinder-809420-1-iscsi devstack@c-api.service[101021]: warnings.warn(
Sep 16 15:10:17.016351 dv-cinder-809420-1-iscsi devstack@c-api.service[101021]: DEBUG cinder.api.openstack.wsgi [None req-8d54b0c0-01de-461c-a4ba-907029ae3ffc tempest-SnapshotMetadataTestJSON-1631089255 tempest-SnapshotMetadataTestJSON-1631089255-project] Action: 'create', calling method: create, body: {"snapshot": {"volume_id": "d2ec0d7d-8c58-47bc-9bc7-586e94d99f06", "name": "tempest-SnapshotMetadataTestJSON-Snapshot-1194896850"}} {{(pid=101021) _process_stack /opt/stack/cinder/cinder/api/openstack/wsgi.py:854}}
Sep 16 15:10:17.030478 dv-cinder-809420-1-iscsi devstack@c-api.service[101021]: /usr/local/lib/python3.8/dist-packages/oslo_context/context.py:105: DeprecationWarning: Policy enforcement is depending on the value of is_admin. This key is deprecated. Please update your policy file to use the standard policy values.
Sep 16 15:10:17.030478 dv-cinder-809420-1-iscsi devstack@c-api.service[101021]: warnings.warn('Policy enforcement is depending on the value of '
Sep 16 15:10:17.031523 dv-cinder-809420-1-iscsi devstack@c-api.service[101021]: INFO cinder.volume.api [None req-8d54b0c0-01de-461c-a4ba-907029ae3ffc tempest-SnapshotMetadataTestJSON-1631089255 tempest-SnapshotMetadataTestJSON-1631089255-project] Volume info retrieved successfully.
Sep 16 15:10:17.032044 dv-cinder-809420-1-iscsi devstack@c-api.service[101021]: INFO cinder.api.v3.snapshots [None req-8d54b0c0-01de-461c-a4ba-907029ae3ffc tempest-SnapshotMetadataTestJSON-1631089255 tempest-SnapshotMetadataTestJSON-1631089255-project] Create snapshot from volume d2ec0d7d-8c58-47bc-9bc7-586e94d99f06
Sep 16 15:10:17.100882 dv-cinder-809420-1-iscsi devstack@c-api.service[101021]: DEBUG cinder.quota [None req-8d54b0c0-01de-461c-a4ba-907029ae3ffc tempest-SnapshotMetadataTestJSON-1631089255 tempest-SnapshotMetadataTestJSON-1631089255-project] Created reservations ['9c83e779-69ee-4c84-863b-bf38787b44ac', 'f29bf8aa-3c82-4386-87c0-b060060e4d6e', '7bb5cc2a-baea-44a4-be09-4cd68d17c404', '6a5ef287-af24-4778-986f-a8ad8dc8e174'] {{(pid=101021) reserve /opt/stack/cinder/cinder/quota.py:755}}
Sep 16 15:10:17.159396 dv-cinder-809420-1-iscsi devstack@c-api.service[101021]: INFO cinder.volume.api [None req-8d54b0c0-01de-461c-a4ba-907029ae3ffc tempest-SnapshotMetadataTestJSON-1631089255 tempest-SnapshotMetadataTestJSON-1631089255-project] Snapshot create request issued successfully.
Sep 16 15:10:17.160237 dv-cinder-809420-1-iscsi devstack@c-api.service[101021]: INFO cinder.api.openstack.wsgi [None req-8d54b0c0-01de-461c-a4ba-907029ae3ffc tempest-SnapshotMetadataTestJSON-1631089255 tempest-SnapshotMetadataTestJSON-1631089255-project] http://10.222.0.52/volume/v3/fcf86e8c4d9e461086365af34e8b3ba5/snapshots returned with HTTP 202
Sep 16 15:10:17.166845 dv-cinder-809420-1-iscsi devstack@c-api.service[101021]: [pid: 101021|app: 0|req: 88/188] 10.222.0.52 () {60 vars in 1242 bytes} [Thu Sep 16 15:10:17 2021] POST /volume/v3/fcf86e8c4d9e461086365af34e8b3ba5/snapshots => generated 311 bytes in 150 msecs (HTTP/1.1 202) 7 headers in 291 bytes (1 switches on core 0)
Sep 16 15:10:17.172014 dv-cinder-809420-1-iscsi devstack@c-api.service[101020]: INFO cinder.api.openstack.wsgi [None req-7bd99ee1-76d2-4c91-84e2-b3ec7456f815 tempest-SnapshotMetadataTestJSON-1631089255 tempest-SnapshotMetadataTestJSON-1631089255-project] GET http://10.222.0.52/volume/v3/fcf86e8c4d9e461086365af34e8b3ba5/snapshots/9637c3d8-883b-41fe-9fbf-78050d01fb7e
Sep 16 15:10:17.172599 dv-cinder-809420-1-iscsi devstack@c-api.service[101020]: DEBUG cinder.api.openstack.wsgi [None req-7bd99ee1-76d2-4c91-84e2-b3ec7456f815 tempest-SnapshotMetadataTestJSON-1631089255 tempest-SnapshotMetadataTestJSON-1631089255-project] Empty body provided in request {{(pid=101020) get_body /opt/stack/cinder/cinder/api/openstack/wsgi.py:703}}
Sep 16 15:10:17.172854 dv-cinder-809420-1-iscsi devstack@c-api.service[101020]: /usr/local/lib/python3.8/dist-packages/webob/acceptparse.py:1047: DeprecationWarning: The behavior of AcceptValidHeader.best_match is currently being maintained for backward compatibility, but it will be deprecated in the future, as it does not conform to the RFC.
Sep 16 15:10:17.172854 dv-cinder-809420-1-iscsi devstack@c-api.service[101020]: warnings.warn(
Sep 16 15:10:17.173181 dv-cinder-809420-1-iscsi devstack@c-api.service[101020]: DEBUG cinder.api.openstack.wsgi [None req-7bd99ee1-76d2-4c91-84e2-b3ec7456f815 tempest-SnapshotMetadataTestJSON-1631089255 tempest-SnapshotMetadataTestJSON-1631089255-project] Calling method 'show' {{(pid=101020) _process_stack /opt/stack/cinder/cinder/api/openstack/wsgi.py:856}}
Sep 16 15:10:17.184946 dv-cinder-809420-1-iscsi devstack@c-api.service[101020]: /usr/local/lib/python3.8/dist-packages/oslo_context/context.py:105: DeprecationWarning: Policy enforcement is depending on the value of is_admin. This key is deprecated. Please update your policy file to use the standard policy values.
Sep 16 15:10:17.184946 dv-cinder-809420-1-iscsi devstack@c-api.service[101020]: warnings.warn('Policy enforcement is depending on the value of '
Sep 16 15:10:17.186118 dv-cinder-809420-1-iscsi devstack@c-api.service[101020]: INFO cinder.volume.api [None req-7bd99ee1-76d2-4c91-84e2-b3ec7456f815 tempest-SnapshotMetadataTestJSON-1631089255 tempest-SnapshotMetadataTestJSON-1631089255-project] Snapshot retrieved successfully.
Sep 16 15:10:17.195755 dv-cinder-809420-1-iscsi devstack@c-api.service[101020]: INFO cinder.api.openstack.wsgi [None req-7bd99ee1-76d2-4c91-84e2-b3ec7456f815 tempest-SnapshotMetadataTestJSON-1631089255 tempest-SnapshotMetadataTestJSON-1631089255-project] http://10.222.0.52/volume/v3/fcf86e8c4d9e461086365af34e8b3ba5/snapshots/9637c3d8-883b-41fe-9fbf-78050d01fb7e returned with HTTP 200
Sep 16 15:10:17.196899 dv-cinder-809420-1-iscsi devstack@c-api.service[101020]: [pid: 101020|app: 0|req: 101/189] 10.222.0.52 () {58 vars in 1331 bytes} [Thu Sep 16 15:10:17 2021] GET /volume/v3/fcf86e8c4d9e461086365af34e8b3ba5/snapshots/9637c3d8-883b-41fe-9fbf-78050d01fb7e => generated 443 bytes in 29 msecs (HTTP/1.1 200) 7 headers in 285 bytes (1 switches on core 0)
Sep 16 15:10:17.322836 dv-cinder-809420-1-iscsi devstack@c-api.service[101021]: INFO cinder.api.openstack.wsgi [None req-ecb8debe-233f-4148-8927-296e8e004fd4 tempest-VolumesDeleteCascade-1219038470 tempest-VolumesDeleteCascade-1219038470-project] GET http://10.222.0.52/volume/v3/9b9ee08f22854f0ca7caa7cf873d9dac/volumes/dae2503d-beca-4e9c-be99-ec306848caad
Sep 16 15:10:17.323279 dv-cinder-809420-1-iscsi devstack@c-api.service[101021]: DEBUG cinder.api.openstack.wsgi [None req-ecb8debe-233f-4148-8927-296e8e004fd4 tempest-VolumesDeleteCascade-1219038470 tempest-VolumesDeleteCascade-1219038470-project] Empty body provided in request {{(pid=101021) get_body /opt/stack/cinder/cinder/api/openstack/wsgi.py:703}}
Sep 16 15:10:17.323470 dv-cinder-809420-1-iscsi devstack@c-api.service[101021]: /usr/local/lib/python3.8/dist-packages/webob/acceptparse.py:1047: DeprecationWarning: The behavior of AcceptValidHeader.best_match is currently being maintained for backward compatibility, but it will be deprecated in the future, as it does not conform to the RFC.
Sep 16 15:10:17.323470 dv-cinder-809420-1-iscsi devstack@c-api.service[101021]: warnings.warn(
Sep 16 15:10:17.323757 dv-cinder-809420-1-iscsi devstack@c-api.service[101021]: DEBUG cinder.api.openstack.wsgi [None req-ecb8debe-233f-4148-8927-296e8e004fd4 tempest-VolumesDeleteCascade-1219038470 tempest-VolumesDeleteCascade-1219038470-project] Calling method 'show' {{(pid=101021) _process_stack /opt/stack/cinder/cinder/api/openstack/wsgi.py:856}}
Sep 16 15:10:17.336794 dv-cinder-809420-1-iscsi devstack@c-api.service[101021]: /usr/local/lib/python3.8/dist-packages/oslo_context/context.py:105: DeprecationWarning: Policy enforcement is depending on the value of is_admin. This key is deprecated. Please update your policy file to use the standard policy values.
Sep 16 15:10:17.336794 dv-cinder-809420-1-iscsi devstack@c-api.service[101021]: warnings.warn('Policy enforcement is depending on the value of '
Sep 16 15:10:17.345224 dv-cinder-809420-1-iscsi devstack@c-api.service[101021]: INFO cinder.volume.api [None req-ecb8debe-233f-4148-8927-296e8e004fd4 tempest-VolumesDeleteCascade-1219038470 tempest-VolumesDeleteCascade-1219038470-project] Volume info retrieved successfully.
Sep 16 15:10:17.371664 dv-cinder-809420-1-iscsi devstack@c-api.service[101021]: INFO cinder.api.openstack.wsgi [None req-ecb8debe-233f-4148-8927-296e8e004fd4 tempest-VolumesDeleteCascade-1219038470 tempest-VolumesDeleteCascade-1219038470-project] http://10.222.0.52/volume/v3/9b9ee08f22854f0ca7caa7cf873d9dac/volumes/dae2503d-beca-4e9c-be99-ec306848caad returned with HTTP 200
Sep 16 15:10:17.372930 dv-cinder-809420-1-iscsi devstack@c-api.service[101021]: [pid: 101021|app: 0|req: 89/190] 10.222.0.52 () {58 vars in 1325 bytes} [Thu Sep 16 15:10:17 2021] GET /volume/v3/9b9ee08f22854f0ca7caa7cf873d9dac/volumes/dae2503d-beca-4e9c-be99-ec306848caad => generated 913 bytes in 54 msecs (HTTP/1.1 200) 7 headers in 285 bytes (1 switches on core 0)
Sep 16 15:10:17.388087 dv-cinder-809420-1-iscsi devstack@c-api.service[101020]: INFO cinder.api.openstack.wsgi [None req-562024e3-29be-4a72-a7a1-c83ae518e6a2 tempest-VolumesDeleteCascade-1219038470 tempest-VolumesDeleteCascade-1219038470-project] POST http://10.222.0.52/volume/v3/9b9ee08f22854f0ca7caa7cf873d9dac/snapshots
Sep 16 15:10:17.388535 dv-cinder-809420-1-iscsi devstack@c-api.service[101020]: /usr/local/lib/python3.8/dist-packages/webob/acceptparse.py:1047: DeprecationWarning: The behavior of AcceptValidHeader.best_match is currently being maintained for backward compatibility, but it will be deprecated in the future, as it does not conform to the RFC.
Sep 16 15:10:17.388535 dv-cinder-809420-1-iscsi devstack@c-api.service[101020]: warnings.warn(
Sep 16 15:10:17.388831 dv-cinder-809420-1-iscsi devstack@c-api.service[101020]: DEBUG cinder.api.openstack.wsgi [None req-562024e3-29be-4a72-a7a1-c83ae518e6a2 tempest-VolumesDeleteCascade-1219038470 tempest-VolumesDeleteCascade-1219038470-project] Action: 'create', calling method: create, body: {"snapshot": {"volume_id": "dae2503d-beca-4e9c-be99-ec306848caad", "name": "tempest-VolumesDeleteCascade-Snapshot-1287173633"}} {{(pid=101020) _process_stack /opt/stack/cinder/cinder/api/openstack/wsgi.py:854}}
Sep 16 15:10:17.405533 dv-cinder-809420-1-iscsi devstack@c-api.service[101020]: /usr/local/lib/python3.8/dist-packages/oslo_context/context.py:105: DeprecationWarning: Policy enforcement is depending on the value of is_admin. This key is deprecated. Please update your policy file to use the standard policy values.
Sep 16 15:10:17.405533 dv-cinder-809420-1-iscsi devstack@c-api.service[101020]: warnings.warn('Policy enforcement is depending on the value of '
Sep 16 15:10:17.406591 dv-cinder-809420-1-iscsi devstack@c-api.service[101020]: INFO cinder.volume.api [None req-562024e3-29be-4a72-a7a1-c83ae518e6a2 tempest-VolumesDeleteCascade-1219038470 tempest-VolumesDeleteCascade-1219038470-project] Volume info retrieved successfully.
Sep 16 15:10:17.406934 dv-cinder-809420-1-iscsi devstack@c-api.service[101020]: INFO cinder.api.v3.snapshots [None req-562024e3-29be-4a72-a7a1-c83ae518e6a2 tempest-VolumesDeleteCascade-1219038470 tempest-VolumesDeleteCascade-1219038470-project] Create snapshot from volume dae2503d-beca-4e9c-be99-ec306848caad
Sep 16 15:10:17.442451 dv-cinder-809420-1-iscsi devstack@c-api.service[101021]: INFO cinder.api.openstack.wsgi [None req-a178515d-6af0-4a98-965a-09a3e6056494 tempest-AttachVolumeNegativeTest-917346821 tempest-AttachVolumeNegativeTest-917346821-project] GET http://10.222.0.52/volume/v3/e996f34b557847edaec9995df7fab9c1/volumes/0af8b844-18b6-43bd-a5db-c9da16d98dcd
Sep 16 15:10:17.443409 dv-cinder-809420-1-iscsi devstack@c-api.service[101021]: DEBUG cinder.api.openstack.wsgi [None req-a178515d-6af0-4a98-965a-09a3e6056494 tempest-AttachVolumeNegativeTest-917346821 tempest-AttachVolumeNegativeTest-917346821-project] Empty body provided in request {{(pid=101021) get_body /opt/stack/cinder/cinder/api/openstack/wsgi.py:703}}
Sep 16 15:10:17.443813 dv-cinder-809420-1-iscsi devstack@c-api.service[101021]: /usr/local/lib/python3.8/dist-packages/webob/acceptparse.py:1047: DeprecationWarning: The behavior of AcceptValidHeader.best_match is currently being maintained for backward compatibility, but it will be deprecated in the future, as it does not conform to the RFC.
Sep 16 15:10:17.443813 dv-cinder-809420-1-iscsi devstack@c-api.service[101021]: warnings.warn(
Sep 16 15:10:17.444229 dv-cinder-809420-1-iscsi devstack@c-api.service[101021]: DEBUG cinder.api.openstack.wsgi [None req-a178515d-6af0-4a98-965a-09a3e6056494 tempest-AttachVolumeNegativeTest-917346821 tempest-AttachVolumeNegativeTest-917346821-project] Calling method 'show' {{(pid=101021) _process_stack /opt/stack/cinder/cinder/api/openstack/wsgi.py:856}}
Sep 16 15:10:17.461474 dv-cinder-809420-1-iscsi devstack@c-api.service[101021]: /usr/local/lib/python3.8/dist-packages/oslo_context/context.py:105: DeprecationWarning: Policy enforcement is depending on the value of is_admin. This key is deprecated. Please update your policy file to use the standard policy values.
Sep 16 15:10:17.461474 dv-cinder-809420-1-iscsi devstack@c-api.service[101021]: warnings.warn('Policy enforcement is depending on the value of '
Sep 16 15:10:17.471517 dv-cinder-809420-1-iscsi devstack@c-api.service[101020]: DEBUG cinder.quota [None req-562024e3-29be-4a72-a7a1-c83ae518e6a2 tempest-VolumesDeleteCascade-1219038470 tempest-VolumesDeleteCascade-1219038470-project] Created reservations ['c5a6c49d-17c9-4ecf-a131-8895990191d9', 'b3b0e8a6-6dc3-4d67-9ef1-07308f8e7988', 'f1ca0d90-c71a-414a-8cf7-752bd94767d8', '2eceee16-9d68-4d79-ba47-c3d144b7312a'] {{(pid=101020) reserve /opt/stack/cinder/cinder/quota.py:755}}
Sep 16 15:10:17.471821 dv-cinder-809420-1-iscsi devstack@c-api.service[101021]: INFO cinder.volume.api [None req-a178515d-6af0-4a98-965a-09a3e6056494 tempest-AttachVolumeNegativeTest-917346821 tempest-AttachVolumeNegativeTest-917346821-project] Volume info retrieved successfully.
Sep 16 15:10:17.486678 dv-cinder-809420-1-iscsi devstack@c-api.service[101021]: /usr/local/lib/python3.8/dist-packages/oslo_context/context.py:105: DeprecationWarning: Policy enforcement is depending on the value of is_admin. This key is deprecated. Please update your policy file to use the standard policy values.
Sep 16 15:10:17.486678 dv-cinder-809420-1-iscsi devstack@c-api.service[101021]: warnings.warn('Policy enforcement is depending on the value of '
Sep 16 15:10:17.506028 dv-cinder-809420-1-iscsi devstack@c-api.service[101021]: INFO cinder.api.openstack.wsgi [None req-a178515d-6af0-4a98-965a-09a3e6056494 tempest-AttachVolumeNegativeTest-917346821 tempest-AttachVolumeNegativeTest-917346821-project] http://10.222.0.52/volume/v3/e996f34b557847edaec9995df7fab9c1/volumes/0af8b844-18b6-43bd-a5db-c9da16d98dcd returned with HTTP 200
Sep 16 15:10:17.515106 dv-cinder-809420-1-iscsi devstack@c-api.service[101021]: [pid: 101021|app: 0|req: 90/191] 10.222.0.52 () {58 vars in 1325 bytes} [Thu Sep 16 15:10:17 2021] GET /volume/v3/e996f34b557847edaec9995df7fab9c1/volumes/0af8b844-18b6-43bd-a5db-c9da16d98dcd => generated 915 bytes in 76 msecs (HTTP/1.1 200) 7 headers in 285 bytes (2 switches on core 0)
Sep 16 15:10:17.543939 dv-cinder-809420-1-iscsi devstack@c-api.service[101020]: INFO cinder.volume.api [None req-562024e3-29be-4a72-a7a1-c83ae518e6a2 tempest-VolumesDeleteCascade-1219038470 tempest-VolumesDeleteCascade-1219038470-project] Snapshot create request issued successfully.
Sep 16 15:10:17.544974 dv-cinder-809420-1-iscsi devstack@c-api.service[101020]: INFO cinder.api.openstack.wsgi [None req-562024e3-29be-4a72-a7a1-c83ae518e6a2 tempest-VolumesDeleteCascade-1219038470 tempest-VolumesDeleteCascade-1219038470-project] http://10.222.0.52/volume/v3/9b9ee08f22854f0ca7caa7cf873d9dac/snapshots returned with HTTP 202
Sep 16 15:10:17.546157 dv-cinder-809420-1-iscsi devstack@c-api.service[101020]: [pid: 101020|app: 0|req: 102/192] 10.222.0.52 () {60 vars in 1242 bytes} [Thu Sep 16 15:10:17 2021] POST /volume/v3/9b9ee08f22854f0ca7caa7cf873d9dac/snapshots => generated 307 bytes in 163 msecs (HTTP/1.1 202) 7 headers in 291 bytes (2 switches on core 0)
Sep 16 15:10:17.556901 dv-cinder-809420-1-iscsi devstack@c-api.service[101021]: INFO cinder.api.openstack.wsgi [None req-56656c5d-197f-4770-b884-71f37f7e8e30 tempest-VolumesDeleteCascade-1219038470 tempest-VolumesDeleteCascade-1219038470-project] GET http://10.222.0.52/volume/v3/9b9ee08f22854f0ca7caa7cf873d9dac/snapshots/98c9677c-e391-40df-b888-98454edc9016
Sep 16 15:10:17.557684 dv-cinder-809420-1-iscsi devstack@c-api.service[101021]: DEBUG cinder.api.openstack.wsgi [None req-56656c5d-197f-4770-b884-71f37f7e8e30 tempest-VolumesDeleteCascade-1219038470 tempest-VolumesDeleteCascade-1219038470-project] Empty body provided in request {{(pid=101021) get_body /opt/stack/cinder/cinder/api/openstack/wsgi.py:703}}
Sep 16 15:10:17.557903 dv-cinder-809420-1-iscsi devstack@c-api.service[101021]: /usr/local/lib/python3.8/dist-packages/webob/acceptparse.py:1047: DeprecationWarning: The behavior of AcceptValidHeader.best_match is currently being maintained for backward compatibility, but it will be deprecated in the future, as it does not conform to the RFC.
Sep 16 15:10:17.557903 dv-cinder-809420-1-iscsi devstack@c-api.service[101021]: warnings.warn(
Sep 16 15:10:17.558382 dv-cinder-809420-1-iscsi devstack@c-api.service[101021]: DEBUG cinder.api.openstack.wsgi [None req-56656c5d-197f-4770-b884-71f37f7e8e30 tempest-VolumesDeleteCascade-1219038470 tempest-VolumesDeleteCascade-1219038470-project] Calling method 'show' {{(pid=101021) _process_stack /opt/stack/cinder/cinder/api/openstack/wsgi.py:856}}
Sep 16 15:10:17.568389 dv-cinder-809420-1-iscsi devstack@c-api.service[101021]: /usr/local/lib/python3.8/dist-packages/oslo_context/context.py:105: DeprecationWarning: Policy enforcement is depending on the value of is_admin. This key is deprecated. Please update your policy file to use the standard policy values.
Sep 16 15:10:17.568389 dv-cinder-809420-1-iscsi devstack@c-api.service[101021]: warnings.warn('Policy enforcement is depending on the value of '
Sep 16 15:10:17.569400 dv-cinder-809420-1-iscsi devstack@c-api.service[101021]: INFO cinder.volume.api [None req-56656c5d-197f-4770-b884-71f37f7e8e30 tempest-VolumesDeleteCascade-1219038470 tempest-VolumesDeleteCascade-1219038470-project] Snapshot retrieved successfully.
Sep 16 15:10:17.571243 dv-cinder-809420-1-iscsi devstack@c-api.service[101021]: INFO cinder.api.openstack.wsgi [None req-56656c5d-197f-4770-b884-71f37f7e8e30 tempest-VolumesDeleteCascade-1219038470 tempest-VolumesDeleteCascade-1219038470-project] http://10.222.0.52/volume/v3/9b9ee08f22854f0ca7caa7cf873d9dac/snapshots/98c9677c-e391-40df-b888-98454edc9016 returned with HTTP 200
Sep 16 15:10:17.572041 dv-cinder-809420-1-iscsi devstack@c-api.service[101021]: [pid: 101021|app: 0|req: 91/193] 10.222.0.52 () {58 vars in 1331 bytes} [Thu Sep 16 15:10:17 2021] GET /volume/v3/9b9ee08f22854f0ca7caa7cf873d9dac/snapshots/98c9677c-e391-40df-b888-98454edc9016 => generated 439 bytes in 20 msecs (HTTP/1.1 200) 7 headers in 285 bytes (2 switches on core 0)
Sep 16 15:10:17.600409 dv-cinder-809420-1-iscsi devstack@c-api.service[101020]: INFO cinder.api.openstack.wsgi [None req-bf1e9be8-e870-472d-a748-b990fed4bfdf tempest-DeleteServersTestJSON-1758990727 tempest-DeleteServersTestJSON-1758990727-project] GET http://10.222.0.52/volume/v3/c029949eecb24ce594e39d49d26ea082/volumes/9af4ff30-a953-4020-bba7-630cc6c1ae7d
Sep 16 15:10:17.600860 dv-cinder-809420-1-iscsi devstack@c-api.service[101020]: DEBUG cinder.api.openstack.wsgi [None req-bf1e9be8-e870-472d-a748-b990fed4bfdf tempest-DeleteServersTestJSON-1758990727 tempest-DeleteServersTestJSON-1758990727-project] Empty body provided in request {{(pid=101020) get_body /opt/stack/cinder/cinder/api/openstack/wsgi.py:703}}
Sep 16 15:10:17.601036 dv-cinder-809420-1-iscsi devstack@c-api.service[101020]: /usr/local/lib/python3.8/dist-packages/webob/acceptparse.py:1047: DeprecationWarning: The behavior of AcceptValidHeader.best_match is currently being maintained for backward compatibility, but it will be deprecated in the future, as it does not conform to the RFC.
Sep 16 15:10:17.601036 dv-cinder-809420-1-iscsi devstack@c-api.service[101020]: warnings.warn(
Sep 16 15:10:17.601363 dv-cinder-809420-1-iscsi devstack@c-api.service[101020]: DEBUG cinder.api.openstack.wsgi [None req-bf1e9be8-e870-472d-a748-b990fed4bfdf tempest-DeleteServersTestJSON-1758990727 tempest-DeleteServersTestJSON-1758990727-project] Calling method 'show' {{(pid=101020) _process_stack /opt/stack/cinder/cinder/api/openstack/wsgi.py:856}}
Sep 16 15:10:17.616032 dv-cinder-809420-1-iscsi devstack@c-api.service[101020]: /usr/local/lib/python3.8/dist-packages/oslo_context/context.py:105: DeprecationWarning: Policy enforcement is depending on the value of is_admin. This key is deprecated. Please update your policy file to use the standard policy values.
