Sep 16 19:12:30.496450 dv-cinder-809417-2-iscsi devstack@c-api.service[100992]: DEBUG cinder.api.openstack.wsgi [None req-3598e209-2586-477a-ba12-06d700160067 tempest-VolumeSnapshotQuotasNegativeTestJSON-1212057908 tempest-VolumeSnapshotQuotasNegativeTestJSON-1212057908-project] Empty body provided in request {{(pid=100992) get_body /opt/stack/cinder/cinder/api/openstack/wsgi.py:703}}
Sep 16 19:12:30.496526 dv-cinder-809417-2-iscsi devstack@c-api.service[100992]: /usr/local/lib/python3.8/dist-packages/webob/acceptparse.py:1047: DeprecationWarning: The behavior of AcceptValidHeader.best_match is currently being maintained for backward compatibility, but it will be deprecated in the future, as it does not conform to the RFC.
Sep 16 19:12:30.496526 dv-cinder-809417-2-iscsi devstack@c-api.service[100992]: warnings.warn(
Sep 16 19:12:30.496774 dv-cinder-809417-2-iscsi devstack@c-api.service[100992]: DEBUG cinder.api.openstack.wsgi [None req-3598e209-2586-477a-ba12-06d700160067 tempest-VolumeSnapshotQuotasNegativeTestJSON-1212057908 tempest-VolumeSnapshotQuotasNegativeTestJSON-1212057908-project] Calling method 'show' {{(pid=100992) _process_stack /opt/stack/cinder/cinder/api/openstack/wsgi.py:856}}
Sep 16 19:12:30.500245 dv-cinder-809417-2-iscsi devstack@c-api.service[100991]: INFO cinder.api.openstack.wsgi [None req-232b682a-6b2a-46f5-94b0-7afbf2de2702 tempest-GroupTypesTest-1425115118 tempest-GroupTypesTest-1425115118-project-admin] POST http://10.222.0.46/volume/v3/08a16d78b0674904961d88a4cb5017ec/group_types
Sep 16 19:12:30.500910 dv-cinder-809417-2-iscsi devstack@c-api.service[100991]: /usr/local/lib/python3.8/dist-packages/webob/acceptparse.py:1047: DeprecationWarning: The behavior of AcceptValidHeader.best_match is currently being maintained for backward compatibility, but it will be deprecated in the future, as it does not conform to the RFC.
Sep 16 19:12:30.500910 dv-cinder-809417-2-iscsi devstack@c-api.service[100991]: warnings.warn(
Sep 16 19:12:30.502017 dv-cinder-809417-2-iscsi devstack@c-api.service[100991]: DEBUG cinder.api.openstack.wsgi [None req-232b682a-6b2a-46f5-94b0-7afbf2de2702 tempest-GroupTypesTest-1425115118 tempest-GroupTypesTest-1425115118-project-admin] Action: 'create', calling method: version_select, body: {"group_type": {"name": "tempest-GroupTypesTest-group-type-1998577836", "description": "tempest-group-type-description-738030148", "group_specs": {"consistent_group_snapshot_enabled": " False"}, "is_public": true}} {{(pid=100991) _process_stack /opt/stack/cinder/cinder/api/openstack/wsgi.py:854}}
Sep 16 19:12:30.518646 dv-cinder-809417-2-iscsi devstack@c-api.service[100992]: /usr/local/lib/python3.8/dist-packages/oslo_context/context.py:105: DeprecationWarning: Policy enforcement is depending on the value of is_admin. This key is deprecated. Please update your policy file to use the standard policy values.
Sep 16 19:12:30.518646 dv-cinder-809417-2-iscsi devstack@c-api.service[100992]: warnings.warn('Policy enforcement is depending on the value of '
Sep 16 19:12:30.526143 dv-cinder-809417-2-iscsi devstack@c-api.service[100992]: INFO cinder.volume.api [None req-3598e209-2586-477a-ba12-06d700160067 tempest-VolumeSnapshotQuotasNegativeTestJSON-1212057908 tempest-VolumeSnapshotQuotasNegativeTestJSON-1212057908-project] Snapshot retrieved successfully.
Sep 16 19:12:30.528941 dv-cinder-809417-2-iscsi devstack@c-api.service[100992]: INFO cinder.api.openstack.wsgi [None req-3598e209-2586-477a-ba12-06d700160067 tempest-VolumeSnapshotQuotasNegativeTestJSON-1212057908 tempest-VolumeSnapshotQuotasNegativeTestJSON-1212057908-project] http://10.222.0.46/volume/v3/a6ad0bdb76774fff8deae6e1e6c01a5a/snapshots/49776c73-68ba-49f8-b42a-47141fcd3121 returned with HTTP 200
Sep 16 19:12:30.529681 dv-cinder-809417-2-iscsi devstack@c-api.service[100992]: [pid: 100992|app: 0|req: 76/143] 10.222.0.46 () {58 vars in 1331 bytes} [Thu Sep 16 19:12:30 2021] GET /volume/v3/a6ad0bdb76774fff8deae6e1e6c01a5a/snapshots/49776c73-68ba-49f8-b42a-47141fcd3121 => generated 481 bytes in 39 msecs (HTTP/1.1 200) 7 headers in 285 bytes (2 switches on core 0)
Sep 16 19:12:30.543240 dv-cinder-809417-2-iscsi devstack@c-api.service[100992]: INFO cinder.api.openstack.wsgi [None req-0e6a5b61-0d05-4776-93ca-7414a5f746b2 tempest-VolumeSnapshotQuotasNegativeTestJSON-2049168350 tempest-VolumeSnapshotQuotasNegativeTestJSON-2049168350-project-admin] PUT http://10.222.0.46/volume/v3/d0e37b22e82a4915b27482f5ba610e6c/os-quota-sets/a6ad0bdb76774fff8deae6e1e6c01a5a
Sep 16 19:12:30.543630 dv-cinder-809417-2-iscsi devstack@c-api.service[100992]: /usr/local/lib/python3.8/dist-packages/webob/acceptparse.py:1047: DeprecationWarning: The behavior of AcceptValidHeader.best_match is currently being maintained for backward compatibility, but it will be deprecated in the future, as it does not conform to the RFC.
Sep 16 19:12:30.543630 dv-cinder-809417-2-iscsi devstack@c-api.service[100992]: warnings.warn(
Sep 16 19:12:30.546272 dv-cinder-809417-2-iscsi devstack@c-api.service[100992]: DEBUG cinder.api.openstack.wsgi [None req-0e6a5b61-0d05-4776-93ca-7414a5f746b2 tempest-VolumeSnapshotQuotasNegativeTestJSON-2049168350 tempest-VolumeSnapshotQuotasNegativeTestJSON-2049168350-project-admin] Action: 'update', calling method: update, body: {"quota_set": {"gigabytes": 2, "volumes": 1, "snapshots": 2}} {{(pid=100992) _process_stack /opt/stack/cinder/cinder/api/openstack/wsgi.py:854}}
Sep 16 19:12:30.563094 dv-cinder-809417-2-iscsi devstack@c-api.service[100991]: INFO cinder.api.openstack.wsgi [None req-232b682a-6b2a-46f5-94b0-7afbf2de2702 tempest-GroupTypesTest-1425115118 tempest-GroupTypesTest-1425115118-project-admin] http://10.222.0.46/volume/v3/08a16d78b0674904961d88a4cb5017ec/group_types returned with HTTP 202
Sep 16 19:12:30.570173 dv-cinder-809417-2-iscsi devstack@c-api.service[100991]: [pid: 100991|app: 0|req: 68/144] 10.222.0.46 () {62 vars in 1289 bytes} [Thu Sep 16 19:12:30 2021] POST /volume/v3/08a16d78b0674904961d88a4cb5017ec/group_types => generated 264 bytes in 201 msecs (HTTP/1.1 202) 7 headers in 292 bytes (1 switches on core 0)
Sep 16 19:12:30.575009 dv-cinder-809417-2-iscsi devstack@c-api.service[100991]: INFO cinder.api.openstack.wsgi [None req-fcb202bb-9ebd-4162-b565-54d3366486f9 tempest-GroupTypesTest-1425115118 tempest-GroupTypesTest-1425115118-project-admin] GET http://10.222.0.46/volume/v3/08a16d78b0674904961d88a4cb5017ec/group_types
Sep 16 19:12:30.575685 dv-cinder-809417-2-iscsi devstack@c-api.service[100991]: DEBUG cinder.api.openstack.wsgi [None req-fcb202bb-9ebd-4162-b565-54d3366486f9 tempest-GroupTypesTest-1425115118 tempest-GroupTypesTest-1425115118-project-admin] Empty body provided in request {{(pid=100991) get_body /opt/stack/cinder/cinder/api/openstack/wsgi.py:703}}
Sep 16 19:12:30.576242 dv-cinder-809417-2-iscsi devstack@c-api.service[100991]: DEBUG cinder.api.openstack.wsgi [None req-fcb202bb-9ebd-4162-b565-54d3366486f9 tempest-GroupTypesTest-1425115118 tempest-GroupTypesTest-1425115118-project-admin] Calling method 'version_select' {{(pid=100991) _process_stack /opt/stack/cinder/cinder/api/openstack/wsgi.py:856}}
Sep 16 19:12:30.604836 dv-cinder-809417-2-iscsi devstack@c-api.service[100991]: INFO cinder.api.openstack.wsgi [None req-fcb202bb-9ebd-4162-b565-54d3366486f9 tempest-GroupTypesTest-1425115118 tempest-GroupTypesTest-1425115118-project-admin] http://10.222.0.46/volume/v3/08a16d78b0674904961d88a4cb5017ec/group_types returned with HTTP 200
Sep 16 19:12:30.611381 dv-cinder-809417-2-iscsi devstack@c-api.service[100991]: [pid: 100991|app: 0|req: 69/145] 10.222.0.46 () {60 vars in 1267 bytes} [Thu Sep 16 19:12:30 2021] GET /volume/v3/08a16d78b0674904961d88a4cb5017ec/group_types => generated 498 bytes in 40 msecs (HTTP/1.1 200) 7 headers in 286 bytes (1 switches on core 0)
Sep 16 19:12:30.624618 dv-cinder-809417-2-iscsi devstack@c-api.service[100991]: INFO cinder.api.openstack.wsgi [None req-d7d1b881-8062-4412-8a8c-0c41426f9a58 tempest-GroupTypesTest-1425115118 tempest-GroupTypesTest-1425115118-project-admin] PUT http://10.222.0.46/volume/v3/08a16d78b0674904961d88a4cb5017ec/group_types/a04369f8-c45e-4726-b758-8bf5e1bcdd76
Sep 16 19:12:30.625489 dv-cinder-809417-2-iscsi devstack@c-api.service[100991]: DEBUG cinder.api.openstack.wsgi [None req-d7d1b881-8062-4412-8a8c-0c41426f9a58 tempest-GroupTypesTest-1425115118 tempest-GroupTypesTest-1425115118-project-admin] Action: 'update', calling method: version_select, body: {"group_type": {"name": "tempest-GroupTypesTest-updated-group-type-55992916", "description": "updated-group-type-desc"}} {{(pid=100991) _process_stack /opt/stack/cinder/cinder/api/openstack/wsgi.py:854}}
Sep 16 19:12:30.659344 dv-cinder-809417-2-iscsi devstack@c-api.service[100991]: INFO cinder.api.openstack.wsgi [None req-d7d1b881-8062-4412-8a8c-0c41426f9a58 tempest-GroupTypesTest-1425115118 tempest-GroupTypesTest-1425115118-project-admin] http://10.222.0.46/volume/v3/08a16d78b0674904961d88a4cb5017ec/group_types/a04369f8-c45e-4726-b758-8bf5e1bcdd76 returned with HTTP 200
Sep 16 19:12:30.660163 dv-cinder-809417-2-iscsi devstack@c-api.service[100991]: [pid: 100991|app: 0|req: 70/146] 10.222.0.46 () {62 vars in 1399 bytes} [Thu Sep 16 19:12:30 2021] PUT /volume/v3/08a16d78b0674904961d88a4cb5017ec/group_types/a04369f8-c45e-4726-b758-8bf5e1bcdd76 => generated 253 bytes in 47 msecs (HTTP/1.1 200) 7 headers in 286 bytes (1 switches on core 0)
Sep 16 19:12:30.680363 dv-cinder-809417-2-iscsi devstack@c-api.service[100991]: INFO cinder.api.openstack.wsgi [None req-ef556cec-a5b0-44ae-8866-0205ef265ad4 tempest-GroupTypesTest-1425115118 tempest-GroupTypesTest-1425115118-project-admin] GET http://10.222.0.46/volume/v3/08a16d78b0674904961d88a4cb5017ec/group_types/a04369f8-c45e-4726-b758-8bf5e1bcdd76
Sep 16 19:12:30.683905 dv-cinder-809417-2-iscsi devstack@c-api.service[100991]: DEBUG cinder.api.openstack.wsgi [None req-ef556cec-a5b0-44ae-8866-0205ef265ad4 tempest-GroupTypesTest-1425115118 tempest-GroupTypesTest-1425115118-project-admin] Empty body provided in request {{(pid=100991) get_body /opt/stack/cinder/cinder/api/openstack/wsgi.py:703}}
Sep 16 19:12:30.684379 dv-cinder-809417-2-iscsi devstack@c-api.service[100991]: DEBUG cinder.api.openstack.wsgi [None req-ef556cec-a5b0-44ae-8866-0205ef265ad4 tempest-GroupTypesTest-1425115118 tempest-GroupTypesTest-1425115118-project-admin] Calling method 'version_select' {{(pid=100991) _process_stack /opt/stack/cinder/cinder/api/openstack/wsgi.py:856}}
Sep 16 19:12:30.699186 dv-cinder-809417-2-iscsi devstack@c-api.service[100991]: INFO cinder.api.openstack.wsgi [None req-ef556cec-a5b0-44ae-8866-0205ef265ad4 tempest-GroupTypesTest-1425115118 tempest-GroupTypesTest-1425115118-project-admin] http://10.222.0.46/volume/v3/08a16d78b0674904961d88a4cb5017ec/group_types/a04369f8-c45e-4726-b758-8bf5e1bcdd76 returned with HTTP 200
Sep 16 19:12:30.707657 dv-cinder-809417-2-iscsi devstack@c-api.service[100991]: [pid: 100991|app: 0|req: 71/147] 10.222.0.46 () {60 vars in 1378 bytes} [Thu Sep 16 19:12:30 2021] GET /volume/v3/08a16d78b0674904961d88a4cb5017ec/group_types/a04369f8-c45e-4726-b758-8bf5e1bcdd76 => generated 253 bytes in 39 msecs (HTTP/1.1 200) 7 headers in 286 bytes (1 switches on core 0)
Sep 16 19:12:30.716454 dv-cinder-809417-2-iscsi devstack@c-api.service[100991]: INFO cinder.api.openstack.wsgi [None req-9c3eee1e-255c-4a7c-85fd-860d54756fdc tempest-GroupTypesTest-1425115118 tempest-GroupTypesTest-1425115118-project-admin] DELETE http://10.222.0.46/volume/v3/08a16d78b0674904961d88a4cb5017ec/group_types/a04369f8-c45e-4726-b758-8bf5e1bcdd76
Sep 16 19:12:30.716967 dv-cinder-809417-2-iscsi devstack@c-api.service[100991]: DEBUG cinder.api.openstack.wsgi [None req-9c3eee1e-255c-4a7c-85fd-860d54756fdc tempest-GroupTypesTest-1425115118 tempest-GroupTypesTest-1425115118-project-admin] Empty body provided in request {{(pid=100991) get_body /opt/stack/cinder/cinder/api/openstack/wsgi.py:703}}
Sep 16 19:12:30.717382 dv-cinder-809417-2-iscsi devstack@c-api.service[100991]: DEBUG cinder.api.openstack.wsgi [None req-9c3eee1e-255c-4a7c-85fd-860d54756fdc tempest-GroupTypesTest-1425115118 tempest-GroupTypesTest-1425115118-project-admin] Calling method 'version_select' {{(pid=100991) _process_stack /opt/stack/cinder/cinder/api/openstack/wsgi.py:856}}
Sep 16 19:12:30.721604 dv-cinder-809417-2-iscsi devstack@c-api.service[100992]: INFO cinder.api.openstack.wsgi [None req-0e6a5b61-0d05-4776-93ca-7414a5f746b2 tempest-VolumeSnapshotQuotasNegativeTestJSON-2049168350 tempest-VolumeSnapshotQuotasNegativeTestJSON-2049168350-project-admin] http://10.222.0.46/volume/v3/d0e37b22e82a4915b27482f5ba610e6c/os-quota-sets/a6ad0bdb76774fff8deae6e1e6c01a5a returned with HTTP 200
Sep 16 19:12:30.723051 dv-cinder-809417-2-iscsi devstack@c-api.service[100992]: [pid: 100992|app: 0|req: 77/148] 10.222.0.46 () {60 vars in 1351 bytes} [Thu Sep 16 19:12:30 2021] PUT /volume/v3/d0e37b22e82a4915b27482f5ba610e6c/os-quota-sets/a6ad0bdb76774fff8deae6e1e6c01a5a => generated 314 bytes in 186 msecs (HTTP/1.1 200) 7 headers in 285 bytes (1 switches on core 0)
Sep 16 19:12:30.746505 dv-cinder-809417-2-iscsi devstack@c-api.service[100992]: INFO cinder.api.openstack.wsgi [None req-43c7a09f-0664-43ca-bdcf-84ecaefb0365 tempest-VolumeSnapshotQuotasNegativeTestJSON-1212057908 tempest-VolumeSnapshotQuotasNegativeTestJSON-1212057908-project] POST http://10.222.0.46/volume/v3/a6ad0bdb76774fff8deae6e1e6c01a5a/snapshots
Sep 16 19:12:30.747571 dv-cinder-809417-2-iscsi devstack@c-api.service[100992]: DEBUG cinder.api.openstack.wsgi [None req-43c7a09f-0664-43ca-bdcf-84ecaefb0365 tempest-VolumeSnapshotQuotasNegativeTestJSON-1212057908 tempest-VolumeSnapshotQuotasNegativeTestJSON-1212057908-project] Action: 'create', calling method: create, body: {"snapshot": {"volume_id": "91992765-6383-4443-9e03-28682ef67fe7"}} {{(pid=100992) _process_stack /opt/stack/cinder/cinder/api/openstack/wsgi.py:854}}
Sep 16 19:12:30.766736 dv-cinder-809417-2-iscsi devstack@c-api.service[100991]: INFO cinder.api.openstack.wsgi [None req-9c3eee1e-255c-4a7c-85fd-860d54756fdc tempest-GroupTypesTest-1425115118 tempest-GroupTypesTest-1425115118-project-admin] http://10.222.0.46/volume/v3/08a16d78b0674904961d88a4cb5017ec/group_types/a04369f8-c45e-4726-b758-8bf5e1bcdd76 returned with HTTP 202
Sep 16 19:12:30.768981 dv-cinder-809417-2-iscsi devstack@c-api.service[100991]: [pid: 100991|app: 0|req: 72/149] 10.222.0.46 () {60 vars in 1381 bytes} [Thu Sep 16 19:12:30 2021] DELETE /volume/v3/08a16d78b0674904961d88a4cb5017ec/group_types/a04369f8-c45e-4726-b758-8bf5e1bcdd76 => generated 0 bytes in 61 msecs (HTTP/1.1 202) 6 headers in 234 bytes (1 switches on core 0)
Sep 16 19:12:30.780293 dv-cinder-809417-2-iscsi devstack@c-api.service[100991]: INFO cinder.api.openstack.wsgi [None req-844ba554-bb13-4740-a26e-e669314a47b8 tempest-VolumeQuotasAdminTestJSON-307003273 tempest-VolumeQuotasAdminTestJSON-307003273-project] GET http://10.222.0.46/volume/v3/671fd9e94e8d4e789ade02cf361903c7/volumes/4d976a06-5d63-44fe-8bcc-047cadda8963
Sep 16 19:12:30.781068 dv-cinder-809417-2-iscsi devstack@c-api.service[100991]: DEBUG cinder.api.openstack.wsgi [None req-844ba554-bb13-4740-a26e-e669314a47b8 tempest-VolumeQuotasAdminTestJSON-307003273 tempest-VolumeQuotasAdminTestJSON-307003273-project] Empty body provided in request {{(pid=100991) get_body /opt/stack/cinder/cinder/api/openstack/wsgi.py:703}}
Sep 16 19:12:30.782570 dv-cinder-809417-2-iscsi devstack@c-api.service[100991]: DEBUG cinder.api.openstack.wsgi [None req-844ba554-bb13-4740-a26e-e669314a47b8 tempest-VolumeQuotasAdminTestJSON-307003273 tempest-VolumeQuotasAdminTestJSON-307003273-project] Calling method 'show' {{(pid=100991) _process_stack /opt/stack/cinder/cinder/api/openstack/wsgi.py:856}}
Sep 16 19:12:30.801776 dv-cinder-809417-2-iscsi devstack@c-api.service[100992]: /usr/local/lib/python3.8/dist-packages/oslo_context/context.py:105: DeprecationWarning: Policy enforcement is depending on the value of is_admin. This key is deprecated. Please update your policy file to use the standard policy values.
Sep 16 19:12:30.801776 dv-cinder-809417-2-iscsi devstack@c-api.service[100992]: warnings.warn('Policy enforcement is depending on the value of '
Sep 16 19:12:30.807633 dv-cinder-809417-2-iscsi devstack@c-api.service[100992]: INFO cinder.volume.api [None req-43c7a09f-0664-43ca-bdcf-84ecaefb0365 tempest-VolumeSnapshotQuotasNegativeTestJSON-1212057908 tempest-VolumeSnapshotQuotasNegativeTestJSON-1212057908-project] Volume info retrieved successfully.
Sep 16 19:12:30.808291 dv-cinder-809417-2-iscsi devstack@c-api.service[100992]: INFO cinder.api.v3.snapshots [None req-43c7a09f-0664-43ca-bdcf-84ecaefb0365 tempest-VolumeSnapshotQuotasNegativeTestJSON-1212057908 tempest-VolumeSnapshotQuotasNegativeTestJSON-1212057908-project] Create snapshot from volume 91992765-6383-4443-9e03-28682ef67fe7
Sep 16 19:12:30.815506 dv-cinder-809417-2-iscsi devstack@c-api.service[100991]: /usr/local/lib/python3.8/dist-packages/oslo_context/context.py:105: DeprecationWarning: Policy enforcement is depending on the value of is_admin. This key is deprecated. Please update your policy file to use the standard policy values.
Sep 16 19:12:30.815506 dv-cinder-809417-2-iscsi devstack@c-api.service[100991]: warnings.warn('Policy enforcement is depending on the value of '
Sep 16 19:12:30.831215 dv-cinder-809417-2-iscsi devstack@c-api.service[100991]: INFO cinder.volume.api [None req-844ba554-bb13-4740-a26e-e669314a47b8 tempest-VolumeQuotasAdminTestJSON-307003273 tempest-VolumeQuotasAdminTestJSON-307003273-project] Volume info retrieved successfully.
Sep 16 19:12:30.864823 dv-cinder-809417-2-iscsi devstack@c-api.service[100991]: INFO cinder.api.openstack.wsgi [None req-844ba554-bb13-4740-a26e-e669314a47b8 tempest-VolumeQuotasAdminTestJSON-307003273 tempest-VolumeQuotasAdminTestJSON-307003273-project] http://10.222.0.46/volume/v3/671fd9e94e8d4e789ade02cf361903c7/volumes/4d976a06-5d63-44fe-8bcc-047cadda8963 returned with HTTP 200
Sep 16 19:12:30.868783 dv-cinder-809417-2-iscsi devstack@c-api.service[100991]: [pid: 100991|app: 0|req: 73/150] 10.222.0.46 () {58 vars in 1325 bytes} [Thu Sep 16 19:12:30 2021] GET /volume/v3/671fd9e94e8d4e789ade02cf361903c7/volumes/4d976a06-5d63-44fe-8bcc-047cadda8963 => generated 917 bytes in 93 msecs (HTTP/1.1 200) 7 headers in 285 bytes (1 switches on core 0)
Sep 16 19:12:30.876625 dv-cinder-809417-2-iscsi devstack@c-api.service[100991]: INFO cinder.api.openstack.wsgi [None req-01c53fb5-505a-4656-b523-fdbe67885323 tempest-VolumesMetadataTest-1203554961 tempest-VolumesMetadataTest-1203554961-project] GET http://10.222.0.46/volume/v3/a356f5ec41dc47889b6cd795e523bcf8/volumes/133ebd7f-d527-4ee0-8bf8-c5fd332d11e4
Sep 16 19:12:30.878767 dv-cinder-809417-2-iscsi devstack@c-api.service[100991]: DEBUG cinder.api.openstack.wsgi [None req-01c53fb5-505a-4656-b523-fdbe67885323 tempest-VolumesMetadataTest-1203554961 tempest-VolumesMetadataTest-1203554961-project] Empty body provided in request {{(pid=100991) get_body /opt/stack/cinder/cinder/api/openstack/wsgi.py:703}}
Sep 16 19:12:30.879115 dv-cinder-809417-2-iscsi devstack@c-api.service[100991]: /usr/local/lib/python3.8/dist-packages/webob/acceptparse.py:1047: DeprecationWarning: The behavior of AcceptValidHeader.best_match is currently being maintained for backward compatibility, but it will be deprecated in the future, as it does not conform to the RFC.
Sep 16 19:12:30.879115 dv-cinder-809417-2-iscsi devstack@c-api.service[100991]: warnings.warn(
Sep 16 19:12:30.882289 dv-cinder-809417-2-iscsi devstack@c-api.service[100991]: DEBUG cinder.api.openstack.wsgi [None req-01c53fb5-505a-4656-b523-fdbe67885323 tempest-VolumesMetadataTest-1203554961 tempest-VolumesMetadataTest-1203554961-project] Calling method 'show' {{(pid=100991) _process_stack /opt/stack/cinder/cinder/api/openstack/wsgi.py:856}}
Sep 16 19:12:30.898839 dv-cinder-809417-2-iscsi devstack@c-api.service[100992]: WARNING cinder.quota_utils [None req-43c7a09f-0664-43ca-bdcf-84ecaefb0365 tempest-VolumeSnapshotQuotasNegativeTestJSON-1212057908 tempest-VolumeSnapshotQuotasNegativeTestJSON-1212057908-project] Quota exceeded for a6ad0bdb76774fff8deae6e1e6c01a5a, tried to create 1G snapshot (2G of 2G already consumed).: cinder.exception.OverQuota: Quota exceeded for resources: ['gigabytes']
Sep 16 19:12:30.899464 dv-cinder-809417-2-iscsi devstack@c-api.service[100992]: INFO cinder.api.middleware.fault [None req-43c7a09f-0664-43ca-bdcf-84ecaefb0365 tempest-VolumeSnapshotQuotasNegativeTestJSON-1212057908 tempest-VolumeSnapshotQuotasNegativeTestJSON-1212057908-project] http://10.222.0.46/volume/v3/a6ad0bdb76774fff8deae6e1e6c01a5a/snapshots returned with HTTP 413
Sep 16 19:12:30.901204 dv-cinder-809417-2-iscsi devstack@c-api.service[100992]: [pid: 100992|app: 0|req: 78/151] 10.222.0.46 () {60 vars in 1241 bytes} [Thu Sep 16 19:12:30 2021] POST /volume/v3/a6ad0bdb76774fff8deae6e1e6c01a5a/snapshots => generated 208 bytes in 173 msecs (HTTP/1.1 413) 8 headers in 323 bytes (2 switches on core 0)
Sep 16 19:12:30.910494 dv-cinder-809417-2-iscsi devstack@c-api.service[100991]: /usr/local/lib/python3.8/dist-packages/oslo_context/context.py:105: DeprecationWarning: Policy enforcement is depending on the value of is_admin. This key is deprecated. Please update your policy file to use the standard policy values.
Sep 16 19:12:30.910494 dv-cinder-809417-2-iscsi devstack@c-api.service[100991]: warnings.warn('Policy enforcement is depending on the value of '
Sep 16 19:12:30.913311 dv-cinder-809417-2-iscsi devstack@c-api.service[100992]: INFO cinder.api.openstack.wsgi [None req-d5cdf6a8-a1f1-4ade-bf41-99d781d4b33e tempest-VolumeSnapshotQuotasNegativeTestJSON-2049168350 tempest-VolumeSnapshotQuotasNegativeTestJSON-2049168350-project-admin] PUT http://10.222.0.46/volume/v3/d0e37b22e82a4915b27482f5ba610e6c/os-quota-sets/a6ad0bdb76774fff8deae6e1e6c01a5a
Sep 16 19:12:30.916351 dv-cinder-809417-2-iscsi devstack@c-api.service[100992]: /usr/local/lib/python3.8/dist-packages/webob/acceptparse.py:1047: DeprecationWarning: The behavior of AcceptValidHeader.best_match is currently being maintained for backward compatibility, but it will be deprecated in the future, as it does not conform to the RFC.
Sep 16 19:12:30.916351 dv-cinder-809417-2-iscsi devstack@c-api.service[100992]: warnings.warn(
Sep 16 19:12:30.917844 dv-cinder-809417-2-iscsi devstack@c-api.service[100992]: DEBUG cinder.api.openstack.wsgi [None req-d5cdf6a8-a1f1-4ade-bf41-99d781d4b33e tempest-VolumeSnapshotQuotasNegativeTestJSON-2049168350 tempest-VolumeSnapshotQuotasNegativeTestJSON-2049168350-project-admin] Action: 'update', calling method: update, body: {"quota_set": {"gigabytes": 3, "volumes": 1, "snapshots": 1}} {{(pid=100992) _process_stack /opt/stack/cinder/cinder/api/openstack/wsgi.py:854}}
Sep 16 19:12:30.927544 dv-cinder-809417-2-iscsi devstack@c-api.service[100991]: INFO cinder.volume.api [None req-01c53fb5-505a-4656-b523-fdbe67885323 tempest-VolumesMetadataTest-1203554961 tempest-VolumesMetadataTest-1203554961-project] Volume info retrieved successfully.
Sep 16 19:12:30.959331 dv-cinder-809417-2-iscsi devstack@c-api.service[100991]: INFO cinder.api.openstack.wsgi [None req-01c53fb5-505a-4656-b523-fdbe67885323 tempest-VolumesMetadataTest-1203554961 tempest-VolumesMetadataTest-1203554961-project] http://10.222.0.46/volume/v3/a356f5ec41dc47889b6cd795e523bcf8/volumes/133ebd7f-d527-4ee0-8bf8-c5fd332d11e4 returned with HTTP 200
Sep 16 19:12:30.962360 dv-cinder-809417-2-iscsi devstack@c-api.service[100991]: [pid: 100991|app: 0|req: 74/152] 10.222.0.46 () {58 vars in 1325 bytes} [Thu Sep 16 19:12:30 2021] GET /volume/v3/a356f5ec41dc47889b6cd795e523bcf8/volumes/133ebd7f-d527-4ee0-8bf8-c5fd332d11e4 => generated 911 bytes in 93 msecs (HTTP/1.1 200) 7 headers in 285 bytes (1 switches on core 0)
Sep 16 19:12:30.980033 dv-cinder-809417-2-iscsi devstack@c-api.service[100991]: INFO cinder.api.openstack.wsgi [None req-8cf83d24-c6b4-464e-b9c1-826f7fd5a70f tempest-VolumesMetadataTest-1203554961 tempest-VolumesMetadataTest-1203554961-project] POST http://10.222.0.46/volume/v3/a356f5ec41dc47889b6cd795e523bcf8/volumes/133ebd7f-d527-4ee0-8bf8-c5fd332d11e4/metadata
Sep 16 19:12:30.980858 dv-cinder-809417-2-iscsi devstack@c-api.service[100991]: /usr/local/lib/python3.8/dist-packages/webob/acceptparse.py:1047: DeprecationWarning: The behavior of AcceptValidHeader.best_match is currently being maintained for backward compatibility, but it will be deprecated in the future, as it does not conform to the RFC.
Sep 16 19:12:30.980858 dv-cinder-809417-2-iscsi devstack@c-api.service[100991]: warnings.warn(
Sep 16 19:12:30.981545 dv-cinder-809417-2-iscsi devstack@c-api.service[100991]: DEBUG cinder.api.openstack.wsgi [None req-8cf83d24-c6b4-464e-b9c1-826f7fd5a70f tempest-VolumesMetadataTest-1203554961 tempest-VolumesMetadataTest-1203554961-project] Action: 'create', calling method: create, body: {"metadata": {"key1": "value1", "key2": "value2", "key3": "value3", "key4": ""}} {{(pid=100991) _process_stack /opt/stack/cinder/cinder/api/openstack/wsgi.py:854}}
Sep 16 19:12:31.013021 dv-cinder-809417-2-iscsi devstack@c-api.service[100991]: /usr/local/lib/python3.8/dist-packages/oslo_context/context.py:105: DeprecationWarning: Policy enforcement is depending on the value of is_admin. This key is deprecated. Please update your policy file to use the standard policy values.
Sep 16 19:12:31.013021 dv-cinder-809417-2-iscsi devstack@c-api.service[100991]: warnings.warn('Policy enforcement is depending on the value of '
Sep 16 19:12:31.020006 dv-cinder-809417-2-iscsi devstack@c-api.service[100991]: INFO cinder.volume.api [None req-8cf83d24-c6b4-464e-b9c1-826f7fd5a70f tempest-VolumesMetadataTest-1203554961 tempest-VolumesMetadataTest-1203554961-project] Volume info retrieved successfully.
Sep 16 19:12:31.055676 dv-cinder-809417-2-iscsi devstack@c-api.service[100992]: INFO cinder.api.openstack.wsgi [None req-d5cdf6a8-a1f1-4ade-bf41-99d781d4b33e tempest-VolumeSnapshotQuotasNegativeTestJSON-2049168350 tempest-VolumeSnapshotQuotasNegativeTestJSON-2049168350-project-admin] http://10.222.0.46/volume/v3/d0e37b22e82a4915b27482f5ba610e6c/os-quota-sets/a6ad0bdb76774fff8deae6e1e6c01a5a returned with HTTP 200
Sep 16 19:12:31.057579 dv-cinder-809417-2-iscsi devstack@c-api.service[100991]: INFO cinder.volume.api [None req-8cf83d24-c6b4-464e-b9c1-826f7fd5a70f tempest-VolumesMetadataTest-1203554961 tempest-VolumesMetadataTest-1203554961-project] Create volume metadata completed successfully.
Sep 16 19:12:31.063276 dv-cinder-809417-2-iscsi devstack@c-api.service[100992]: [pid: 100992|app: 0|req: 79/153] 10.222.0.46 () {60 vars in 1351 bytes} [Thu Sep 16 19:12:30 2021] PUT /volume/v3/d0e37b22e82a4915b27482f5ba610e6c/os-quota-sets/a6ad0bdb76774fff8deae6e1e6c01a5a => generated 314 bytes in 153 msecs (HTTP/1.1 200) 7 headers in 285 bytes (1 switches on core 0)
Sep 16 19:12:31.064253 dv-cinder-809417-2-iscsi devstack@c-api.service[100991]: INFO cinder.api.openstack.wsgi [None req-8cf83d24-c6b4-464e-b9c1-826f7fd5a70f tempest-VolumesMetadataTest-1203554961 tempest-VolumesMetadataTest-1203554961-project] http://10.222.0.46/volume/v3/a356f5ec41dc47889b6cd795e523bcf8/volumes/133ebd7f-d527-4ee0-8bf8-c5fd332d11e4/metadata returned with HTTP 200
Sep 16 19:12:31.066257 dv-cinder-809417-2-iscsi devstack@c-api.service[100991]: [pid: 100991|app: 0|req: 75/154] 10.222.0.46 () {60 vars in 1374 bytes} [Thu Sep 16 19:12:30 2021] POST /volume/v3/a356f5ec41dc47889b6cd795e523bcf8/volumes/133ebd7f-d527-4ee0-8bf8-c5fd332d11e4/metadata => generated 101 bytes in 95 msecs (HTTP/1.1 200) 7 headers in 285 bytes (1 switches on core 0)
Sep 16 19:12:31.074531 dv-cinder-809417-2-iscsi devstack@c-api.service[100992]: INFO cinder.api.openstack.wsgi [None req-0d1e5db3-4ed8-41f7-8939-3a6dd54e7781 tempest-VolumeSnapshotQuotasNegativeTestJSON-1212057908 tempest-VolumeSnapshotQuotasNegativeTestJSON-1212057908-project] POST http://10.222.0.46/volume/v3/a6ad0bdb76774fff8deae6e1e6c01a5a/snapshots
Sep 16 19:12:31.075334 dv-cinder-809417-2-iscsi devstack@c-api.service[100991]: INFO cinder.api.openstack.wsgi [None req-9d0a3931-e5cb-4879-a24b-b5d095d02a61 tempest-VolumesMetadataTest-1203554961 tempest-VolumesMetadataTest-1203554961-project] GET http://10.222.0.46/volume/v3/a356f5ec41dc47889b6cd795e523bcf8/volumes/133ebd7f-d527-4ee0-8bf8-c5fd332d11e4/metadata
Sep 16 19:12:31.075488 dv-cinder-809417-2-iscsi devstack@c-api.service[100992]: DEBUG cinder.api.openstack.wsgi [None req-0d1e5db3-4ed8-41f7-8939-3a6dd54e7781 tempest-VolumeSnapshotQuotasNegativeTestJSON-1212057908 tempest-VolumeSnapshotQuotasNegativeTestJSON-1212057908-project] Action: 'create', calling method: create, body: {"snapshot": {"volume_id": "91992765-6383-4443-9e03-28682ef67fe7"}} {{(pid=100992) _process_stack /opt/stack/cinder/cinder/api/openstack/wsgi.py:854}}
Sep 16 19:12:31.076104 dv-cinder-809417-2-iscsi devstack@c-api.service[100991]: DEBUG cinder.api.openstack.wsgi [None req-9d0a3931-e5cb-4879-a24b-b5d095d02a61 tempest-VolumesMetadataTest-1203554961 tempest-VolumesMetadataTest-1203554961-project] Empty body provided in request {{(pid=100991) get_body /opt/stack/cinder/cinder/api/openstack/wsgi.py:703}}
Sep 16 19:12:31.076326 dv-cinder-809417-2-iscsi devstack@c-api.service[100991]: /usr/local/lib/python3.8/dist-packages/webob/acceptparse.py:1047: DeprecationWarning: The behavior of AcceptValidHeader.best_match is currently being maintained for backward compatibility, but it will be deprecated in the future, as it does not conform to the RFC.
Sep 16 19:12:31.076326 dv-cinder-809417-2-iscsi devstack@c-api.service[100991]: warnings.warn(
Sep 16 19:12:31.076624 dv-cinder-809417-2-iscsi devstack@c-api.service[100991]: DEBUG cinder.api.openstack.wsgi [None req-9d0a3931-e5cb-4879-a24b-b5d095d02a61 tempest-VolumesMetadataTest-1203554961 tempest-VolumesMetadataTest-1203554961-project] Calling method 'index' {{(pid=100991) _process_stack /opt/stack/cinder/cinder/api/openstack/wsgi.py:856}}
Sep 16 19:12:31.092697 dv-cinder-809417-2-iscsi devstack@c-api.service[100992]: /usr/local/lib/python3.8/dist-packages/oslo_context/context.py:105: DeprecationWarning: Policy enforcement is depending on the value of is_admin. This key is deprecated. Please update your policy file to use the standard policy values.
Sep 16 19:12:31.092697 dv-cinder-809417-2-iscsi devstack@c-api.service[100992]: warnings.warn('Policy enforcement is depending on the value of '
Sep 16 19:12:31.094287 dv-cinder-809417-2-iscsi devstack@c-api.service[100992]: INFO cinder.volume.api [None req-0d1e5db3-4ed8-41f7-8939-3a6dd54e7781 tempest-VolumeSnapshotQuotasNegativeTestJSON-1212057908 tempest-VolumeSnapshotQuotasNegativeTestJSON-1212057908-project] Volume info retrieved successfully.
Sep 16 19:12:31.094694 dv-cinder-809417-2-iscsi devstack@c-api.service[100992]: INFO cinder.api.v3.snapshots [None req-0d1e5db3-4ed8-41f7-8939-3a6dd54e7781 tempest-VolumeSnapshotQuotasNegativeTestJSON-1212057908 tempest-VolumeSnapshotQuotasNegativeTestJSON-1212057908-project] Create snapshot from volume 91992765-6383-4443-9e03-28682ef67fe7
Sep 16 19:12:31.116766 dv-cinder-809417-2-iscsi devstack@c-api.service[100991]: /usr/local/lib/python3.8/dist-packages/oslo_context/context.py:105: DeprecationWarning: Policy enforcement is depending on the value of is_admin. This key is deprecated. Please update your policy file to use the standard policy values.
Sep 16 19:12:31.116766 dv-cinder-809417-2-iscsi devstack@c-api.service[100991]: warnings.warn('Policy enforcement is depending on the value of '
Sep 16 19:12:31.118560 dv-cinder-809417-2-iscsi devstack@c-api.service[100991]: INFO cinder.volume.api [None req-9d0a3931-e5cb-4879-a24b-b5d095d02a61 tempest-VolumesMetadataTest-1203554961 tempest-VolumesMetadataTest-1203554961-project] Volume info retrieved successfully.
Sep 16 19:12:31.131951 dv-cinder-809417-2-iscsi devstack@c-api.service[100992]: WARNING cinder.quota_utils [None req-0d1e5db3-4ed8-41f7-8939-3a6dd54e7781 tempest-VolumeSnapshotQuotasNegativeTestJSON-1212057908 tempest-VolumeSnapshotQuotasNegativeTestJSON-1212057908-project] Quota exceeded for a6ad0bdb76774fff8deae6e1e6c01a5a, tried to create snapshot (1 snapshots already consumed).: cinder.exception.OverQuota: Quota exceeded for resources: ['snapshots']
Sep 16 19:12:31.132437 dv-cinder-809417-2-iscsi devstack@c-api.service[100992]: INFO cinder.api.middleware.fault [None req-0d1e5db3-4ed8-41f7-8939-3a6dd54e7781 tempest-VolumeSnapshotQuotasNegativeTestJSON-1212057908 tempest-VolumeSnapshotQuotasNegativeTestJSON-1212057908-project] http://10.222.0.46/volume/v3/a6ad0bdb76774fff8deae6e1e6c01a5a/snapshots returned with HTTP 413
Sep 16 19:12:31.134181 dv-cinder-809417-2-iscsi devstack@c-api.service[100992]: [pid: 100992|app: 0|req: 80/155] 10.222.0.46 () {60 vars in 1241 bytes} [Thu Sep 16 19:12:31 2021] POST /volume/v3/a6ad0bdb76774fff8deae6e1e6c01a5a/snapshots => generated 133 bytes in 70 msecs (HTTP/1.1 413) 8 headers in 323 bytes (2 switches on core 0)
Sep 16 19:12:31.146360 dv-cinder-809417-2-iscsi devstack@c-api.service[100992]: INFO cinder.api.openstack.wsgi [None req-f862b256-c99d-42a6-a949-925753c49228 tempest-VolumeSnapshotQuotasNegativeTestJSON-1212057908 tempest-VolumeSnapshotQuotasNegativeTestJSON-1212057908-project] DELETE http://10.222.0.46/volume/v3/a6ad0bdb76774fff8deae6e1e6c01a5a/snapshots/49776c73-68ba-49f8-b42a-47141fcd3121
Sep 16 19:12:31.146998 dv-cinder-809417-2-iscsi devstack@c-api.service[100992]: DEBUG cinder.api.openstack.wsgi [None req-f862b256-c99d-42a6-a949-925753c49228 tempest-VolumeSnapshotQuotasNegativeTestJSON-1212057908 tempest-VolumeSnapshotQuotasNegativeTestJSON-1212057908-project] Empty body provided in request {{(pid=100992) get_body /opt/stack/cinder/cinder/api/openstack/wsgi.py:703}}
Sep 16 19:12:31.147239 dv-cinder-809417-2-iscsi devstack@c-api.service[100992]: /usr/local/lib/python3.8/dist-packages/webob/acceptparse.py:1047: DeprecationWarning: The behavior of AcceptValidHeader.best_match is currently being maintained for backward compatibility, but it will be deprecated in the future, as it does not conform to the RFC.
Sep 16 19:12:31.147239 dv-cinder-809417-2-iscsi devstack@c-api.service[100992]: warnings.warn(
Sep 16 19:12:31.147720 dv-cinder-809417-2-iscsi devstack@c-api.service[100992]: DEBUG cinder.api.openstack.wsgi [None req-f862b256-c99d-42a6-a949-925753c49228 tempest-VolumeSnapshotQuotasNegativeTestJSON-1212057908 tempest-VolumeSnapshotQuotasNegativeTestJSON-1212057908-project] Calling method 'delete' {{(pid=100992) _process_stack /opt/stack/cinder/cinder/api/openstack/wsgi.py:856}}
Sep 16 19:12:31.148524 dv-cinder-809417-2-iscsi devstack@c-api.service[100992]: INFO cinder.api.v2.snapshots [None req-f862b256-c99d-42a6-a949-925753c49228 tempest-VolumeSnapshotQuotasNegativeTestJSON-1212057908 tempest-VolumeSnapshotQuotasNegativeTestJSON-1212057908-project] Delete snapshot with id: 49776c73-68ba-49f8-b42a-47141fcd3121
Sep 16 19:12:31.158187 dv-cinder-809417-2-iscsi devstack@c-api.service[100991]: INFO cinder.volume.api [None req-9d0a3931-e5cb-4879-a24b-b5d095d02a61 tempest-VolumesMetadataTest-1203554961 tempest-VolumesMetadataTest-1203554961-project] Get volume metadata completed successfully.
Sep 16 19:12:31.159654 dv-cinder-809417-2-iscsi devstack@c-api.service[100991]: INFO cinder.api.openstack.wsgi [None req-9d0a3931-e5cb-4879-a24b-b5d095d02a61 tempest-VolumesMetadataTest-1203554961 tempest-VolumesMetadataTest-1203554961-project] http://10.222.0.46/volume/v3/a356f5ec41dc47889b6cd795e523bcf8/volumes/133ebd7f-d527-4ee0-8bf8-c5fd332d11e4/metadata returned with HTTP 200
Sep 16 19:12:31.161220 dv-cinder-809417-2-iscsi devstack@c-api.service[100991]: [pid: 100991|app: 0|req: 76/156] 10.222.0.46 () {58 vars in 1352 bytes} [Thu Sep 16 19:12:31 2021] GET /volume/v3/a356f5ec41dc47889b6cd795e523bcf8/volumes/133ebd7f-d527-4ee0-8bf8-c5fd332d11e4/metadata => generated 101 bytes in 90 msecs (HTTP/1.1 200) 7 headers in 285 bytes (1 switches on core 0)
Sep 16 19:12:31.164118 dv-cinder-809417-2-iscsi devstack@c-api.service[100992]: /usr/local/lib/python3.8/dist-packages/oslo_context/context.py:105: DeprecationWarning: Policy enforcement is depending on the value of is_admin. This key is deprecated. Please update your policy file to use the standard policy values.
Sep 16 19:12:31.164118 dv-cinder-809417-2-iscsi devstack@c-api.service[100992]: warnings.warn('Policy enforcement is depending on the value of '
Sep 16 19:12:31.166342 dv-cinder-809417-2-iscsi devstack@c-api.service[100992]: INFO cinder.volume.api [None req-f862b256-c99d-42a6-a949-925753c49228 tempest-VolumeSnapshotQuotasNegativeTestJSON-1212057908 tempest-VolumeSnapshotQuotasNegativeTestJSON-1212057908-project] Snapshot retrieved successfully.
Sep 16 19:12:31.172403 dv-cinder-809417-2-iscsi devstack@c-api.service[100991]: INFO cinder.api.openstack.wsgi [None req-d42f8b05-fccd-4e2c-bcd6-09e9eda32f24 tempest-VolumesMetadataTest-1203554961 tempest-VolumesMetadataTest-1203554961-project] PUT http://10.222.0.46/volume/v3/a356f5ec41dc47889b6cd795e523bcf8/volumes/133ebd7f-d527-4ee0-8bf8-c5fd332d11e4/metadata
Sep 16 19:12:31.172887 dv-cinder-809417-2-iscsi devstack@c-api.service[100991]: /usr/local/lib/python3.8/dist-packages/webob/acceptparse.py:1047: DeprecationWarning: The behavior of AcceptValidHeader.best_match is currently being maintained for backward compatibility, but it will be deprecated in the future, as it does not conform to the RFC.
Sep 16 19:12:31.172887 dv-cinder-809417-2-iscsi devstack@c-api.service[100991]: warnings.warn(
Sep 16 19:12:31.173855 dv-cinder-809417-2-iscsi devstack@c-api.service[100991]: DEBUG cinder.api.openstack.wsgi [None req-d42f8b05-fccd-4e2c-bcd6-09e9eda32f24 tempest-VolumesMetadataTest-1203554961 tempest-VolumesMetadataTest-1203554961-project] Action: 'update_all', calling method: update_all, body: {"metadata": {"key4": "value4", "key1": "value1_update"}} {{(pid=100991) _process_stack /opt/stack/cinder/cinder/api/openstack/wsgi.py:854}}
Sep 16 19:12:31.209778 dv-cinder-809417-2-iscsi devstack@c-api.service[100991]: /usr/local/lib/python3.8/dist-packages/oslo_context/context.py:105: DeprecationWarning: Policy enforcement is depending on the value of is_admin. This key is deprecated. Please update your policy file to use the standard policy values.
Sep 16 19:12:31.209778 dv-cinder-809417-2-iscsi devstack@c-api.service[100991]: warnings.warn('Policy enforcement is depending on the value of '
Sep 16 19:12:31.210798 dv-cinder-809417-2-iscsi devstack@c-api.service[100991]: INFO cinder.volume.api [None req-d42f8b05-fccd-4e2c-bcd6-09e9eda32f24 tempest-VolumesMetadataTest-1203554961 tempest-VolumesMetadataTest-1203554961-project] Volume info retrieved successfully.
Sep 16 19:12:31.217690 dv-cinder-809417-2-iscsi devstack@c-api.service[100992]: INFO cinder.volume.api [None req-f862b256-c99d-42a6-a949-925753c49228 tempest-VolumeSnapshotQuotasNegativeTestJSON-1212057908 tempest-VolumeSnapshotQuotasNegativeTestJSON-1212057908-project] Snapshot delete request issued successfully.
Sep 16 19:12:31.218475 dv-cinder-809417-2-iscsi devstack@c-api.service[100992]: INFO cinder.api.openstack.wsgi [None req-f862b256-c99d-42a6-a949-925753c49228 tempest-VolumeSnapshotQuotasNegativeTestJSON-1212057908 tempest-VolumeSnapshotQuotasNegativeTestJSON-1212057908-project] http://10.222.0.46/volume/v3/a6ad0bdb76774fff8deae6e1e6c01a5a/snapshots/49776c73-68ba-49f8-b42a-47141fcd3121 returned with HTTP 202
Sep 16 19:12:31.220152 dv-cinder-809417-2-iscsi devstack@c-api.service[100992]: [pid: 100992|app: 0|req: 81/157] 10.222.0.46 () {58 vars in 1334 bytes} [Thu Sep 16 19:12:31 2021] DELETE /volume/v3/a6ad0bdb76774fff8deae6e1e6c01a5a/snapshots/49776c73-68ba-49f8-b42a-47141fcd3121 => generated 0 bytes in 82 msecs (HTTP/1.1 202) 6 headers in 233 bytes (2 switches on core 0)
Sep 16 19:12:31.230849 dv-cinder-809417-2-iscsi devstack@c-api.service[100992]: INFO cinder.api.openstack.wsgi [None req-067bb222-7611-4730-9a9e-0fa93856eb3e tempest-VolumeSnapshotQuotasNegativeTestJSON-1212057908 tempest-VolumeSnapshotQuotasNegativeTestJSON-1212057908-project] GET http://10.222.0.46/volume/v3/a6ad0bdb76774fff8deae6e1e6c01a5a/snapshots/49776c73-68ba-49f8-b42a-47141fcd3121
Sep 16 19:12:31.231333 dv-cinder-809417-2-iscsi devstack@c-api.service[100992]: DEBUG cinder.api.openstack.wsgi [None req-067bb222-7611-4730-9a9e-0fa93856eb3e tempest-VolumeSnapshotQuotasNegativeTestJSON-1212057908 tempest-VolumeSnapshotQuotasNegativeTestJSON-1212057908-project] Empty body provided in request {{(pid=100992) get_body /opt/stack/cinder/cinder/api/openstack/wsgi.py:703}}
Sep 16 19:12:31.233078 dv-cinder-809417-2-iscsi devstack@c-api.service[100992]: /usr/local/lib/python3.8/dist-packages/webob/acceptparse.py:1047: DeprecationWarning: The behavior of AcceptValidHeader.best_match is currently being maintained for backward compatibility, but it will be deprecated in the future, as it does not conform to the RFC.
Sep 16 19:12:31.233078 dv-cinder-809417-2-iscsi devstack@c-api.service[100992]: warnings.warn(
Sep 16 19:12:31.233853 dv-cinder-809417-2-iscsi devstack@c-api.service[100992]: DEBUG cinder.api.openstack.wsgi [None req-067bb222-7611-4730-9a9e-0fa93856eb3e tempest-VolumeSnapshotQuotasNegativeTestJSON-1212057908 tempest-VolumeSnapshotQuotasNegativeTestJSON-1212057908-project] Calling method 'show' {{(pid=100992) _process_stack /opt/stack/cinder/cinder/api/openstack/wsgi.py:856}}
Sep 16 19:12:31.249036 dv-cinder-809417-2-iscsi devstack@c-api.service[100992]: /usr/local/lib/python3.8/dist-packages/oslo_context/context.py:105: DeprecationWarning: Policy enforcement is depending on the value of is_admin. This key is deprecated. Please update your policy file to use the standard policy values.
Sep 16 19:12:31.249036 dv-cinder-809417-2-iscsi devstack@c-api.service[100992]: warnings.warn('Policy enforcement is depending on the value of '
Sep 16 19:12:31.250118 dv-cinder-809417-2-iscsi devstack@c-api.service[100992]: INFO cinder.volume.api [None req-067bb222-7611-4730-9a9e-0fa93856eb3e tempest-VolumeSnapshotQuotasNegativeTestJSON-1212057908 tempest-VolumeSnapshotQuotasNegativeTestJSON-1212057908-project] Snapshot retrieved successfully.
Sep 16 19:12:31.252010 dv-cinder-809417-2-iscsi devstack@c-api.service[100992]: INFO cinder.api.openstack.wsgi [None req-067bb222-7611-4730-9a9e-0fa93856eb3e tempest-VolumeSnapshotQuotasNegativeTestJSON-1212057908 tempest-VolumeSnapshotQuotasNegativeTestJSON-1212057908-project] http://10.222.0.46/volume/v3/a6ad0bdb76774fff8deae6e1e6c01a5a/snapshots/49776c73-68ba-49f8-b42a-47141fcd3121 returned with HTTP 200
Sep 16 19:12:31.257135 dv-cinder-809417-2-iscsi devstack@c-api.service[100992]: [pid: 100992|app: 0|req: 82/158] 10.222.0.46 () {58 vars in 1331 bytes} [Thu Sep 16 19:12:31 2021] GET /volume/v3/a6ad0bdb76774fff8deae6e1e6c01a5a/snapshots/49776c73-68ba-49f8-b42a-47141fcd3121 => generated 480 bytes in 31 msecs (HTTP/1.1 200) 7 headers in 285 bytes (1 switches on core 0)
Sep 16 19:12:31.261615 dv-cinder-809417-2-iscsi devstack@c-api.service[100991]: INFO cinder.volume.api [None req-d42f8b05-fccd-4e2c-bcd6-09e9eda32f24 tempest-VolumesMetadataTest-1203554961 tempest-VolumesMetadataTest-1203554961-project] Update volume metadata completed successfully.
Sep 16 19:12:31.262416 dv-cinder-809417-2-iscsi devstack@c-api.service[100991]: INFO cinder.api.openstack.wsgi [None req-d42f8b05-fccd-4e2c-bcd6-09e9eda32f24 tempest-VolumesMetadataTest-1203554961 tempest-VolumesMetadataTest-1203554961-project] http://10.222.0.46/volume/v3/a356f5ec41dc47889b6cd795e523bcf8/volumes/133ebd7f-d527-4ee0-8bf8-c5fd332d11e4/metadata returned with HTTP 200
Sep 16 19:12:31.268856 dv-cinder-809417-2-iscsi devstack@c-api.service[100991]: [pid: 100991|app: 0|req: 77/159] 10.222.0.46 () {60 vars in 1372 bytes} [Thu Sep 16 19:12:31 2021] PUT /volume/v3/a356f5ec41dc47889b6cd795e523bcf8/volumes/133ebd7f-d527-4ee0-8bf8-c5fd332d11e4/metadata => generated 57 bytes in 101 msecs (HTTP/1.1 200) 7 headers in 284 bytes (2 switches on core 0)
Sep 16 19:12:31.274207 dv-cinder-809417-2-iscsi devstack@c-api.service[100992]: INFO cinder.api.openstack.wsgi [None req-4ca3cde6-5c17-401b-a961-1375391fce3e tempest-VolumesMetadataTest-1203554961 tempest-VolumesMetadataTest-1203554961-project] GET http://10.222.0.46/volume/v3/a356f5ec41dc47889b6cd795e523bcf8/volumes/133ebd7f-d527-4ee0-8bf8-c5fd332d11e4/metadata
Sep 16 19:12:31.275125 dv-cinder-809417-2-iscsi devstack@c-api.service[100992]: DEBUG cinder.api.openstack.wsgi [None req-4ca3cde6-5c17-401b-a961-1375391fce3e tempest-VolumesMetadataTest-1203554961 tempest-VolumesMetadataTest-1203554961-project] Empty body provided in request {{(pid=100992) get_body /opt/stack/cinder/cinder/api/openstack/wsgi.py:703}}
Sep 16 19:12:31.275312 dv-cinder-809417-2-iscsi devstack@c-api.service[100992]: /usr/local/lib/python3.8/dist-packages/webob/acceptparse.py:1047: DeprecationWarning: The behavior of AcceptValidHeader.best_match is currently being maintained for backward compatibility, but it will be deprecated in the future, as it does not conform to the RFC.
Sep 16 19:12:31.275312 dv-cinder-809417-2-iscsi devstack@c-api.service[100992]: warnings.warn(
Sep 16 19:12:31.275610 dv-cinder-809417-2-iscsi devstack@c-api.service[100992]: DEBUG cinder.api.openstack.wsgi [None req-4ca3cde6-5c17-401b-a961-1375391fce3e tempest-VolumesMetadataTest-1203554961 tempest-VolumesMetadataTest-1203554961-project] Calling method 'index' {{(pid=100992) _process_stack /opt/stack/cinder/cinder/api/openstack/wsgi.py:856}}
Sep 16 19:12:31.293700 dv-cinder-809417-2-iscsi devstack@c-api.service[100992]: /usr/local/lib/python3.8/dist-packages/oslo_context/context.py:105: DeprecationWarning: Policy enforcement is depending on the value of is_admin. This key is deprecated. Please update your policy file to use the standard policy values.
Sep 16 19:12:31.293700 dv-cinder-809417-2-iscsi devstack@c-api.service[100992]: warnings.warn('Policy enforcement is depending on the value of '
Sep 16 19:12:31.295191 dv-cinder-809417-2-iscsi devstack@c-api.service[100992]: INFO cinder.volume.api [None req-4ca3cde6-5c17-401b-a961-1375391fce3e tempest-VolumesMetadataTest-1203554961 tempest-VolumesMetadataTest-1203554961-project] Volume info retrieved successfully.
Sep 16 19:12:31.317114 dv-cinder-809417-2-iscsi devstack@c-api.service[100992]: INFO cinder.volume.api [None req-4ca3cde6-5c17-401b-a961-1375391fce3e tempest-VolumesMetadataTest-1203554961 tempest-VolumesMetadataTest-1203554961-project] Get volume metadata completed successfully.
Sep 16 19:12:31.317910 dv-cinder-809417-2-iscsi devstack@c-api.service[100992]: INFO cinder.api.openstack.wsgi [None req-4ca3cde6-5c17-401b-a961-1375391fce3e tempest-VolumesMetadataTest-1203554961 tempest-VolumesMetadataTest-1203554961-project] http://10.222.0.46/volume/v3/a356f5ec41dc47889b6cd795e523bcf8/volumes/133ebd7f-d527-4ee0-8bf8-c5fd332d11e4/metadata returned with HTTP 200
Sep 16 19:12:31.319367 dv-cinder-809417-2-iscsi devstack@c-api.service[100992]: [pid: 100992|app: 0|req: 83/160] 10.222.0.46 () {58 vars in 1352 bytes} [Thu Sep 16 19:12:31 2021] GET /volume/v3/a356f5ec41dc47889b6cd795e523bcf8/volumes/133ebd7f-d527-4ee0-8bf8-c5fd332d11e4/metadata => generated 57 bytes in 50 msecs (HTTP/1.1 200) 7 headers in 284 bytes (2 switches on core 0)
Sep 16 19:12:31.336908 dv-cinder-809417-2-iscsi devstack@c-api.service[100991]: INFO cinder.api.openstack.wsgi [None req-25bb184d-5c0d-46c6-b24b-d90dac739e4d tempest-VolumesMetadataTest-1203554961 tempest-VolumesMetadataTest-1203554961-project] DELETE http://10.222.0.46/volume/v3/a356f5ec41dc47889b6cd795e523bcf8/volumes/133ebd7f-d527-4ee0-8bf8-c5fd332d11e4/metadata/key1
Sep 16 19:12:31.336908 dv-cinder-809417-2-iscsi devstack@c-api.service[100991]: DEBUG cinder.api.openstack.wsgi [None req-25bb184d-5c0d-46c6-b24b-d90dac739e4d tempest-VolumesMetadataTest-1203554961 tempest-VolumesMetadataTest-1203554961-project] Empty body provided in request {{(pid=100991) get_body /opt/stack/cinder/cinder/api/openstack/wsgi.py:703}}
Sep 16 19:12:31.336908 dv-cinder-809417-2-iscsi devstack@c-api.service[100991]: /usr/local/lib/python3.8/dist-packages/webob/acceptparse.py:1047: DeprecationWarning: The behavior of AcceptValidHeader.best_match is currently being maintained for backward compatibility, but it will be deprecated in the future, as it does not conform to the RFC.
Sep 16 19:12:31.336908 dv-cinder-809417-2-iscsi devstack@c-api.service[100991]: warnings.warn(
Sep 16 19:12:31.336908 dv-cinder-809417-2-iscsi devstack@c-api.service[100991]: DEBUG cinder.api.openstack.wsgi [None req-25bb184d-5c0d-46c6-b24b-d90dac739e4d tempest-VolumesMetadataTest-1203554961 tempest-VolumesMetadataTest-1203554961-project] Calling method 'delete' {{(pid=100991) _process_stack /opt/stack/cinder/cinder/api/openstack/wsgi.py:856}}
Sep 16 19:12:31.346366 dv-cinder-809417-2-iscsi devstack@c-api.service[100991]: /usr/local/lib/python3.8/dist-packages/oslo_context/context.py:105: DeprecationWarning: Policy enforcement is depending on the value of is_admin. This key is deprecated. Please update your policy file to use the standard policy values.
Sep 16 19:12:31.346366 dv-cinder-809417-2-iscsi devstack@c-api.service[100991]: warnings.warn('Policy enforcement is depending on the value of '
Sep 16 19:12:31.347424 dv-cinder-809417-2-iscsi devstack@c-api.service[100991]: INFO cinder.volume.api [None req-25bb184d-5c0d-46c6-b24b-d90dac739e4d tempest-VolumesMetadataTest-1203554961 tempest-VolumesMetadataTest-1203554961-project] Volume info retrieved successfully.
Sep 16 19:12:31.358762 dv-cinder-809417-2-iscsi devstack@c-api.service[100991]: INFO cinder.volume.api [None req-25bb184d-5c0d-46c6-b24b-d90dac739e4d tempest-VolumesMetadataTest-1203554961 tempest-VolumesMetadataTest-1203554961-project] Get volume metadata completed successfully.
