Sep 16 01:00:31.149604 dv-cinder-809305-1-smb devstack@c-api.service[100762]: DEBUG cinder.volume.api [None req-fd89b87f-f95d-461c-a708-773e00b7ef82 tempest-VolumeTypesAccessTest-1955563419 tempest-VolumeTypesAccessTest-1955563419-project] Flow 'volume_create_api' (8b216751-addc-4280-972f-bbba89859693) transitioned into state 'RUNNING' from state 'PENDING' {{(pid=100762) _flow_receiver /usr/local/lib/python3.8/dist-packages/taskflow/listeners/logging.py:141}}
Sep 16 01:00:31.152943 dv-cinder-809305-1-smb devstack@c-api.service[100762]: DEBUG cinder.volume.api [None req-fd89b87f-f95d-461c-a708-773e00b7ef82 tempest-VolumeTypesAccessTest-1955563419 tempest-VolumeTypesAccessTest-1955563419-project] Task 'cinder.volume.flows.api.create_volume.ExtractVolumeRequestTask;volume:create' (149ec05b-76a3-4a03-86ed-76ad4642de64) transitioned into state 'RUNNING' from state 'PENDING' {{(pid=100762) _task_receiver /usr/local/lib/python3.8/dist-packages/taskflow/listeners/logging.py:190}}
Sep 16 01:00:31.156121 dv-cinder-809305-1-smb devstack@c-api.service[100762]: DEBUG cinder.volume.flows.api.create_volume [None req-fd89b87f-f95d-461c-a708-773e00b7ef82 tempest-VolumeTypesAccessTest-1955563419 tempest-VolumeTypesAccessTest-1955563419-project] Validating volume size '1' using validate_int {{(pid=100762) _extract_size /opt/stack/cinder/cinder/volume/flows/api/create_volume.py:225}}
Sep 16 01:00:31.165327 dv-cinder-809305-1-smb devstack@c-api.service[100763]: INFO cinder.api.openstack.wsgi [None req-332071e8-a3c7-4c7d-ad8f-546589b991b7 tempest-GroupSnapshotsTest-627311461 tempest-GroupSnapshotsTest-627311461-project-admin] http://10.222.0.30/volume/v3/646a45d4cf9c47efaff0538d84b687ca/types/4e25220c-f02f-428d-bce5-5a02a66f23ab returned with HTTP 202
Sep 16 01:00:31.170034 dv-cinder-809305-1-smb devstack@c-api.service[100763]: [pid: 100763|app: 0|req: 152/329] 10.222.0.30 () {58 vars in 1322 bytes} [Thu Sep 16 01:00:31 2021] DELETE /volume/v3/646a45d4cf9c47efaff0538d84b687ca/types/4e25220c-f02f-428d-bce5-5a02a66f23ab => generated 0 bytes in 86 msecs (HTTP/1.1 202) 6 headers in 233 bytes (2 switches on core 0)
Sep 16 01:00:31.176661 dv-cinder-809305-1-smb devstack@c-api.service[100763]: INFO cinder.api.openstack.wsgi [None req-244e832a-7e3d-4d1f-b9fa-efad3ae7b9a6 tempest-GroupSnapshotsTest-627311461 tempest-GroupSnapshotsTest-627311461-project-admin] GET http://10.222.0.30/volume/v3/646a45d4cf9c47efaff0538d84b687ca/types/4e25220c-f02f-428d-bce5-5a02a66f23ab
Sep 16 01:00:31.177102 dv-cinder-809305-1-smb devstack@c-api.service[100763]: DEBUG cinder.api.openstack.wsgi [None req-244e832a-7e3d-4d1f-b9fa-efad3ae7b9a6 tempest-GroupSnapshotsTest-627311461 tempest-GroupSnapshotsTest-627311461-project-admin] Empty body provided in request {{(pid=100763) get_body /opt/stack/cinder/cinder/api/openstack/wsgi.py:703}}
Sep 16 01:00:31.179398 dv-cinder-809305-1-smb devstack@c-api.service[100763]: DEBUG cinder.api.openstack.wsgi [None req-244e832a-7e3d-4d1f-b9fa-efad3ae7b9a6 tempest-GroupSnapshotsTest-627311461 tempest-GroupSnapshotsTest-627311461-project-admin] Calling method 'show' {{(pid=100763) _process_stack /opt/stack/cinder/cinder/api/openstack/wsgi.py:856}}
Sep 16 01:00:31.180716 dv-cinder-809305-1-smb devstack@c-api.service[100762]: DEBUG cinder.volume.api [None req-fd89b87f-f95d-461c-a708-773e00b7ef82 tempest-VolumeTypesAccessTest-1955563419 tempest-VolumeTypesAccessTest-1955563419-project] Task 'cinder.volume.flows.api.create_volume.ExtractVolumeRequestTask;volume:create' (149ec05b-76a3-4a03-86ed-76ad4642de64) transitioned into state 'SUCCESS' from state 'RUNNING' with result '{'size': 1, 'snapshot_id': None, 'source_volid': None, 'volume_type': VolumeType(created_at=2021-09-16T01:00:31Z,deleted=False,deleted_at=None,description=None,extra_specs={},id=919e31aa-f729-4146-8967-c83ce7be49b0,is_public=False,name='tempest-VolumeTypesAccessTest-volume-type-2047452548',projects=[],qos_specs=,qos_specs_id=None,updated_at=None), 'volume_type_id': '919e31aa-f729-4146-8967-c83ce7be49b0', 'encryption_key_id': None, 'qos_specs': None, 'consistencygroup_id': None, 'cgsnapshot_id': None, 'group_id': None, 'replication_status': 'disabled', 'refresh_az': False, 'backup_id': None, 'multiattach': False, 'availability_zones': ['nova']}' {{(pid=100762) _task_receiver /usr/local/lib/python3.8/dist-packages/taskflow/listeners/logging.py:178}}
Sep 16 01:00:31.183093 dv-cinder-809305-1-smb devstack@c-api.service[100762]: DEBUG cinder.volume.api [None req-fd89b87f-f95d-461c-a708-773e00b7ef82 tempest-VolumeTypesAccessTest-1955563419 tempest-VolumeTypesAccessTest-1955563419-project] Task 'cinder.volume.flows.api.create_volume.QuotaReserveTask;volume:create' (ff33fe39-3821-4477-86ec-9bef403d4b3d) transitioned into state 'RUNNING' from state 'PENDING' {{(pid=100762) _task_receiver /usr/local/lib/python3.8/dist-packages/taskflow/listeners/logging.py:190}}
Sep 16 01:00:31.189374 dv-cinder-809305-1-smb devstack@c-api.service[100763]: INFO cinder.api.openstack.wsgi [None req-244e832a-7e3d-4d1f-b9fa-efad3ae7b9a6 tempest-GroupSnapshotsTest-627311461 tempest-GroupSnapshotsTest-627311461-project-admin] http://10.222.0.30/volume/v3/646a45d4cf9c47efaff0538d84b687ca/types/4e25220c-f02f-428d-bce5-5a02a66f23ab returned with HTTP 404
Sep 16 01:00:31.193201 dv-cinder-809305-1-smb devstack@c-api.service[100763]: [pid: 100763|app: 0|req: 153/330] 10.222.0.30 () {58 vars in 1319 bytes} [Thu Sep 16 01:00:31 2021] GET /volume/v3/646a45d4cf9c47efaff0538d84b687ca/types/4e25220c-f02f-428d-bce5-5a02a66f23ab => generated 114 bytes in 19 msecs (HTTP/1.1 404) 7 headers in 292 bytes (1 switches on core 0)
Sep 16 01:00:31.211671 dv-cinder-809305-1-smb devstack@c-api.service[100763]: INFO cinder.api.openstack.wsgi [None req-8893f84a-3061-4be1-9246-84dc2921aebe tempest-GroupSnapshotsTest-337553210 tempest-GroupSnapshotsTest-337553210-project] DELETE http://10.222.0.30/volume/v3/ca2fa0064ea34f4d9bc3eddd612be090/volumes/b689cc8d-2625-4118-93ab-08351933eb45
Sep 16 01:00:31.212756 dv-cinder-809305-1-smb devstack@c-api.service[100763]: DEBUG cinder.api.openstack.wsgi [None req-8893f84a-3061-4be1-9246-84dc2921aebe tempest-GroupSnapshotsTest-337553210 tempest-GroupSnapshotsTest-337553210-project] Empty body provided in request {{(pid=100763) get_body /opt/stack/cinder/cinder/api/openstack/wsgi.py:703}}
Sep 16 01:00:31.213850 dv-cinder-809305-1-smb devstack@c-api.service[100763]: DEBUG cinder.api.openstack.wsgi [None req-8893f84a-3061-4be1-9246-84dc2921aebe tempest-GroupSnapshotsTest-337553210 tempest-GroupSnapshotsTest-337553210-project] Calling method 'delete' {{(pid=100763) _process_stack /opt/stack/cinder/cinder/api/openstack/wsgi.py:856}}
Sep 16 01:00:31.214882 dv-cinder-809305-1-smb devstack@c-api.service[100763]: INFO cinder.api.v3.volumes [None req-8893f84a-3061-4be1-9246-84dc2921aebe tempest-GroupSnapshotsTest-337553210 tempest-GroupSnapshotsTest-337553210-project] Delete volume with id: b689cc8d-2625-4118-93ab-08351933eb45
Sep 16 01:00:31.231811 dv-cinder-809305-1-smb devstack@c-api.service[100762]: WARNING cinder.quota [None req-fd89b87f-f95d-461c-a708-773e00b7ef82 tempest-VolumeTypesAccessTest-1955563419 tempest-VolumeTypesAccessTest-1955563419-project] Deprecated: Default quota for resource: volumes_tempest-VolumeTypesAccessTest-volume-type-2047452548 is set by the default quota flag: quota_volumes_tempest-VolumeTypesAccessTest-volume-type-2047452548, it is now deprecated. Please use the default quota class for default quota.
Sep 16 01:00:31.232880 dv-cinder-809305-1-smb devstack@c-api.service[100763]: INFO cinder.api.openstack.wsgi [None req-8893f84a-3061-4be1-9246-84dc2921aebe tempest-GroupSnapshotsTest-337553210 tempest-GroupSnapshotsTest-337553210-project] http://10.222.0.30/volume/v3/ca2fa0064ea34f4d9bc3eddd612be090/volumes/b689cc8d-2625-4118-93ab-08351933eb45 returned with HTTP 404
Sep 16 01:00:31.233638 dv-cinder-809305-1-smb devstack@c-api.service[100762]: WARNING cinder.quota [None req-fd89b87f-f95d-461c-a708-773e00b7ef82 tempest-VolumeTypesAccessTest-1955563419 tempest-VolumeTypesAccessTest-1955563419-project] Deprecated: Default quota for resource: gigabytes_tempest-VolumeTypesAccessTest-volume-type-2047452548 is set by the default quota flag: quota_gigabytes_tempest-VolumeTypesAccessTest-volume-type-2047452548, it is now deprecated. Please use the default quota class for default quota.
Sep 16 01:00:31.237254 dv-cinder-809305-1-smb devstack@c-api.service[100763]: [pid: 100763|app: 0|req: 154/331] 10.222.0.30 () {58 vars in 1328 bytes} [Thu Sep 16 01:00:31 2021] DELETE /volume/v3/ca2fa0064ea34f4d9bc3eddd612be090/volumes/b689cc8d-2625-4118-93ab-08351933eb45 => generated 109 bytes in 40 msecs (HTTP/1.1 404) 7 headers in 292 bytes (2 switches on core 0)
Sep 16 01:00:31.256505 dv-cinder-809305-1-smb devstack@c-api.service[100763]: INFO cinder.api.openstack.wsgi [None req-55b29d1d-5865-4485-b318-d2a70839a3d4 tempest-GroupSnapshotsTest-337553210 tempest-GroupSnapshotsTest-337553210-project] DELETE http://10.222.0.30/volume/v3/ca2fa0064ea34f4d9bc3eddd612be090/volumes/dd1b3b14-d836-4093-bd91-c240dc361107
Sep 16 01:00:31.257800 dv-cinder-809305-1-smb devstack@c-api.service[100763]: DEBUG cinder.api.openstack.wsgi [None req-55b29d1d-5865-4485-b318-d2a70839a3d4 tempest-GroupSnapshotsTest-337553210 tempest-GroupSnapshotsTest-337553210-project] Empty body provided in request {{(pid=100763) get_body /opt/stack/cinder/cinder/api/openstack/wsgi.py:703}}
Sep 16 01:00:31.258421 dv-cinder-809305-1-smb devstack@c-api.service[100763]: DEBUG cinder.api.openstack.wsgi [None req-55b29d1d-5865-4485-b318-d2a70839a3d4 tempest-GroupSnapshotsTest-337553210 tempest-GroupSnapshotsTest-337553210-project] Calling method 'delete' {{(pid=100763) _process_stack /opt/stack/cinder/cinder/api/openstack/wsgi.py:856}}
Sep 16 01:00:31.260412 dv-cinder-809305-1-smb devstack@c-api.service[100763]: INFO cinder.api.v3.volumes [None req-55b29d1d-5865-4485-b318-d2a70839a3d4 tempest-GroupSnapshotsTest-337553210 tempest-GroupSnapshotsTest-337553210-project] Delete volume with id: dd1b3b14-d836-4093-bd91-c240dc361107
Sep 16 01:00:31.284262 dv-cinder-809305-1-smb devstack@c-api.service[100763]: INFO cinder.api.openstack.wsgi [None req-55b29d1d-5865-4485-b318-d2a70839a3d4 tempest-GroupSnapshotsTest-337553210 tempest-GroupSnapshotsTest-337553210-project] http://10.222.0.30/volume/v3/ca2fa0064ea34f4d9bc3eddd612be090/volumes/dd1b3b14-d836-4093-bd91-c240dc361107 returned with HTTP 404
Sep 16 01:00:31.285344 dv-cinder-809305-1-smb devstack@c-api.service[100763]: [pid: 100763|app: 0|req: 155/332] 10.222.0.30 () {58 vars in 1328 bytes} [Thu Sep 16 01:00:31 2021] DELETE /volume/v3/ca2fa0064ea34f4d9bc3eddd612be090/volumes/dd1b3b14-d836-4093-bd91-c240dc361107 => generated 109 bytes in 39 msecs (HTTP/1.1 404) 7 headers in 292 bytes (1 switches on core 0)
Sep 16 01:00:31.297602 dv-cinder-809305-1-smb devstack@c-api.service[100763]: INFO cinder.api.openstack.wsgi [None req-c931680d-0c35-49b4-9587-4cc40ed8c1ac tempest-GroupSnapshotsTest-627311461 tempest-GroupSnapshotsTest-627311461-project-admin] DELETE http://10.222.0.30/volume/v3/646a45d4cf9c47efaff0538d84b687ca/types/097b7d73-eb81-4318-b61a-528852665c44
Sep 16 01:00:31.299097 dv-cinder-809305-1-smb devstack@c-api.service[100763]: DEBUG cinder.api.openstack.wsgi [None req-c931680d-0c35-49b4-9587-4cc40ed8c1ac tempest-GroupSnapshotsTest-627311461 tempest-GroupSnapshotsTest-627311461-project-admin] Empty body provided in request {{(pid=100763) get_body /opt/stack/cinder/cinder/api/openstack/wsgi.py:703}}
Sep 16 01:00:31.301412 dv-cinder-809305-1-smb devstack@c-api.service[100763]: DEBUG cinder.api.openstack.wsgi [None req-c931680d-0c35-49b4-9587-4cc40ed8c1ac tempest-GroupSnapshotsTest-627311461 tempest-GroupSnapshotsTest-627311461-project-admin] Calling method '_delete' {{(pid=100763) _process_stack /opt/stack/cinder/cinder/api/openstack/wsgi.py:856}}
Sep 16 01:00:31.326585 dv-cinder-809305-1-smb devstack@c-api.service[100762]: DEBUG cinder.quota [None req-fd89b87f-f95d-461c-a708-773e00b7ef82 tempest-VolumeTypesAccessTest-1955563419 tempest-VolumeTypesAccessTest-1955563419-project] Created reservations ['5dfd58ed-0382-4994-b205-99cf958d4b79', 'f3495700-c0e8-444c-8730-648e81cc781a', 'a045df92-6a63-405b-97e3-595a6a8c1576', '5359a04c-aa3e-4ad7-8961-4e3a96117ccc'] {{(pid=100762) reserve /opt/stack/cinder/cinder/quota.py:755}}
Sep 16 01:00:31.328411 dv-cinder-809305-1-smb devstack@c-api.service[100762]: DEBUG cinder.volume.api [None req-fd89b87f-f95d-461c-a708-773e00b7ef82 tempest-VolumeTypesAccessTest-1955563419 tempest-VolumeTypesAccessTest-1955563419-project] Task 'cinder.volume.flows.api.create_volume.QuotaReserveTask;volume:create' (ff33fe39-3821-4477-86ec-9bef403d4b3d) transitioned into state 'SUCCESS' from state 'RUNNING' with result '{'reservations': ['5dfd58ed-0382-4994-b205-99cf958d4b79', 'f3495700-c0e8-444c-8730-648e81cc781a', 'a045df92-6a63-405b-97e3-595a6a8c1576', '5359a04c-aa3e-4ad7-8961-4e3a96117ccc']}' {{(pid=100762) _task_receiver /usr/local/lib/python3.8/dist-packages/taskflow/listeners/logging.py:178}}
Sep 16 01:00:31.331487 dv-cinder-809305-1-smb devstack@c-api.service[100762]: DEBUG cinder.volume.api [None req-fd89b87f-f95d-461c-a708-773e00b7ef82 tempest-VolumeTypesAccessTest-1955563419 tempest-VolumeTypesAccessTest-1955563419-project] Task 'cinder.volume.flows.api.create_volume.EntryCreateTask;volume:create' (8bd43159-3966-4de7-9f87-ed0779dfce38) transitioned into state 'RUNNING' from state 'PENDING' {{(pid=100762) _task_receiver /usr/local/lib/python3.8/dist-packages/taskflow/listeners/logging.py:190}}
Sep 16 01:00:31.366066 dv-cinder-809305-1-smb devstack@c-api.service[100762]: DEBUG cinder.volume.api [None req-fd89b87f-f95d-461c-a708-773e00b7ef82 tempest-VolumeTypesAccessTest-1955563419 tempest-VolumeTypesAccessTest-1955563419-project] Task 'cinder.volume.flows.api.create_volume.EntryCreateTask;volume:create' (8bd43159-3966-4de7-9f87-ed0779dfce38) transitioned into state 'SUCCESS' from state 'RUNNING' with result '{'volume_id': '0e2c7dfa-316b-4070-b110-3b6d82dcaaa2', 'volume_properties': VolumeProperties(attach_status='detached',availability_zone='nova',cgsnapshot_id=None,consistencygroup_id=None,display_description=None,display_name='tempest-VolumeTypesAccessTest-Volume-1994121186',encryption_key_id=None,group_id=None,group_type_id=,metadata={},multiattach=False,project_id='09fa93b7be0c426e89d2da8b9af5f92b',qos_specs=None,replication_status=,reservations=['5dfd58ed-0382-4994-b205-99cf958d4b79','f3495700-c0e8-444c-8730-648e81cc781a','a045df92-6a63-405b-97e3-595a6a8c1576','5359a04c-aa3e-4ad7-8961-4e3a96117ccc'],size=1,snapshot_id=None,source_replicaid=,source_volid=None,status='creating',user_id='e77c0004d7ef49c8b8cfe5e57c5319f1',volume_type_id=919e31aa-f729-4146-8967-c83ce7be49b0), 'volume': Volume(_name_id=None,admin_metadata=,attach_status='detached',availability_zone='nova',bootable=False,cluster=,cluster_name=None,consistencygroup=,consistencygroup_id=None,created_at=2021-09-16T01:00:31Z,deleted=False,deleted_at=None,display_description=None,display_name='tempest-VolumeTypesAccessTest-Volume-1994121186',ec2_id=None,encryption_key_id=None,glance_metadata=,group=,group_id=None,host=None,id=0e2c7dfa-316b-4070-b110-3b6d82dcaaa2,launched_at=None,metadata={},migration_status=None,multiattach=False,previous_status=None,project_id='09fa93b7be0c426e89d2da8b9af5f92b',provider_auth=None,provider_geometry=None,provider_id=None,provider_location=None,replication_driver_data=None,replication_extended_status=None,replication_status=None,scheduled_at=None,service_uuid=None,shared_targets=True,size=1,snapshot_id=None,snapshots=,source_volid=None,status='creating',terminated_at=None,updated_at=None,use_quota=True,user_id='e77c0004d7ef49c8b8cfe5e57c5319f1',volume_attachment=,volume_type=VolumeType(919e31aa-f729-4146-8967-c83ce7be49b0),volume_type_id=919e31aa-f729-4146-8967-c83ce7be49b0)}' {{(pid=100762) _task_receiver /usr/local/lib/python3.8/dist-packages/taskflow/listeners/logging.py:178}}
Sep 16 01:00:31.369139 dv-cinder-809305-1-smb devstack@c-api.service[100762]: DEBUG cinder.volume.api [None req-fd89b87f-f95d-461c-a708-773e00b7ef82 tempest-VolumeTypesAccessTest-1955563419 tempest-VolumeTypesAccessTest-1955563419-project] Task 'cinder.volume.flows.api.create_volume.QuotaCommitTask;volume:create' (ee796bc7-d011-46a8-8ba8-9a7462e9c776) transitioned into state 'RUNNING' from state 'PENDING' {{(pid=100762) _task_receiver /usr/local/lib/python3.8/dist-packages/taskflow/listeners/logging.py:190}}
Sep 16 01:00:31.387326 dv-cinder-809305-1-smb devstack@c-api.service[100763]: INFO cinder.api.openstack.wsgi [None req-c931680d-0c35-49b4-9587-4cc40ed8c1ac tempest-GroupSnapshotsTest-627311461 tempest-GroupSnapshotsTest-627311461-project-admin] http://10.222.0.30/volume/v3/646a45d4cf9c47efaff0538d84b687ca/types/097b7d73-eb81-4318-b61a-528852665c44 returned with HTTP 202
Sep 16 01:00:31.388432 dv-cinder-809305-1-smb devstack@c-api.service[100763]: [pid: 100763|app: 0|req: 156/333] 10.222.0.30 () {58 vars in 1322 bytes} [Thu Sep 16 01:00:31 2021] DELETE /volume/v3/646a45d4cf9c47efaff0538d84b687ca/types/097b7d73-eb81-4318-b61a-528852665c44 => generated 0 bytes in 99 msecs (HTTP/1.1 202) 6 headers in 233 bytes (1 switches on core 0)
Sep 16 01:00:31.397307 dv-cinder-809305-1-smb devstack@c-api.service[100763]: INFO cinder.api.openstack.wsgi [None req-a94d6317-f6d5-48ae-bb4a-e8bce69d60b7 tempest-GroupSnapshotsTest-627311461 tempest-GroupSnapshotsTest-627311461-project-admin] GET http://10.222.0.30/volume/v3/646a45d4cf9c47efaff0538d84b687ca/types/097b7d73-eb81-4318-b61a-528852665c44
Sep 16 01:00:31.397939 dv-cinder-809305-1-smb devstack@c-api.service[100763]: DEBUG cinder.api.openstack.wsgi [None req-a94d6317-f6d5-48ae-bb4a-e8bce69d60b7 tempest-GroupSnapshotsTest-627311461 tempest-GroupSnapshotsTest-627311461-project-admin] Empty body provided in request {{(pid=100763) get_body /opt/stack/cinder/cinder/api/openstack/wsgi.py:703}}
Sep 16 01:00:31.398769 dv-cinder-809305-1-smb devstack@c-api.service[100763]: DEBUG cinder.api.openstack.wsgi [None req-a94d6317-f6d5-48ae-bb4a-e8bce69d60b7 tempest-GroupSnapshotsTest-627311461 tempest-GroupSnapshotsTest-627311461-project-admin] Calling method 'show' {{(pid=100763) _process_stack /opt/stack/cinder/cinder/api/openstack/wsgi.py:856}}
Sep 16 01:00:31.406979 dv-cinder-809305-1-smb devstack@c-api.service[100763]: INFO cinder.api.openstack.wsgi [None req-a94d6317-f6d5-48ae-bb4a-e8bce69d60b7 tempest-GroupSnapshotsTest-627311461 tempest-GroupSnapshotsTest-627311461-project-admin] http://10.222.0.30/volume/v3/646a45d4cf9c47efaff0538d84b687ca/types/097b7d73-eb81-4318-b61a-528852665c44 returned with HTTP 404
Sep 16 01:00:31.408278 dv-cinder-809305-1-smb devstack@c-api.service[100763]: [pid: 100763|app: 0|req: 157/334] 10.222.0.30 () {58 vars in 1319 bytes} [Thu Sep 16 01:00:31 2021] GET /volume/v3/646a45d4cf9c47efaff0538d84b687ca/types/097b7d73-eb81-4318-b61a-528852665c44 => generated 114 bytes in 16 msecs (HTTP/1.1 404) 7 headers in 292 bytes (1 switches on core 0)
Sep 16 01:00:31.411836 dv-cinder-809305-1-smb devstack@c-api.service[100762]: DEBUG cinder.volume.api [None req-fd89b87f-f95d-461c-a708-773e00b7ef82 tempest-VolumeTypesAccessTest-1955563419 tempest-VolumeTypesAccessTest-1955563419-project] Task 'cinder.volume.flows.api.create_volume.QuotaCommitTask;volume:create' (ee796bc7-d011-46a8-8ba8-9a7462e9c776) transitioned into state 'SUCCESS' from state 'RUNNING' with result '{'volume_properties': VolumeProperties(attach_status='detached',availability_zone='nova',cgsnapshot_id=None,consistencygroup_id=None,display_description=None,display_name='tempest-VolumeTypesAccessTest-Volume-1994121186',encryption_key_id=None,group_id=None,group_type_id=,metadata={},multiattach=False,project_id='09fa93b7be0c426e89d2da8b9af5f92b',qos_specs=None,replication_status=,reservations=['5dfd58ed-0382-4994-b205-99cf958d4b79','f3495700-c0e8-444c-8730-648e81cc781a','a045df92-6a63-405b-97e3-595a6a8c1576','5359a04c-aa3e-4ad7-8961-4e3a96117ccc'],size=1,snapshot_id=None,source_replicaid=,source_volid=None,status='creating',user_id='e77c0004d7ef49c8b8cfe5e57c5319f1',volume_type_id=919e31aa-f729-4146-8967-c83ce7be49b0)}' {{(pid=100762) _task_receiver /usr/local/lib/python3.8/dist-packages/taskflow/listeners/logging.py:178}}
Sep 16 01:00:31.415063 dv-cinder-809305-1-smb devstack@c-api.service[100762]: DEBUG cinder.volume.api [None req-fd89b87f-f95d-461c-a708-773e00b7ef82 tempest-VolumeTypesAccessTest-1955563419 tempest-VolumeTypesAccessTest-1955563419-project] Task 'cinder.volume.flows.api.create_volume.VolumeCastTask;volume:create' (0dbc70d8-f30d-4369-8f6d-512493deefde) transitioned into state 'RUNNING' from state 'PENDING' {{(pid=100762) _task_receiver /usr/local/lib/python3.8/dist-packages/taskflow/listeners/logging.py:190}}
Sep 16 01:00:31.416377 dv-cinder-809305-1-smb devstack@c-api.service[100763]: INFO cinder.api.openstack.wsgi [None req-ad666428-71e3-47c8-ad58-9fe8b1f79929 tempest-GroupSnapshotsTest-337553210 tempest-GroupSnapshotsTest-337553210-project] DELETE http://10.222.0.30/volume/v3/ca2fa0064ea34f4d9bc3eddd612be090/volumes/7fb77f7b-ba06-4b66-b0b5-292057760c34
Sep 16 01:00:31.417049 dv-cinder-809305-1-smb devstack@c-api.service[100763]: DEBUG cinder.api.openstack.wsgi [None req-ad666428-71e3-47c8-ad58-9fe8b1f79929 tempest-GroupSnapshotsTest-337553210 tempest-GroupSnapshotsTest-337553210-project] Empty body provided in request {{(pid=100763) get_body /opt/stack/cinder/cinder/api/openstack/wsgi.py:703}}
Sep 16 01:00:31.418248 dv-cinder-809305-1-smb devstack@c-api.service[100763]: DEBUG cinder.api.openstack.wsgi [None req-ad666428-71e3-47c8-ad58-9fe8b1f79929 tempest-GroupSnapshotsTest-337553210 tempest-GroupSnapshotsTest-337553210-project] Calling method 'delete' {{(pid=100763) _process_stack /opt/stack/cinder/cinder/api/openstack/wsgi.py:856}}
Sep 16 01:00:31.418248 dv-cinder-809305-1-smb devstack@c-api.service[100763]: INFO cinder.api.v3.volumes [None req-ad666428-71e3-47c8-ad58-9fe8b1f79929 tempest-GroupSnapshotsTest-337553210 tempest-GroupSnapshotsTest-337553210-project] Delete volume with id: 7fb77f7b-ba06-4b66-b0b5-292057760c34
Sep 16 01:00:31.430318 dv-cinder-809305-1-smb devstack@c-api.service[100763]: INFO cinder.api.openstack.wsgi [None req-ad666428-71e3-47c8-ad58-9fe8b1f79929 tempest-GroupSnapshotsTest-337553210 tempest-GroupSnapshotsTest-337553210-project] http://10.222.0.30/volume/v3/ca2fa0064ea34f4d9bc3eddd612be090/volumes/7fb77f7b-ba06-4b66-b0b5-292057760c34 returned with HTTP 404
Sep 16 01:00:31.431317 dv-cinder-809305-1-smb devstack@c-api.service[100763]: [pid: 100763|app: 0|req: 158/335] 10.222.0.30 () {58 vars in 1328 bytes} [Thu Sep 16 01:00:31 2021] DELETE /volume/v3/ca2fa0064ea34f4d9bc3eddd612be090/volumes/7fb77f7b-ba06-4b66-b0b5-292057760c34 => generated 109 bytes in 19 msecs (HTTP/1.1 404) 7 headers in 292 bytes (2 switches on core 0)
Sep 16 01:00:31.438519 dv-cinder-809305-1-smb devstack@c-api.service[100763]: INFO cinder.api.openstack.wsgi [None req-25616c02-1199-481f-bc05-1a29ab2bd9ea tempest-GroupSnapshotsTest-627311461 tempest-GroupSnapshotsTest-627311461-project-admin] DELETE http://10.222.0.30/volume/v3/646a45d4cf9c47efaff0538d84b687ca/types/949ee50b-9bf8-4844-b8e7-c9f717256c39
Sep 16 01:00:31.439736 dv-cinder-809305-1-smb devstack@c-api.service[100763]: DEBUG cinder.api.openstack.wsgi [None req-25616c02-1199-481f-bc05-1a29ab2bd9ea tempest-GroupSnapshotsTest-627311461 tempest-GroupSnapshotsTest-627311461-project-admin] Empty body provided in request {{(pid=100763) get_body /opt/stack/cinder/cinder/api/openstack/wsgi.py:703}}
Sep 16 01:00:31.440322 dv-cinder-809305-1-smb devstack@c-api.service[100763]: DEBUG cinder.api.openstack.wsgi [None req-25616c02-1199-481f-bc05-1a29ab2bd9ea tempest-GroupSnapshotsTest-627311461 tempest-GroupSnapshotsTest-627311461-project-admin] Calling method '_delete' {{(pid=100763) _process_stack /opt/stack/cinder/cinder/api/openstack/wsgi.py:856}}
Sep 16 01:00:31.444046 dv-cinder-809305-1-smb devstack@c-api.service[100762]: DEBUG cinder.volume.api [None req-fd89b87f-f95d-461c-a708-773e00b7ef82 tempest-VolumeTypesAccessTest-1955563419 tempest-VolumeTypesAccessTest-1955563419-project] Task 'cinder.volume.flows.api.create_volume.VolumeCastTask;volume:create' (0dbc70d8-f30d-4369-8f6d-512493deefde) transitioned into state 'SUCCESS' from state 'RUNNING' with result 'None' {{(pid=100762) _task_receiver /usr/local/lib/python3.8/dist-packages/taskflow/listeners/logging.py:178}}
Sep 16 01:00:31.448392 dv-cinder-809305-1-smb devstack@c-api.service[100762]: DEBUG cinder.volume.api [None req-fd89b87f-f95d-461c-a708-773e00b7ef82 tempest-VolumeTypesAccessTest-1955563419 tempest-VolumeTypesAccessTest-1955563419-project] Flow 'volume_create_api' (8b216751-addc-4280-972f-bbba89859693) transitioned into state 'SUCCESS' from state 'RUNNING' {{(pid=100762) _flow_receiver /usr/local/lib/python3.8/dist-packages/taskflow/listeners/logging.py:141}}
Sep 16 01:00:31.450221 dv-cinder-809305-1-smb devstack@c-api.service[100762]: INFO cinder.volume.api [None req-fd89b87f-f95d-461c-a708-773e00b7ef82 tempest-VolumeTypesAccessTest-1955563419 tempest-VolumeTypesAccessTest-1955563419-project] Create volume request issued successfully.
Sep 16 01:00:31.475472 dv-cinder-809305-1-smb devstack@c-api.service[100762]: INFO cinder.api.openstack.wsgi [None req-fd89b87f-f95d-461c-a708-773e00b7ef82 tempest-VolumeTypesAccessTest-1955563419 tempest-VolumeTypesAccessTest-1955563419-project] http://10.222.0.30/volume/v3/09fa93b7be0c426e89d2da8b9af5f92b/volumes returned with HTTP 202
Sep 16 01:00:31.479172 dv-cinder-809305-1-smb devstack@c-api.service[100762]: [pid: 100762|app: 0|req: 178/336] 10.222.0.30 () {60 vars in 1236 bytes} [Thu Sep 16 01:00:31 2021] POST /volume/v3/09fa93b7be0c426e89d2da8b9af5f92b/volumes => generated 862 bytes in 368 msecs (HTTP/1.1 202) 7 headers in 291 bytes (1 switches on core 0)
Sep 16 01:00:31.491566 dv-cinder-809305-1-smb devstack@c-api.service[100762]: INFO cinder.api.openstack.wsgi [None req-2ef47463-d935-4973-841e-aa5c721095f2 tempest-VolumeTypesAccessTest-1955563419 tempest-VolumeTypesAccessTest-1955563419-project] GET http://10.222.0.30/volume/v3/09fa93b7be0c426e89d2da8b9af5f92b/volumes/0e2c7dfa-316b-4070-b110-3b6d82dcaaa2
Sep 16 01:00:31.491884 dv-cinder-809305-1-smb devstack@c-api.service[100762]: DEBUG cinder.api.openstack.wsgi [None req-2ef47463-d935-4973-841e-aa5c721095f2 tempest-VolumeTypesAccessTest-1955563419 tempest-VolumeTypesAccessTest-1955563419-project] Empty body provided in request {{(pid=100762) get_body /opt/stack/cinder/cinder/api/openstack/wsgi.py:703}}
Sep 16 01:00:31.492054 dv-cinder-809305-1-smb devstack@c-api.service[100762]: /usr/local/lib/python3.8/dist-packages/webob/acceptparse.py:1047: DeprecationWarning: The behavior of AcceptValidHeader.best_match is currently being maintained for backward compatibility, but it will be deprecated in the future, as it does not conform to the RFC.
Sep 16 01:00:31.492054 dv-cinder-809305-1-smb devstack@c-api.service[100762]: warnings.warn(
Sep 16 01:00:31.493174 dv-cinder-809305-1-smb devstack@c-api.service[100762]: DEBUG cinder.api.openstack.wsgi [None req-2ef47463-d935-4973-841e-aa5c721095f2 tempest-VolumeTypesAccessTest-1955563419 tempest-VolumeTypesAccessTest-1955563419-project] Calling method 'show' {{(pid=100762) _process_stack /opt/stack/cinder/cinder/api/openstack/wsgi.py:856}}
Sep 16 01:00:31.519945 dv-cinder-809305-1-smb devstack@c-api.service[100763]: INFO cinder.api.openstack.wsgi [None req-25616c02-1199-481f-bc05-1a29ab2bd9ea tempest-GroupSnapshotsTest-627311461 tempest-GroupSnapshotsTest-627311461-project-admin] http://10.222.0.30/volume/v3/646a45d4cf9c47efaff0538d84b687ca/types/949ee50b-9bf8-4844-b8e7-c9f717256c39 returned with HTTP 202
Sep 16 01:00:31.523214 dv-cinder-809305-1-smb devstack@c-api.service[100763]: [pid: 100763|app: 0|req: 159/337] 10.222.0.30 () {58 vars in 1322 bytes} [Thu Sep 16 01:00:31 2021] DELETE /volume/v3/646a45d4cf9c47efaff0538d84b687ca/types/949ee50b-9bf8-4844-b8e7-c9f717256c39 => generated 0 bytes in 88 msecs (HTTP/1.1 202) 6 headers in 233 bytes (2 switches on core 0)
Sep 16 01:00:31.532912 dv-cinder-809305-1-smb devstack@c-api.service[100762]: /usr/local/lib/python3.8/dist-packages/oslo_context/context.py:105: DeprecationWarning: Policy enforcement is depending on the value of is_admin. This key is deprecated. Please update your policy file to use the standard policy values.
Sep 16 01:00:31.532912 dv-cinder-809305-1-smb devstack@c-api.service[100762]: warnings.warn('Policy enforcement is depending on the value of '
Sep 16 01:00:31.534963 dv-cinder-809305-1-smb devstack@c-api.service[100763]: INFO cinder.api.openstack.wsgi [None req-a4cf8fa0-2e0a-4446-8cfa-83e901c24739 tempest-GroupSnapshotsTest-627311461 tempest-GroupSnapshotsTest-627311461-project-admin] GET http://10.222.0.30/volume/v3/646a45d4cf9c47efaff0538d84b687ca/types/949ee50b-9bf8-4844-b8e7-c9f717256c39
Sep 16 01:00:31.535466 dv-cinder-809305-1-smb devstack@c-api.service[100763]: DEBUG cinder.api.openstack.wsgi [None req-a4cf8fa0-2e0a-4446-8cfa-83e901c24739 tempest-GroupSnapshotsTest-627311461 tempest-GroupSnapshotsTest-627311461-project-admin] Empty body provided in request {{(pid=100763) get_body /opt/stack/cinder/cinder/api/openstack/wsgi.py:703}}
Sep 16 01:00:31.535932 dv-cinder-809305-1-smb devstack@c-api.service[100763]: DEBUG cinder.api.openstack.wsgi [None req-a4cf8fa0-2e0a-4446-8cfa-83e901c24739 tempest-GroupSnapshotsTest-627311461 tempest-GroupSnapshotsTest-627311461-project-admin] Calling method 'show' {{(pid=100763) _process_stack /opt/stack/cinder/cinder/api/openstack/wsgi.py:856}}
Sep 16 01:00:31.545357 dv-cinder-809305-1-smb devstack@c-api.service[100763]: INFO cinder.api.openstack.wsgi [None req-a4cf8fa0-2e0a-4446-8cfa-83e901c24739 tempest-GroupSnapshotsTest-627311461 tempest-GroupSnapshotsTest-627311461-project-admin] http://10.222.0.30/volume/v3/646a45d4cf9c47efaff0538d84b687ca/types/949ee50b-9bf8-4844-b8e7-c9f717256c39 returned with HTTP 404
Sep 16 01:00:31.546668 dv-cinder-809305-1-smb devstack@c-api.service[100763]: [pid: 100763|app: 0|req: 160/338] 10.222.0.30 () {58 vars in 1319 bytes} [Thu Sep 16 01:00:31 2021] GET /volume/v3/646a45d4cf9c47efaff0538d84b687ca/types/949ee50b-9bf8-4844-b8e7-c9f717256c39 => generated 114 bytes in 22 msecs (HTTP/1.1 404) 7 headers in 292 bytes (1 switches on core 0)
Sep 16 01:00:31.547992 dv-cinder-809305-1-smb devstack@c-api.service[100762]: INFO cinder.volume.api [None req-2ef47463-d935-4973-841e-aa5c721095f2 tempest-VolumeTypesAccessTest-1955563419 tempest-VolumeTypesAccessTest-1955563419-project] Volume info retrieved successfully.
Sep 16 01:00:31.586928 dv-cinder-809305-1-smb devstack@c-api.service[100762]: INFO cinder.api.openstack.wsgi [None req-2ef47463-d935-4973-841e-aa5c721095f2 tempest-VolumeTypesAccessTest-1955563419 tempest-VolumeTypesAccessTest-1955563419-project] http://10.222.0.30/volume/v3/09fa93b7be0c426e89d2da8b9af5f92b/volumes/0e2c7dfa-316b-4070-b110-3b6d82dcaaa2 returned with HTTP 200
Sep 16 01:00:31.586928 dv-cinder-809305-1-smb devstack@c-api.service[100762]: [pid: 100762|app: 0|req: 179/339] 10.222.0.30 () {58 vars in 1325 bytes} [Thu Sep 16 01:00:31 2021] GET /volume/v3/09fa93b7be0c426e89d2da8b9af5f92b/volumes/0e2c7dfa-316b-4070-b110-3b6d82dcaaa2 => generated 930 bytes in 99 msecs (HTTP/1.1 200) 7 headers in 285 bytes (1 switches on core 0)
Sep 16 01:00:32.593799 dv-cinder-809305-1-smb devstack@c-api.service[100763]: INFO cinder.api.openstack.wsgi [None req-bd9989e1-dfde-4350-b09b-78308d6835c0 tempest-VolumeTypesAccessTest-1955563419 tempest-VolumeTypesAccessTest-1955563419-project] GET http://10.222.0.30/volume/v3/09fa93b7be0c426e89d2da8b9af5f92b/volumes/0e2c7dfa-316b-4070-b110-3b6d82dcaaa2
Sep 16 01:00:32.594312 dv-cinder-809305-1-smb devstack@c-api.service[100763]: DEBUG cinder.api.openstack.wsgi [None req-bd9989e1-dfde-4350-b09b-78308d6835c0 tempest-VolumeTypesAccessTest-1955563419 tempest-VolumeTypesAccessTest-1955563419-project] Empty body provided in request {{(pid=100763) get_body /opt/stack/cinder/cinder/api/openstack/wsgi.py:703}}
Sep 16 01:00:32.594660 dv-cinder-809305-1-smb devstack@c-api.service[100763]: DEBUG cinder.api.openstack.wsgi [None req-bd9989e1-dfde-4350-b09b-78308d6835c0 tempest-VolumeTypesAccessTest-1955563419 tempest-VolumeTypesAccessTest-1955563419-project] Calling method 'show' {{(pid=100763) _process_stack /opt/stack/cinder/cinder/api/openstack/wsgi.py:856}}
Sep 16 01:00:32.619059 dv-cinder-809305-1-smb devstack@c-api.service[100763]: /usr/local/lib/python3.8/dist-packages/oslo_context/context.py:105: DeprecationWarning: Policy enforcement is depending on the value of is_admin. This key is deprecated. Please update your policy file to use the standard policy values.
Sep 16 01:00:32.619059 dv-cinder-809305-1-smb devstack@c-api.service[100763]: warnings.warn('Policy enforcement is depending on the value of '
Sep 16 01:00:32.633136 dv-cinder-809305-1-smb devstack@c-api.service[100763]: INFO cinder.volume.api [None req-bd9989e1-dfde-4350-b09b-78308d6835c0 tempest-VolumeTypesAccessTest-1955563419 tempest-VolumeTypesAccessTest-1955563419-project] Volume info retrieved successfully.
Sep 16 01:00:32.662625 dv-cinder-809305-1-smb devstack@c-api.service[100763]: INFO cinder.api.openstack.wsgi [None req-bd9989e1-dfde-4350-b09b-78308d6835c0 tempest-VolumeTypesAccessTest-1955563419 tempest-VolumeTypesAccessTest-1955563419-project] http://10.222.0.30/volume/v3/09fa93b7be0c426e89d2da8b9af5f92b/volumes/0e2c7dfa-316b-4070-b110-3b6d82dcaaa2 returned with HTTP 200
Sep 16 01:00:32.678319 dv-cinder-809305-1-smb devstack@c-api.service[100763]: [pid: 100763|app: 0|req: 161/340] 10.222.0.30 () {58 vars in 1325 bytes} [Thu Sep 16 01:00:32 2021] GET /volume/v3/09fa93b7be0c426e89d2da8b9af5f92b/volumes/0e2c7dfa-316b-4070-b110-3b6d82dcaaa2 => generated 955 bytes in 76 msecs (HTTP/1.1 200) 7 headers in 285 bytes (1 switches on core 0)
Sep 16 01:00:32.685785 dv-cinder-809305-1-smb devstack@c-api.service[100762]: INFO cinder.api.openstack.wsgi [None req-ef2883bf-4a3f-4f08-be3c-b6c6aaef6b97 tempest-VolumeTypesAccessTest-1978369450 tempest-VolumeTypesAccessTest-1978369450-project-admin] POST http://10.222.0.30/volume/v3/2b4597a97c7b45f9b185cd084f78ded6/types/919e31aa-f729-4146-8967-c83ce7be49b0/action
Sep 16 01:00:32.685785 dv-cinder-809305-1-smb devstack@c-api.service[100762]: /usr/local/lib/python3.8/dist-packages/webob/acceptparse.py:1047: DeprecationWarning: The behavior of AcceptValidHeader.best_match is currently being maintained for backward compatibility, but it will be deprecated in the future, as it does not conform to the RFC.
Sep 16 01:00:32.685785 dv-cinder-809305-1-smb devstack@c-api.service[100762]: warnings.warn(
Sep 16 01:00:32.687709 dv-cinder-809305-1-smb devstack@c-api.service[100762]: DEBUG cinder.api.openstack.wsgi [None req-ef2883bf-4a3f-4f08-be3c-b6c6aaef6b97 tempest-VolumeTypesAccessTest-1978369450 tempest-VolumeTypesAccessTest-1978369450-project-admin] Action body: b'{"removeProjectAccess": {"project": "09fa93b7be0c426e89d2da8b9af5f92b"}}' {{(pid=100762) get_method /opt/stack/cinder/cinder/api/openstack/wsgi.py:971}}
Sep 16 01:00:32.688039 dv-cinder-809305-1-smb devstack@c-api.service[100762]: DEBUG cinder.api.openstack.wsgi [None req-ef2883bf-4a3f-4f08-be3c-b6c6aaef6b97 tempest-VolumeTypesAccessTest-1978369450 tempest-VolumeTypesAccessTest-1978369450-project-admin] Action: 'action', calling method: _removeProjectAccess, body: {"removeProjectAccess": {"project": "09fa93b7be0c426e89d2da8b9af5f92b"}} {{(pid=100762) _process_stack /opt/stack/cinder/cinder/api/openstack/wsgi.py:854}}
Sep 16 01:00:32.737578 dv-cinder-809305-1-smb devstack@c-api.service[100762]: INFO cinder.api.openstack.wsgi [None req-ef2883bf-4a3f-4f08-be3c-b6c6aaef6b97 tempest-VolumeTypesAccessTest-1978369450 tempest-VolumeTypesAccessTest-1978369450-project-admin] http://10.222.0.30/volume/v3/2b4597a97c7b45f9b185cd084f78ded6/types/919e31aa-f729-4146-8967-c83ce7be49b0/action returned with HTTP 202
Sep 16 01:00:32.739026 dv-cinder-809305-1-smb devstack@c-api.service[100762]: [pid: 100762|app: 0|req: 180/341] 10.222.0.30 () {60 vars in 1361 bytes} [Thu Sep 16 01:00:32 2021] POST /volume/v3/2b4597a97c7b45f9b185cd084f78ded6/types/919e31aa-f729-4146-8967-c83ce7be49b0/action => generated 0 bytes in 58 msecs (HTTP/1.1 202) 6 headers in 233 bytes (1 switches on core 0)
Sep 16 01:00:32.760352 dv-cinder-809305-1-smb devstack@c-api.service[100763]: INFO cinder.api.openstack.wsgi [None req-6f858bf1-8e4f-49a7-9d09-7c44990b8940 tempest-VolumeTypesAccessTest-1978369450 tempest-VolumeTypesAccessTest-1978369450-project-admin] POST http://10.222.0.30/volume/v3/2b4597a97c7b45f9b185cd084f78ded6/types
Sep 16 01:00:32.767212 dv-cinder-809305-1-smb devstack@c-api.service[100763]: /usr/local/lib/python3.8/dist-packages/webob/acceptparse.py:1047: DeprecationWarning: The behavior of AcceptValidHeader.best_match is currently being maintained for backward compatibility, but it will be deprecated in the future, as it does not conform to the RFC.
Sep 16 01:00:32.767212 dv-cinder-809305-1-smb devstack@c-api.service[100763]: warnings.warn(
Sep 16 01:00:32.768183 dv-cinder-809305-1-smb devstack@c-api.service[100763]: DEBUG cinder.api.openstack.wsgi [None req-6f858bf1-8e4f-49a7-9d09-7c44990b8940 tempest-VolumeTypesAccessTest-1978369450 tempest-VolumeTypesAccessTest-1978369450-project-admin] Action: 'create', calling method: _create, body: {"volume_type": {"name": "tempest-VolumeTypesAccessTest-volume-type-283268267", "os-volume-type-access:is_public": false}} {{(pid=100763) _process_stack /opt/stack/cinder/cinder/api/openstack/wsgi.py:854}}
Sep 16 01:00:32.843094 dv-cinder-809305-1-smb devstack@c-api.service[100763]: INFO cinder.api.openstack.wsgi [None req-6f858bf1-8e4f-49a7-9d09-7c44990b8940 tempest-VolumeTypesAccessTest-1978369450 tempest-VolumeTypesAccessTest-1978369450-project-admin] http://10.222.0.30/volume/v3/2b4597a97c7b45f9b185cd084f78ded6/types returned with HTTP 200
Sep 16 01:00:32.850107 dv-cinder-809305-1-smb devstack@c-api.service[100763]: [pid: 100763|app: 0|req: 162/342] 10.222.0.30 () {60 vars in 1230 bytes} [Thu Sep 16 01:00:32 2021] POST /volume/v3/2b4597a97c7b45f9b185cd084f78ded6/types => generated 228 bytes in 105 msecs (HTTP/1.1 200) 7 headers in 285 bytes (1 switches on core 0)
Sep 16 01:00:32.854378 dv-cinder-809305-1-smb devstack@c-api.service[100762]: INFO cinder.api.openstack.wsgi [None req-88aa8f52-d90d-4834-a4ce-40a1f0dabcf2 tempest-VolumeTypesAccessTest-1978369450 tempest-VolumeTypesAccessTest-1978369450-project-admin] POST http://10.222.0.30/volume/v3/2b4597a97c7b45f9b185cd084f78ded6/types/e5164504-01c7-4ac0-a1db-3d1a0ffac629/action
Sep 16 01:00:32.855875 dv-cinder-809305-1-smb devstack@c-api.service[100762]: DEBUG cinder.api.openstack.wsgi [None req-88aa8f52-d90d-4834-a4ce-40a1f0dabcf2 tempest-VolumeTypesAccessTest-1978369450 tempest-VolumeTypesAccessTest-1978369450-project-admin] Action body: b'{"addProjectAccess": {"project": "09fa93b7be0c426e89d2da8b9af5f92b"}}' {{(pid=100762) get_method /opt/stack/cinder/cinder/api/openstack/wsgi.py:971}}
Sep 16 01:00:32.856235 dv-cinder-809305-1-smb devstack@c-api.service[100762]: DEBUG cinder.api.openstack.wsgi [None req-88aa8f52-d90d-4834-a4ce-40a1f0dabcf2 tempest-VolumeTypesAccessTest-1978369450 tempest-VolumeTypesAccessTest-1978369450-project-admin] Action: 'action', calling method: _addProjectAccess, body: {"addProjectAccess": {"project": "09fa93b7be0c426e89d2da8b9af5f92b"}} {{(pid=100762) _process_stack /opt/stack/cinder/cinder/api/openstack/wsgi.py:854}}
Sep 16 01:00:32.875735 dv-cinder-809305-1-smb devstack@c-api.service[100762]: INFO cinder.api.openstack.wsgi [None req-88aa8f52-d90d-4834-a4ce-40a1f0dabcf2 tempest-VolumeTypesAccessTest-1978369450 tempest-VolumeTypesAccessTest-1978369450-project-admin] http://10.222.0.30/volume/v3/2b4597a97c7b45f9b185cd084f78ded6/types/e5164504-01c7-4ac0-a1db-3d1a0ffac629/action returned with HTTP 202
Sep 16 01:00:32.876886 dv-cinder-809305-1-smb devstack@c-api.service[100762]: [pid: 100762|app: 0|req: 181/343] 10.222.0.30 () {60 vars in 1361 bytes} [Thu Sep 16 01:00:32 2021] POST /volume/v3/2b4597a97c7b45f9b185cd084f78ded6/types/e5164504-01c7-4ac0-a1db-3d1a0ffac629/action => generated 0 bytes in 27 msecs (HTTP/1.1 202) 6 headers in 233 bytes (2 switches on core 0)
Sep 16 01:00:32.885618 dv-cinder-809305-1-smb devstack@c-api.service[100763]: INFO cinder.api.openstack.wsgi [None req-cecb5584-11ec-4edb-b273-12f4f681d26a tempest-VolumeTypesAccessTest-1978369450 tempest-VolumeTypesAccessTest-1978369450-project-admin] POST http://10.222.0.30/volume/v3/2b4597a97c7b45f9b185cd084f78ded6/types/e5164504-01c7-4ac0-a1db-3d1a0ffac629/action
Sep 16 01:00:32.886942 dv-cinder-809305-1-smb devstack@c-api.service[100763]: DEBUG cinder.api.openstack.wsgi [None req-cecb5584-11ec-4edb-b273-12f4f681d26a tempest-VolumeTypesAccessTest-1978369450 tempest-VolumeTypesAccessTest-1978369450-project-admin] Action body: b'{"addProjectAccess": {"project": "848da320595247299b8be3fc1056b661"}}' {{(pid=100763) get_method /opt/stack/cinder/cinder/api/openstack/wsgi.py:971}}
Sep 16 01:00:32.887341 dv-cinder-809305-1-smb devstack@c-api.service[100763]: DEBUG cinder.api.openstack.wsgi [None req-cecb5584-11ec-4edb-b273-12f4f681d26a tempest-VolumeTypesAccessTest-1978369450 tempest-VolumeTypesAccessTest-1978369450-project-admin] Action: 'action', calling method: _addProjectAccess, body: {"addProjectAccess": {"project": "848da320595247299b8be3fc1056b661"}} {{(pid=100763) _process_stack /opt/stack/cinder/cinder/api/openstack/wsgi.py:854}}
Sep 16 01:00:32.912672 dv-cinder-809305-1-smb devstack@c-api.service[100763]: INFO cinder.api.openstack.wsgi [None req-cecb5584-11ec-4edb-b273-12f4f681d26a tempest-VolumeTypesAccessTest-1978369450 tempest-VolumeTypesAccessTest-1978369450-project-admin] http://10.222.0.30/volume/v3/2b4597a97c7b45f9b185cd084f78ded6/types/e5164504-01c7-4ac0-a1db-3d1a0ffac629/action returned with HTTP 202
Sep 16 01:00:32.913711 dv-cinder-809305-1-smb devstack@c-api.service[100763]: [pid: 100763|app: 0|req: 163/344] 10.222.0.30 () {60 vars in 1361 bytes} [Thu Sep 16 01:00:32 2021] POST /volume/v3/2b4597a97c7b45f9b185cd084f78ded6/types/e5164504-01c7-4ac0-a1db-3d1a0ffac629/action => generated 0 bytes in 33 msecs (HTTP/1.1 202) 6 headers in 233 bytes (1 switches on core 0)
Sep 16 01:00:32.924562 dv-cinder-809305-1-smb devstack@c-api.service[100762]: INFO cinder.api.openstack.wsgi [None req-d8e3a3db-021d-4f9d-840a-3f5ae1e4b1ac tempest-VolumeTypesAccessTest-1978369450 tempest-VolumeTypesAccessTest-1978369450-project-admin] GET http://10.222.0.30/volume/v3/2b4597a97c7b45f9b185cd084f78ded6/types/e5164504-01c7-4ac0-a1db-3d1a0ffac629/os-volume-type-access
Sep 16 01:00:32.925002 dv-cinder-809305-1-smb devstack@c-api.service[100762]: DEBUG cinder.api.openstack.wsgi [None req-d8e3a3db-021d-4f9d-840a-3f5ae1e4b1ac tempest-VolumeTypesAccessTest-1978369450 tempest-VolumeTypesAccessTest-1978369450-project-admin] Empty body provided in request {{(pid=100762) get_body /opt/stack/cinder/cinder/api/openstack/wsgi.py:703}}
Sep 16 01:00:32.925403 dv-cinder-809305-1-smb devstack@c-api.service[100762]: DEBUG cinder.api.openstack.wsgi [None req-d8e3a3db-021d-4f9d-840a-3f5ae1e4b1ac tempest-VolumeTypesAccessTest-1978369450 tempest-VolumeTypesAccessTest-1978369450-project-admin] Calling method 'index' {{(pid=100762) _process_stack /opt/stack/cinder/cinder/api/openstack/wsgi.py:856}}
Sep 16 01:00:32.968612 dv-cinder-809305-1-smb devstack@c-api.service[100762]: INFO cinder.api.openstack.wsgi [None req-d8e3a3db-021d-4f9d-840a-3f5ae1e4b1ac tempest-VolumeTypesAccessTest-1978369450 tempest-VolumeTypesAccessTest-1978369450-project-admin] http://10.222.0.30/volume/v3/2b4597a97c7b45f9b185cd084f78ded6/types/e5164504-01c7-4ac0-a1db-3d1a0ffac629/os-volume-type-access returned with HTTP 200
Sep 16 01:00:32.973865 dv-cinder-809305-1-smb devstack@c-api.service[100762]: [pid: 100762|app: 0|req: 182/345] 10.222.0.30 () {58 vars in 1385 bytes} [Thu Sep 16 01:00:32 2021] GET /volume/v3/2b4597a97c7b45f9b185cd084f78ded6/types/e5164504-01c7-4ac0-a1db-3d1a0ffac629/os-volume-type-access => generated 244 bytes in 53 msecs (HTTP/1.1 200) 7 headers in 285 bytes (1 switches on core 0)
Sep 16 01:00:32.981189 dv-cinder-809305-1-smb devstack@c-api.service[100763]: INFO cinder.api.openstack.wsgi [None req-f1552bbf-d7e3-494e-9844-cb97ef7a8926 tempest-VolumeTypesAccessTest-1978369450 tempest-VolumeTypesAccessTest-1978369450-project-admin] POST http://10.222.0.30/volume/v3/2b4597a97c7b45f9b185cd084f78ded6/types/e5164504-01c7-4ac0-a1db-3d1a0ffac629/action
Sep 16 01:00:32.981899 dv-cinder-809305-1-smb devstack@c-api.service[100763]: DEBUG cinder.api.openstack.wsgi [None req-f1552bbf-d7e3-494e-9844-cb97ef7a8926 tempest-VolumeTypesAccessTest-1978369450 tempest-VolumeTypesAccessTest-1978369450-project-admin] Action body: b'{"removeProjectAccess": {"project": "848da320595247299b8be3fc1056b661"}}' {{(pid=100763) get_method /opt/stack/cinder/cinder/api/openstack/wsgi.py:971}}
Sep 16 01:00:32.982532 dv-cinder-809305-1-smb devstack@c-api.service[100763]: DEBUG cinder.api.openstack.wsgi [None req-f1552bbf-d7e3-494e-9844-cb97ef7a8926 tempest-VolumeTypesAccessTest-1978369450 tempest-VolumeTypesAccessTest-1978369450-project-admin] Action: 'action', calling method: _removeProjectAccess, body: {"removeProjectAccess": {"project": "848da320595247299b8be3fc1056b661"}} {{(pid=100763) _process_stack /opt/stack/cinder/cinder/api/openstack/wsgi.py:854}}
Sep 16 01:00:33.003161 dv-cinder-809305-1-smb devstack@c-api.service[100763]: INFO cinder.api.openstack.wsgi [None req-f1552bbf-d7e3-494e-9844-cb97ef7a8926 tempest-VolumeTypesAccessTest-1978369450 tempest-VolumeTypesAccessTest-1978369450-project-admin] http://10.222.0.30/volume/v3/2b4597a97c7b45f9b185cd084f78ded6/types/e5164504-01c7-4ac0-a1db-3d1a0ffac629/action returned with HTTP 202
Sep 16 01:00:33.004661 dv-cinder-809305-1-smb devstack@c-api.service[100763]: [pid: 100763|app: 0|req: 164/346] 10.222.0.30 () {60 vars in 1361 bytes} [Thu Sep 16 01:00:32 2021] POST /volume/v3/2b4597a97c7b45f9b185cd084f78ded6/types/e5164504-01c7-4ac0-a1db-3d1a0ffac629/action => generated 0 bytes in 28 msecs (HTTP/1.1 202) 6 headers in 233 bytes (1 switches on core 0)
Sep 16 01:00:33.014274 dv-cinder-809305-1-smb devstack@c-api.service[100762]: INFO cinder.api.openstack.wsgi [None req-98286f68-ea86-448e-b5d8-cfd331dfce5b tempest-VolumeTypesAccessTest-1978369450 tempest-VolumeTypesAccessTest-1978369450-project-admin] POST http://10.222.0.30/volume/v3/2b4597a97c7b45f9b185cd084f78ded6/types/e5164504-01c7-4ac0-a1db-3d1a0ffac629/action
Sep 16 01:00:33.015607 dv-cinder-809305-1-smb devstack@c-api.service[100762]: DEBUG cinder.api.openstack.wsgi [None req-98286f68-ea86-448e-b5d8-cfd331dfce5b tempest-VolumeTypesAccessTest-1978369450 tempest-VolumeTypesAccessTest-1978369450-project-admin] Action body: b'{"removeProjectAccess": {"project": "09fa93b7be0c426e89d2da8b9af5f92b"}}' {{(pid=100762) get_method /opt/stack/cinder/cinder/api/openstack/wsgi.py:971}}
Sep 16 01:00:33.016263 dv-cinder-809305-1-smb devstack@c-api.service[100762]: DEBUG cinder.api.openstack.wsgi [None req-98286f68-ea86-448e-b5d8-cfd331dfce5b tempest-VolumeTypesAccessTest-1978369450 tempest-VolumeTypesAccessTest-1978369450-project-admin] Action: 'action', calling method: _removeProjectAccess, body: {"removeProjectAccess": {"project": "09fa93b7be0c426e89d2da8b9af5f92b"}} {{(pid=100762) _process_stack /opt/stack/cinder/cinder/api/openstack/wsgi.py:854}}
Sep 16 01:00:33.049447 dv-cinder-809305-1-smb devstack@c-api.service[100762]: INFO cinder.api.openstack.wsgi [None req-98286f68-ea86-448e-b5d8-cfd331dfce5b tempest-VolumeTypesAccessTest-1978369450 tempest-VolumeTypesAccessTest-1978369450-project-admin] http://10.222.0.30/volume/v3/2b4597a97c7b45f9b185cd084f78ded6/types/e5164504-01c7-4ac0-a1db-3d1a0ffac629/action returned with HTTP 202
Sep 16 01:00:33.050653 dv-cinder-809305-1-smb devstack@c-api.service[100762]: [pid: 100762|app: 0|req: 183/347] 10.222.0.30 () {60 vars in 1361 bytes} [Thu Sep 16 01:00:33 2021] POST /volume/v3/2b4597a97c7b45f9b185cd084f78ded6/types/e5164504-01c7-4ac0-a1db-3d1a0ffac629/action => generated 0 bytes in 42 msecs (HTTP/1.1 202) 6 headers in 233 bytes (2 switches on core 0)
Sep 16 01:00:33.059445 dv-cinder-809305-1-smb devstack@c-api.service[100763]: INFO cinder.api.openstack.wsgi [None req-129d2656-5f57-403e-8856-a44b476bad61 tempest-VolumeTypesAccessTest-1978369450 tempest-VolumeTypesAccessTest-1978369450-project-admin] DELETE http://10.222.0.30/volume/v3/2b4597a97c7b45f9b185cd084f78ded6/types/e5164504-01c7-4ac0-a1db-3d1a0ffac629
Sep 16 01:00:33.061383 dv-cinder-809305-1-smb devstack@c-api.service[100763]: DEBUG cinder.api.openstack.wsgi [None req-129d2656-5f57-403e-8856-a44b476bad61 tempest-VolumeTypesAccessTest-1978369450 tempest-VolumeTypesAccessTest-1978369450-project-admin] Empty body provided in request {{(pid=100763) get_body /opt/stack/cinder/cinder/api/openstack/wsgi.py:703}}
Sep 16 01:00:33.062048 dv-cinder-809305-1-smb devstack@c-api.service[100763]: DEBUG cinder.api.openstack.wsgi [None req-129d2656-5f57-403e-8856-a44b476bad61 tempest-VolumeTypesAccessTest-1978369450 tempest-VolumeTypesAccessTest-1978369450-project-admin] Calling method '_delete' {{(pid=100763) _process_stack /opt/stack/cinder/cinder/api/openstack/wsgi.py:856}}
Sep 16 01:00:33.124227 dv-cinder-809305-1-smb devstack@c-api.service[100763]: INFO cinder.api.openstack.wsgi [None req-129d2656-5f57-403e-8856-a44b476bad61 tempest-VolumeTypesAccessTest-1978369450 tempest-VolumeTypesAccessTest-1978369450-project-admin] http://10.222.0.30/volume/v3/2b4597a97c7b45f9b185cd084f78ded6/types/e5164504-01c7-4ac0-a1db-3d1a0ffac629 returned with HTTP 202
