Sep 16 01:00:23.555491 dv-cinder-809305-1-smb devstack@c-api.service[100762]: DEBUG cinder.volume.api [None req-3562faee-30e3-42f5-821c-2bcae3abbc99 tempest-VolumeQuotasNegativeTestJSON-729964779 tempest-VolumeQuotasNegativeTestJSON-729964779-project] Task 'cinder.volume.flows.api.create_volume.ExtractVolumeRequestTask;volume:create' (fead0a03-25c3-4fcd-b57e-71cf74de0ee1) transitioned into state 'RUNNING' from state 'PENDING' {{(pid=100762) _task_receiver /usr/local/lib/python3.8/dist-packages/taskflow/listeners/logging.py:190}}
Sep 16 01:00:23.558225 dv-cinder-809305-1-smb devstack@c-api.service[100762]: DEBUG cinder.volume.flows.api.create_volume [None req-3562faee-30e3-42f5-821c-2bcae3abbc99 tempest-VolumeQuotasNegativeTestJSON-729964779 tempest-VolumeQuotasNegativeTestJSON-729964779-project] Validating volume size '2' using validate_int {{(pid=100762) _extract_size /opt/stack/cinder/cinder/volume/flows/api/create_volume.py:225}}
Sep 16 01:00:23.566636 dv-cinder-809305-1-smb devstack@c-api.service[100763]: INFO cinder.api.openstack.wsgi [None req-96a223ca-deda-4071-a6d1-837dcff730c9 tempest-VolumeQuotasAdminTestJSON-1840984963 tempest-VolumeQuotasAdminTestJSON-1840984963-project] http://10.222.0.30/volume/v3/7297bcde96224303a20da43ef5d2f48a/volumes/dbfff628-d46a-4cba-bbaa-03452cadab80 returned with HTTP 200
Sep 16 01:00:23.575971 dv-cinder-809305-1-smb devstack@c-api.service[100763]: [pid: 100763|app: 0|req: 112/238] 10.222.0.30 () {58 vars in 1325 bytes} [Thu Sep 16 01:00:23 2021] GET /volume/v3/7297bcde96224303a20da43ef5d2f48a/volumes/dbfff628-d46a-4cba-bbaa-03452cadab80 => generated 893 bytes in 69 msecs (HTTP/1.1 200) 7 headers in 285 bytes (1 switches on core 0)
Sep 16 01:00:23.575971 dv-cinder-809305-1-smb devstack@c-api.service[100763]: INFO cinder.api.openstack.wsgi [None req-b342b153-8e63-4b07-bd7c-9a72cf145fdc tempest-GroupSnapshotsTest-337553210 tempest-GroupSnapshotsTest-337553210-project] GET http://10.222.0.30/volume/v3/ca2fa0064ea34f4d9bc3eddd612be090/groups/3b514546-dc1b-451d-a79c-1efc09a725ed
Sep 16 01:00:23.575971 dv-cinder-809305-1-smb devstack@c-api.service[100763]: DEBUG cinder.api.openstack.wsgi [None req-b342b153-8e63-4b07-bd7c-9a72cf145fdc tempest-GroupSnapshotsTest-337553210 tempest-GroupSnapshotsTest-337553210-project] Empty body provided in request {{(pid=100763) get_body /opt/stack/cinder/cinder/api/openstack/wsgi.py:703}}
Sep 16 01:00:23.575971 dv-cinder-809305-1-smb devstack@c-api.service[100763]: /usr/local/lib/python3.8/dist-packages/webob/acceptparse.py:1047: DeprecationWarning: The behavior of AcceptValidHeader.best_match is currently being maintained for backward compatibility, but it will be deprecated in the future, as it does not conform to the RFC.
Sep 16 01:00:23.575971 dv-cinder-809305-1-smb devstack@c-api.service[100763]: warnings.warn(
Sep 16 01:00:23.575971 dv-cinder-809305-1-smb devstack@c-api.service[100763]: DEBUG cinder.api.openstack.wsgi [None req-b342b153-8e63-4b07-bd7c-9a72cf145fdc tempest-GroupSnapshotsTest-337553210 tempest-GroupSnapshotsTest-337553210-project] Calling method 'version_select' {{(pid=100763) _process_stack /opt/stack/cinder/cinder/api/openstack/wsgi.py:856}}
Sep 16 01:00:23.575971 dv-cinder-809305-1-smb devstack@c-api.service[100763]: DEBUG cinder.api.v3.groups [None req-b342b153-8e63-4b07-bd7c-9a72cf145fdc tempest-GroupSnapshotsTest-337553210 tempest-GroupSnapshotsTest-337553210-project] show called for member 3b514546-dc1b-451d-a79c-1efc09a725ed {{(pid=100763) show /opt/stack/cinder/cinder/api/v3/groups.py:58}}
Sep 16 01:00:23.578547 dv-cinder-809305-1-smb devstack@c-api.service[100763]: INFO cinder.api.openstack.wsgi [None req-b342b153-8e63-4b07-bd7c-9a72cf145fdc tempest-GroupSnapshotsTest-337553210 tempest-GroupSnapshotsTest-337553210-project] http://10.222.0.30/volume/v3/ca2fa0064ea34f4d9bc3eddd612be090/groups/3b514546-dc1b-451d-a79c-1efc09a725ed returned with HTTP 404
Sep 16 01:00:23.579791 dv-cinder-809305-1-smb devstack@c-api.service[100763]: [pid: 100763|app: 0|req: 113/239] 10.222.0.30 () {60 vars in 1363 bytes} [Thu Sep 16 01:00:23 2021] GET /volume/v3/ca2fa0064ea34f4d9bc3eddd612be090/groups/3b514546-dc1b-451d-a79c-1efc09a725ed => generated 108 bytes in 11 msecs (HTTP/1.1 404) 7 headers in 293 bytes (1 switches on core 0)
Sep 16 01:00:23.587679 dv-cinder-809305-1-smb devstack@c-api.service[100763]: INFO cinder.api.openstack.wsgi [None req-bd2a8dd2-1a4f-4c58-b9a9-e82d021b7dfd tempest-GroupSnapshotsTest-627311461 tempest-GroupSnapshotsTest-627311461-project-admin] DELETE http://10.222.0.30/volume/v3/646a45d4cf9c47efaff0538d84b687ca/group_types/556ecf21-40d7-49e5-b7d3-7f68705315bb
Sep 16 01:00:23.588159 dv-cinder-809305-1-smb devstack@c-api.service[100763]: DEBUG cinder.api.openstack.wsgi [None req-bd2a8dd2-1a4f-4c58-b9a9-e82d021b7dfd tempest-GroupSnapshotsTest-627311461 tempest-GroupSnapshotsTest-627311461-project-admin] Empty body provided in request {{(pid=100763) get_body /opt/stack/cinder/cinder/api/openstack/wsgi.py:703}}
Sep 16 01:00:23.588620 dv-cinder-809305-1-smb devstack@c-api.service[100763]: DEBUG cinder.api.openstack.wsgi [None req-bd2a8dd2-1a4f-4c58-b9a9-e82d021b7dfd tempest-GroupSnapshotsTest-627311461 tempest-GroupSnapshotsTest-627311461-project-admin] Calling method 'version_select' {{(pid=100763) _process_stack /opt/stack/cinder/cinder/api/openstack/wsgi.py:856}}
Sep 16 01:00:23.596997 dv-cinder-809305-1-smb devstack@c-api.service[100762]: DEBUG cinder.volume.api [None req-3562faee-30e3-42f5-821c-2bcae3abbc99 tempest-VolumeQuotasNegativeTestJSON-729964779 tempest-VolumeQuotasNegativeTestJSON-729964779-project] Task 'cinder.volume.flows.api.create_volume.ExtractVolumeRequestTask;volume:create' (fead0a03-25c3-4fcd-b57e-71cf74de0ee1) transitioned into state 'SUCCESS' from state 'RUNNING' with result '{'size': 2, 'snapshot_id': None, 'source_volid': None, 'volume_type': VolumeType(created_at=2021-09-16T00:50:31Z,deleted=False,deleted_at=None,description='Default Volume Type',extra_specs={},id=1136301d-aeed-4cfe-8fa4-a82e2c8c8890,is_public=True,name='__DEFAULT__',projects=[],qos_specs=,qos_specs_id=None,updated_at=2021-09-16T00:50:31Z), 'volume_type_id': '1136301d-aeed-4cfe-8fa4-a82e2c8c8890', 'encryption_key_id': None, 'qos_specs': None, 'consistencygroup_id': None, 'cgsnapshot_id': None, 'group_id': None, 'replication_status': 'disabled', 'refresh_az': False, 'backup_id': None, 'multiattach': False, 'availability_zones': ['nova']}' {{(pid=100762) _task_receiver /usr/local/lib/python3.8/dist-packages/taskflow/listeners/logging.py:178}}
Sep 16 01:00:23.599247 dv-cinder-809305-1-smb devstack@c-api.service[100762]: DEBUG cinder.volume.api [None req-3562faee-30e3-42f5-821c-2bcae3abbc99 tempest-VolumeQuotasNegativeTestJSON-729964779 tempest-VolumeQuotasNegativeTestJSON-729964779-project] Task 'cinder.volume.flows.api.create_volume.QuotaReserveTask;volume:create' (3fafbf45-ffba-4d1e-9855-7a1fc48aec92) transitioned into state 'RUNNING' from state 'PENDING' {{(pid=100762) _task_receiver /usr/local/lib/python3.8/dist-packages/taskflow/listeners/logging.py:190}}
Sep 16 01:00:23.609553 dv-cinder-809305-1-smb devstack@c-api.service[100763]: INFO cinder.api.openstack.wsgi [None req-bd2a8dd2-1a4f-4c58-b9a9-e82d021b7dfd tempest-GroupSnapshotsTest-627311461 tempest-GroupSnapshotsTest-627311461-project-admin] http://10.222.0.30/volume/v3/646a45d4cf9c47efaff0538d84b687ca/group_types/556ecf21-40d7-49e5-b7d3-7f68705315bb returned with HTTP 202
Sep 16 01:00:23.613890 dv-cinder-809305-1-smb devstack@c-api.service[100763]: [pid: 100763|app: 0|req: 114/240] 10.222.0.30 () {60 vars in 1381 bytes} [Thu Sep 16 01:00:23 2021] DELETE /volume/v3/646a45d4cf9c47efaff0538d84b687ca/group_types/556ecf21-40d7-49e5-b7d3-7f68705315bb => generated 0 bytes in 27 msecs (HTTP/1.1 202) 6 headers in 234 bytes (1 switches on core 0)
Sep 16 01:00:23.623600 dv-cinder-809305-1-smb devstack@c-api.service[100763]: INFO cinder.api.openstack.wsgi [None req-274716e0-121e-4751-8eaf-441e6595036f tempest-GroupSnapshotsTest-627311461 tempest-GroupSnapshotsTest-627311461-project-admin] POST http://10.222.0.30/volume/v3/646a45d4cf9c47efaff0538d84b687ca/types
Sep 16 01:00:23.624519 dv-cinder-809305-1-smb devstack@c-api.service[100763]: DEBUG cinder.api.openstack.wsgi [None req-274716e0-121e-4751-8eaf-441e6595036f tempest-GroupSnapshotsTest-627311461 tempest-GroupSnapshotsTest-627311461-project-admin] Action: 'create', calling method: _create, body: {"volume_type": {"name": "tempest-GroupSnapshotsTest-volume-type-399697702"}} {{(pid=100763) _process_stack /opt/stack/cinder/cinder/api/openstack/wsgi.py:854}}
Sep 16 01:00:23.644751 dv-cinder-809305-1-smb devstack@c-api.service[100762]: WARNING cinder.quota_utils [None req-3562faee-30e3-42f5-821c-2bcae3abbc99 tempest-VolumeQuotasNegativeTestJSON-729964779 tempest-VolumeQuotasNegativeTestJSON-729964779-project] Quota exceeded for 7ebc393a319c4092990431742a427bba, tried to create 2G volume (1G of 1G already consumed).: cinder.exception.OverQuota: Quota exceeded for resources: ['gigabytes']
Sep 16 01:00:23.653793 dv-cinder-809305-1-smb devstack@c-api.service[100763]: INFO cinder.api.openstack.wsgi [None req-274716e0-121e-4751-8eaf-441e6595036f tempest-GroupSnapshotsTest-627311461 tempest-GroupSnapshotsTest-627311461-project-admin] http://10.222.0.30/volume/v3/646a45d4cf9c47efaff0538d84b687ca/types returned with HTTP 200
Sep 16 01:00:23.655615 dv-cinder-809305-1-smb devstack@c-api.service[100763]: [pid: 100763|app: 0|req: 115/241] 10.222.0.30 () {60 vars in 1229 bytes} [Thu Sep 16 01:00:23 2021] POST /volume/v3/646a45d4cf9c47efaff0538d84b687ca/types => generated 223 bytes in 36 msecs (HTTP/1.1 200) 7 headers in 285 bytes (2 switches on core 0)
Sep 16 01:00:23.663824 dv-cinder-809305-1-smb devstack@c-api.service[100763]: INFO cinder.api.openstack.wsgi [None req-469737e7-f6a3-4412-898d-a814189a29f6 tempest-GroupSnapshotsTest-627311461 tempest-GroupSnapshotsTest-627311461-project-admin] POST http://10.222.0.30/volume/v3/646a45d4cf9c47efaff0538d84b687ca/group_types
Sep 16 01:00:23.664629 dv-cinder-809305-1-smb devstack@c-api.service[100763]: DEBUG cinder.api.openstack.wsgi [None req-469737e7-f6a3-4412-898d-a814189a29f6 tempest-GroupSnapshotsTest-627311461 tempest-GroupSnapshotsTest-627311461-project-admin] Action: 'create', calling method: version_select, body: {"group_type": {"name": "tempest-GroupSnapshotsTest-group-type-359394457"}} {{(pid=100763) _process_stack /opt/stack/cinder/cinder/api/openstack/wsgi.py:854}}
Sep 16 01:00:23.671311 dv-cinder-809305-1-smb devstack@c-api.service[100762]: WARNING cinder.volume.api [None req-3562faee-30e3-42f5-821c-2bcae3abbc99 tempest-VolumeQuotasNegativeTestJSON-729964779 tempest-VolumeQuotasNegativeTestJSON-729964779-project] Task 'cinder.volume.flows.api.create_volume.QuotaReserveTask;volume:create' (3fafbf45-ffba-4d1e-9855-7a1fc48aec92) transitioned into state 'FAILURE' from state 'RUNNING'
Sep 16 01:00:23.671311 dv-cinder-809305-1-smb devstack@c-api.service[100762]: Failure: cinder.exception.VolumeSizeExceedsAvailableQuota: Requested volume or snapshot exceeds allowed gigabytes quota. Requested 2G, quota is 1G and 1G has been consumed.
Sep 16 01:00:23.676440 dv-cinder-809305-1-smb devstack@c-api.service[100762]: DEBUG cinder.volume.api [None req-3562faee-30e3-42f5-821c-2bcae3abbc99 tempest-VolumeQuotasNegativeTestJSON-729964779 tempest-VolumeQuotasNegativeTestJSON-729964779-project] Task 'cinder.volume.flows.api.create_volume.QuotaReserveTask;volume:create' (3fafbf45-ffba-4d1e-9855-7a1fc48aec92) transitioned into state 'REVERTING' from state 'FAILURE' {{(pid=100762) _task_receiver /usr/local/lib/python3.8/dist-packages/taskflow/listeners/logging.py:190}}
Sep 16 01:00:23.679267 dv-cinder-809305-1-smb devstack@c-api.service[100762]: WARNING cinder.volume.api [None req-3562faee-30e3-42f5-821c-2bcae3abbc99 tempest-VolumeQuotasNegativeTestJSON-729964779 tempest-VolumeQuotasNegativeTestJSON-729964779-project] Task 'cinder.volume.flows.api.create_volume.QuotaReserveTask;volume:create' (3fafbf45-ffba-4d1e-9855-7a1fc48aec92) transitioned into state 'REVERTED' from state 'REVERTING' with result 'None'
Sep 16 01:00:23.681236 dv-cinder-809305-1-smb devstack@c-api.service[100762]: DEBUG cinder.volume.api [None req-3562faee-30e3-42f5-821c-2bcae3abbc99 tempest-VolumeQuotasNegativeTestJSON-729964779 tempest-VolumeQuotasNegativeTestJSON-729964779-project] Task 'cinder.volume.flows.api.create_volume.ExtractVolumeRequestTask;volume:create' (fead0a03-25c3-4fcd-b57e-71cf74de0ee1) transitioned into state 'REVERTING' from state 'SUCCESS' {{(pid=100762) _task_receiver /usr/local/lib/python3.8/dist-packages/taskflow/listeners/logging.py:190}}
Sep 16 01:00:23.684186 dv-cinder-809305-1-smb devstack@c-api.service[100762]: WARNING cinder.volume.api [None req-3562faee-30e3-42f5-821c-2bcae3abbc99 tempest-VolumeQuotasNegativeTestJSON-729964779 tempest-VolumeQuotasNegativeTestJSON-729964779-project] Task 'cinder.volume.flows.api.create_volume.ExtractVolumeRequestTask;volume:create' (fead0a03-25c3-4fcd-b57e-71cf74de0ee1) transitioned into state 'REVERTED' from state 'REVERTING' with result 'None'
Sep 16 01:00:23.686889 dv-cinder-809305-1-smb devstack@c-api.service[100762]: WARNING cinder.volume.api [None req-3562faee-30e3-42f5-821c-2bcae3abbc99 tempest-VolumeQuotasNegativeTestJSON-729964779 tempest-VolumeQuotasNegativeTestJSON-729964779-project] Flow 'volume_create_api' (43249082-f5a4-465b-a500-47b8c7916af7) transitioned into state 'REVERTED' from state 'RUNNING'
Sep 16 01:00:23.687715 dv-cinder-809305-1-smb devstack@c-api.service[100762]: INFO cinder.api.middleware.fault [None req-3562faee-30e3-42f5-821c-2bcae3abbc99 tempest-VolumeQuotasNegativeTestJSON-729964779 tempest-VolumeQuotasNegativeTestJSON-729964779-project] http://10.222.0.30/volume/v3/7ebc393a319c4092990431742a427bba/volumes returned with HTTP 413
Sep 16 01:00:23.693356 dv-cinder-809305-1-smb devstack@c-api.service[100762]: [pid: 100762|app: 0|req: 127/242] 10.222.0.30 () {60 vars in 1235 bytes} [Thu Sep 16 01:00:23 2021] POST /volume/v3/7ebc393a319c4092990431742a427bba/volumes => generated 208 bytes in 181 msecs (HTTP/1.1 413) 8 headers in 323 bytes (1 switches on core 0)
Sep 16 01:00:23.693771 dv-cinder-809305-1-smb devstack@c-api.service[100763]: INFO cinder.api.openstack.wsgi [None req-469737e7-f6a3-4412-898d-a814189a29f6 tempest-GroupSnapshotsTest-627311461 tempest-GroupSnapshotsTest-627311461-project-admin] http://10.222.0.30/volume/v3/646a45d4cf9c47efaff0538d84b687ca/group_types returned with HTTP 202
Sep 16 01:00:23.694669 dv-cinder-809305-1-smb devstack@c-api.service[100763]: [pid: 100763|app: 0|req: 116/243] 10.222.0.30 () {62 vars in 1288 bytes} [Thu Sep 16 01:00:23 2021] POST /volume/v3/646a45d4cf9c47efaff0538d84b687ca/group_types => generated 180 bytes in 34 msecs (HTTP/1.1 202) 7 headers in 292 bytes (2 switches on core 0)
Sep 16 01:00:23.704898 dv-cinder-809305-1-smb devstack@c-api.service[100763]: INFO cinder.api.openstack.wsgi [None req-1445e18d-3d00-4ac1-ad3a-ececd309eab2 tempest-GroupSnapshotsTest-337553210 tempest-GroupSnapshotsTest-337553210-project] POST http://10.222.0.30/volume/v3/ca2fa0064ea34f4d9bc3eddd612be090/groups
Sep 16 01:00:23.705788 dv-cinder-809305-1-smb devstack@c-api.service[100763]: DEBUG cinder.api.openstack.wsgi [None req-1445e18d-3d00-4ac1-ad3a-ececd309eab2 tempest-GroupSnapshotsTest-337553210 tempest-GroupSnapshotsTest-337553210-project] Action: 'create', calling method: version_select, body: {"group": {"group_type": "efe23d6b-9bca-43fb-be7b-407e91303e82", "volume_types": ["4e25220c-f02f-428d-bce5-5a02a66f23ab"], "name": "tempest-GroupSnapshotsTest-Group-696110172"}} {{(pid=100763) _process_stack /opt/stack/cinder/cinder/api/openstack/wsgi.py:854}}
Sep 16 01:00:23.706122 dv-cinder-809305-1-smb devstack@c-api.service[100762]: INFO cinder.api.openstack.wsgi [None req-28c5ea03-7f30-4da7-b597-12bbfa4fabf1 tempest-VolumeQuotasNegativeTestJSON-2091906898 tempest-VolumeQuotasNegativeTestJSON-2091906898-project-admin] PUT http://10.222.0.30/volume/v3/13ab260281314fb6a8f59c4560099db5/os-quota-sets/7ebc393a319c4092990431742a427bba
Sep 16 01:00:23.706742 dv-cinder-809305-1-smb devstack@c-api.service[100762]: /usr/local/lib/python3.8/dist-packages/webob/acceptparse.py:1047: DeprecationWarning: The behavior of AcceptValidHeader.best_match is currently being maintained for backward compatibility, but it will be deprecated in the future, as it does not conform to the RFC.
Sep 16 01:00:23.706742 dv-cinder-809305-1-smb devstack@c-api.service[100762]: warnings.warn(
Sep 16 01:00:23.706921 dv-cinder-809305-1-smb devstack@c-api.service[100763]: DEBUG cinder.api.v3.groups [None req-1445e18d-3d00-4ac1-ad3a-ececd309eab2 tempest-GroupSnapshotsTest-337553210 tempest-GroupSnapshotsTest-337553210-project] Creating new group {'group': {'group_type': 'efe23d6b-9bca-43fb-be7b-407e91303e82', 'volume_types': ['4e25220c-f02f-428d-bce5-5a02a66f23ab'], 'name': 'tempest-GroupSnapshotsTest-Group-696110172'}} {{(pid=100763) create /opt/stack/cinder/cinder/api/v3/groups.py:190}}
Sep 16 01:00:23.707268 dv-cinder-809305-1-smb devstack@c-api.service[100762]: DEBUG cinder.api.openstack.wsgi [None req-28c5ea03-7f30-4da7-b597-12bbfa4fabf1 tempest-VolumeQuotasNegativeTestJSON-2091906898 tempest-VolumeQuotasNegativeTestJSON-2091906898-project-admin] Action: 'update', calling method: update, body: {"quota_set": {"volumes": 1, "gigabytes": -1}} {{(pid=100762) _process_stack /opt/stack/cinder/cinder/api/openstack/wsgi.py:854}}
Sep 16 01:00:23.712459 dv-cinder-809305-1-smb devstack@c-api.service[100763]: INFO cinder.api.v3.groups [None req-1445e18d-3d00-4ac1-ad3a-ececd309eab2 tempest-GroupSnapshotsTest-337553210 tempest-GroupSnapshotsTest-337553210-project] Creating group tempest-GroupSnapshotsTest-Group-696110172.
Sep 16 01:00:23.727259 dv-cinder-809305-1-smb devstack@c-api.service[100763]: INFO cinder.volume.api [None req-1445e18d-3d00-4ac1-ad3a-ececd309eab2 tempest-GroupSnapshotsTest-337553210 tempest-GroupSnapshotsTest-337553210-project] Availability Zones retrieved successfully.
Sep 16 01:00:23.731906 dv-cinder-809305-1-smb devstack@c-api.service[100762]: /usr/local/lib/python3.8/dist-packages/oslo_context/context.py:105: DeprecationWarning: Policy enforcement is depending on the value of is_admin. This key is deprecated. Please update your policy file to use the standard policy values.
Sep 16 01:00:23.731906 dv-cinder-809305-1-smb devstack@c-api.service[100762]: warnings.warn('Policy enforcement is depending on the value of '
Sep 16 01:00:23.748549 dv-cinder-809305-1-smb devstack@c-api.service[100763]: DEBUG cinder.quota [None req-1445e18d-3d00-4ac1-ad3a-ececd309eab2 tempest-GroupSnapshotsTest-337553210 tempest-GroupSnapshotsTest-337553210-project] Created reservations ['71ce93b5-f7eb-46d5-983f-f17f89f8afbc'] {{(pid=100763) reserve /opt/stack/cinder/cinder/quota.py:755}}
Sep 16 01:00:23.812116 dv-cinder-809305-1-smb devstack@c-api.service[100763]: INFO cinder.api.openstack.wsgi [None req-1445e18d-3d00-4ac1-ad3a-ececd309eab2 tempest-GroupSnapshotsTest-337553210 tempest-GroupSnapshotsTest-337553210-project] http://10.222.0.30/volume/v3/ca2fa0064ea34f4d9bc3eddd612be090/groups returned with HTTP 202
Sep 16 01:00:23.813417 dv-cinder-809305-1-smb devstack@c-api.service[100763]: [pid: 100763|app: 0|req: 117/244] 10.222.0.30 () {62 vars in 1274 bytes} [Thu Sep 16 01:00:23 2021] POST /volume/v3/ca2fa0064ea34f4d9bc3eddd612be090/groups => generated 111 bytes in 113 msecs (HTTP/1.1 202) 7 headers in 292 bytes (1 switches on core 0)
Sep 16 01:00:23.823299 dv-cinder-809305-1-smb devstack@c-api.service[100763]: INFO cinder.api.openstack.wsgi [None req-d2878505-f5d9-4924-8213-b1b9a513dfb1 tempest-GroupSnapshotsTest-337553210 tempest-GroupSnapshotsTest-337553210-project] GET http://10.222.0.30/volume/v3/ca2fa0064ea34f4d9bc3eddd612be090/groups/3b62d4fa-7631-4019-b69c-dd016e693d98
Sep 16 01:00:23.826332 dv-cinder-809305-1-smb devstack@c-api.service[100763]: DEBUG cinder.api.openstack.wsgi [None req-d2878505-f5d9-4924-8213-b1b9a513dfb1 tempest-GroupSnapshotsTest-337553210 tempest-GroupSnapshotsTest-337553210-project] Empty body provided in request {{(pid=100763) get_body /opt/stack/cinder/cinder/api/openstack/wsgi.py:703}}
Sep 16 01:00:23.826923 dv-cinder-809305-1-smb devstack@c-api.service[100763]: /usr/local/lib/python3.8/dist-packages/webob/acceptparse.py:1047: DeprecationWarning: The behavior of AcceptValidHeader.best_match is currently being maintained for backward compatibility, but it will be deprecated in the future, as it does not conform to the RFC.
Sep 16 01:00:23.826923 dv-cinder-809305-1-smb devstack@c-api.service[100763]: warnings.warn(
Sep 16 01:00:23.826923 dv-cinder-809305-1-smb devstack@c-api.service[100763]: DEBUG cinder.api.openstack.wsgi [None req-d2878505-f5d9-4924-8213-b1b9a513dfb1 tempest-GroupSnapshotsTest-337553210 tempest-GroupSnapshotsTest-337553210-project] Calling method 'version_select' {{(pid=100763) _process_stack /opt/stack/cinder/cinder/api/openstack/wsgi.py:856}}
Sep 16 01:00:23.827184 dv-cinder-809305-1-smb devstack@c-api.service[100763]: DEBUG cinder.api.v3.groups [None req-d2878505-f5d9-4924-8213-b1b9a513dfb1 tempest-GroupSnapshotsTest-337553210 tempest-GroupSnapshotsTest-337553210-project] show called for member 3b62d4fa-7631-4019-b69c-dd016e693d98 {{(pid=100763) show /opt/stack/cinder/cinder/api/v3/groups.py:58}}
Sep 16 01:00:23.832590 dv-cinder-809305-1-smb devstack@c-api.service[100762]: WARNING cinder.quota [None req-28c5ea03-7f30-4da7-b597-12bbfa4fabf1 tempest-VolumeQuotasNegativeTestJSON-2091906898 tempest-VolumeQuotasNegativeTestJSON-2091906898-project-admin] Deprecated: Default quota for resource: volumes_tempest-GroupSnapshotsTest-volume-type-399697702 is set by the default quota flag: quota_volumes_tempest-GroupSnapshotsTest-volume-type-399697702, it is now deprecated. Please use the default quota class for default quota.
Sep 16 01:00:23.833931 dv-cinder-809305-1-smb devstack@c-api.service[100762]: WARNING cinder.quota [None req-28c5ea03-7f30-4da7-b597-12bbfa4fabf1 tempest-VolumeQuotasNegativeTestJSON-2091906898 tempest-VolumeQuotasNegativeTestJSON-2091906898-project-admin] Deprecated: Default quota for resource: gigabytes_tempest-GroupSnapshotsTest-volume-type-399697702 is set by the default quota flag: quota_gigabytes_tempest-GroupSnapshotsTest-volume-type-399697702, it is now deprecated. Please use the default quota class for default quota.
Sep 16 01:00:23.835272 dv-cinder-809305-1-smb devstack@c-api.service[100762]: WARNING cinder.quota [None req-28c5ea03-7f30-4da7-b597-12bbfa4fabf1 tempest-VolumeQuotasNegativeTestJSON-2091906898 tempest-VolumeQuotasNegativeTestJSON-2091906898-project-admin] Deprecated: Default quota for resource: snapshots_tempest-GroupSnapshotsTest-volume-type-399697702 is set by the default quota flag: quota_snapshots_tempest-GroupSnapshotsTest-volume-type-399697702, it is now deprecated. Please use the default quota class for default quota.
Sep 16 01:00:23.840028 dv-cinder-809305-1-smb devstack@c-api.service[100763]: /usr/local/lib/python3.8/dist-packages/oslo_context/context.py:105: DeprecationWarning: Policy enforcement is depending on the value of is_admin. This key is deprecated. Please update your policy file to use the standard policy values.
Sep 16 01:00:23.840028 dv-cinder-809305-1-smb devstack@c-api.service[100763]: warnings.warn('Policy enforcement is depending on the value of '
Sep 16 01:00:23.854898 dv-cinder-809305-1-smb devstack@c-api.service[100762]: INFO cinder.api.openstack.wsgi [None req-28c5ea03-7f30-4da7-b597-12bbfa4fabf1 tempest-VolumeQuotasNegativeTestJSON-2091906898 tempest-VolumeQuotasNegativeTestJSON-2091906898-project-admin] http://10.222.0.30/volume/v3/13ab260281314fb6a8f59c4560099db5/os-quota-sets/7ebc393a319c4092990431742a427bba returned with HTTP 200
Sep 16 01:00:23.857085 dv-cinder-809305-1-smb devstack@c-api.service[100762]: [pid: 100762|app: 0|req: 128/245] 10.222.0.30 () {60 vars in 1351 bytes} [Thu Sep 16 01:00:23 2021] PUT /volume/v3/13ab260281314fb6a8f59c4560099db5/os-quota-sets/7ebc393a319c4092990431742a427bba => generated 1251 bytes in 163 msecs (HTTP/1.1 200) 7 headers in 286 bytes (1 switches on core 0)
Sep 16 01:00:23.869187 dv-cinder-809305-1-smb devstack@c-api.service[100762]: INFO cinder.api.openstack.wsgi [None req-18a01dca-81d7-41ee-8dd2-90fcc45d6e7b tempest-VolumeQuotasNegativeTestJSON-729964779 tempest-VolumeQuotasNegativeTestJSON-729964779-project] POST http://10.222.0.30/volume/v3/7ebc393a319c4092990431742a427bba/volumes
Sep 16 01:00:23.870126 dv-cinder-809305-1-smb devstack@c-api.service[100762]: DEBUG cinder.api.openstack.wsgi [None req-18a01dca-81d7-41ee-8dd2-90fcc45d6e7b tempest-VolumeQuotasNegativeTestJSON-729964779 tempest-VolumeQuotasNegativeTestJSON-729964779-project] Action: 'create', calling method: create, body: {"volume": {"size": 1}} {{(pid=100762) _process_stack /opt/stack/cinder/cinder/api/openstack/wsgi.py:854}}
Sep 16 01:00:23.871529 dv-cinder-809305-1-smb devstack@c-api.service[100762]: DEBUG cinder.api.v3.volumes [None req-18a01dca-81d7-41ee-8dd2-90fcc45d6e7b tempest-VolumeQuotasNegativeTestJSON-729964779 tempest-VolumeQuotasNegativeTestJSON-729964779-project] Create volume request body: {'volume': {'size': 1}} {{(pid=100762) create /opt/stack/cinder/cinder/api/v3/volumes.py:298}}
Sep 16 01:00:23.871935 dv-cinder-809305-1-smb devstack@c-api.service[100762]: INFO cinder.api.v3.volumes [None req-18a01dca-81d7-41ee-8dd2-90fcc45d6e7b tempest-VolumeQuotasNegativeTestJSON-729964779 tempest-VolumeQuotasNegativeTestJSON-729964779-project] Create volume of 1 GB
Sep 16 01:00:23.872223 dv-cinder-809305-1-smb devstack@c-api.service[100763]: INFO cinder.api.openstack.wsgi [None req-d2878505-f5d9-4924-8213-b1b9a513dfb1 tempest-GroupSnapshotsTest-337553210 tempest-GroupSnapshotsTest-337553210-project] http://10.222.0.30/volume/v3/ca2fa0064ea34f4d9bc3eddd612be090/groups/3b62d4fa-7631-4019-b69c-dd016e693d98 returned with HTTP 200
Sep 16 01:00:23.873560 dv-cinder-809305-1-smb devstack@c-api.service[100763]: [pid: 100763|app: 0|req: 118/246] 10.222.0.30 () {60 vars in 1363 bytes} [Thu Sep 16 01:00:23 2021] GET /volume/v3/ca2fa0064ea34f4d9bc3eddd612be090/groups/3b62d4fa-7631-4019-b69c-dd016e693d98 => generated 391 bytes in 55 msecs (HTTP/1.1 200) 7 headers in 286 bytes (1 switches on core 0)
Sep 16 01:00:23.883920 dv-cinder-809305-1-smb devstack@c-api.service[100762]: INFO cinder.volume.api [None req-18a01dca-81d7-41ee-8dd2-90fcc45d6e7b tempest-VolumeQuotasNegativeTestJSON-729964779 tempest-VolumeQuotasNegativeTestJSON-729964779-project] Availability Zones retrieved successfully.
Sep 16 01:00:23.899940 dv-cinder-809305-1-smb devstack@c-api.service[100762]: DEBUG cinder.volume.api [None req-18a01dca-81d7-41ee-8dd2-90fcc45d6e7b tempest-VolumeQuotasNegativeTestJSON-729964779 tempest-VolumeQuotasNegativeTestJSON-729964779-project] Flow 'volume_create_api' (898cf53b-8489-49d3-a113-3f256b9fbfa2) transitioned into state 'RUNNING' from state 'PENDING' {{(pid=100762) _flow_receiver /usr/local/lib/python3.8/dist-packages/taskflow/listeners/logging.py:141}}
Sep 16 01:00:23.903234 dv-cinder-809305-1-smb devstack@c-api.service[100762]: DEBUG cinder.volume.api [None req-18a01dca-81d7-41ee-8dd2-90fcc45d6e7b tempest-VolumeQuotasNegativeTestJSON-729964779 tempest-VolumeQuotasNegativeTestJSON-729964779-project] Task 'cinder.volume.flows.api.create_volume.ExtractVolumeRequestTask;volume:create' (94ac3638-cf43-4b3b-9ecf-ea4ec6df8833) transitioned into state 'RUNNING' from state 'PENDING' {{(pid=100762) _task_receiver /usr/local/lib/python3.8/dist-packages/taskflow/listeners/logging.py:190}}
Sep 16 01:00:23.906039 dv-cinder-809305-1-smb devstack@c-api.service[100762]: DEBUG cinder.volume.flows.api.create_volume [None req-18a01dca-81d7-41ee-8dd2-90fcc45d6e7b tempest-VolumeQuotasNegativeTestJSON-729964779 tempest-VolumeQuotasNegativeTestJSON-729964779-project] Validating volume size '1' using validate_int {{(pid=100762) _extract_size /opt/stack/cinder/cinder/volume/flows/api/create_volume.py:225}}
Sep 16 01:00:23.938889 dv-cinder-809305-1-smb devstack@c-api.service[100762]: DEBUG cinder.volume.api [None req-18a01dca-81d7-41ee-8dd2-90fcc45d6e7b tempest-VolumeQuotasNegativeTestJSON-729964779 tempest-VolumeQuotasNegativeTestJSON-729964779-project] Task 'cinder.volume.flows.api.create_volume.ExtractVolumeRequestTask;volume:create' (94ac3638-cf43-4b3b-9ecf-ea4ec6df8833) transitioned into state 'SUCCESS' from state 'RUNNING' with result '{'size': 1, 'snapshot_id': None, 'source_volid': None, 'volume_type': VolumeType(created_at=2021-09-16T00:50:31Z,deleted=False,deleted_at=None,description='Default Volume Type',extra_specs={},id=1136301d-aeed-4cfe-8fa4-a82e2c8c8890,is_public=True,name='__DEFAULT__',projects=[],qos_specs=,qos_specs_id=None,updated_at=2021-09-16T00:50:31Z), 'volume_type_id': '1136301d-aeed-4cfe-8fa4-a82e2c8c8890', 'encryption_key_id': None, 'qos_specs': None, 'consistencygroup_id': None, 'cgsnapshot_id': None, 'group_id': None, 'replication_status': 'disabled', 'refresh_az': False, 'backup_id': None, 'multiattach': False, 'availability_zones': ['nova']}' {{(pid=100762) _task_receiver /usr/local/lib/python3.8/dist-packages/taskflow/listeners/logging.py:178}}
Sep 16 01:00:23.940920 dv-cinder-809305-1-smb devstack@c-api.service[100762]: DEBUG cinder.volume.api [None req-18a01dca-81d7-41ee-8dd2-90fcc45d6e7b tempest-VolumeQuotasNegativeTestJSON-729964779 tempest-VolumeQuotasNegativeTestJSON-729964779-project] Task 'cinder.volume.flows.api.create_volume.QuotaReserveTask;volume:create' (bd7e9ba9-cfb9-4b41-b1bb-1872f50ef6db) transitioned into state 'RUNNING' from state 'PENDING' {{(pid=100762) _task_receiver /usr/local/lib/python3.8/dist-packages/taskflow/listeners/logging.py:190}}
Sep 16 01:00:24.000265 dv-cinder-809305-1-smb devstack@c-api.service[100762]: WARNING cinder.quota_utils [None req-18a01dca-81d7-41ee-8dd2-90fcc45d6e7b tempest-VolumeQuotasNegativeTestJSON-729964779 tempest-VolumeQuotasNegativeTestJSON-729964779-project] Quota exceeded for 7ebc393a319c4092990431742a427bba, tried to create volume (1 volumes already consumed).: cinder.exception.OverQuota: Quota exceeded for resources: ['volumes']
Sep 16 01:00:24.002493 dv-cinder-809305-1-smb devstack@c-api.service[100762]: WARNING cinder.volume.api [None req-18a01dca-81d7-41ee-8dd2-90fcc45d6e7b tempest-VolumeQuotasNegativeTestJSON-729964779 tempest-VolumeQuotasNegativeTestJSON-729964779-project] Task 'cinder.volume.flows.api.create_volume.QuotaReserveTask;volume:create' (bd7e9ba9-cfb9-4b41-b1bb-1872f50ef6db) transitioned into state 'FAILURE' from state 'RUNNING'
Sep 16 01:00:24.002493 dv-cinder-809305-1-smb devstack@c-api.service[100762]: Failure: cinder.exception.VolumeLimitExceeded: Maximum number of volumes allowed (1) exceeded for quota 'volumes'.
Sep 16 01:00:24.007423 dv-cinder-809305-1-smb devstack@c-api.service[100762]: DEBUG cinder.volume.api [None req-18a01dca-81d7-41ee-8dd2-90fcc45d6e7b tempest-VolumeQuotasNegativeTestJSON-729964779 tempest-VolumeQuotasNegativeTestJSON-729964779-project] Task 'cinder.volume.flows.api.create_volume.QuotaReserveTask;volume:create' (bd7e9ba9-cfb9-4b41-b1bb-1872f50ef6db) transitioned into state 'REVERTING' from state 'FAILURE' {{(pid=100762) _task_receiver /usr/local/lib/python3.8/dist-packages/taskflow/listeners/logging.py:190}}
Sep 16 01:00:24.009591 dv-cinder-809305-1-smb devstack@c-api.service[100762]: WARNING cinder.volume.api [None req-18a01dca-81d7-41ee-8dd2-90fcc45d6e7b tempest-VolumeQuotasNegativeTestJSON-729964779 tempest-VolumeQuotasNegativeTestJSON-729964779-project] Task 'cinder.volume.flows.api.create_volume.QuotaReserveTask;volume:create' (bd7e9ba9-cfb9-4b41-b1bb-1872f50ef6db) transitioned into state 'REVERTED' from state 'REVERTING' with result 'None'
Sep 16 01:00:24.011532 dv-cinder-809305-1-smb devstack@c-api.service[100762]: DEBUG cinder.volume.api [None req-18a01dca-81d7-41ee-8dd2-90fcc45d6e7b tempest-VolumeQuotasNegativeTestJSON-729964779 tempest-VolumeQuotasNegativeTestJSON-729964779-project] Task 'cinder.volume.flows.api.create_volume.ExtractVolumeRequestTask;volume:create' (94ac3638-cf43-4b3b-9ecf-ea4ec6df8833) transitioned into state 'REVERTING' from state 'SUCCESS' {{(pid=100762) _task_receiver /usr/local/lib/python3.8/dist-packages/taskflow/listeners/logging.py:190}}
Sep 16 01:00:24.013450 dv-cinder-809305-1-smb devstack@c-api.service[100762]: WARNING cinder.volume.api [None req-18a01dca-81d7-41ee-8dd2-90fcc45d6e7b tempest-VolumeQuotasNegativeTestJSON-729964779 tempest-VolumeQuotasNegativeTestJSON-729964779-project] Task 'cinder.volume.flows.api.create_volume.ExtractVolumeRequestTask;volume:create' (94ac3638-cf43-4b3b-9ecf-ea4ec6df8833) transitioned into state 'REVERTED' from state 'REVERTING' with result 'None'
Sep 16 01:00:24.015790 dv-cinder-809305-1-smb devstack@c-api.service[100762]: WARNING cinder.volume.api [None req-18a01dca-81d7-41ee-8dd2-90fcc45d6e7b tempest-VolumeQuotasNegativeTestJSON-729964779 tempest-VolumeQuotasNegativeTestJSON-729964779-project] Flow 'volume_create_api' (898cf53b-8489-49d3-a113-3f256b9fbfa2) transitioned into state 'REVERTED' from state 'RUNNING'
Sep 16 01:00:24.016363 dv-cinder-809305-1-smb devstack@c-api.service[100762]: INFO cinder.api.middleware.fault [None req-18a01dca-81d7-41ee-8dd2-90fcc45d6e7b tempest-VolumeQuotasNegativeTestJSON-729964779 tempest-VolumeQuotasNegativeTestJSON-729964779-project] http://10.222.0.30/volume/v3/7ebc393a319c4092990431742a427bba/volumes returned with HTTP 413
Sep 16 01:00:24.018144 dv-cinder-809305-1-smb devstack@c-api.service[100762]: [pid: 100762|app: 0|req: 129/247] 10.222.0.30 () {60 vars in 1235 bytes} [Thu Sep 16 01:00:23 2021] POST /volume/v3/7ebc393a319c4092990431742a427bba/volumes => generated 150 bytes in 156 msecs (HTTP/1.1 413) 8 headers in 323 bytes (1 switches on core 0)
Sep 16 01:00:24.027836 dv-cinder-809305-1-smb devstack@c-api.service[100763]: INFO cinder.api.openstack.wsgi [None req-983b5669-8ad4-44b2-aa41-290020a5f49d tempest-VolumeQuotasNegativeTestJSON-2091906898 tempest-VolumeQuotasNegativeTestJSON-2091906898-project-admin] PUT http://10.222.0.30/volume/v3/13ab260281314fb6a8f59c4560099db5/os-quota-sets/7ebc393a319c4092990431742a427bba
Sep 16 01:00:24.028283 dv-cinder-809305-1-smb devstack@c-api.service[100763]: /usr/local/lib/python3.8/dist-packages/webob/acceptparse.py:1047: DeprecationWarning: The behavior of AcceptValidHeader.best_match is currently being maintained for backward compatibility, but it will be deprecated in the future, as it does not conform to the RFC.
Sep 16 01:00:24.028283 dv-cinder-809305-1-smb devstack@c-api.service[100763]: warnings.warn(
Sep 16 01:00:24.028880 dv-cinder-809305-1-smb devstack@c-api.service[100763]: DEBUG cinder.api.openstack.wsgi [None req-983b5669-8ad4-44b2-aa41-290020a5f49d tempest-VolumeQuotasNegativeTestJSON-2091906898 tempest-VolumeQuotasNegativeTestJSON-2091906898-project-admin] Action: 'update', calling method: update, body: {"quota_set": {"gigabytes": 1}} {{(pid=100763) _process_stack /opt/stack/cinder/cinder/api/openstack/wsgi.py:854}}
Sep 16 01:00:24.036570 dv-cinder-809305-1-smb devstack@c-api.service[100763]: /usr/local/lib/python3.8/dist-packages/oslo_context/context.py:105: DeprecationWarning: Policy enforcement is depending on the value of is_admin. This key is deprecated. Please update your policy file to use the standard policy values.
Sep 16 01:00:24.036570 dv-cinder-809305-1-smb devstack@c-api.service[100763]: warnings.warn('Policy enforcement is depending on the value of '
Sep 16 01:00:24.083157 dv-cinder-809305-1-smb devstack@c-api.service[100763]: WARNING cinder.quota [None req-983b5669-8ad4-44b2-aa41-290020a5f49d tempest-VolumeQuotasNegativeTestJSON-2091906898 tempest-VolumeQuotasNegativeTestJSON-2091906898-project-admin] Deprecated: Default quota for resource: volumes_tempest-GroupSnapshotsTest-volume-type-399697702 is set by the default quota flag: quota_volumes_tempest-GroupSnapshotsTest-volume-type-399697702, it is now deprecated. Please use the default quota class for default quota.
Sep 16 01:00:24.083906 dv-cinder-809305-1-smb devstack@c-api.service[100763]: WARNING cinder.quota [None req-983b5669-8ad4-44b2-aa41-290020a5f49d tempest-VolumeQuotasNegativeTestJSON-2091906898 tempest-VolumeQuotasNegativeTestJSON-2091906898-project-admin] Deprecated: Default quota for resource: gigabytes_tempest-GroupSnapshotsTest-volume-type-399697702 is set by the default quota flag: quota_gigabytes_tempest-GroupSnapshotsTest-volume-type-399697702, it is now deprecated. Please use the default quota class for default quota.
Sep 16 01:00:24.084643 dv-cinder-809305-1-smb devstack@c-api.service[100763]: WARNING cinder.quota [None req-983b5669-8ad4-44b2-aa41-290020a5f49d tempest-VolumeQuotasNegativeTestJSON-2091906898 tempest-VolumeQuotasNegativeTestJSON-2091906898-project-admin] Deprecated: Default quota for resource: snapshots_tempest-GroupSnapshotsTest-volume-type-399697702 is set by the default quota flag: quota_snapshots_tempest-GroupSnapshotsTest-volume-type-399697702, it is now deprecated. Please use the default quota class for default quota.
Sep 16 01:00:24.098295 dv-cinder-809305-1-smb devstack@c-api.service[100763]: INFO cinder.api.openstack.wsgi [None req-983b5669-8ad4-44b2-aa41-290020a5f49d tempest-VolumeQuotasNegativeTestJSON-2091906898 tempest-VolumeQuotasNegativeTestJSON-2091906898-project-admin] http://10.222.0.30/volume/v3/13ab260281314fb6a8f59c4560099db5/os-quota-sets/7ebc393a319c4092990431742a427bba returned with HTTP 200
Sep 16 01:00:24.104080 dv-cinder-809305-1-smb devstack@c-api.service[100763]: [pid: 100763|app: 0|req: 119/248] 10.222.0.30 () {60 vars in 1351 bytes} [Thu Sep 16 01:00:24 2021] PUT /volume/v3/13ab260281314fb6a8f59c4560099db5/os-quota-sets/7ebc393a319c4092990431742a427bba => generated 1250 bytes in 76 msecs (HTTP/1.1 200) 7 headers in 286 bytes (1 switches on core 0)
Sep 16 01:00:24.109565 dv-cinder-809305-1-smb devstack@c-api.service[100762]: INFO cinder.api.openstack.wsgi [None req-9083bb5d-8372-45d4-8646-f58df27a0c7f tempest-VolumeQuotasNegativeTestJSON-729964779 tempest-VolumeQuotasNegativeTestJSON-729964779-project] POST http://10.222.0.30/volume/v3/7ebc393a319c4092990431742a427bba/volumes/26e3b30f-f2c1-4925-924d-fbcd27ce8950/action
Sep 16 01:00:24.109999 dv-cinder-809305-1-smb devstack@c-api.service[100762]: /usr/local/lib/python3.8/dist-packages/webob/acceptparse.py:1047: DeprecationWarning: The behavior of AcceptValidHeader.best_match is currently being maintained for backward compatibility, but it will be deprecated in the future, as it does not conform to the RFC.
Sep 16 01:00:24.109999 dv-cinder-809305-1-smb devstack@c-api.service[100762]: warnings.warn(
Sep 16 01:00:24.110462 dv-cinder-809305-1-smb devstack@c-api.service[100762]: DEBUG cinder.api.openstack.wsgi [None req-9083bb5d-8372-45d4-8646-f58df27a0c7f tempest-VolumeQuotasNegativeTestJSON-729964779 tempest-VolumeQuotasNegativeTestJSON-729964779-project] Action body: b'{"os-extend": {"new_size": 2}}' {{(pid=100762) get_method /opt/stack/cinder/cinder/api/openstack/wsgi.py:971}}
Sep 16 01:00:24.110853 dv-cinder-809305-1-smb devstack@c-api.service[100762]: DEBUG cinder.api.openstack.wsgi [None req-9083bb5d-8372-45d4-8646-f58df27a0c7f tempest-VolumeQuotasNegativeTestJSON-729964779 tempest-VolumeQuotasNegativeTestJSON-729964779-project] Action: 'action', calling method: _extend, body: {"os-extend": {"new_size": 2}} {{(pid=100762) _process_stack /opt/stack/cinder/cinder/api/openstack/wsgi.py:854}}
Sep 16 01:00:24.125719 dv-cinder-809305-1-smb devstack@c-api.service[100762]: /usr/local/lib/python3.8/dist-packages/oslo_context/context.py:105: DeprecationWarning: Policy enforcement is depending on the value of is_admin. This key is deprecated. Please update your policy file to use the standard policy values.
Sep 16 01:00:24.125719 dv-cinder-809305-1-smb devstack@c-api.service[100762]: warnings.warn('Policy enforcement is depending on the value of '
Sep 16 01:00:24.126889 dv-cinder-809305-1-smb devstack@c-api.service[100762]: INFO cinder.volume.api [None req-9083bb5d-8372-45d4-8646-f58df27a0c7f tempest-VolumeQuotasNegativeTestJSON-729964779 tempest-VolumeQuotasNegativeTestJSON-729964779-project] Volume info retrieved successfully.
Sep 16 01:00:24.181211 dv-cinder-809305-1-smb devstack@c-api.service[100762]: ERROR cinder.volume.api [None req-9083bb5d-8372-45d4-8646-f58df27a0c7f tempest-VolumeQuotasNegativeTestJSON-729964779 tempest-VolumeQuotasNegativeTestJSON-729964779-project] Quota exceeded for 7ebc393a319c4092990431742a427bba, tried to extend volume by 1G, (1G of 1G already consumed).: cinder.exception.OverQuota: Quota exceeded for resources: ['gigabytes']
Sep 16 01:00:24.190236 dv-cinder-809305-1-smb devstack@c-api.service[100762]: INFO cinder.api.middleware.fault [None req-9083bb5d-8372-45d4-8646-f58df27a0c7f tempest-VolumeQuotasNegativeTestJSON-729964779 tempest-VolumeQuotasNegativeTestJSON-729964779-project] http://10.222.0.30/volume/v3/7ebc393a319c4092990431742a427bba/volumes/26e3b30f-f2c1-4925-924d-fbcd27ce8950/action returned with HTTP 413
Sep 16 01:00:24.191612 dv-cinder-809305-1-smb devstack@c-api.service[100762]: [pid: 100762|app: 0|req: 130/249] 10.222.0.30 () {60 vars in 1367 bytes} [Thu Sep 16 01:00:24 2021] POST /volume/v3/7ebc393a319c4092990431742a427bba/volumes/26e3b30f-f2c1-4925-924d-fbcd27ce8950/action => generated 208 bytes in 87 msecs (HTTP/1.1 413) 8 headers in 323 bytes (1 switches on core 0)
Sep 16 01:00:24.200431 dv-cinder-809305-1-smb devstack@c-api.service[100763]: INFO cinder.api.openstack.wsgi [None req-870c9f27-7192-467c-9382-b5fe10a8a627 tempest-VolumeQuotasNegativeTestJSON-729964779 tempest-VolumeQuotasNegativeTestJSON-729964779-project] DELETE http://10.222.0.30/volume/v3/7ebc393a319c4092990431742a427bba/volumes/26e3b30f-f2c1-4925-924d-fbcd27ce8950
Sep 16 01:00:24.200959 dv-cinder-809305-1-smb devstack@c-api.service[100763]: DEBUG cinder.api.openstack.wsgi [None req-870c9f27-7192-467c-9382-b5fe10a8a627 tempest-VolumeQuotasNegativeTestJSON-729964779 tempest-VolumeQuotasNegativeTestJSON-729964779-project] Empty body provided in request {{(pid=100763) get_body /opt/stack/cinder/cinder/api/openstack/wsgi.py:703}}
Sep 16 01:00:24.201369 dv-cinder-809305-1-smb devstack@c-api.service[100763]: DEBUG cinder.api.openstack.wsgi [None req-870c9f27-7192-467c-9382-b5fe10a8a627 tempest-VolumeQuotasNegativeTestJSON-729964779 tempest-VolumeQuotasNegativeTestJSON-729964779-project] Calling method 'delete' {{(pid=100763) _process_stack /opt/stack/cinder/cinder/api/openstack/wsgi.py:856}}
Sep 16 01:00:24.201776 dv-cinder-809305-1-smb devstack@c-api.service[100763]: INFO cinder.api.v3.volumes [None req-870c9f27-7192-467c-9382-b5fe10a8a627 tempest-VolumeQuotasNegativeTestJSON-729964779 tempest-VolumeQuotasNegativeTestJSON-729964779-project] Delete volume with id: 26e3b30f-f2c1-4925-924d-fbcd27ce8950
Sep 16 01:00:24.215683 dv-cinder-809305-1-smb devstack@c-api.service[100763]: /usr/local/lib/python3.8/dist-packages/oslo_context/context.py:105: DeprecationWarning: Policy enforcement is depending on the value of is_admin. This key is deprecated. Please update your policy file to use the standard policy values.
Sep 16 01:00:24.215683 dv-cinder-809305-1-smb devstack@c-api.service[100763]: warnings.warn('Policy enforcement is depending on the value of '
Sep 16 01:00:24.216943 dv-cinder-809305-1-smb devstack@c-api.service[100763]: INFO cinder.volume.api [None req-870c9f27-7192-467c-9382-b5fe10a8a627 tempest-VolumeQuotasNegativeTestJSON-729964779 tempest-VolumeQuotasNegativeTestJSON-729964779-project] Volume info retrieved successfully.
Sep 16 01:00:24.249059 dv-cinder-809305-1-smb devstack@c-api.service[100762]: INFO cinder.api.openstack.wsgi [None req-76cef35a-77e9-42e2-97b1-2d9e1b2407fa tempest-GroupsTest-1511412127 tempest-GroupsTest-1511412127-project] GET http://10.222.0.30/volume/v3/0eea58d19a374a8e9c3f0720455501e8/volumes/f045b29d-93b4-4f62-ac22-83cebc7fa580
Sep 16 01:00:24.250425 dv-cinder-809305-1-smb devstack@c-api.service[100762]: DEBUG cinder.api.openstack.wsgi [None req-76cef35a-77e9-42e2-97b1-2d9e1b2407fa tempest-GroupsTest-1511412127 tempest-GroupsTest-1511412127-project] Empty body provided in request {{(pid=100762) get_body /opt/stack/cinder/cinder/api/openstack/wsgi.py:703}}
Sep 16 01:00:24.250849 dv-cinder-809305-1-smb devstack@c-api.service[100762]: /usr/local/lib/python3.8/dist-packages/webob/acceptparse.py:1047: DeprecationWarning: The behavior of AcceptValidHeader.best_match is currently being maintained for backward compatibility, but it will be deprecated in the future, as it does not conform to the RFC.
Sep 16 01:00:24.250849 dv-cinder-809305-1-smb devstack@c-api.service[100762]: warnings.warn(
Sep 16 01:00:24.251456 dv-cinder-809305-1-smb devstack@c-api.service[100762]: DEBUG cinder.api.openstack.wsgi [None req-76cef35a-77e9-42e2-97b1-2d9e1b2407fa tempest-GroupsTest-1511412127 tempest-GroupsTest-1511412127-project] Calling method 'show' {{(pid=100762) _process_stack /opt/stack/cinder/cinder/api/openstack/wsgi.py:856}}
Sep 16 01:00:24.268463 dv-cinder-809305-1-smb devstack@c-api.service[100762]: /usr/local/lib/python3.8/dist-packages/oslo_context/context.py:105: DeprecationWarning: Policy enforcement is depending on the value of is_admin. This key is deprecated. Please update your policy file to use the standard policy values.
Sep 16 01:00:24.268463 dv-cinder-809305-1-smb devstack@c-api.service[100762]: warnings.warn('Policy enforcement is depending on the value of '
Sep 16 01:00:24.275170 dv-cinder-809305-1-smb devstack@c-api.service[100763]: INFO cinder.volume.api [None req-870c9f27-7192-467c-9382-b5fe10a8a627 tempest-VolumeQuotasNegativeTestJSON-729964779 tempest-VolumeQuotasNegativeTestJSON-729964779-project] Delete volume request issued successfully.
Sep 16 01:00:24.276035 dv-cinder-809305-1-smb devstack@c-api.service[100763]: INFO cinder.api.openstack.wsgi [None req-870c9f27-7192-467c-9382-b5fe10a8a627 tempest-VolumeQuotasNegativeTestJSON-729964779 tempest-VolumeQuotasNegativeTestJSON-729964779-project] http://10.222.0.30/volume/v3/7ebc393a319c4092990431742a427bba/volumes/26e3b30f-f2c1-4925-924d-fbcd27ce8950 returned with HTTP 202
Sep 16 01:00:24.278385 dv-cinder-809305-1-smb devstack@c-api.service[100763]: [pid: 100763|app: 0|req: 120/250] 10.222.0.30 () {58 vars in 1328 bytes} [Thu Sep 16 01:00:24 2021] DELETE /volume/v3/7ebc393a319c4092990431742a427bba/volumes/26e3b30f-f2c1-4925-924d-fbcd27ce8950 => generated 0 bytes in 82 msecs (HTTP/1.1 202) 6 headers in 233 bytes (2 switches on core 0)
Sep 16 01:00:24.282647 dv-cinder-809305-1-smb devstack@c-api.service[100762]: INFO cinder.volume.api [None req-76cef35a-77e9-42e2-97b1-2d9e1b2407fa tempest-GroupsTest-1511412127 tempest-GroupsTest-1511412127-project] Volume info retrieved successfully.
Sep 16 01:00:24.287208 dv-cinder-809305-1-smb devstack@c-api.service[100763]: INFO cinder.api.openstack.wsgi [None req-7d846da1-090b-4b56-9cb1-e90b53a1ff27 tempest-VolumeQuotasNegativeTestJSON-729964779 tempest-VolumeQuotasNegativeTestJSON-729964779-project] GET http://10.222.0.30/volume/v3/7ebc393a319c4092990431742a427bba/volumes/26e3b30f-f2c1-4925-924d-fbcd27ce8950
Sep 16 01:00:24.287660 dv-cinder-809305-1-smb devstack@c-api.service[100763]: DEBUG cinder.api.openstack.wsgi [None req-7d846da1-090b-4b56-9cb1-e90b53a1ff27 tempest-VolumeQuotasNegativeTestJSON-729964779 tempest-VolumeQuotasNegativeTestJSON-729964779-project] Empty body provided in request {{(pid=100763) get_body /opt/stack/cinder/cinder/api/openstack/wsgi.py:703}}
Sep 16 01:00:24.287834 dv-cinder-809305-1-smb devstack@c-api.service[100763]: /usr/local/lib/python3.8/dist-packages/webob/acceptparse.py:1047: DeprecationWarning: The behavior of AcceptValidHeader.best_match is currently being maintained for backward compatibility, but it will be deprecated in the future, as it does not conform to the RFC.
Sep 16 01:00:24.287834 dv-cinder-809305-1-smb devstack@c-api.service[100763]: warnings.warn(
Sep 16 01:00:24.290986 dv-cinder-809305-1-smb devstack@c-api.service[100763]: DEBUG cinder.api.openstack.wsgi [None req-7d846da1-090b-4b56-9cb1-e90b53a1ff27 tempest-VolumeQuotasNegativeTestJSON-729964779 tempest-VolumeQuotasNegativeTestJSON-729964779-project] Calling method 'show' {{(pid=100763) _process_stack /opt/stack/cinder/cinder/api/openstack/wsgi.py:856}}
Sep 16 01:00:24.293582 dv-cinder-809305-1-smb devstack@c-api.service[100762]: WARNING stevedore.named [None req-76cef35a-77e9-42e2-97b1-2d9e1b2407fa tempest-GroupsTest-1511412127 tempest-GroupsTest-1511412127-project] Could not load cinder.keymgr.conf_key_mgr.ConfKeyManager
Sep 16 01:00:24.294023 dv-cinder-809305-1-smb devstack@c-api.service[100762]: WARNING castellan.key_manager [None req-76cef35a-77e9-42e2-97b1-2d9e1b2407fa tempest-GroupsTest-1511412127 tempest-GroupsTest-1511412127-project] Deprecation Warning : cinder.keymgr.conf_key_mgr.ConfKeyManager is not a stevedore based driver, trying to load it as a class: stevedore.exception.NoMatches: No 'castellan.drivers' driver found, looking for 'cinder.keymgr.conf_key_mgr.ConfKeyManager'
Sep 16 01:00:24.302475 dv-cinder-809305-1-smb devstack@c-api.service[100762]: DEBUG oslo_db.sqlalchemy.engines [None req-76cef35a-77e9-42e2-97b1-2d9e1b2407fa tempest-GroupsTest-1511412127 tempest-GroupsTest-1511412127-project] MySQL server mode set to STRICT_TRANS_TABLES,STRICT_ALL_TABLES,NO_ZERO_IN_DATE,NO_ZERO_DATE,ERROR_FOR_DIVISION_BY_ZERO,TRADITIONAL,NO_ENGINE_SUBSTITUTION {{(pid=100762) _check_effective_sql_mode /usr/local/lib/python3.8/dist-packages/oslo_db/sqlalchemy/engines.py:314}}
Sep 16 01:00:24.309919 dv-cinder-809305-1-smb devstack@c-api.service[100762]: /usr/local/lib/python3.8/dist-packages/oslo_context/context.py:105: DeprecationWarning: Policy enforcement is depending on the value of is_admin. This key is deprecated. Please update your policy file to use the standard policy values.
