Sep 16 01:13:16.448334 dv-cinder-809305-1-iscsi neutron-server[94551]: INFO neutron.wsgi [req-eed1ba4e-de4b-49e8-af86-3196b14f1cc2 req-9a706d4d-cb30-4b47-83eb-c5ad3c2ab864 tempest-ServerRescueNegativeTestJSON-1751919627 tempest-ServerRescueNegativeTestJSON-1751919627-project] 10.222.0.22 "GET /v2.0/ports?device_id=bb7e8600-fbf0-4269-bcb5-00486097f340 HTTP/1.1" status: 200 len: 945 time: 0.0498202
Sep 16 01:13:16.539185 dv-cinder-809305-1-iscsi neutron-server[94551]: INFO neutron.wsgi [req-eed1ba4e-de4b-49e8-af86-3196b14f1cc2 req-ae1eb281-4444-427c-97e3-d7bf12820a19 tempest-ServerRescueNegativeTestJSON-1751919627 tempest-ServerRescueNegativeTestJSON-1751919627-project] 10.222.0.22 "GET /v2.0/security-groups?id=fbc8a4fd-96c8-42ae-ae1e-73e04536bc38&fields=id&fields=name HTTP/1.1" status: 200 len: 286 time: 0.0847127
Sep 16 01:13:16.561624 dv-cinder-809305-1-iscsi neutron-server[94551]: DEBUG neutron.pecan_wsgi.hooks.policy_enforcement [req-a4a98fcb-f4f8-43d8-878c-19981cfdc993 req-c8bcc156-684a-4948-bacf-56b3cbd8513e service neutron] Attributes excluded by policy engine: ['standard_attr_id'] {{(pid=94551) _exclude_attributes_by_policy /opt/stack/neutron/neutron/pecan_wsgi/hooks/policy_enforcement.py:255}}
Sep 16 01:13:16.562858 dv-cinder-809305-1-iscsi neutron-server[94551]: INFO neutron.wsgi [req-a4a98fcb-f4f8-43d8-878c-19981cfdc993 req-c8bcc156-684a-4948-bacf-56b3cbd8513e service neutron] 10.222.0.47 "GET /v2.0/ports?device_id=db6a137e-41d7-47dc-afdb-22ca7e76112f HTTP/1.1" status: 200 len: 1099 time: 0.0986934
Sep 16 01:13:16.603473 dv-cinder-809305-1-iscsi neutron-server[94551]: DEBUG neutron.pecan_wsgi.hooks.policy_enforcement [req-aff7f70e-7fbc-4ac5-a595-9cf11e9617c0 req-52c3c058-58ea-47ae-815f-d520dabc794f service neutron] Attributes excluded by policy engine: ['standard_attr_id'] {{(pid=94551) _exclude_attributes_by_policy /opt/stack/neutron/neutron/pecan_wsgi/hooks/policy_enforcement.py:255}}
Sep 16 01:13:16.605024 dv-cinder-809305-1-iscsi neutron-server[94551]: INFO neutron.wsgi [req-aff7f70e-7fbc-4ac5-a595-9cf11e9617c0 req-52c3c058-58ea-47ae-815f-d520dabc794f service neutron] 10.222.0.47 "GET /v2.0/ports?device_id=06746e82-bb95-489e-b1d2-1b3fe5479f66 HTTP/1.1" status: 200 len: 1099 time: 0.0779471
Sep 16 01:13:16.621217 dv-cinder-809305-1-iscsi neutron-server[94551]: INFO neutron.wsgi [req-a4a98fcb-f4f8-43d8-878c-19981cfdc993 req-2d150c11-7f5d-4675-b5fc-8e7e854d279e service neutron] 10.222.0.47 "GET /v2.0/security-groups?id=fbc8a4fd-96c8-42ae-ae1e-73e04536bc38&fields=id&fields=name HTTP/1.1" status: 200 len: 286 time: 0.0492170
Sep 16 01:13:16.684410 dv-cinder-809305-1-iscsi neutron-server[94552]: DEBUG neutron.pecan_wsgi.hooks.policy_enforcement [req-c88c8411-e905-4891-af0c-7dcfbe4e86fd req-bd6403b1-c5b5-4737-8540-1b361c0d12a9 tempest-AttachVolumeShelveTestJSON-1528063515 tempest-AttachVolumeShelveTestJSON-1528063515-project] Attributes excluded by policy engine: ['standard_attr_id', 'binding:profile', 'binding:host_id', 'binding:vif_type', 'binding:vif_details'] {{(pid=94552) _exclude_attributes_by_policy /opt/stack/neutron/neutron/pecan_wsgi/hooks/policy_enforcement.py:255}}
Sep 16 01:13:16.686645 dv-cinder-809305-1-iscsi neutron-server[94551]: INFO neutron.wsgi [req-aff7f70e-7fbc-4ac5-a595-9cf11e9617c0 req-d3ee02fc-e48d-496b-b7fc-170dadf32c40 service neutron] 10.222.0.47 "GET /v2.0/security-groups?id=594d9864-430d-4aeb-961a-380fb9870603&fields=id&fields=name HTTP/1.1" status: 200 len: 286 time: 0.0671995
Sep 16 01:13:16.688359 dv-cinder-809305-1-iscsi neutron-server[94552]: INFO neutron.wsgi [req-c88c8411-e905-4891-af0c-7dcfbe4e86fd req-bd6403b1-c5b5-4737-8540-1b361c0d12a9 tempest-AttachVolumeShelveTestJSON-1528063515 tempest-AttachVolumeShelveTestJSON-1528063515-project] 10.222.0.22 "GET /v2.0/ports?device_id=558e72b4-0968-47c0-8c90-c3cf8910554e HTTP/1.1" status: 200 len: 944 time: 0.0936086
Sep 16 01:13:16.729156 dv-cinder-809305-1-iscsi neutron-server[94552]: INFO neutron.wsgi [req-c88c8411-e905-4891-af0c-7dcfbe4e86fd req-405e03bc-e962-446b-b7b0-7ef4306db8de tempest-AttachVolumeShelveTestJSON-1528063515 tempest-AttachVolumeShelveTestJSON-1528063515-project] 10.222.0.22 "GET /v2.0/security-groups?id=101504fb-6830-4520-ab52-29616185a8e1&fields=id&fields=name HTTP/1.1" status: 200 len: 312 time: 0.0336096
Sep 16 01:13:16.745381 dv-cinder-809305-1-iscsi neutron-server[94553]: DEBUG neutron.plugins.ml2.rpc [None req-113ef408-1255-4b25-aab5-163f42a02471 None None] Device 8652dd69-9fe5-4669-8882-17de61218779 details requested by agent hyperv_hv-cinder-80930 with host hv-cinder-80930 {{(pid=94553) get_device_details /opt/stack/neutron/neutron/plugins/ml2/rpc.py:102}}
Sep 16 01:13:16.851659 dv-cinder-809305-1-iscsi neutron-server[94553]: DEBUG neutron.plugins.ml2.db [None req-113ef408-1255-4b25-aab5-163f42a02471 None None] For port 8652dd69-9fe5-4669-8882-17de61218779, host hv-cinder-80930, got binding levels [PortBindingLevel(driver='hyperv',host='hv-cinder-80930',level=0,port_id=8652dd69-9fe5-4669-8882-17de61218779,segment=NetworkSegment(577966aa-aa6c-46f5-a3af-da2e98332a54),segment_id=577966aa-aa6c-46f5-a3af-da2e98332a54)] {{(pid=94553) get_binding_level_objs /opt/stack/neutron/neutron/plugins/ml2/db.py:74}}
Sep 16 01:13:16.870176 dv-cinder-809305-1-iscsi neutron-server[94553]: DEBUG neutron.plugins.ml2.rpc [None req-113ef408-1255-4b25-aab5-163f42a02471 None None] Returning: {'device': '8652dd69-9fe5-4669-8882-17de61218779', 'network_id': 'a1408b60-ef31-4319-a765-bc8dbd3a5f15', 'port_id': '8652dd69-9fe5-4669-8882-17de61218779', 'mac_address': 'fa:16:3e:11:2a:de', 'admin_state_up': True, 'network_type': 'vlan', 'segmentation_id': 239, 'physical_network': 'physnet1', 'mtu': 1500, 'fixed_ips': [{'subnet_id': '73104c2c-ea93-4973-a7a3-2804cd4a4bd8', 'ip_address': '172.20.0.5'}], 'device_owner': 'compute:nova', 'allowed_address_pairs': [], 'port_security_enabled': True, 'qos_policy_id': None, 'network_qos_policy_id': None, 'profile': {}, 'propagate_uplink_status': False} {{(pid=94553) _get_device_details /opt/stack/neutron/neutron/plugins/ml2/rpc.py:184}}
Sep 16 01:13:16.917667 dv-cinder-809305-1-iscsi neutron-server[94553]: DEBUG neutron_lib.callbacks.manager [None req-113ef408-1255-4b25-aab5-163f42a02471 None None] Notify callbacks ['neutron.plugins.ml2.plugin.SecurityGroupDbMixin._ensure_default_security_group_handler-8003383'] for port, before_update {{(pid=94553) _notify_loop /usr/local/lib/python3.8/dist-packages/neutron_lib/callbacks/manager.py:192}}
Sep 16 01:13:16.939957 dv-cinder-809305-1-iscsi neutron-server[94553]: DEBUG neutron.notifiers.nova [None req-113ef408-1255-4b25-aab5-163f42a02471 None None] Ignoring state change previous_port_status: DOWN current_port_status: BUILD port_id 8652dd69-9fe5-4669-8882-17de61218779 {{(pid=94553) record_port_status_changed /opt/stack/neutron/neutron/notifiers/nova.py:224}}
Sep 16 01:13:16.961873 dv-cinder-809305-1-iscsi neutron-server[94553]: DEBUG neutron.plugins.ml2.db [None req-113ef408-1255-4b25-aab5-163f42a02471 None None] For port 8652dd69-9fe5-4669-8882-17de61218779, host hv-cinder-80930, got binding levels [PortBindingLevel(driver='hyperv',host='hv-cinder-80930',level=0,port_id=8652dd69-9fe5-4669-8882-17de61218779,segment=NetworkSegment(577966aa-aa6c-46f5-a3af-da2e98332a54),segment_id=577966aa-aa6c-46f5-a3af-da2e98332a54)] {{(pid=94553) get_binding_level_objs /opt/stack/neutron/neutron/plugins/ml2/db.py:74}}
Sep 16 01:13:16.984521 dv-cinder-809305-1-iscsi neutron-server[94552]: DEBUG neutron.pecan_wsgi.hooks.policy_enforcement [req-677b6dae-0898-4ef8-a33c-18ac3b32cb9d req-6db1dea8-c7fb-430e-8108-9c3b3b3a72b8 tempest-DeleteServersTestJSON-2143132546 tempest-DeleteServersTestJSON-2143132546-project] Attributes excluded by policy engine: ['standard_attr_id', 'binding:profile', 'binding:host_id', 'binding:vif_type', 'binding:vif_details'] {{(pid=94552) _exclude_attributes_by_policy /opt/stack/neutron/neutron/pecan_wsgi/hooks/policy_enforcement.py:255}}
Sep 16 01:13:16.986397 dv-cinder-809305-1-iscsi neutron-server[94552]: INFO neutron.wsgi [req-677b6dae-0898-4ef8-a33c-18ac3b32cb9d req-6db1dea8-c7fb-430e-8108-9c3b3b3a72b8 tempest-DeleteServersTestJSON-2143132546 tempest-DeleteServersTestJSON-2143132546-project] 10.222.0.22 "GET /v2.0/ports?device_id=93497253-008a-4686-ba51-d1aa83f94279 HTTP/1.1" status: 200 len: 945 time: 0.0650935
Sep 16 01:13:16.991669 dv-cinder-809305-1-iscsi neutron-server[94551]: DEBUG neutron.pecan_wsgi.hooks.policy_enforcement [req-722c8d02-8005-4137-9af2-8203a732bcf4 req-4f46384f-7a0c-4488-b0d5-7a9ab7821a85 tempest-AttachVolumeTestJSON-1468944318 tempest-AttachVolumeTestJSON-1468944318-project] Attributes excluded by policy engine: ['standard_attr_id', 'binding:profile', 'binding:host_id', 'binding:vif_type', 'binding:vif_details'] {{(pid=94551) _exclude_attributes_by_policy /opt/stack/neutron/neutron/pecan_wsgi/hooks/policy_enforcement.py:255}}
Sep 16 01:13:16.993300 dv-cinder-809305-1-iscsi neutron-server[94551]: INFO neutron.wsgi [req-722c8d02-8005-4137-9af2-8203a732bcf4 req-4f46384f-7a0c-4488-b0d5-7a9ab7821a85 tempest-AttachVolumeTestJSON-1468944318 tempest-AttachVolumeTestJSON-1468944318-project] 10.222.0.22 "GET /v2.0/ports?device_id=ce366b49-44d8-4fbb-9ed6-09a005c7af7c HTTP/1.1" status: 200 len: 943 time: 0.0636859
Sep 16 01:13:17.027322 dv-cinder-809305-1-iscsi neutron-server[94552]: INFO neutron.wsgi [req-677b6dae-0898-4ef8-a33c-18ac3b32cb9d req-8b798d12-85c1-4339-9f26-0131f0893225 tempest-DeleteServersTestJSON-2143132546 tempest-DeleteServersTestJSON-2143132546-project] 10.222.0.22 "GET /v2.0/security-groups?id=fe48ab52-46e5-4cdd-a94b-ef9f3148c3d5&fields=id&fields=name HTTP/1.1" status: 200 len: 286 time: 0.0337694
Sep 16 01:13:17.031521 dv-cinder-809305-1-iscsi neutron-server[94551]: INFO neutron.wsgi [req-722c8d02-8005-4137-9af2-8203a732bcf4 req-6d02fec3-b752-4a33-911f-143c784433a2 tempest-AttachVolumeTestJSON-1468944318 tempest-AttachVolumeTestJSON-1468944318-project] 10.222.0.22 "GET /v2.0/security-groups?id=8749e99d-a035-4e4b-bd66-5246feb4d6e1&fields=id&fields=name HTTP/1.1" status: 200 len: 313 time: 0.0322392
Sep 16 01:13:17.117838 dv-cinder-809305-1-iscsi neutron-server[94553]: DEBUG neutron_lib.callbacks.manager [None req-113ef408-1255-4b25-aab5-163f42a02471 None None] Notify callbacks ['neutron.plugins.ml2.plugin.SecurityGroupServerNotifierRpcMixin._notify_sg_on_port_change-8003446', 'neutron.plugins.ml2.ovo_rpc._ObjectChangeHandler.handle_event-35450', 'neutron.api.rpc.agentnotifiers.dhcp_rpc_agent_api.DhcpAgentNotifyAPI._native_event_send_dhcp_notification-537141', 'neutron.db.l3_db.L3RpcNotifierMixin._notify_gateway_port_ip_changed-8752232905741', 'neutron.db.l3_dvrscheduler_db._notify_l3_agent_port_update-8752232350410', 'neutron.db.l3_hascheduler_db._notify_l3_agent_ha_port_update-8752232350428'] for port, after_update {{(pid=94553) _notify_loop /usr/local/lib/python3.8/dist-packages/neutron_lib/callbacks/manager.py:192}}
Sep 16 01:13:17.172479 dv-cinder-809305-1-iscsi neutron-server[94553]: DEBUG neutron.api.rpc.handlers.resources_rpc [None req-113ef408-1255-4b25-aab5-163f42a02471 None None] Pushing event updated for resources: {'Port': ['ID=8652dd69-9fe5-4669-8882-17de61218779,revision_number=4']} {{(pid=94553) push /opt/stack/neutron/neutron/api/rpc/handlers/resources_rpc.py:237}}
Sep 16 01:13:17.247479 dv-cinder-809305-1-iscsi neutron-server[94553]: DEBUG neutron_lib.callbacks.manager [None req-113ef408-1255-4b25-aab5-163f42a02471 None None] Notify callbacks ['neutron.services.segments.db._update_segment_host_mapping_for_agent-8752232865675', 'neutron.plugins.ml2.plugin.Ml2Plugin._retry_binding_revived_agents-8026368'] for agent, after_update {{(pid=94553) _notify_loop /usr/local/lib/python3.8/dist-packages/neutron_lib/callbacks/manager.py:192}}
Sep 16 01:13:17.369224 dv-cinder-809305-1-iscsi neutron-server[94552]: DEBUG neutron.pecan_wsgi.hooks.policy_enforcement [req-9a188829-d407-4dd1-837d-6ac064f72e5a req-b2d5a2d9-5629-4cd4-a3c3-91123b8cb381 tempest-AttachVolumeNegativeTest-1956472637 tempest-AttachVolumeNegativeTest-1956472637-project] Attributes excluded by policy engine: ['standard_attr_id', 'binding:profile', 'binding:host_id', 'binding:vif_type', 'binding:vif_details'] {{(pid=94552) _exclude_attributes_by_policy /opt/stack/neutron/neutron/pecan_wsgi/hooks/policy_enforcement.py:255}}
Sep 16 01:13:17.371141 dv-cinder-809305-1-iscsi neutron-server[94552]: INFO neutron.wsgi [req-9a188829-d407-4dd1-837d-6ac064f72e5a req-b2d5a2d9-5629-4cd4-a3c3-91123b8cb381 tempest-AttachVolumeNegativeTest-1956472637 tempest-AttachVolumeNegativeTest-1956472637-project] 10.222.0.22 "GET /v2.0/ports?device_id=06746e82-bb95-489e-b1d2-1b3fe5479f66 HTTP/1.1" status: 200 len: 946 time: 0.0499616
Sep 16 01:13:17.423303 dv-cinder-809305-1-iscsi neutron-server[94552]: INFO neutron.wsgi [req-9a188829-d407-4dd1-837d-6ac064f72e5a req-aa6a0547-8136-47d2-b232-368decd0f4e6 tempest-AttachVolumeNegativeTest-1956472637 tempest-AttachVolumeNegativeTest-1956472637-project] 10.222.0.22 "GET /v2.0/security-groups?id=594d9864-430d-4aeb-961a-380fb9870603&fields=id&fields=name HTTP/1.1" status: 200 len: 286 time: 0.0451608
Sep 16 01:13:17.507021 dv-cinder-809305-1-iscsi neutron-server[94553]: DEBUG neutron.plugins.ml2.db [None req-113ef408-1255-4b25-aab5-163f42a02471 None None] get_ports_and_sgs() called for port_ids ['8652dd69-9fe5-4669-8882-17de61218779'] {{(pid=94553) get_ports_and_sgs /opt/stack/neutron/neutron/plugins/ml2/db.py:156}}
Sep 16 01:13:17.657728 dv-cinder-809305-1-iscsi neutron-server[94551]: DEBUG neutron.pecan_wsgi.hooks.policy_enforcement [req-b5e8aa16-a6d5-4422-b59a-f136e99b7aeb req-61d98681-ad10-4f19-8d25-fe13be0f725c tempest-ServerRescueNegativeTestJSON-1751919627 tempest-ServerRescueNegativeTestJSON-1751919627-project] Attributes excluded by policy engine: ['standard_attr_id', 'binding:profile', 'binding:host_id', 'binding:vif_type', 'binding:vif_details'] {{(pid=94551) _exclude_attributes_by_policy /opt/stack/neutron/neutron/pecan_wsgi/hooks/policy_enforcement.py:255}}
Sep 16 01:13:17.662911 dv-cinder-809305-1-iscsi neutron-server[94551]: INFO neutron.wsgi [req-b5e8aa16-a6d5-4422-b59a-f136e99b7aeb req-61d98681-ad10-4f19-8d25-fe13be0f725c tempest-ServerRescueNegativeTestJSON-1751919627 tempest-ServerRescueNegativeTestJSON-1751919627-project] 10.222.0.22 "GET /v2.0/ports?device_id=bb7e8600-fbf0-4269-bcb5-00486097f340 HTTP/1.1" status: 200 len: 945 time: 0.0482316
Sep 16 01:13:17.701241 dv-cinder-809305-1-iscsi neutron-server[94551]: INFO neutron.wsgi [req-b5e8aa16-a6d5-4422-b59a-f136e99b7aeb req-14a33339-a559-4342-9c48-113c220d0358 tempest-ServerRescueNegativeTestJSON-1751919627 tempest-ServerRescueNegativeTestJSON-1751919627-project] 10.222.0.22 "GET /v2.0/security-groups?id=fbc8a4fd-96c8-42ae-ae1e-73e04536bc38&fields=id&fields=name HTTP/1.1" status: 200 len: 286 time: 0.0357206
Sep 16 01:13:17.917627 dv-cinder-809305-1-iscsi neutron-server[94552]: DEBUG neutron.pecan_wsgi.hooks.policy_enforcement [req-a5061e33-8967-4469-8519-c8b3a8f7cb46 req-683ab191-e405-40ea-912d-72b41119a77c tempest-AttachVolumeShelveTestJSON-1528063515 tempest-AttachVolumeShelveTestJSON-1528063515-project] Attributes excluded by policy engine: ['standard_attr_id', 'binding:profile', 'binding:host_id', 'binding:vif_type', 'binding:vif_details'] {{(pid=94552) _exclude_attributes_by_policy /opt/stack/neutron/neutron/pecan_wsgi/hooks/policy_enforcement.py:255}}
Sep 16 01:13:17.928962 dv-cinder-809305-1-iscsi neutron-server[94552]: INFO neutron.wsgi [req-a5061e33-8967-4469-8519-c8b3a8f7cb46 req-683ab191-e405-40ea-912d-72b41119a77c tempest-AttachVolumeShelveTestJSON-1528063515 tempest-AttachVolumeShelveTestJSON-1528063515-project] 10.222.0.22 "GET /v2.0/ports?device_id=558e72b4-0968-47c0-8c90-c3cf8910554e HTTP/1.1" status: 200 len: 944 time: 0.1072645
Sep 16 01:13:17.975770 dv-cinder-809305-1-iscsi neutron-server[94552]: INFO neutron.wsgi [req-a5061e33-8967-4469-8519-c8b3a8f7cb46 req-2b1e896b-878d-4c21-9172-54b29ba616af tempest-AttachVolumeShelveTestJSON-1528063515 tempest-AttachVolumeShelveTestJSON-1528063515-project] 10.222.0.22 "GET /v2.0/security-groups?id=101504fb-6830-4520-ab52-29616185a8e1&fields=id&fields=name HTTP/1.1" status: 200 len: 312 time: 0.0360286
Sep 16 01:13:18.166268 dv-cinder-809305-1-iscsi neutron-server[94551]: DEBUG neutron.pecan_wsgi.hooks.policy_enforcement [req-ad0743ba-00e1-4861-b247-d29be1406af1 req-6beaed34-ccd4-4365-ac45-0cf67cb8d5d0 tempest-AttachVolumeTestJSON-1468944318 tempest-AttachVolumeTestJSON-1468944318-project] Attributes excluded by policy engine: ['standard_attr_id', 'binding:profile', 'binding:host_id', 'binding:vif_type', 'binding:vif_details'] {{(pid=94551) _exclude_attributes_by_policy /opt/stack/neutron/neutron/pecan_wsgi/hooks/policy_enforcement.py:255}}
Sep 16 01:13:18.167755 dv-cinder-809305-1-iscsi neutron-server[94551]: INFO neutron.wsgi [req-ad0743ba-00e1-4861-b247-d29be1406af1 req-6beaed34-ccd4-4365-ac45-0cf67cb8d5d0 tempest-AttachVolumeTestJSON-1468944318 tempest-AttachVolumeTestJSON-1468944318-project] 10.222.0.22 "GET /v2.0/ports?device_id=ce366b49-44d8-4fbb-9ed6-09a005c7af7c HTTP/1.1" status: 200 len: 944 time: 0.0548201
Sep 16 01:13:18.212468 dv-cinder-809305-1-iscsi neutron-server[94551]: INFO neutron.wsgi [req-ad0743ba-00e1-4861-b247-d29be1406af1 req-5fd48b4a-3a06-4b48-a7eb-76262cf1fd6d tempest-AttachVolumeTestJSON-1468944318 tempest-AttachVolumeTestJSON-1468944318-project] 10.222.0.22 "GET /v2.0/security-groups?id=8749e99d-a035-4e4b-bd66-5246feb4d6e1&fields=id&fields=name HTTP/1.1" status: 200 len: 313 time: 0.0387137
Sep 16 01:13:18.465239 dv-cinder-809305-1-iscsi neutron-server[94552]: DEBUG neutron.wsgi [-] (94552) accepted ('10.222.0.22', 60522) {{(pid=94552) server /usr/local/lib/python3.8/dist-packages/eventlet/wsgi.py:982}}
Sep 16 01:13:18.605659 dv-cinder-809305-1-iscsi neutron-server[94552]: DEBUG neutron_lib.callbacks.manager [None req-51badc18-e287-4fcf-a930-6528c7fa8ed0 admin admin] Notify callbacks [] for security_group, before_create {{(pid=94552) _notify_loop /usr/local/lib/python3.8/dist-packages/neutron_lib/callbacks/manager.py:192}}
Sep 16 01:13:18.624586 dv-cinder-809305-1-iscsi neutron-server[94552]: DEBUG neutron.pecan_wsgi.hooks.policy_enforcement [req-826f945f-67a8-4bfb-9c93-bc52e9697320 req-5b45b37b-d9a4-4c23-9296-d4d9cce31eb8 tempest-AttachVolumeNegativeTest-1956472637 tempest-AttachVolumeNegativeTest-1956472637-project] Attributes excluded by policy engine: ['standard_attr_id', 'binding:profile', 'binding:host_id', 'binding:vif_type', 'binding:vif_details'] {{(pid=94552) _exclude_attributes_by_policy /opt/stack/neutron/neutron/pecan_wsgi/hooks/policy_enforcement.py:255}}
Sep 16 01:13:18.626101 dv-cinder-809305-1-iscsi neutron-server[94552]: INFO neutron.wsgi [req-826f945f-67a8-4bfb-9c93-bc52e9697320 req-5b45b37b-d9a4-4c23-9296-d4d9cce31eb8 tempest-AttachVolumeNegativeTest-1956472637 tempest-AttachVolumeNegativeTest-1956472637-project] 10.222.0.22 "GET /v2.0/ports?device_id=06746e82-bb95-489e-b1d2-1b3fe5479f66 HTTP/1.1" status: 200 len: 946 time: 0.0805905
Sep 16 01:13:18.675010 dv-cinder-809305-1-iscsi neutron-server[94551]: DEBUG neutron.wsgi [-] (94551) accepted ('10.222.0.22', 60530) {{(pid=94551) server /usr/local/lib/python3.8/dist-packages/eventlet/wsgi.py:982}}
Sep 16 01:13:18.704576 dv-cinder-809305-1-iscsi neutron-server[94552]: INFO neutron.wsgi [req-826f945f-67a8-4bfb-9c93-bc52e9697320 req-fbe0518e-b7a0-4d3c-963f-9ea1bb688744 tempest-AttachVolumeNegativeTest-1956472637 tempest-AttachVolumeNegativeTest-1956472637-project] 10.222.0.22 "GET /v2.0/security-groups?id=594d9864-430d-4aeb-961a-380fb9870603&fields=id&fields=name HTTP/1.1" status: 200 len: 286 time: 0.0672746
Sep 16 01:13:18.756157 dv-cinder-809305-1-iscsi neutron-server[94552]: DEBUG neutron_lib.callbacks.manager [None req-51badc18-e287-4fcf-a930-6528c7fa8ed0 admin admin] Notify callbacks [] for security_group, precommit_create {{(pid=94552) _notify_loop /usr/local/lib/python3.8/dist-packages/neutron_lib/callbacks/manager.py:192}}
Sep 16 01:13:18.760888 dv-cinder-809305-1-iscsi neutron-server[94553]: DEBUG neutron.plugins.ml2.rpc [None req-113ef408-1255-4b25-aab5-163f42a02471 None None] Device 8652dd69-9fe5-4669-8882-17de61218779 up at agent hyperv_hv-cinder-80930 {{(pid=94553) update_device_up /opt/stack/neutron/neutron/plugins/ml2/rpc.py:296}}
Sep 16 01:13:18.833468 dv-cinder-809305-1-iscsi neutron-server[94551]: DEBUG neutron_lib.callbacks.manager [None req-1a889373-d3ab-4927-813d-046c248f226e admin admin] Notify callbacks [] for security_group, before_create {{(pid=94551) _notify_loop /usr/local/lib/python3.8/dist-packages/neutron_lib/callbacks/manager.py:192}}
Sep 16 01:13:18.861049 dv-cinder-809305-1-iscsi neutron-server[94551]: DEBUG neutron.pecan_wsgi.hooks.policy_enforcement [req-7428dec7-17bb-457b-bd90-477a33dde8d0 req-be908793-a28c-4e43-80f4-63e735f6b3b2 tempest-ServerRescueNegativeTestJSON-1751919627 tempest-ServerRescueNegativeTestJSON-1751919627-project] Attributes excluded by policy engine: ['standard_attr_id', 'binding:profile', 'binding:host_id', 'binding:vif_type', 'binding:vif_details'] {{(pid=94551) _exclude_attributes_by_policy /opt/stack/neutron/neutron/pecan_wsgi/hooks/policy_enforcement.py:255}}
Sep 16 01:13:18.862639 dv-cinder-809305-1-iscsi neutron-server[94551]: INFO neutron.wsgi [req-7428dec7-17bb-457b-bd90-477a33dde8d0 req-be908793-a28c-4e43-80f4-63e735f6b3b2 tempest-ServerRescueNegativeTestJSON-1751919627 tempest-ServerRescueNegativeTestJSON-1751919627-project] 10.222.0.22 "GET /v2.0/ports?device_id=bb7e8600-fbf0-4269-bcb5-00486097f340 HTTP/1.1" status: 200 len: 945 time: 0.0744097
Sep 16 01:13:18.887800 dv-cinder-809305-1-iscsi neutron-server[94552]: DEBUG neutron_lib.callbacks.manager [None req-51badc18-e287-4fcf-a930-6528c7fa8ed0 admin admin] Notify callbacks ['neutron.plugins.ml2.ovo_rpc._ObjectChangeHandler.handle_event-617157'] for security_group, after_create {{(pid=94552) _notify_loop /usr/local/lib/python3.8/dist-packages/neutron_lib/callbacks/manager.py:192}}
Sep 16 01:13:18.908232 dv-cinder-809305-1-iscsi neutron-server[94551]: INFO neutron.wsgi [req-7428dec7-17bb-457b-bd90-477a33dde8d0 req-7d591d14-138a-4f87-98cf-dd4b157fe80c tempest-ServerRescueNegativeTestJSON-1751919627 tempest-ServerRescueNegativeTestJSON-1751919627-project] 10.222.0.22 "GET /v2.0/security-groups?id=fbc8a4fd-96c8-42ae-ae1e-73e04536bc38&fields=id&fields=name HTTP/1.1" status: 200 len: 286 time: 0.0390973
Sep 16 01:13:18.929567 dv-cinder-809305-1-iscsi neutron-server[94552]: INFO neutron.wsgi [None req-51badc18-e287-4fcf-a930-6528c7fa8ed0 admin admin] 10.222.0.22 "GET /v2.0/security-groups?tenant_id=0595cbc75b5747539faac2d15384bf3e&name=default HTTP/1.1" status: 200 len: 2979 time: 0.4631958
Sep 16 01:13:18.930818 dv-cinder-809305-1-iscsi neutron-server[94552]: DEBUG neutron.wsgi [-] (94552) accepted ('10.222.0.22', 60544) {{(pid=94552) server /usr/local/lib/python3.8/dist-packages/eventlet/wsgi.py:982}}
Sep 16 01:13:18.934099 dv-cinder-809305-1-iscsi neutron-server[94553]: DEBUG neutron.db.provisioning_blocks [None req-113ef408-1255-4b25-aab5-163f42a02471 None None] Provisioning for port 8652dd69-9fe5-4669-8882-17de61218779 completed by entity L2. {{(pid=94553) provisioning_complete /opt/stack/neutron/neutron/db/provisioning_blocks.py:133}}
Sep 16 01:13:18.938184 dv-cinder-809305-1-iscsi neutron-server[94553]: DEBUG neutron.db.provisioning_blocks [None req-113ef408-1255-4b25-aab5-163f42a02471 None None] Provisioning complete for port 8652dd69-9fe5-4669-8882-17de61218779 triggered by entity L2. {{(pid=94553) provisioning_complete /opt/stack/neutron/neutron/db/provisioning_blocks.py:139}}
Sep 16 01:13:18.938564 dv-cinder-809305-1-iscsi neutron-server[94553]: DEBUG neutron_lib.callbacks.manager [None req-113ef408-1255-4b25-aab5-163f42a02471 None None] Notify callbacks ['neutron.plugins.ml2.plugin.Ml2Plugin._port_provisioned-8027899'] for port, provisioning_complete {{(pid=94553) _notify_loop /usr/local/lib/python3.8/dist-packages/neutron_lib/callbacks/manager.py:192}}
Sep 16 01:13:18.951100 dv-cinder-809305-1-iscsi neutron-server[94552]: DEBUG neutron.api.rpc.handlers.resources_rpc [None req-51badc18-e287-4fcf-a930-6528c7fa8ed0 admin admin] Pushing event updated for resources: {'SecurityGroup': ['ID=6946c124-1cca-45ca-af47-d1fccd8dda9b,revision_number=1']} {{(pid=94552) push /opt/stack/neutron/neutron/api/rpc/handlers/resources_rpc.py:237}}
Sep 16 01:13:18.996377 dv-cinder-809305-1-iscsi neutron-server[94552]: DEBUG neutron_lib.callbacks.manager [None req-077f1622-9afa-43f9-878c-9038f4099a53 admin admin] Notify callbacks [] for security_group, before_delete {{(pid=94552) _notify_loop /usr/local/lib/python3.8/dist-packages/neutron_lib/callbacks/manager.py:192}}
Sep 16 01:13:19.006174 dv-cinder-809305-1-iscsi neutron-server[94551]: DEBUG neutron_lib.callbacks.manager [None req-1a889373-d3ab-4927-813d-046c248f226e admin admin] Notify callbacks [] for security_group, precommit_create {{(pid=94551) _notify_loop /usr/local/lib/python3.8/dist-packages/neutron_lib/callbacks/manager.py:192}}
Sep 16 01:13:19.022192 dv-cinder-809305-1-iscsi neutron-server[94552]: DEBUG neutron_lib.callbacks.manager [None req-077f1622-9afa-43f9-878c-9038f4099a53 admin admin] Notify callbacks [] for security_group, precommit_delete {{(pid=94552) _notify_loop /usr/local/lib/python3.8/dist-packages/neutron_lib/callbacks/manager.py:192}}
Sep 16 01:13:19.068872 dv-cinder-809305-1-iscsi neutron-server[94553]: DEBUG neutron_lib.callbacks.manager [None req-113ef408-1255-4b25-aab5-163f42a02471 None None] Notify callbacks ['neutron.plugins.ml2.plugin.SecurityGroupDbMixin._ensure_default_security_group_handler-8003383'] for port, before_update {{(pid=94553) _notify_loop /usr/local/lib/python3.8/dist-packages/neutron_lib/callbacks/manager.py:192}}
Sep 16 01:13:19.091736 dv-cinder-809305-1-iscsi neutron-server[94553]: DEBUG neutron.notifiers.nova [-] Sending events: [{'server_uuid': 'ce366b49-44d8-4fbb-9ed6-09a005c7af7c', 'name': 'network-vif-plugged', 'status': 'completed', 'tag': '8652dd69-9fe5-4669-8882-17de61218779'}] {{(pid=94553) send_events /opt/stack/neutron/neutron/notifiers/nova.py:262}}
Sep 16 01:13:19.094272 dv-cinder-809305-1-iscsi neutron-server[94553]: DEBUG novaclient.v2.client [-] REQ: curl -g -i --cacert "/opt/stack/data/ca-bundle.pem" -X POST http://10.222.0.22/compute/v2.1/os-server-external-events -H "Accept: application/json" -H "Content-Type: application/json" -H "User-Agent: python-novaclient" -H "X-Auth-Token: {SHA256}7a02ef68d9dd731c0427e540d1a48fda7de679b6619930280e3b8ca3e3b51999" -H "X-OpenStack-Nova-API-Version: 2.1" -H "X-OpenStack-Request-ID: req-4f352f7c-93d9-4134-ab05-298d4cba82e4" -d '{"events": [{"server_uuid": "ce366b49-44d8-4fbb-9ed6-09a005c7af7c", "name": "network-vif-plugged", "status": "completed", "tag": "8652dd69-9fe5-4669-8882-17de61218779"}]}' {{(pid=94553) _http_log_request /usr/local/lib/python3.8/dist-packages/keystoneauth1/session.py:519}}
Sep 16 01:13:19.110004 dv-cinder-809305-1-iscsi neutron-server[94553]: DEBUG neutron.plugins.ml2.db [None req-113ef408-1255-4b25-aab5-163f42a02471 None None] For port 8652dd69-9fe5-4669-8882-17de61218779, host hv-cinder-80930, got binding levels [PortBindingLevel(driver='hyperv',host='hv-cinder-80930',level=0,port_id=8652dd69-9fe5-4669-8882-17de61218779,segment=NetworkSegment(577966aa-aa6c-46f5-a3af-da2e98332a54),segment_id=577966aa-aa6c-46f5-a3af-da2e98332a54)] {{(pid=94553) get_binding_level_objs /opt/stack/neutron/neutron/plugins/ml2/db.py:74}}
Sep 16 01:13:19.119588 dv-cinder-809305-1-iscsi neutron-server[94551]: DEBUG neutron_lib.callbacks.manager [None req-1a889373-d3ab-4927-813d-046c248f226e admin admin] Notify callbacks ['neutron.plugins.ml2.ovo_rpc._ObjectChangeHandler.handle_event-617157'] for security_group, after_create {{(pid=94551) _notify_loop /usr/local/lib/python3.8/dist-packages/neutron_lib/callbacks/manager.py:192}}
Sep 16 01:13:19.148588 dv-cinder-809305-1-iscsi neutron-server[94551]: DEBUG neutron.pecan_wsgi.hooks.policy_enforcement [req-e110713e-7ba0-4f36-8682-731443deec99 req-c1c14d33-bb9e-456c-abf2-789099d0375a tempest-AttachVolumeShelveTestJSON-1528063515 tempest-AttachVolumeShelveTestJSON-1528063515-project] Attributes excluded by policy engine: ['standard_attr_id', 'binding:profile', 'binding:host_id', 'binding:vif_type', 'binding:vif_details'] {{(pid=94551) _exclude_attributes_by_policy /opt/stack/neutron/neutron/pecan_wsgi/hooks/policy_enforcement.py:255}}
Sep 16 01:13:19.150597 dv-cinder-809305-1-iscsi neutron-server[94551]: INFO neutron.wsgi [req-e110713e-7ba0-4f36-8682-731443deec99 req-c1c14d33-bb9e-456c-abf2-789099d0375a tempest-AttachVolumeShelveTestJSON-1528063515 tempest-AttachVolumeShelveTestJSON-1528063515-project] 10.222.0.22 "GET /v2.0/ports?device_id=558e72b4-0968-47c0-8c90-c3cf8910554e HTTP/1.1" status: 200 len: 944 time: 0.0758946
Sep 16 01:13:19.183636 dv-cinder-809305-1-iscsi neutron-server[94551]: INFO neutron.wsgi [None req-1a889373-d3ab-4927-813d-046c248f226e admin admin] 10.222.0.22 "GET /v2.0/security-groups?tenant_id=0183eb5654b64ceb9833d4e3d9ba8b06&name=default HTTP/1.1" status: 200 len: 2979 time: 0.5074341
Sep 16 01:13:19.186062 dv-cinder-809305-1-iscsi neutron-server[94551]: DEBUG neutron.api.rpc.handlers.resources_rpc [None req-1a889373-d3ab-4927-813d-046c248f226e admin admin] Pushing event updated for resources: {'SecurityGroup': ['ID=bb682f20-5195-4aa4-be07-0e999a72bc7e,revision_number=1']} {{(pid=94551) push /opt/stack/neutron/neutron/api/rpc/handlers/resources_rpc.py:237}}
Sep 16 01:13:19.186724 dv-cinder-809305-1-iscsi neutron-server[94552]: DEBUG neutron.wsgi [-] (94552) accepted ('10.222.0.22', 60556) {{(pid=94552) server /usr/local/lib/python3.8/dist-packages/eventlet/wsgi.py:982}}
Sep 16 01:13:19.206798 dv-cinder-809305-1-iscsi neutron-server[94551]: INFO neutron.wsgi [req-e110713e-7ba0-4f36-8682-731443deec99 req-32be430c-4590-4e71-856e-52db799aef41 tempest-AttachVolumeShelveTestJSON-1528063515 tempest-AttachVolumeShelveTestJSON-1528063515-project] 10.222.0.22 "GET /v2.0/security-groups?id=101504fb-6830-4520-ab52-29616185a8e1&fields=id&fields=name HTTP/1.1" status: 200 len: 312 time: 0.0477316
Sep 16 01:13:19.225447 dv-cinder-809305-1-iscsi neutron-server[94552]: DEBUG neutron_lib.callbacks.manager [None req-077f1622-9afa-43f9-878c-9038f4099a53 admin admin] Notify callbacks ['neutron.plugins.ml2.ovo_rpc._ObjectChangeHandler.handle_event-617157'] for security_group, after_delete {{(pid=94552) _notify_loop /usr/local/lib/python3.8/dist-packages/neutron_lib/callbacks/manager.py:192}}
Sep 16 01:13:19.225447 dv-cinder-809305-1-iscsi neutron-server[94552]: DEBUG neutron_lib.callbacks.manager [None req-077f1622-9afa-43f9-878c-9038f4099a53 admin admin] Notify callbacks [] for security_group, before_response {{(pid=94552) _notify_loop /usr/local/lib/python3.8/dist-packages/neutron_lib/callbacks/manager.py:192}}
Sep 16 01:13:19.225811 dv-cinder-809305-1-iscsi neutron-server[94552]: INFO neutron.wsgi [None req-077f1622-9afa-43f9-878c-9038f4099a53 admin admin] 10.222.0.22 "DELETE /v2.0/security-groups/6946c124-1cca-45ca-af47-d1fccd8dda9b HTTP/1.1" status: 204 len: 168 time: 0.2939358
Sep 16 01:13:19.234352 dv-cinder-809305-1-iscsi neutron-server[94552]: DEBUG neutron.api.rpc.handlers.resources_rpc [None req-077f1622-9afa-43f9-878c-9038f4099a53 admin admin] Pushing event deleted for resources: {'SecurityGroup': ['ID=6946c124-1cca-45ca-af47-d1fccd8dda9b,revision_number=None']} {{(pid=94552) push /opt/stack/neutron/neutron/api/rpc/handlers/resources_rpc.py:237}}
Sep 16 01:13:19.251913 dv-cinder-809305-1-iscsi neutron-server[94552]: DEBUG neutron_lib.callbacks.manager [None req-2ea4c2f7-7ff6-4082-906f-fd8e65366cc7 admin admin] Notify callbacks [] for security_group, before_delete {{(pid=94552) _notify_loop /usr/local/lib/python3.8/dist-packages/neutron_lib/callbacks/manager.py:192}}
Sep 16 01:13:19.274846 dv-cinder-809305-1-iscsi neutron-server[94552]: DEBUG neutron_lib.callbacks.manager [None req-2ea4c2f7-7ff6-4082-906f-fd8e65366cc7 admin admin] Notify callbacks [] for security_group, precommit_delete {{(pid=94552) _notify_loop /usr/local/lib/python3.8/dist-packages/neutron_lib/callbacks/manager.py:192}}
Sep 16 01:13:19.275429 dv-cinder-809305-1-iscsi neutron-server[94553]: DEBUG novaclient.v2.client [-] RESP: [200] Connection: close Content-Length: 183 Content-Type: application/json Date: Thu, 16 Sep 2021 01:13:19 GMT OpenStack-API-Version: compute 2.1 Server: Apache/2.4.41 (Ubuntu) Vary: OpenStack-API-Version,X-OpenStack-Nova-API-Version X-OpenStack-Nova-API-Version: 2.1 x-compute-request-id: req-d26e62dc-ae0e-4fd4-a71a-e4ee1e701412 x-openstack-request-id: req-d26e62dc-ae0e-4fd4-a71a-e4ee1e701412 {{(pid=94553) _http_log_response /usr/local/lib/python3.8/dist-packages/keystoneauth1/session.py:550}}
Sep 16 01:13:19.277664 dv-cinder-809305-1-iscsi neutron-server[94553]: DEBUG novaclient.v2.client [-] RESP BODY: {"events": [{"server_uuid": "ce366b49-44d8-4fbb-9ed6-09a005c7af7c", "name": "network-vif-plugged", "status": "completed", "tag": "8652dd69-9fe5-4669-8882-17de61218779", "code": 200}]} {{(pid=94553) _http_log_response /usr/local/lib/python3.8/dist-packages/keystoneauth1/session.py:582}}
Sep 16 01:13:19.277919 dv-cinder-809305-1-iscsi neutron-server[94553]: DEBUG novaclient.v2.client [-] POST call to compute for http://10.222.0.22/compute/v2.1/os-server-external-events used request id req-d26e62dc-ae0e-4fd4-a71a-e4ee1e701412 {{(pid=94553) request /usr/local/lib/python3.8/dist-packages/keystoneauth1/session.py:954}}
Sep 16 01:13:19.278326 dv-cinder-809305-1-iscsi neutron-server[94553]: INFO neutron.notifiers.nova [-] Nova event response: {'server_uuid': 'ce366b49-44d8-4fbb-9ed6-09a005c7af7c', 'name': 'network-vif-plugged', 'status': 'completed', 'tag': '8652dd69-9fe5-4669-8882-17de61218779', 'code': 200}
Sep 16 01:13:19.293171 dv-cinder-809305-1-iscsi neutron-server[94553]: DEBUG neutron_lib.callbacks.manager [None req-113ef408-1255-4b25-aab5-163f42a02471 None None] Notify callbacks ['neutron.plugins.ml2.plugin.SecurityGroupServerNotifierRpcMixin._notify_sg_on_port_change-8003446', 'neutron.plugins.ml2.ovo_rpc._ObjectChangeHandler.handle_event-35450', 'neutron.api.rpc.agentnotifiers.dhcp_rpc_agent_api.DhcpAgentNotifyAPI._native_event_send_dhcp_notification-537141', 'neutron.db.l3_db.L3RpcNotifierMixin._notify_gateway_port_ip_changed-8752232905741', 'neutron.db.l3_dvrscheduler_db._notify_l3_agent_port_update-8752232350410', 'neutron.db.l3_hascheduler_db._notify_l3_agent_ha_port_update-8752232350428'] for port, after_update {{(pid=94553) _notify_loop /usr/local/lib/python3.8/dist-packages/neutron_lib/callbacks/manager.py:192}}
Sep 16 01:13:19.294304 dv-cinder-809305-1-iscsi neutron-server[94553]: DEBUG neutron.plugins.ml2.rpc [None req-113ef408-1255-4b25-aab5-163f42a02471 None None] Device 24101933-817d-46a0-9608-cd6c9264d7b0 up at agent hyperv_hv-cinder-80930 {{(pid=94553) update_device_up /opt/stack/neutron/neutron/plugins/ml2/rpc.py:296}}
Sep 16 01:13:19.371215 dv-cinder-809305-1-iscsi neutron-server[94551]: DEBUG neutron.pecan_wsgi.hooks.policy_enforcement [req-3d2958ba-7c54-4b84-941a-b1a82b37a866 req-407f0419-8a68-417d-9cdf-9d12bd60145c tempest-AttachVolumeTestJSON-1468944318 tempest-AttachVolumeTestJSON-1468944318-project] Attributes excluded by policy engine: ['standard_attr_id', 'binding:profile', 'binding:host_id', 'binding:vif_type', 'binding:vif_details'] {{(pid=94551) _exclude_attributes_by_policy /opt/stack/neutron/neutron/pecan_wsgi/hooks/policy_enforcement.py:255}}
Sep 16 01:13:19.379409 dv-cinder-809305-1-iscsi neutron-server[94551]: INFO neutron.wsgi [req-3d2958ba-7c54-4b84-941a-b1a82b37a866 req-407f0419-8a68-417d-9cdf-9d12bd60145c tempest-AttachVolumeTestJSON-1468944318 tempest-AttachVolumeTestJSON-1468944318-project] 10.222.0.22 "GET /v2.0/ports?device_id=ce366b49-44d8-4fbb-9ed6-09a005c7af7c HTTP/1.1" status: 200 len: 945 time: 0.0575633
Sep 16 01:13:19.409536 dv-cinder-809305-1-iscsi neutron-server[94553]: DEBUG neutron.api.rpc.handlers.resources_rpc [None req-113ef408-1255-4b25-aab5-163f42a02471 None None] Pushing event updated for resources: {'Port': ['ID=8652dd69-9fe5-4669-8882-17de61218779,revision_number=5']} {{(pid=94553) push /opt/stack/neutron/neutron/api/rpc/handlers/resources_rpc.py:237}}
Sep 16 01:13:19.412936 dv-cinder-809305-1-iscsi neutron-server[94551]: INFO neutron.wsgi [req-3d2958ba-7c54-4b84-941a-b1a82b37a866 req-53a6c2b3-229b-435e-81f9-c70827d30017 tempest-AttachVolumeTestJSON-1468944318 tempest-AttachVolumeTestJSON-1468944318-project] 10.222.0.22 "GET /v2.0/security-groups?id=8749e99d-a035-4e4b-bd66-5246feb4d6e1&fields=id&fields=name HTTP/1.1" status: 200 len: 313 time: 0.0313208
Sep 16 01:13:19.470739 dv-cinder-809305-1-iscsi neutron-server[94552]: DEBUG neutron_lib.callbacks.manager [None req-2ea4c2f7-7ff6-4082-906f-fd8e65366cc7 admin admin] Notify callbacks ['neutron.plugins.ml2.ovo_rpc._ObjectChangeHandler.handle_event-617157'] for security_group, after_delete {{(pid=94552) _notify_loop /usr/local/lib/python3.8/dist-packages/neutron_lib/callbacks/manager.py:192}}
Sep 16 01:13:19.473358 dv-cinder-809305-1-iscsi neutron-server[94552]: DEBUG neutron_lib.callbacks.manager [None req-2ea4c2f7-7ff6-4082-906f-fd8e65366cc7 admin admin] Notify callbacks [] for security_group, before_response {{(pid=94552) _notify_loop /usr/local/lib/python3.8/dist-packages/neutron_lib/callbacks/manager.py:192}}
Sep 16 01:13:19.475073 dv-cinder-809305-1-iscsi neutron-server[94552]: INFO neutron.wsgi [None req-2ea4c2f7-7ff6-4082-906f-fd8e65366cc7 admin admin] 10.222.0.22 "DELETE /v2.0/security-groups/bb682f20-5195-4aa4-be07-0e999a72bc7e HTTP/1.1" status: 204 len: 168 time: 0.2871239
Sep 16 01:13:19.482921 dv-cinder-809305-1-iscsi neutron-server[94552]: DEBUG neutron.api.rpc.handlers.resources_rpc [None req-2ea4c2f7-7ff6-4082-906f-fd8e65366cc7 admin admin] Pushing event deleted for resources: {'SecurityGroup': ['ID=bb682f20-5195-4aa4-be07-0e999a72bc7e,revision_number=None']} {{(pid=94552) push /opt/stack/neutron/neutron/api/rpc/handlers/resources_rpc.py:237}}
Sep 16 01:13:19.505764 dv-cinder-809305-1-iscsi neutron-server[94553]: DEBUG neutron.db.provisioning_blocks [None req-113ef408-1255-4b25-aab5-163f42a02471 None None] Provisioning for port 24101933-817d-46a0-9608-cd6c9264d7b0 completed by entity L2. {{(pid=94553) provisioning_complete /opt/stack/neutron/neutron/db/provisioning_blocks.py:133}}
Sep 16 01:13:19.512452 dv-cinder-809305-1-iscsi neutron-server[94553]: DEBUG neutron.db.provisioning_blocks [None req-113ef408-1255-4b25-aab5-163f42a02471 None None] Provisioning complete for port 24101933-817d-46a0-9608-cd6c9264d7b0 triggered by entity L2. {{(pid=94553) provisioning_complete /opt/stack/neutron/neutron/db/provisioning_blocks.py:139}}
Sep 16 01:13:19.517332 dv-cinder-809305-1-iscsi neutron-server[94553]: DEBUG neutron_lib.callbacks.manager [None req-113ef408-1255-4b25-aab5-163f42a02471 None None] Notify callbacks ['neutron.plugins.ml2.plugin.Ml2Plugin._port_provisioned-8027899'] for port, provisioning_complete {{(pid=94553) _notify_loop /usr/local/lib/python3.8/dist-packages/neutron_lib/callbacks/manager.py:192}}
Sep 16 01:13:19.597695 dv-cinder-809305-1-iscsi neutron-server[94553]: DEBUG neutron_lib.callbacks.manager [None req-113ef408-1255-4b25-aab5-163f42a02471 None None] Notify callbacks ['neutron.plugins.ml2.plugin.SecurityGroupDbMixin._ensure_default_security_group_handler-8003383'] for port, before_update {{(pid=94553) _notify_loop /usr/local/lib/python3.8/dist-packages/neutron_lib/callbacks/manager.py:192}}
Sep 16 01:13:19.630275 dv-cinder-809305-1-iscsi neutron-server[94553]: DEBUG neutron.plugins.ml2.db [None req-113ef408-1255-4b25-aab5-163f42a02471 None None] For port 24101933-817d-46a0-9608-cd6c9264d7b0, host hv-cinder-80930, got binding levels [PortBindingLevel(driver='hyperv',host='hv-cinder-80930',level=0,port_id=24101933-817d-46a0-9608-cd6c9264d7b0,segment=NetworkSegment(f9fadbf3-9944-44ef-8c9d-f0addf29d9d4),segment_id=f9fadbf3-9944-44ef-8c9d-f0addf29d9d4)] {{(pid=94553) get_binding_level_objs /opt/stack/neutron/neutron/plugins/ml2/db.py:74}}
Sep 16 01:13:19.725741 dv-cinder-809305-1-iscsi neutron-server[94551]: DEBUG neutron.pecan_wsgi.hooks.policy_enforcement [req-af3c2ee5-cc26-4aaf-879d-b2cbaa9ec72e req-1d9c172d-ca5c-4bc9-b0b2-d117a18251d4 service neutron] Attributes excluded by policy engine: ['standard_attr_id'] {{(pid=94551) _exclude_attributes_by_policy /opt/stack/neutron/neutron/pecan_wsgi/hooks/policy_enforcement.py:255}}
Sep 16 01:13:19.727273 dv-cinder-809305-1-iscsi neutron-server[94551]: INFO neutron.wsgi [req-af3c2ee5-cc26-4aaf-879d-b2cbaa9ec72e req-1d9c172d-ca5c-4bc9-b0b2-d117a18251d4 service neutron] 10.222.0.47 "GET /v2.0/ports?device_id=ce366b49-44d8-4fbb-9ed6-09a005c7af7c HTTP/1.1" status: 200 len: 1098 time: 0.0416596
Sep 16 01:13:19.733833 dv-cinder-809305-1-iscsi neutron-server[94553]: DEBUG neutron_lib.callbacks.manager [None req-113ef408-1255-4b25-aab5-163f42a02471 None None] Notify callbacks ['neutron.plugins.ml2.plugin.SecurityGroupServerNotifierRpcMixin._notify_sg_on_port_change-8003446', 'neutron.plugins.ml2.ovo_rpc._ObjectChangeHandler.handle_event-35450', 'neutron.api.rpc.agentnotifiers.dhcp_rpc_agent_api.DhcpAgentNotifyAPI._native_event_send_dhcp_notification-537141', 'neutron.db.l3_db.L3RpcNotifierMixin._notify_gateway_port_ip_changed-8752232905741', 'neutron.db.l3_dvrscheduler_db._notify_l3_agent_port_update-8752232350410', 'neutron.db.l3_hascheduler_db._notify_l3_agent_ha_port_update-8752232350428'] for port, after_update {{(pid=94553) _notify_loop /usr/local/lib/python3.8/dist-packages/neutron_lib/callbacks/manager.py:192}}
Sep 16 01:13:19.734576 dv-cinder-809305-1-iscsi neutron-server[94553]: DEBUG neutron.plugins.ml2.rpc [None req-113ef408-1255-4b25-aab5-163f42a02471 None None] Device bc702037-129d-4b7f-be0b-6012203ff69a up at agent hyperv_hv-cinder-80930 {{(pid=94553) update_device_up /opt/stack/neutron/neutron/plugins/ml2/rpc.py:296}}
Sep 16 01:13:19.765294 dv-cinder-809305-1-iscsi neutron-server[94551]: INFO neutron.wsgi [req-af3c2ee5-cc26-4aaf-879d-b2cbaa9ec72e req-bbf1ffb2-3b1f-468b-824e-94c2b2ade9c1 service neutron] 10.222.0.47 "GET /v2.0/security-groups?id=8749e99d-a035-4e4b-bd66-5246feb4d6e1&fields=id&fields=name HTTP/1.1" status: 200 len: 313 time: 0.0300045
Sep 16 01:13:19.810563 dv-cinder-809305-1-iscsi neutron-server[94553]: DEBUG neutron.api.rpc.handlers.resources_rpc [None req-113ef408-1255-4b25-aab5-163f42a02471 None None] Pushing event updated for resources: {'Port': ['ID=24101933-817d-46a0-9608-cd6c9264d7b0,revision_number=5']} {{(pid=94553) push /opt/stack/neutron/neutron/api/rpc/handlers/resources_rpc.py:237}}
Sep 16 01:13:19.830067 dv-cinder-809305-1-iscsi neutron-server[94551]: DEBUG neutron.pecan_wsgi.hooks.policy_enforcement [req-19b4d253-bc4e-479d-a23b-1848f0071478 req-559438cf-77ee-4eac-8822-df2469ef375f tempest-AttachVolumeNegativeTest-1956472637 tempest-AttachVolumeNegativeTest-1956472637-project] Attributes excluded by policy engine: ['standard_attr_id', 'binding:profile', 'binding:host_id', 'binding:vif_type', 'binding:vif_details'] {{(pid=94551) _exclude_attributes_by_policy /opt/stack/neutron/neutron/pecan_wsgi/hooks/policy_enforcement.py:255}}
Sep 16 01:13:19.831580 dv-cinder-809305-1-iscsi neutron-server[94551]: INFO neutron.wsgi [req-19b4d253-bc4e-479d-a23b-1848f0071478 req-559438cf-77ee-4eac-8822-df2469ef375f tempest-AttachVolumeNegativeTest-1956472637 tempest-AttachVolumeNegativeTest-1956472637-project] 10.222.0.22 "GET /v2.0/ports?device_id=06746e82-bb95-489e-b1d2-1b3fe5479f66 HTTP/1.1" status: 200 len: 946 time: 0.0530999
Sep 16 01:13:19.890050 dv-cinder-809305-1-iscsi neutron-server[94551]: INFO neutron.wsgi [req-19b4d253-bc4e-479d-a23b-1848f0071478 req-b31745e9-304a-4dbb-befd-970669567f88 tempest-AttachVolumeNegativeTest-1956472637 tempest-AttachVolumeNegativeTest-1956472637-project] 10.222.0.22 "GET /v2.0/security-groups?id=594d9864-430d-4aeb-961a-380fb9870603&fields=id&fields=name HTTP/1.1" status: 200 len: 286 time: 0.0509329
Sep 16 01:13:19.893529 dv-cinder-809305-1-iscsi neutron-server[94553]: DEBUG neutron.db.provisioning_blocks [None req-113ef408-1255-4b25-aab5-163f42a02471 None None] Provisioning for port bc702037-129d-4b7f-be0b-6012203ff69a completed by entity L2. {{(pid=94553) provisioning_complete /opt/stack/neutron/neutron/db/provisioning_blocks.py:133}}
Sep 16 01:13:19.898148 dv-cinder-809305-1-iscsi neutron-server[94553]: DEBUG neutron.db.provisioning_blocks [None req-113ef408-1255-4b25-aab5-163f42a02471 None None] Provisioning complete for port bc702037-129d-4b7f-be0b-6012203ff69a triggered by entity L2. {{(pid=94553) provisioning_complete /opt/stack/neutron/neutron/db/provisioning_blocks.py:139}}
Sep 16 01:13:19.898530 dv-cinder-809305-1-iscsi neutron-server[94553]: DEBUG neutron_lib.callbacks.manager [None req-113ef408-1255-4b25-aab5-163f42a02471 None None] Notify callbacks ['neutron.plugins.ml2.plugin.Ml2Plugin._port_provisioned-8027899'] for port, provisioning_complete {{(pid=94553) _notify_loop /usr/local/lib/python3.8/dist-packages/neutron_lib/callbacks/manager.py:192}}
Sep 16 01:13:20.046600 dv-cinder-809305-1-iscsi neutron-server[94552]: DEBUG neutron.wsgi [-] (94552) accepted ('10.222.0.22', 60584) {{(pid=94552) server /usr/local/lib/python3.8/dist-packages/eventlet/wsgi.py:982}}
Sep 16 01:13:20.070821 dv-cinder-809305-1-iscsi neutron-server[94552]: DEBUG neutron_lib.callbacks.manager [None req-26925828-0ff2-41ed-9d24-088bb6115ad5 admin admin] Notify callbacks [] for security_group, before_create {{(pid=94552) _notify_loop /usr/local/lib/python3.8/dist-packages/neutron_lib/callbacks/manager.py:192}}
Sep 16 01:13:20.106176 dv-cinder-809305-1-iscsi neutron-server[94551]: DEBUG neutron.pecan_wsgi.hooks.policy_enforcement [req-f64b670c-da99-4d91-b332-80fb317bffb8 req-b33138ad-98fe-4a28-b1c0-70e6426174eb tempest-ServerRescueNegativeTestJSON-1751919627 tempest-ServerRescueNegativeTestJSON-1751919627-project] Attributes excluded by policy engine: ['standard_attr_id', 'binding:profile', 'binding:host_id', 'binding:vif_type', 'binding:vif_details'] {{(pid=94551) _exclude_attributes_by_policy /opt/stack/neutron/neutron/pecan_wsgi/hooks/policy_enforcement.py:255}}
Sep 16 01:13:20.115481 dv-cinder-809305-1-iscsi neutron-server[94551]: INFO neutron.wsgi [req-f64b670c-da99-4d91-b332-80fb317bffb8 req-b33138ad-98fe-4a28-b1c0-70e6426174eb tempest-ServerRescueNegativeTestJSON-1751919627 tempest-ServerRescueNegativeTestJSON-1751919627-project] 10.222.0.22 "GET /v2.0/ports?device_id=bb7e8600-fbf0-4269-bcb5-00486097f340 HTTP/1.1" status: 200 len: 945 time: 0.1164896
Sep 16 01:13:20.123249 dv-cinder-809305-1-iscsi neutron-server[94553]: DEBUG neutron_lib.callbacks.manager [None req-113ef408-1255-4b25-aab5-163f42a02471 None None] Notify callbacks ['neutron.plugins.ml2.plugin.SecurityGroupDbMixin._ensure_default_security_group_handler-8003383'] for port, before_update {{(pid=94553) _notify_loop /usr/local/lib/python3.8/dist-packages/neutron_lib/callbacks/manager.py:192}}
Sep 16 01:13:20.162982 dv-cinder-809305-1-iscsi neutron-server[94553]: DEBUG neutron.plugins.ml2.db [None req-113ef408-1255-4b25-aab5-163f42a02471 None None] For port bc702037-129d-4b7f-be0b-6012203ff69a, host hv-cinder-80930, got binding levels [PortBindingLevel(driver='hyperv',host='hv-cinder-80930',level=0,port_id=bc702037-129d-4b7f-be0b-6012203ff69a,segment=NetworkSegment(48b26a3e-6f21-40b3-a4f5-639c4a6056c5),segment_id=48b26a3e-6f21-40b3-a4f5-639c4a6056c5)] {{(pid=94553) get_binding_level_objs /opt/stack/neutron/neutron/plugins/ml2/db.py:74}}
Sep 16 01:13:20.177367 dv-cinder-809305-1-iscsi neutron-server[94551]: INFO neutron.wsgi [req-f64b670c-da99-4d91-b332-80fb317bffb8 req-f5e6592e-5872-446a-ab9f-5d92e3a818f7 tempest-ServerRescueNegativeTestJSON-1751919627 tempest-ServerRescueNegativeTestJSON-1751919627-project] 10.222.0.22 "GET /v2.0/security-groups?id=fbc8a4fd-96c8-42ae-ae1e-73e04536bc38&fields=id&fields=name HTTP/1.1" status: 200 len: 286 time: 0.0573254
Sep 16 01:13:20.181568 dv-cinder-809305-1-iscsi neutron-server[94552]: DEBUG neutron_lib.callbacks.manager [None req-26925828-0ff2-41ed-9d24-088bb6115ad5 admin admin] Notify callbacks [] for security_group, precommit_create {{(pid=94552) _notify_loop /usr/local/lib/python3.8/dist-packages/neutron_lib/callbacks/manager.py:192}}
Sep 16 01:13:20.261606 dv-cinder-809305-1-iscsi neutron-server[94553]: DEBUG neutron_lib.callbacks.manager [None req-113ef408-1255-4b25-aab5-163f42a02471 None None] Notify callbacks ['neutron.plugins.ml2.plugin.SecurityGroupServerNotifierRpcMixin._notify_sg_on_port_change-8003446', 'neutron.plugins.ml2.ovo_rpc._ObjectChangeHandler.handle_event-35450', 'neutron.api.rpc.agentnotifiers.dhcp_rpc_agent_api.DhcpAgentNotifyAPI._native_event_send_dhcp_notification-537141', 'neutron.db.l3_db.L3RpcNotifierMixin._notify_gateway_port_ip_changed-8752232905741', 'neutron.db.l3_dvrscheduler_db._notify_l3_agent_port_update-8752232350410', 'neutron.db.l3_hascheduler_db._notify_l3_agent_ha_port_update-8752232350428'] for port, after_update {{(pid=94553) _notify_loop /usr/local/lib/python3.8/dist-packages/neutron_lib/callbacks/manager.py:192}}
Sep 16 01:13:20.262319 dv-cinder-809305-1-iscsi neutron-server[94552]: DEBUG neutron_lib.callbacks.manager [None req-26925828-0ff2-41ed-9d24-088bb6115ad5 admin admin] Notify callbacks ['neutron.plugins.ml2.ovo_rpc._ObjectChangeHandler.handle_event-617157'] for security_group, after_create {{(pid=94552) _notify_loop /usr/local/lib/python3.8/dist-packages/neutron_lib/callbacks/manager.py:192}}
Sep 16 01:13:20.306212 dv-cinder-809305-1-iscsi neutron-server[94552]: INFO neutron.wsgi [None req-26925828-0ff2-41ed-9d24-088bb6115ad5 admin admin] 10.222.0.22 "GET /v2.0/security-groups?tenant_id=481599179e314332977ce3f19d4bcb54&name=default HTTP/1.1" status: 200 len: 2979 time: 0.2580192
