Sep 16 06:58:37.834552 dv-cinder-809303-2-smb devstack@n-api.service[108559]: DEBUG oslo_concurrency.lockutils [None req-406ab8ed-7916-4b44-8992-edd1abee7b8b tempest-AttachVolumeShelveTestJSON-897815725 tempest-AttachVolumeShelveTestJSON-897815725-project] Lock "cc69d3bc-9f43-4b42-aa4e-c47413802e40" released by "nova.context.set_target_cell..get_or_set_cached_cell_and_set_connections" :: held 0.001s {{(pid=108559) inner /usr/local/lib/python3.8/dist-packages/oslo_concurrency/lockutils.py:367}}
Sep 16 06:58:37.977364 dv-cinder-809303-2-smb devstack@n-api.service[108559]: INFO nova.api.openstack.requestlog [None req-406ab8ed-7916-4b44-8992-edd1abee7b8b tempest-AttachVolumeShelveTestJSON-897815725 tempest-AttachVolumeShelveTestJSON-897815725-project] 10.222.0.78 "POST /compute/v2.1/servers/0ff5adc5-e209-4de3-ac58-65751d442259/action" status: 200 len: 14 microversion: 2.20 time: 0.159333
Sep 16 06:58:37.978681 dv-cinder-809303-2-smb devstack@n-api.service[108559]: [pid: 108559|app: 0|req: 71/148] 10.222.0.78 () {62 vars in 1319 bytes} [Thu Sep 16 06:58:37 2021] POST /compute/v2.1/servers/0ff5adc5-e209-4de3-ac58-65751d442259/action => generated 14 bytes in 162 msecs (HTTP/1.1 200) 9 headers in 358 bytes (1 switches on core 0)
Sep 16 06:58:38.041058 dv-cinder-809303-2-smb devstack@n-api.service[108560]: DEBUG nova.policy [None req-3ab5204e-a4d3-4970-9cd5-727d1a6bf7eb tempest-ServerRescueNegativeTestJSON-218692599 tempest-ServerRescueNegativeTestJSON-218692599-project] Policy check for os_compute_api:os-extended-server-attributes failed with credentials {'is_admin': False, 'user_id': '9ef48bfdc2724889ac6d7ca3f746bb70', 'user_domain_id': 'default', 'system_scope': None, 'domain_id': None, 'project_id': 'f609a67e7e8642c4ace64775dfba9885', 'project_domain_id': 'default', 'roles': ['member', 'reader'], 'is_admin_project': True, 'service_user_id': None, 'service_user_domain_id': None, 'service_project_id': None, 'service_project_domain_id': None, 'service_roles': []} {{(pid=108560) authorize /opt/stack/nova/nova/policy.py:199}}
Sep 16 06:58:38.055370 dv-cinder-809303-2-smb devstack@n-api.service[108560]: INFO nova.api.openstack.requestlog [None req-3ab5204e-a4d3-4970-9cd5-727d1a6bf7eb tempest-ServerRescueNegativeTestJSON-218692599 tempest-ServerRescueNegativeTestJSON-218692599-project] 10.222.0.78 "GET /compute/v2.1/servers/7aecd61d-df2e-4df1-95b9-d906cc380b21" status: 200 len: 1522 microversion: 2.1 time: 0.276090
Sep 16 06:58:38.057576 dv-cinder-809303-2-smb devstack@n-api.service[108560]: [pid: 108560|app: 0|req: 78/149] 10.222.0.78 () {58 vars in 1236 bytes} [Thu Sep 16 06:58:37 2021] GET /compute/v2.1/servers/7aecd61d-df2e-4df1-95b9-d906cc380b21 => generated 1522 bytes in 279 msecs (HTTP/1.1 200) 9 headers in 358 bytes (2 switches on core 0)
Sep 16 06:58:38.388575 dv-cinder-809303-2-smb devstack@n-api.service[108559]: DEBUG nova.api.openstack.wsgi [None req-4fe3dc05-d03a-412d-80de-69158805f509 tempest-AttachVolumeNegativeTest-1366682426 tempest-AttachVolumeNegativeTest-1366682426-project] Calling method '>' {{(pid=108559) _process_stack /opt/stack/nova/nova/api/openstack/wsgi.py:513}}
Sep 16 06:58:38.389507 dv-cinder-809303-2-smb devstack@n-api.service[108559]: DEBUG nova.compute.api [None req-4fe3dc05-d03a-412d-80de-69158805f509 tempest-AttachVolumeNegativeTest-1366682426 tempest-AttachVolumeNegativeTest-1366682426-project] [instance: 3ec64a42-36f0-49b5-ba7f-8197badc02b6] Fetching instance by UUID {{(pid=108559) get /opt/stack/nova/nova/compute/api.py:2863}}
Sep 16 06:58:38.398511 dv-cinder-809303-2-smb devstack@n-api.service[108559]: DEBUG oslo_concurrency.lockutils [None req-4fe3dc05-d03a-412d-80de-69158805f509 tempest-AttachVolumeNegativeTest-1366682426 tempest-AttachVolumeNegativeTest-1366682426-project] Lock "cc69d3bc-9f43-4b42-aa4e-c47413802e40" acquired by "nova.context.set_target_cell..get_or_set_cached_cell_and_set_connections" :: waited 0.000s {{(pid=108559) inner /usr/local/lib/python3.8/dist-packages/oslo_concurrency/lockutils.py:355}}
Sep 16 06:58:38.398878 dv-cinder-809303-2-smb devstack@n-api.service[108559]: DEBUG oslo_concurrency.lockutils [None req-4fe3dc05-d03a-412d-80de-69158805f509 tempest-AttachVolumeNegativeTest-1366682426 tempest-AttachVolumeNegativeTest-1366682426-project] Lock "cc69d3bc-9f43-4b42-aa4e-c47413802e40" released by "nova.context.set_target_cell..get_or_set_cached_cell_and_set_connections" :: held 0.001s {{(pid=108559) inner /usr/local/lib/python3.8/dist-packages/oslo_concurrency/lockutils.py:367}}
Sep 16 06:58:38.400117 dv-cinder-809303-2-smb devstack@n-api.service[108559]: DEBUG oslo_concurrency.lockutils [None req-4fe3dc05-d03a-412d-80de-69158805f509 tempest-AttachVolumeNegativeTest-1366682426 tempest-AttachVolumeNegativeTest-1366682426-project] Lock "cc69d3bc-9f43-4b42-aa4e-c47413802e40" acquired by "nova.context.set_target_cell..get_or_set_cached_cell_and_set_connections" :: waited 0.000s {{(pid=108559) inner /usr/local/lib/python3.8/dist-packages/oslo_concurrency/lockutils.py:355}}
Sep 16 06:58:38.401107 dv-cinder-809303-2-smb devstack@n-api.service[108559]: DEBUG oslo_concurrency.lockutils [None req-4fe3dc05-d03a-412d-80de-69158805f509 tempest-AttachVolumeNegativeTest-1366682426 tempest-AttachVolumeNegativeTest-1366682426-project] Lock "cc69d3bc-9f43-4b42-aa4e-c47413802e40" released by "nova.context.set_target_cell..get_or_set_cached_cell_and_set_connections" :: held 0.001s {{(pid=108559) inner /usr/local/lib/python3.8/dist-packages/oslo_concurrency/lockutils.py:367}}
Sep 16 06:58:38.620902 dv-cinder-809303-2-smb devstack@n-api.service[108559]: DEBUG nova.policy [None req-4fe3dc05-d03a-412d-80de-69158805f509 tempest-AttachVolumeNegativeTest-1366682426 tempest-AttachVolumeNegativeTest-1366682426-project] Policy check for os_compute_api:os-extended-server-attributes failed with credentials {'is_admin': False, 'user_id': '101d01bf85d94648996686bba1b0aa76', 'user_domain_id': 'default', 'system_scope': None, 'domain_id': None, 'project_id': '10a5fb8a88f243cd9d3296492d39adc6', 'project_domain_id': 'default', 'roles': ['member', 'reader'], 'is_admin_project': True, 'service_user_id': None, 'service_user_domain_id': None, 'service_project_id': None, 'service_project_domain_id': None, 'service_roles': []} {{(pid=108559) authorize /opt/stack/nova/nova/policy.py:199}}
Sep 16 06:58:38.633602 dv-cinder-809303-2-smb devstack@n-api.service[108559]: INFO nova.api.openstack.requestlog [None req-4fe3dc05-d03a-412d-80de-69158805f509 tempest-AttachVolumeNegativeTest-1366682426 tempest-AttachVolumeNegativeTest-1366682426-project] 10.222.0.78 "GET /compute/v2.1/servers/3ec64a42-36f0-49b5-ba7f-8197badc02b6" status: 200 len: 1318 microversion: 2.1 time: 0.249449
Sep 16 06:58:38.636474 dv-cinder-809303-2-smb devstack@n-api.service[108559]: [pid: 108559|app: 0|req: 72/150] 10.222.0.78 () {58 vars in 1236 bytes} [Thu Sep 16 06:58:38 2021] GET /compute/v2.1/servers/3ec64a42-36f0-49b5-ba7f-8197badc02b6 => generated 1318 bytes in 252 msecs (HTTP/1.1 200) 9 headers in 358 bytes (1 switches on core 0)
Sep 16 06:58:38.787532 dv-cinder-809303-2-smb devstack@n-api.service[108560]: DEBUG nova.api.openstack.wsgi [None req-da39e625-f5f4-42cd-bcb0-726309b04a9a tempest-VolumesSnapshotsTestJSON-1563031021 tempest-VolumesSnapshotsTestJSON-1563031021-project] Calling method '.version_select at 0x7f27d0109d30>' {{(pid=108560) _process_stack /opt/stack/nova/nova/api/openstack/wsgi.py:513}}
Sep 16 06:58:38.838340 dv-cinder-809303-2-smb devstack@n-api.service[108560]: INFO nova.api.openstack.requestlog [None req-da39e625-f5f4-42cd-bcb0-726309b04a9a tempest-VolumesSnapshotsTestJSON-1563031021 tempest-VolumesSnapshotsTestJSON-1563031021-project] 10.222.0.78 "GET /compute/v2.1/os-snapshots/491ff3aa-1a77-4d54-8cd3-d18ee1374da7" status: 200 len: 288 microversion: 2.1 time: 0.050437
Sep 16 06:58:38.844374 dv-cinder-809303-2-smb devstack@n-api.service[108560]: [pid: 108560|app: 0|req: 79/151] 10.222.0.78 () {58 vars in 1251 bytes} [Thu Sep 16 06:58:38 2021] GET /compute/v2.1/os-snapshots/491ff3aa-1a77-4d54-8cd3-d18ee1374da7 => generated 288 bytes in 58 msecs (HTTP/1.1 200) 9 headers in 357 bytes (2 switches on core 0)
Sep 16 06:58:38.850368 dv-cinder-809303-2-smb devstack@n-api.service[108559]: DEBUG nova.api.openstack.wsgi [None req-464f4753-720b-4b69-af88-1e0978458f44 tempest-VolumesSnapshotsTestJSON-1563031021 tempest-VolumesSnapshotsTestJSON-1563031021-project] Calling method '.version_select at 0x7f27d002ae50>' {{(pid=108559) _process_stack /opt/stack/nova/nova/api/openstack/wsgi.py:513}}
Sep 16 06:58:38.968124 dv-cinder-809303-2-smb devstack@n-api.service[108559]: INFO nova.api.openstack.requestlog [None req-464f4753-720b-4b69-af88-1e0978458f44 tempest-VolumesSnapshotsTestJSON-1563031021 tempest-VolumesSnapshotsTestJSON-1563031021-project] 10.222.0.78 "DELETE /compute/v2.1/os-snapshots/491ff3aa-1a77-4d54-8cd3-d18ee1374da7" status: 202 len: 0 microversion: 2.1 time: 0.121666
Sep 16 06:58:38.969867 dv-cinder-809303-2-smb devstack@n-api.service[108559]: [pid: 108559|app: 0|req: 73/152] 10.222.0.78 () {58 vars in 1254 bytes} [Thu Sep 16 06:58:38 2021] DELETE /compute/v2.1/os-snapshots/491ff3aa-1a77-4d54-8cd3-d18ee1374da7 => generated 0 bytes in 125 msecs (HTTP/1.1 202) 9 headers in 361 bytes (1 switches on core 0)
Sep 16 06:58:38.978531 dv-cinder-809303-2-smb devstack@n-api.service[108560]: DEBUG nova.api.openstack.wsgi [None req-1ee418d6-2736-42c2-bf4d-4a20e1d5f2ad tempest-VolumesSnapshotsTestJSON-1563031021 tempest-VolumesSnapshotsTestJSON-1563031021-project] Calling method '.version_select at 0x7f27cbfef280>' {{(pid=108560) _process_stack /opt/stack/nova/nova/api/openstack/wsgi.py:513}}
Sep 16 06:58:38.989623 dv-cinder-809303-2-smb devstack@n-api.service[108559]: DEBUG nova.api.openstack.wsgi [None req-4f326caa-a017-4735-a070-d27456df1044 tempest-AttachVolumeShelveTestJSON-897815725 tempest-AttachVolumeShelveTestJSON-897815725-project] Action: 'action', calling method: >, body: {"os-getConsoleOutput": {}} {{(pid=108559) _process_stack /opt/stack/nova/nova/api/openstack/wsgi.py:511}}
Sep 16 06:58:38.991208 dv-cinder-809303-2-smb devstack@n-api.service[108559]: DEBUG nova.compute.api [None req-4f326caa-a017-4735-a070-d27456df1044 tempest-AttachVolumeShelveTestJSON-897815725 tempest-AttachVolumeShelveTestJSON-897815725-project] [instance: 0ff5adc5-e209-4de3-ac58-65751d442259] Fetching instance by UUID {{(pid=108559) get /opt/stack/nova/nova/compute/api.py:2863}}
Sep 16 06:58:38.998684 dv-cinder-809303-2-smb devstack@n-api.service[108559]: DEBUG oslo_concurrency.lockutils [None req-4f326caa-a017-4735-a070-d27456df1044 tempest-AttachVolumeShelveTestJSON-897815725 tempest-AttachVolumeShelveTestJSON-897815725-project] Lock "cc69d3bc-9f43-4b42-aa4e-c47413802e40" acquired by "nova.context.set_target_cell..get_or_set_cached_cell_and_set_connections" :: waited 0.000s {{(pid=108559) inner /usr/local/lib/python3.8/dist-packages/oslo_concurrency/lockutils.py:355}}
Sep 16 06:58:38.999793 dv-cinder-809303-2-smb devstack@n-api.service[108559]: DEBUG oslo_concurrency.lockutils [None req-4f326caa-a017-4735-a070-d27456df1044 tempest-AttachVolumeShelveTestJSON-897815725 tempest-AttachVolumeShelveTestJSON-897815725-project] Lock "cc69d3bc-9f43-4b42-aa4e-c47413802e40" released by "nova.context.set_target_cell..get_or_set_cached_cell_and_set_connections" :: held 0.001s {{(pid=108559) inner /usr/local/lib/python3.8/dist-packages/oslo_concurrency/lockutils.py:367}}
Sep 16 06:58:39.000878 dv-cinder-809303-2-smb devstack@n-api.service[108559]: DEBUG oslo_concurrency.lockutils [None req-4f326caa-a017-4735-a070-d27456df1044 tempest-AttachVolumeShelveTestJSON-897815725 tempest-AttachVolumeShelveTestJSON-897815725-project] Lock "cc69d3bc-9f43-4b42-aa4e-c47413802e40" acquired by "nova.context.set_target_cell..get_or_set_cached_cell_and_set_connections" :: waited 0.000s {{(pid=108559) inner /usr/local/lib/python3.8/dist-packages/oslo_concurrency/lockutils.py:355}}
Sep 16 06:58:39.002070 dv-cinder-809303-2-smb devstack@n-api.service[108559]: DEBUG oslo_concurrency.lockutils [None req-4f326caa-a017-4735-a070-d27456df1044 tempest-AttachVolumeShelveTestJSON-897815725 tempest-AttachVolumeShelveTestJSON-897815725-project] Lock "cc69d3bc-9f43-4b42-aa4e-c47413802e40" released by "nova.context.set_target_cell..get_or_set_cached_cell_and_set_connections" :: held 0.001s {{(pid=108559) inner /usr/local/lib/python3.8/dist-packages/oslo_concurrency/lockutils.py:367}}
Sep 16 06:58:39.049580 dv-cinder-809303-2-smb devstack@n-api.service[108560]: INFO nova.api.openstack.requestlog [None req-1ee418d6-2736-42c2-bf4d-4a20e1d5f2ad tempest-VolumesSnapshotsTestJSON-1563031021 tempest-VolumesSnapshotsTestJSON-1563031021-project] 10.222.0.78 "GET /compute/v2.1/os-snapshots/491ff3aa-1a77-4d54-8cd3-d18ee1374da7" status: 200 len: 287 microversion: 2.1 time: 0.075136
Sep 16 06:58:39.050715 dv-cinder-809303-2-smb devstack@n-api.service[108560]: [pid: 108560|app: 0|req: 80/153] 10.222.0.78 () {58 vars in 1251 bytes} [Thu Sep 16 06:58:38 2021] GET /compute/v2.1/os-snapshots/491ff3aa-1a77-4d54-8cd3-d18ee1374da7 => generated 287 bytes in 77 msecs (HTTP/1.1 200) 9 headers in 357 bytes (1 switches on core 0)
Sep 16 06:58:39.075710 dv-cinder-809303-2-smb devstack@n-api.service[108560]: DEBUG nova.api.openstack.wsgi [None req-b78bf3aa-4af9-4149-89d7-7f519f88fa31 tempest-ServerRescueNegativeTestJSON-218692599 tempest-ServerRescueNegativeTestJSON-218692599-project] Calling method '>' {{(pid=108560) _process_stack /opt/stack/nova/nova/api/openstack/wsgi.py:513}}
Sep 16 06:58:39.076375 dv-cinder-809303-2-smb devstack@n-api.service[108560]: DEBUG nova.compute.api [None req-b78bf3aa-4af9-4149-89d7-7f519f88fa31 tempest-ServerRescueNegativeTestJSON-218692599 tempest-ServerRescueNegativeTestJSON-218692599-project] [instance: 7aecd61d-df2e-4df1-95b9-d906cc380b21] Fetching instance by UUID {{(pid=108560) get /opt/stack/nova/nova/compute/api.py:2863}}
Sep 16 06:58:39.085129 dv-cinder-809303-2-smb devstack@n-api.service[108560]: DEBUG oslo_concurrency.lockutils [None req-b78bf3aa-4af9-4149-89d7-7f519f88fa31 tempest-ServerRescueNegativeTestJSON-218692599 tempest-ServerRescueNegativeTestJSON-218692599-project] Lock "cc69d3bc-9f43-4b42-aa4e-c47413802e40" acquired by "nova.context.set_target_cell..get_or_set_cached_cell_and_set_connections" :: waited 0.000s {{(pid=108560) inner /usr/local/lib/python3.8/dist-packages/oslo_concurrency/lockutils.py:355}}
Sep 16 06:58:39.085693 dv-cinder-809303-2-smb devstack@n-api.service[108560]: DEBUG oslo_concurrency.lockutils [None req-b78bf3aa-4af9-4149-89d7-7f519f88fa31 tempest-ServerRescueNegativeTestJSON-218692599 tempest-ServerRescueNegativeTestJSON-218692599-project] Lock "cc69d3bc-9f43-4b42-aa4e-c47413802e40" released by "nova.context.set_target_cell..get_or_set_cached_cell_and_set_connections" :: held 0.001s {{(pid=108560) inner /usr/local/lib/python3.8/dist-packages/oslo_concurrency/lockutils.py:367}}
Sep 16 06:58:39.086434 dv-cinder-809303-2-smb devstack@n-api.service[108560]: DEBUG oslo_concurrency.lockutils [None req-b78bf3aa-4af9-4149-89d7-7f519f88fa31 tempest-ServerRescueNegativeTestJSON-218692599 tempest-ServerRescueNegativeTestJSON-218692599-project] Lock "cc69d3bc-9f43-4b42-aa4e-c47413802e40" acquired by "nova.context.set_target_cell..get_or_set_cached_cell_and_set_connections" :: waited 0.000s {{(pid=108560) inner /usr/local/lib/python3.8/dist-packages/oslo_concurrency/lockutils.py:355}}
Sep 16 06:58:39.086992 dv-cinder-809303-2-smb devstack@n-api.service[108560]: DEBUG oslo_concurrency.lockutils [None req-b78bf3aa-4af9-4149-89d7-7f519f88fa31 tempest-ServerRescueNegativeTestJSON-218692599 tempest-ServerRescueNegativeTestJSON-218692599-project] Lock "cc69d3bc-9f43-4b42-aa4e-c47413802e40" released by "nova.context.set_target_cell..get_or_set_cached_cell_and_set_connections" :: held 0.000s {{(pid=108560) inner /usr/local/lib/python3.8/dist-packages/oslo_concurrency/lockutils.py:367}}
Sep 16 06:58:39.131012 dv-cinder-809303-2-smb devstack@n-api.service[108559]: INFO nova.api.openstack.requestlog [None req-4f326caa-a017-4735-a070-d27456df1044 tempest-AttachVolumeShelveTestJSON-897815725 tempest-AttachVolumeShelveTestJSON-897815725-project] 10.222.0.78 "POST /compute/v2.1/servers/0ff5adc5-e209-4de3-ac58-65751d442259/action" status: 200 len: 14 microversion: 2.20 time: 0.145914
Sep 16 06:58:39.131930 dv-cinder-809303-2-smb devstack@n-api.service[108559]: [pid: 108559|app: 0|req: 74/154] 10.222.0.78 () {62 vars in 1319 bytes} [Thu Sep 16 06:58:38 2021] POST /compute/v2.1/servers/0ff5adc5-e209-4de3-ac58-65751d442259/action => generated 14 bytes in 148 msecs (HTTP/1.1 200) 9 headers in 358 bytes (1 switches on core 0)
Sep 16 06:58:39.288098 dv-cinder-809303-2-smb devstack@n-api.service[108560]: DEBUG nova.policy [None req-b78bf3aa-4af9-4149-89d7-7f519f88fa31 tempest-ServerRescueNegativeTestJSON-218692599 tempest-ServerRescueNegativeTestJSON-218692599-project] Policy check for os_compute_api:os-extended-server-attributes failed with credentials {'is_admin': False, 'user_id': '9ef48bfdc2724889ac6d7ca3f746bb70', 'user_domain_id': 'default', 'system_scope': None, 'domain_id': None, 'project_id': 'f609a67e7e8642c4ace64775dfba9885', 'project_domain_id': 'default', 'roles': ['member', 'reader'], 'is_admin_project': True, 'service_user_id': None, 'service_user_domain_id': None, 'service_project_id': None, 'service_project_domain_id': None, 'service_roles': []} {{(pid=108560) authorize /opt/stack/nova/nova/policy.py:199}}
Sep 16 06:58:39.301550 dv-cinder-809303-2-smb devstack@n-api.service[108560]: INFO nova.api.openstack.requestlog [None req-b78bf3aa-4af9-4149-89d7-7f519f88fa31 tempest-ServerRescueNegativeTestJSON-218692599 tempest-ServerRescueNegativeTestJSON-218692599-project] 10.222.0.78 "GET /compute/v2.1/servers/7aecd61d-df2e-4df1-95b9-d906cc380b21" status: 200 len: 1522 microversion: 2.1 time: 0.230312
Sep 16 06:58:39.305514 dv-cinder-809303-2-smb devstack@n-api.service[108560]: [pid: 108560|app: 0|req: 81/155] 10.222.0.78 () {58 vars in 1236 bytes} [Thu Sep 16 06:58:39 2021] GET /compute/v2.1/servers/7aecd61d-df2e-4df1-95b9-d906cc380b21 => generated 1522 bytes in 236 msecs (HTTP/1.1 200) 9 headers in 358 bytes (2 switches on core 0)
Sep 16 06:58:39.651529 dv-cinder-809303-2-smb devstack@n-api.service[108560]: DEBUG nova.api.openstack.wsgi [None req-ba6c557a-cb02-4e51-891d-1ebb59a926bd tempest-AttachVolumeNegativeTest-1366682426 tempest-AttachVolumeNegativeTest-1366682426-project] Calling method '>' {{(pid=108560) _process_stack /opt/stack/nova/nova/api/openstack/wsgi.py:513}}
Sep 16 06:58:39.652139 dv-cinder-809303-2-smb devstack@n-api.service[108560]: DEBUG nova.compute.api [None req-ba6c557a-cb02-4e51-891d-1ebb59a926bd tempest-AttachVolumeNegativeTest-1366682426 tempest-AttachVolumeNegativeTest-1366682426-project] [instance: 3ec64a42-36f0-49b5-ba7f-8197badc02b6] Fetching instance by UUID {{(pid=108560) get /opt/stack/nova/nova/compute/api.py:2863}}
Sep 16 06:58:39.658384 dv-cinder-809303-2-smb devstack@n-api.service[108560]: DEBUG oslo_concurrency.lockutils [None req-ba6c557a-cb02-4e51-891d-1ebb59a926bd tempest-AttachVolumeNegativeTest-1366682426 tempest-AttachVolumeNegativeTest-1366682426-project] Lock "cc69d3bc-9f43-4b42-aa4e-c47413802e40" acquired by "nova.context.set_target_cell..get_or_set_cached_cell_and_set_connections" :: waited 0.000s {{(pid=108560) inner /usr/local/lib/python3.8/dist-packages/oslo_concurrency/lockutils.py:355}}
Sep 16 06:58:39.658983 dv-cinder-809303-2-smb devstack@n-api.service[108560]: DEBUG oslo_concurrency.lockutils [None req-ba6c557a-cb02-4e51-891d-1ebb59a926bd tempest-AttachVolumeNegativeTest-1366682426 tempest-AttachVolumeNegativeTest-1366682426-project] Lock "cc69d3bc-9f43-4b42-aa4e-c47413802e40" released by "nova.context.set_target_cell..get_or_set_cached_cell_and_set_connections" :: held 0.001s {{(pid=108560) inner /usr/local/lib/python3.8/dist-packages/oslo_concurrency/lockutils.py:367}}
Sep 16 06:58:39.660964 dv-cinder-809303-2-smb devstack@n-api.service[108560]: DEBUG oslo_concurrency.lockutils [None req-ba6c557a-cb02-4e51-891d-1ebb59a926bd tempest-AttachVolumeNegativeTest-1366682426 tempest-AttachVolumeNegativeTest-1366682426-project] Lock "cc69d3bc-9f43-4b42-aa4e-c47413802e40" acquired by "nova.context.set_target_cell..get_or_set_cached_cell_and_set_connections" :: waited 0.000s {{(pid=108560) inner /usr/local/lib/python3.8/dist-packages/oslo_concurrency/lockutils.py:355}}
Sep 16 06:58:39.661754 dv-cinder-809303-2-smb devstack@n-api.service[108560]: DEBUG oslo_concurrency.lockutils [None req-ba6c557a-cb02-4e51-891d-1ebb59a926bd tempest-AttachVolumeNegativeTest-1366682426 tempest-AttachVolumeNegativeTest-1366682426-project] Lock "cc69d3bc-9f43-4b42-aa4e-c47413802e40" released by "nova.context.set_target_cell..get_or_set_cached_cell_and_set_connections" :: held 0.001s {{(pid=108560) inner /usr/local/lib/python3.8/dist-packages/oslo_concurrency/lockutils.py:367}}
Sep 16 06:58:39.811527 dv-cinder-809303-2-smb devstack@n-api.service[108560]: DEBUG nova.policy [None req-ba6c557a-cb02-4e51-891d-1ebb59a926bd tempest-AttachVolumeNegativeTest-1366682426 tempest-AttachVolumeNegativeTest-1366682426-project] Policy check for os_compute_api:os-extended-server-attributes failed with credentials {'is_admin': False, 'user_id': '101d01bf85d94648996686bba1b0aa76', 'user_domain_id': 'default', 'system_scope': None, 'domain_id': None, 'project_id': '10a5fb8a88f243cd9d3296492d39adc6', 'project_domain_id': 'default', 'roles': ['member', 'reader'], 'is_admin_project': True, 'service_user_id': None, 'service_user_domain_id': None, 'service_project_id': None, 'service_project_domain_id': None, 'service_roles': []} {{(pid=108560) authorize /opt/stack/nova/nova/policy.py:199}}
Sep 16 06:58:39.819429 dv-cinder-809303-2-smb devstack@n-api.service[108560]: INFO nova.api.openstack.requestlog [None req-ba6c557a-cb02-4e51-891d-1ebb59a926bd tempest-AttachVolumeNegativeTest-1366682426 tempest-AttachVolumeNegativeTest-1366682426-project] 10.222.0.78 "GET /compute/v2.1/servers/3ec64a42-36f0-49b5-ba7f-8197badc02b6" status: 200 len: 1508 microversion: 2.1 time: 0.171540
Sep 16 06:58:39.820666 dv-cinder-809303-2-smb devstack@n-api.service[108560]: [pid: 108560|app: 0|req: 82/156] 10.222.0.78 () {58 vars in 1236 bytes} [Thu Sep 16 06:58:39 2021] GET /compute/v2.1/servers/3ec64a42-36f0-49b5-ba7f-8197badc02b6 => generated 1508 bytes in 173 msecs (HTTP/1.1 200) 9 headers in 358 bytes (1 switches on core 0)
Sep 16 06:58:39.839509 dv-cinder-809303-2-smb devstack@n-api.service[108560]: DEBUG nova.api.openstack.wsgi [None req-068e7221-2c2f-4c0c-ad88-fbaf9f168c99 tempest-AttachVolumeNegativeTest-1366682426 tempest-AttachVolumeNegativeTest-1366682426-project] Action: 'create', calling method: >, body: {"volumeAttachment": {"volumeId": "96862bce-9ce1-4f44-a15a-4afdd4cdbe63"}} {{(pid=108560) _process_stack /opt/stack/nova/nova/api/openstack/wsgi.py:511}}
Sep 16 06:58:39.840782 dv-cinder-809303-2-smb devstack@n-api.service[108560]: DEBUG nova.compute.api [None req-068e7221-2c2f-4c0c-ad88-fbaf9f168c99 tempest-AttachVolumeNegativeTest-1366682426 tempest-AttachVolumeNegativeTest-1366682426-project] [instance: 3ec64a42-36f0-49b5-ba7f-8197badc02b6] Fetching instance by UUID {{(pid=108560) get /opt/stack/nova/nova/compute/api.py:2863}}
Sep 16 06:58:39.847327 dv-cinder-809303-2-smb devstack@n-api.service[108560]: DEBUG oslo_concurrency.lockutils [None req-068e7221-2c2f-4c0c-ad88-fbaf9f168c99 tempest-AttachVolumeNegativeTest-1366682426 tempest-AttachVolumeNegativeTest-1366682426-project] Lock "cc69d3bc-9f43-4b42-aa4e-c47413802e40" acquired by "nova.context.set_target_cell..get_or_set_cached_cell_and_set_connections" :: waited 0.000s {{(pid=108560) inner /usr/local/lib/python3.8/dist-packages/oslo_concurrency/lockutils.py:355}}
Sep 16 06:58:39.847768 dv-cinder-809303-2-smb devstack@n-api.service[108560]: DEBUG oslo_concurrency.lockutils [None req-068e7221-2c2f-4c0c-ad88-fbaf9f168c99 tempest-AttachVolumeNegativeTest-1366682426 tempest-AttachVolumeNegativeTest-1366682426-project] Lock "cc69d3bc-9f43-4b42-aa4e-c47413802e40" released by "nova.context.set_target_cell..get_or_set_cached_cell_and_set_connections" :: held 0.001s {{(pid=108560) inner /usr/local/lib/python3.8/dist-packages/oslo_concurrency/lockutils.py:367}}
Sep 16 06:58:39.848916 dv-cinder-809303-2-smb devstack@n-api.service[108560]: DEBUG oslo_concurrency.lockutils [None req-068e7221-2c2f-4c0c-ad88-fbaf9f168c99 tempest-AttachVolumeNegativeTest-1366682426 tempest-AttachVolumeNegativeTest-1366682426-project] Lock "cc69d3bc-9f43-4b42-aa4e-c47413802e40" acquired by "nova.context.set_target_cell..get_or_set_cached_cell_and_set_connections" :: waited 0.000s {{(pid=108560) inner /usr/local/lib/python3.8/dist-packages/oslo_concurrency/lockutils.py:355}}
Sep 16 06:58:39.849352 dv-cinder-809303-2-smb devstack@n-api.service[108560]: DEBUG oslo_concurrency.lockutils [None req-068e7221-2c2f-4c0c-ad88-fbaf9f168c99 tempest-AttachVolumeNegativeTest-1366682426 tempest-AttachVolumeNegativeTest-1366682426-project] Lock "cc69d3bc-9f43-4b42-aa4e-c47413802e40" released by "nova.context.set_target_cell..get_or_set_cached_cell_and_set_connections" :: held 0.001s {{(pid=108560) inner /usr/local/lib/python3.8/dist-packages/oslo_concurrency/lockutils.py:367}}
Sep 16 06:58:39.872988 dv-cinder-809303-2-smb devstack@n-api.service[108559]: DEBUG nova.api.openstack.wsgi [None req-0ee4a3c6-4615-48be-a642-80b93efdb534 tempest-VolumesActionsTest-1025693092 tempest-VolumesActionsTest-1025693092-project] Action: 'create', calling method: >, body: {"server": {"name": "tempest-VolumesActionsTest-instance-1658395014", "imageRef": "6132b6c3-b049-4b51-9ac7-c6c8e56af538", "flavorRef": "452", "networks": [{"uuid": "dc59c52d-d7ed-4453-aa78-45c099b713bc"}]}} {{(pid=108559) _process_stack /opt/stack/nova/nova/api/openstack/wsgi.py:511}}
Sep 16 06:58:39.934830 dv-cinder-809303-2-smb devstack@n-api.service[108559]: DEBUG nova.network.neutron [None req-0ee4a3c6-4615-48be-a642-80b93efdb534 tempest-VolumesActionsTest-1025693092 tempest-VolumesActionsTest-1025693092-project] validate_networks() for [('dc59c52d-d7ed-4453-aa78-45c099b713bc', None, None, None, None, None)] {{(pid=108559) validate_networks /opt/stack/nova/nova/network/neutron.py:2475}}
Sep 16 06:58:39.956227 dv-cinder-809303-2-smb devstack@n-api.service[108560]: INFO nova.api.openstack.wsgi [None req-068e7221-2c2f-4c0c-ad88-fbaf9f168c99 tempest-AttachVolumeNegativeTest-1366682426 tempest-AttachVolumeNegativeTest-1366682426-project] HTTP exception thrown: Invalid volume: volume 96862bce-9ce1-4f44-a15a-4afdd4cdbe63 is already attached to instances: 7080ab1c-7c04-4136-b6ea-53f17f67a02a
Sep 16 06:58:39.957298 dv-cinder-809303-2-smb devstack@n-api.service[108560]: DEBUG nova.api.openstack.wsgi [None req-068e7221-2c2f-4c0c-ad88-fbaf9f168c99 tempest-AttachVolumeNegativeTest-1366682426 tempest-AttachVolumeNegativeTest-1366682426-project] Returning 400 to user: Invalid volume: volume 96862bce-9ce1-4f44-a15a-4afdd4cdbe63 is already attached to instances: 7080ab1c-7c04-4136-b6ea-53f17f67a02a {{(pid=108560) __call__ /opt/stack/nova/nova/api/openstack/wsgi.py:936}}
Sep 16 06:58:39.958285 dv-cinder-809303-2-smb devstack@n-api.service[108560]: INFO nova.api.openstack.requestlog [None req-068e7221-2c2f-4c0c-ad88-fbaf9f168c99 tempest-AttachVolumeNegativeTest-1366682426 tempest-AttachVolumeNegativeTest-1366682426-project] 10.222.0.78 "POST /compute/v2.1/servers/3ec64a42-36f0-49b5-ba7f-8197badc02b6/os-volume_attachments" status: 400 len: 174 microversion: 2.1 time: 0.124238
Sep 16 06:58:39.959078 dv-cinder-809303-2-smb devstack@n-api.service[108560]: [pid: 108560|app: 0|req: 83/157] 10.222.0.78 () {60 vars in 1323 bytes} [Thu Sep 16 06:58:39 2021] POST /compute/v2.1/servers/3ec64a42-36f0-49b5-ba7f-8197badc02b6/os-volume_attachments => generated 174 bytes in 126 msecs (HTTP/1.1 400) 9 headers in 381 bytes (2 switches on core 0)
Sep 16 06:58:40.035544 dv-cinder-809303-2-smb devstack@n-api.service[108560]: DEBUG nova.api.openstack.wsgi [None req-7ad6cc09-3831-4cf8-a720-cda4a15925ee tempest-AttachVolumeNegativeTest-1366682426 tempest-AttachVolumeNegativeTest-1366682426-project] Calling method '>' {{(pid=108560) _process_stack /opt/stack/nova/nova/api/openstack/wsgi.py:513}}
Sep 16 06:58:40.036117 dv-cinder-809303-2-smb devstack@n-api.service[108560]: DEBUG nova.compute.api [None req-7ad6cc09-3831-4cf8-a720-cda4a15925ee tempest-AttachVolumeNegativeTest-1366682426 tempest-AttachVolumeNegativeTest-1366682426-project] [instance: 7080ab1c-7c04-4136-b6ea-53f17f67a02a] Fetching instance by UUID {{(pid=108560) get /opt/stack/nova/nova/compute/api.py:2863}}
Sep 16 06:58:40.042483 dv-cinder-809303-2-smb devstack@n-api.service[108560]: DEBUG oslo_concurrency.lockutils [None req-7ad6cc09-3831-4cf8-a720-cda4a15925ee tempest-AttachVolumeNegativeTest-1366682426 tempest-AttachVolumeNegativeTest-1366682426-project] Lock "cc69d3bc-9f43-4b42-aa4e-c47413802e40" acquired by "nova.context.set_target_cell..get_or_set_cached_cell_and_set_connections" :: waited 0.000s {{(pid=108560) inner /usr/local/lib/python3.8/dist-packages/oslo_concurrency/lockutils.py:355}}
Sep 16 06:58:40.042994 dv-cinder-809303-2-smb devstack@n-api.service[108560]: DEBUG oslo_concurrency.lockutils [None req-7ad6cc09-3831-4cf8-a720-cda4a15925ee tempest-AttachVolumeNegativeTest-1366682426 tempest-AttachVolumeNegativeTest-1366682426-project] Lock "cc69d3bc-9f43-4b42-aa4e-c47413802e40" released by "nova.context.set_target_cell..get_or_set_cached_cell_and_set_connections" :: held 0.001s {{(pid=108560) inner /usr/local/lib/python3.8/dist-packages/oslo_concurrency/lockutils.py:367}}
Sep 16 06:58:40.043885 dv-cinder-809303-2-smb devstack@n-api.service[108560]: DEBUG oslo_concurrency.lockutils [None req-7ad6cc09-3831-4cf8-a720-cda4a15925ee tempest-AttachVolumeNegativeTest-1366682426 tempest-AttachVolumeNegativeTest-1366682426-project] Lock "cc69d3bc-9f43-4b42-aa4e-c47413802e40" acquired by "nova.context.set_target_cell..get_or_set_cached_cell_and_set_connections" :: waited 0.000s {{(pid=108560) inner /usr/local/lib/python3.8/dist-packages/oslo_concurrency/lockutils.py:355}}
Sep 16 06:58:40.044660 dv-cinder-809303-2-smb devstack@n-api.service[108560]: DEBUG oslo_concurrency.lockutils [None req-7ad6cc09-3831-4cf8-a720-cda4a15925ee tempest-AttachVolumeNegativeTest-1366682426 tempest-AttachVolumeNegativeTest-1366682426-project] Lock "cc69d3bc-9f43-4b42-aa4e-c47413802e40" released by "nova.context.set_target_cell..get_or_set_cached_cell_and_set_connections" :: held 0.000s {{(pid=108560) inner /usr/local/lib/python3.8/dist-packages/oslo_concurrency/lockutils.py:367}}
Sep 16 06:58:40.190404 dv-cinder-809303-2-smb devstack@n-api.service[108560]: DEBUG nova.objects.instance [None req-7ad6cc09-3831-4cf8-a720-cda4a15925ee tempest-AttachVolumeNegativeTest-1366682426 tempest-AttachVolumeNegativeTest-1366682426-project] Lazy-loading 'services' on Instance uuid 7080ab1c-7c04-4136-b6ea-53f17f67a02a {{(pid=108560) obj_load_attr /opt/stack/nova/nova/objects/instance.py:1098}}
Sep 16 06:58:40.355765 dv-cinder-809303-2-smb devstack@n-api.service[108560]: INFO nova.api.openstack.requestlog [None req-7ad6cc09-3831-4cf8-a720-cda4a15925ee tempest-AttachVolumeNegativeTest-1366682426 tempest-AttachVolumeNegativeTest-1366682426-project] 10.222.0.78 "DELETE /compute/v2.1/servers/7080ab1c-7c04-4136-b6ea-53f17f67a02a/os-volume_attachments/96862bce-9ce1-4f44-a15a-4afdd4cdbe63" status: 202 len: 0 microversion: 2.1 time: 0.324130
Sep 16 06:58:40.362887 dv-cinder-809303-2-smb devstack@n-api.service[108560]: [pid: 108560|app: 0|req: 84/158] 10.222.0.78 () {58 vars in 1416 bytes} [Thu Sep 16 06:58:40 2021] DELETE /compute/v2.1/servers/7080ab1c-7c04-4136-b6ea-53f17f67a02a/os-volume_attachments/96862bce-9ce1-4f44-a15a-4afdd4cdbe63 => generated 0 bytes in 330 msecs (HTTP/1.1 202) 9 headers in 361 bytes (2 switches on core 0)
Sep 16 06:58:40.368878 dv-cinder-809303-2-smb devstack@n-api.service[108559]: DEBUG nova.virt.hardware [None req-0ee4a3c6-4615-48be-a642-80b93efdb534 tempest-VolumesActionsTest-1025693092 tempest-VolumesActionsTest-1025693092-project] Flavor limits 0:0:0 {{(pid=108559) get_cpu_topology_constraints /opt/stack/nova/nova/virt/hardware.py:343}}
Sep 16 06:58:40.369394 dv-cinder-809303-2-smb devstack@n-api.service[108559]: DEBUG nova.virt.hardware [None req-0ee4a3c6-4615-48be-a642-80b93efdb534 tempest-VolumesActionsTest-1025693092 tempest-VolumesActionsTest-1025693092-project] Image limits 0:0:0 {{(pid=108559) get_cpu_topology_constraints /opt/stack/nova/nova/virt/hardware.py:347}}
Sep 16 06:58:40.370193 dv-cinder-809303-2-smb devstack@n-api.service[108559]: DEBUG nova.virt.hardware [None req-0ee4a3c6-4615-48be-a642-80b93efdb534 tempest-VolumesActionsTest-1025693092 tempest-VolumesActionsTest-1025693092-project] Flavor pref 0:0:0 {{(pid=108559) get_cpu_topology_constraints /opt/stack/nova/nova/virt/hardware.py:383}}
Sep 16 06:58:40.370961 dv-cinder-809303-2-smb devstack@n-api.service[108559]: DEBUG nova.virt.hardware [None req-0ee4a3c6-4615-48be-a642-80b93efdb534 tempest-VolumesActionsTest-1025693092 tempest-VolumesActionsTest-1025693092-project] Image pref 0:0:0 {{(pid=108559) get_cpu_topology_constraints /opt/stack/nova/nova/virt/hardware.py:387}}
Sep 16 06:58:40.371744 dv-cinder-809303-2-smb devstack@n-api.service[108559]: DEBUG nova.virt.hardware [None req-0ee4a3c6-4615-48be-a642-80b93efdb534 tempest-VolumesActionsTest-1025693092 tempest-VolumesActionsTest-1025693092-project] Chose sockets=0, cores=0, threads=0; limits were sockets=65536, cores=65536, threads=65536 {{(pid=108559) get_cpu_topology_constraints /opt/stack/nova/nova/virt/hardware.py:425}}
Sep 16 06:58:40.380497 dv-cinder-809303-2-smb devstack@n-api.service[108560]: DEBUG nova.api.openstack.wsgi [None req-97258c6e-3c8b-4ea6-be32-6e9c635a4129 tempest-VolumesSnapshotsTestJSON-1563031021 tempest-VolumesSnapshotsTestJSON-1563031021-project] Calling method '.version_select at 0x7f27d0054af0>' {{(pid=108560) _process_stack /opt/stack/nova/nova/api/openstack/wsgi.py:513}}
Sep 16 06:58:40.394170 dv-cinder-809303-2-smb devstack@n-api.service[108559]: DEBUG oslo_concurrency.lockutils [None req-0ee4a3c6-4615-48be-a642-80b93efdb534 tempest-VolumesActionsTest-1025693092 tempest-VolumesActionsTest-1025693092-project] Lock "00000000-0000-0000-0000-000000000000" acquired by "nova.context.set_target_cell..get_or_set_cached_cell_and_set_connections" :: waited 0.000s {{(pid=108559) inner /usr/local/lib/python3.8/dist-packages/oslo_concurrency/lockutils.py:355}}
Sep 16 06:58:40.394731 dv-cinder-809303-2-smb devstack@n-api.service[108559]: DEBUG oslo_concurrency.lockutils [None req-0ee4a3c6-4615-48be-a642-80b93efdb534 tempest-VolumesActionsTest-1025693092 tempest-VolumesActionsTest-1025693092-project] Lock "00000000-0000-0000-0000-000000000000" released by "nova.context.set_target_cell..get_or_set_cached_cell_and_set_connections" :: held 0.001s {{(pid=108559) inner /usr/local/lib/python3.8/dist-packages/oslo_concurrency/lockutils.py:367}}
Sep 16 06:58:40.395595 dv-cinder-809303-2-smb devstack@n-api.service[108559]: DEBUG oslo_concurrency.lockutils [None req-0ee4a3c6-4615-48be-a642-80b93efdb534 tempest-VolumesActionsTest-1025693092 tempest-VolumesActionsTest-1025693092-project] Lock "cc69d3bc-9f43-4b42-aa4e-c47413802e40" acquired by "nova.context.set_target_cell..get_or_set_cached_cell_and_set_connections" :: waited 0.000s {{(pid=108559) inner /usr/local/lib/python3.8/dist-packages/oslo_concurrency/lockutils.py:355}}
Sep 16 06:58:40.396028 dv-cinder-809303-2-smb devstack@n-api.service[108559]: DEBUG oslo_concurrency.lockutils [None req-0ee4a3c6-4615-48be-a642-80b93efdb534 tempest-VolumesActionsTest-1025693092 tempest-VolumesActionsTest-1025693092-project] Lock "cc69d3bc-9f43-4b42-aa4e-c47413802e40" released by "nova.context.set_target_cell..get_or_set_cached_cell_and_set_connections" :: held 0.000s {{(pid=108559) inner /usr/local/lib/python3.8/dist-packages/oslo_concurrency/lockutils.py:367}}
Sep 16 06:58:40.415948 dv-cinder-809303-2-smb devstack@n-api.service[108559]: DEBUG nova.quota [None req-0ee4a3c6-4615-48be-a642-80b93efdb534 tempest-VolumesActionsTest-1025693092 tempest-VolumesActionsTest-1025693092-project] Getting quotas for project 18b3d19aad674655a12a197b9cc6e141. Resources: {'cores', 'ram', 'instances'} {{(pid=108559) _get_quotas /opt/stack/nova/nova/quota.py:387}}
Sep 16 06:58:40.420152 dv-cinder-809303-2-smb devstack@n-api.service[108560]: INFO nova.api.openstack.wsgi [None req-97258c6e-3c8b-4ea6-be32-6e9c635a4129 tempest-VolumesSnapshotsTestJSON-1563031021 tempest-VolumesSnapshotsTestJSON-1563031021-project] HTTP exception thrown: Snapshot 491ff3aa-1a77-4d54-8cd3-d18ee1374da7 could not be found.
Sep 16 06:58:40.420357 dv-cinder-809303-2-smb devstack@n-api.service[108559]: DEBUG nova.quota [None req-0ee4a3c6-4615-48be-a642-80b93efdb534 tempest-VolumesActionsTest-1025693092 tempest-VolumesActionsTest-1025693092-project] Getting quotas for user 732f556b34d44c89809240f29a836924 and project 18b3d19aad674655a12a197b9cc6e141. Resources: {'cores', 'ram', 'instances'} {{(pid=108559) _get_quotas /opt/stack/nova/nova/quota.py:377}}
Sep 16 06:58:40.421483 dv-cinder-809303-2-smb devstack@n-api.service[108560]: DEBUG nova.api.openstack.wsgi [None req-97258c6e-3c8b-4ea6-be32-6e9c635a4129 tempest-VolumesSnapshotsTestJSON-1563031021 tempest-VolumesSnapshotsTestJSON-1563031021-project] Returning 404 to user: Snapshot 491ff3aa-1a77-4d54-8cd3-d18ee1374da7 could not be found. {{(pid=108560) __call__ /opt/stack/nova/nova/api/openstack/wsgi.py:936}}
Sep 16 06:58:40.422356 dv-cinder-809303-2-smb devstack@n-api.service[108560]: INFO nova.api.openstack.requestlog [None req-97258c6e-3c8b-4ea6-be32-6e9c635a4129 tempest-VolumesSnapshotsTestJSON-1563031021 tempest-VolumesSnapshotsTestJSON-1563031021-project] 10.222.0.78 "GET /compute/v2.1/os-snapshots/491ff3aa-1a77-4d54-8cd3-d18ee1374da7" status: 404 len: 111 microversion: 2.1 time: 0.057406
Sep 16 06:58:40.422938 dv-cinder-809303-2-smb devstack@n-api.service[108560]: [pid: 108560|app: 0|req: 85/159] 10.222.0.78 () {58 vars in 1251 bytes} [Thu Sep 16 06:58:40 2021] GET /compute/v2.1/os-snapshots/491ff3aa-1a77-4d54-8cd3-d18ee1374da7 => generated 111 bytes in 59 msecs (HTTP/1.1 404) 9 headers in 379 bytes (1 switches on core 0)
Sep 16 06:58:40.430889 dv-cinder-809303-2-smb devstack@n-api.service[108560]: DEBUG nova.api.openstack.wsgi [None req-9c7c6511-dc62-49ac-b1c2-32455cbfdfcf tempest-AttachVolumeShelveTestJSON-897815725 tempest-AttachVolumeShelveTestJSON-897815725-project] Action: 'action', calling method: >, body: {"os-getConsoleOutput": {}} {{(pid=108560) _process_stack /opt/stack/nova/nova/api/openstack/wsgi.py:511}}
Sep 16 06:58:40.433191 dv-cinder-809303-2-smb devstack@n-api.service[108560]: DEBUG nova.compute.api [None req-9c7c6511-dc62-49ac-b1c2-32455cbfdfcf tempest-AttachVolumeShelveTestJSON-897815725 tempest-AttachVolumeShelveTestJSON-897815725-project] [instance: 0ff5adc5-e209-4de3-ac58-65751d442259] Fetching instance by UUID {{(pid=108560) get /opt/stack/nova/nova/compute/api.py:2863}}
Sep 16 06:58:40.438748 dv-cinder-809303-2-smb devstack@n-api.service[108559]: DEBUG nova.compute.api [None req-0ee4a3c6-4615-48be-a642-80b93efdb534 tempest-VolumesActionsTest-1025693092 tempest-VolumesActionsTest-1025693092-project] Going to run 1 instances... {{(pid=108559) _provision_instances /opt/stack/nova/nova/compute/api.py:1350}}
Sep 16 06:58:40.442323 dv-cinder-809303-2-smb devstack@n-api.service[108559]: DEBUG nova.compute.api [None req-0ee4a3c6-4615-48be-a642-80b93efdb534 tempest-VolumesActionsTest-1025693092 tempest-VolumesActionsTest-1025693092-project] [instance: 35f08128-4b64-49b7-8467-319e711d25a3] block_device_mapping [BlockDeviceMapping(attachment_id=,boot_index=0,connection_info=None,created_at=,delete_on_termination=True,deleted=,deleted_at=,destination_type='local',device_name=None,device_type='disk',disk_bus=None,guest_format=None,id=,image_id='6132b6c3-b049-4b51-9ac7-c6c8e56af538',instance=,instance_uuid=,no_device=False,snapshot_id=None,source_type='image',tag=None,updated_at=,uuid=,volume_id=None,volume_size=None,volume_type=None)] {{(pid=108559) _bdm_validate_set_size_and_instance /opt/stack/nova/nova/compute/api.py:1757}}
Sep 16 06:58:40.444079 dv-cinder-809303-2-smb devstack@n-api.service[108560]: DEBUG oslo_concurrency.lockutils [None req-9c7c6511-dc62-49ac-b1c2-32455cbfdfcf tempest-AttachVolumeShelveTestJSON-897815725 tempest-AttachVolumeShelveTestJSON-897815725-project] Lock "cc69d3bc-9f43-4b42-aa4e-c47413802e40" acquired by "nova.context.set_target_cell..get_or_set_cached_cell_and_set_connections" :: waited 0.000s {{(pid=108560) inner /usr/local/lib/python3.8/dist-packages/oslo_concurrency/lockutils.py:355}}
Sep 16 06:58:40.444522 dv-cinder-809303-2-smb devstack@n-api.service[108560]: DEBUG oslo_concurrency.lockutils [None req-9c7c6511-dc62-49ac-b1c2-32455cbfdfcf tempest-AttachVolumeShelveTestJSON-897815725 tempest-AttachVolumeShelveTestJSON-897815725-project] Lock "cc69d3bc-9f43-4b42-aa4e-c47413802e40" released by "nova.context.set_target_cell..get_or_set_cached_cell_and_set_connections" :: held 0.001s {{(pid=108560) inner /usr/local/lib/python3.8/dist-packages/oslo_concurrency/lockutils.py:367}}
Sep 16 06:58:40.445417 dv-cinder-809303-2-smb devstack@n-api.service[108560]: DEBUG oslo_concurrency.lockutils [None req-9c7c6511-dc62-49ac-b1c2-32455cbfdfcf tempest-AttachVolumeShelveTestJSON-897815725 tempest-AttachVolumeShelveTestJSON-897815725-project] Lock "cc69d3bc-9f43-4b42-aa4e-c47413802e40" acquired by "nova.context.set_target_cell..get_or_set_cached_cell_and_set_connections" :: waited 0.000s {{(pid=108560) inner /usr/local/lib/python3.8/dist-packages/oslo_concurrency/lockutils.py:355}}
Sep 16 06:58:40.445850 dv-cinder-809303-2-smb devstack@n-api.service[108560]: DEBUG oslo_concurrency.lockutils [None req-9c7c6511-dc62-49ac-b1c2-32455cbfdfcf tempest-AttachVolumeShelveTestJSON-897815725 tempest-AttachVolumeShelveTestJSON-897815725-project] Lock "cc69d3bc-9f43-4b42-aa4e-c47413802e40" released by "nova.context.set_target_cell..get_or_set_cached_cell_and_set_connections" :: held 0.001s {{(pid=108560) inner /usr/local/lib/python3.8/dist-packages/oslo_concurrency/lockutils.py:367}}
Sep 16 06:58:40.519336 dv-cinder-809303-2-smb devstack@n-api.service[108559]: INFO nova.api.openstack.requestlog [None req-0ee4a3c6-4615-48be-a642-80b93efdb534 tempest-VolumesActionsTest-1025693092 tempest-VolumesActionsTest-1025693092-project] 10.222.0.78 "POST /compute/v2.1/servers" status: 202 len: 380 microversion: 2.1 time: 1.002667
Sep 16 06:58:40.520270 dv-cinder-809303-2-smb devstack@n-api.service[108559]: [pid: 108559|app: 0|req: 75/160] 10.222.0.78 () {60 vars in 1147 bytes} [Thu Sep 16 06:58:39 2021] POST /compute/v2.1/servers => generated 380 bytes in 1005 msecs (HTTP/1.1 202) 10 headers in 451 bytes (1 switches on core 0)
Sep 16 06:58:40.530332 dv-cinder-809303-2-smb devstack@n-api.service[108559]: DEBUG nova.api.openstack.wsgi [None req-ff62a586-4afc-4894-bfde-495cf8d39a0b tempest-ServerRescueNegativeTestJSON-218692599 tempest-ServerRescueNegativeTestJSON-218692599-project] Calling method '>' {{(pid=108559) _process_stack /opt/stack/nova/nova/api/openstack/wsgi.py:513}}
Sep 16 06:58:40.530940 dv-cinder-809303-2-smb devstack@n-api.service[108559]: DEBUG nova.compute.api [None req-ff62a586-4afc-4894-bfde-495cf8d39a0b tempest-ServerRescueNegativeTestJSON-218692599 tempest-ServerRescueNegativeTestJSON-218692599-project] [instance: 7aecd61d-df2e-4df1-95b9-d906cc380b21] Fetching instance by UUID {{(pid=108559) get /opt/stack/nova/nova/compute/api.py:2863}}
Sep 16 06:58:40.537839 dv-cinder-809303-2-smb devstack@n-api.service[108559]: DEBUG oslo_concurrency.lockutils [None req-ff62a586-4afc-4894-bfde-495cf8d39a0b tempest-ServerRescueNegativeTestJSON-218692599 tempest-ServerRescueNegativeTestJSON-218692599-project] Lock "cc69d3bc-9f43-4b42-aa4e-c47413802e40" acquired by "nova.context.set_target_cell..get_or_set_cached_cell_and_set_connections" :: waited 0.000s {{(pid=108559) inner /usr/local/lib/python3.8/dist-packages/oslo_concurrency/lockutils.py:355}}
Sep 16 06:58:40.538382 dv-cinder-809303-2-smb devstack@n-api.service[108559]: DEBUG oslo_concurrency.lockutils [None req-ff62a586-4afc-4894-bfde-495cf8d39a0b tempest-ServerRescueNegativeTestJSON-218692599 tempest-ServerRescueNegativeTestJSON-218692599-project] Lock "cc69d3bc-9f43-4b42-aa4e-c47413802e40" released by "nova.context.set_target_cell..get_or_set_cached_cell_and_set_connections" :: held 0.001s {{(pid=108559) inner /usr/local/lib/python3.8/dist-packages/oslo_concurrency/lockutils.py:367}}
Sep 16 06:58:40.539156 dv-cinder-809303-2-smb devstack@n-api.service[108559]: DEBUG oslo_concurrency.lockutils [None req-ff62a586-4afc-4894-bfde-495cf8d39a0b tempest-ServerRescueNegativeTestJSON-218692599 tempest-ServerRescueNegativeTestJSON-218692599-project] Lock "cc69d3bc-9f43-4b42-aa4e-c47413802e40" acquired by "nova.context.set_target_cell..get_or_set_cached_cell_and_set_connections" :: waited 0.000s {{(pid=108559) inner /usr/local/lib/python3.8/dist-packages/oslo_concurrency/lockutils.py:355}}
Sep 16 06:58:40.539602 dv-cinder-809303-2-smb devstack@n-api.service[108559]: DEBUG oslo_concurrency.lockutils [None req-ff62a586-4afc-4894-bfde-495cf8d39a0b tempest-ServerRescueNegativeTestJSON-218692599 tempest-ServerRescueNegativeTestJSON-218692599-project] Lock "cc69d3bc-9f43-4b42-aa4e-c47413802e40" released by "nova.context.set_target_cell..get_or_set_cached_cell_and_set_connections" :: held 0.000s {{(pid=108559) inner /usr/local/lib/python3.8/dist-packages/oslo_concurrency/lockutils.py:367}}
Sep 16 06:58:40.586059 dv-cinder-809303-2-smb devstack@n-api.service[108560]: INFO nova.api.openstack.requestlog [None req-9c7c6511-dc62-49ac-b1c2-32455cbfdfcf tempest-AttachVolumeShelveTestJSON-897815725 tempest-AttachVolumeShelveTestJSON-897815725-project] 10.222.0.78 "POST /compute/v2.1/servers/0ff5adc5-e209-4de3-ac58-65751d442259/action" status: 200 len: 14 microversion: 2.20 time: 0.161067
Sep 16 06:58:40.587063 dv-cinder-809303-2-smb devstack@n-api.service[108560]: [pid: 108560|app: 0|req: 86/161] 10.222.0.78 () {62 vars in 1319 bytes} [Thu Sep 16 06:58:40 2021] POST /compute/v2.1/servers/0ff5adc5-e209-4de3-ac58-65751d442259/action => generated 14 bytes in 163 msecs (HTTP/1.1 200) 9 headers in 358 bytes (1 switches on core 0)
Sep 16 06:58:40.592647 dv-cinder-809303-2-smb devstack@n-api.service[108560]: DEBUG nova.api.openstack.wsgi [None req-824f417e-6c0b-4b3b-b1c9-109a8e8ca03c tempest-AttachVolumeNegativeTest-1366682426 tempest-AttachVolumeNegativeTest-1366682426-project] Calling method '>' {{(pid=108560) _process_stack /opt/stack/nova/nova/api/openstack/wsgi.py:513}}
Sep 16 06:58:40.593888 dv-cinder-809303-2-smb devstack@n-api.service[108560]: DEBUG nova.compute.api [None req-824f417e-6c0b-4b3b-b1c9-109a8e8ca03c tempest-AttachVolumeNegativeTest-1366682426 tempest-AttachVolumeNegativeTest-1366682426-project] [instance: 7080ab1c-7c04-4136-b6ea-53f17f67a02a] Fetching instance by UUID {{(pid=108560) get /opt/stack/nova/nova/compute/api.py:2863}}
Sep 16 06:58:40.605933 dv-cinder-809303-2-smb devstack@n-api.service[108560]: DEBUG oslo_concurrency.lockutils [None req-824f417e-6c0b-4b3b-b1c9-109a8e8ca03c tempest-AttachVolumeNegativeTest-1366682426 tempest-AttachVolumeNegativeTest-1366682426-project] Lock "cc69d3bc-9f43-4b42-aa4e-c47413802e40" acquired by "nova.context.set_target_cell..get_or_set_cached_cell_and_set_connections" :: waited 0.000s {{(pid=108560) inner /usr/local/lib/python3.8/dist-packages/oslo_concurrency/lockutils.py:355}}
Sep 16 06:58:40.606310 dv-cinder-809303-2-smb devstack@n-api.service[108560]: DEBUG oslo_concurrency.lockutils [None req-824f417e-6c0b-4b3b-b1c9-109a8e8ca03c tempest-AttachVolumeNegativeTest-1366682426 tempest-AttachVolumeNegativeTest-1366682426-project] Lock "cc69d3bc-9f43-4b42-aa4e-c47413802e40" released by "nova.context.set_target_cell..get_or_set_cached_cell_and_set_connections" :: held 0.001s {{(pid=108560) inner /usr/local/lib/python3.8/dist-packages/oslo_concurrency/lockutils.py:367}}
Sep 16 06:58:40.607068 dv-cinder-809303-2-smb devstack@n-api.service[108560]: DEBUG oslo_concurrency.lockutils [None req-824f417e-6c0b-4b3b-b1c9-109a8e8ca03c tempest-AttachVolumeNegativeTest-1366682426 tempest-AttachVolumeNegativeTest-1366682426-project] Lock "cc69d3bc-9f43-4b42-aa4e-c47413802e40" acquired by "nova.context.set_target_cell..get_or_set_cached_cell_and_set_connections" :: waited 0.000s {{(pid=108560) inner /usr/local/lib/python3.8/dist-packages/oslo_concurrency/lockutils.py:355}}
Sep 16 06:58:40.607491 dv-cinder-809303-2-smb devstack@n-api.service[108560]: DEBUG oslo_concurrency.lockutils [None req-824f417e-6c0b-4b3b-b1c9-109a8e8ca03c tempest-AttachVolumeNegativeTest-1366682426 tempest-AttachVolumeNegativeTest-1366682426-project] Lock "cc69d3bc-9f43-4b42-aa4e-c47413802e40" released by "nova.context.set_target_cell..get_or_set_cached_cell_and_set_connections" :: held 0.000s {{(pid=108560) inner /usr/local/lib/python3.8/dist-packages/oslo_concurrency/lockutils.py:367}}
Sep 16 06:58:40.696872 dv-cinder-809303-2-smb devstack@n-api.service[108560]: INFO nova.api.openstack.requestlog [None req-824f417e-6c0b-4b3b-b1c9-109a8e8ca03c tempest-AttachVolumeNegativeTest-1366682426 tempest-AttachVolumeNegativeTest-1366682426-project] 10.222.0.78 "GET /compute/v2.1/servers/7080ab1c-7c04-4136-b6ea-53f17f67a02a/os-volume_attachments" status: 200 len: 197 microversion: 2.1 time: 0.105388
Sep 16 06:58:40.700680 dv-cinder-809303-2-smb devstack@n-api.service[108560]: [pid: 108560|app: 0|req: 87/162] 10.222.0.78 () {58 vars in 1302 bytes} [Thu Sep 16 06:58:40 2021] GET /compute/v2.1/servers/7080ab1c-7c04-4136-b6ea-53f17f67a02a/os-volume_attachments => generated 197 bytes in 113 msecs (HTTP/1.1 200) 9 headers in 357 bytes (1 switches on core 0)
