Sep 16 06:57:47.891954 dv-cinder-809303-2-smb devstack@c-api.service[100937]: /usr/local/lib/python3.8/dist-packages/webob/acceptparse.py:1047: DeprecationWarning: The behavior of AcceptValidHeader.best_match is currently being maintained for backward compatibility, but it will be deprecated in the future, as it does not conform to the RFC.
Sep 16 06:57:47.891954 dv-cinder-809303-2-smb devstack@c-api.service[100937]: warnings.warn(
Sep 16 06:57:47.892273 dv-cinder-809303-2-smb devstack@c-api.service[100937]: DEBUG cinder.api.openstack.wsgi [None req-adb6af1c-b0e1-42f1-b00e-e777591e1912 tempest-GroupsV314Test-1884193585 tempest-GroupsV314Test-1884193585-project] Calling method 'show' {{(pid=100937) _process_stack /opt/stack/cinder/cinder/api/openstack/wsgi.py:856}}
Sep 16 06:57:47.911614 dv-cinder-809303-2-smb devstack@c-api.service[100937]: INFO cinder.api.openstack.wsgi [None req-adb6af1c-b0e1-42f1-b00e-e777591e1912 tempest-GroupsV314Test-1884193585 tempest-GroupsV314Test-1884193585-project] http://10.222.0.78/volume/v3/2116c3b43a6a4438b235939bb8955b72/volumes/e7996c15-308b-43cf-bc11-3f3c9a6e9d37 returned with HTTP 404
Sep 16 06:57:47.917191 dv-cinder-809303-2-smb devstack@c-api.service[100937]: [pid: 100937|app: 0|req: 19/38] 10.222.0.78 () {60 vars in 1366 bytes} [Thu Sep 16 06:57:47 2021] GET /volume/v3/2116c3b43a6a4438b235939bb8955b72/volumes/e7996c15-308b-43cf-bc11-3f3c9a6e9d37 => generated 109 bytes in 29 msecs (HTTP/1.1 404) 7 headers in 293 bytes (1 switches on core 0)
Sep 16 06:57:47.922964 dv-cinder-809303-2-smb devstack@c-api.service[100938]: INFO cinder.api.openstack.wsgi [None req-3adf613d-3e75-465d-8fd9-bb63460c9de0 tempest-GroupsV314Test-1884193585 tempest-GroupsV314Test-1884193585-project] GET http://10.222.0.78/volume/v3/2116c3b43a6a4438b235939bb8955b72/groups/14dedb6c-2380-4ccd-b25a-e067222f3c4a
Sep 16 06:57:47.924110 dv-cinder-809303-2-smb devstack@c-api.service[100938]: DEBUG cinder.api.openstack.wsgi [None req-3adf613d-3e75-465d-8fd9-bb63460c9de0 tempest-GroupsV314Test-1884193585 tempest-GroupsV314Test-1884193585-project] Empty body provided in request {{(pid=100938) get_body /opt/stack/cinder/cinder/api/openstack/wsgi.py:703}}
Sep 16 06:57:47.924505 dv-cinder-809303-2-smb devstack@c-api.service[100938]: /usr/local/lib/python3.8/dist-packages/webob/acceptparse.py:1047: DeprecationWarning: The behavior of AcceptValidHeader.best_match is currently being maintained for backward compatibility, but it will be deprecated in the future, as it does not conform to the RFC.
Sep 16 06:57:47.924505 dv-cinder-809303-2-smb devstack@c-api.service[100938]: warnings.warn(
Sep 16 06:57:47.925128 dv-cinder-809303-2-smb devstack@c-api.service[100938]: DEBUG cinder.api.openstack.wsgi [None req-3adf613d-3e75-465d-8fd9-bb63460c9de0 tempest-GroupsV314Test-1884193585 tempest-GroupsV314Test-1884193585-project] Calling method 'version_select' {{(pid=100938) _process_stack /opt/stack/cinder/cinder/api/openstack/wsgi.py:856}}
Sep 16 06:57:47.925693 dv-cinder-809303-2-smb devstack@c-api.service[100938]: DEBUG cinder.api.v3.groups [None req-3adf613d-3e75-465d-8fd9-bb63460c9de0 tempest-GroupsV314Test-1884193585 tempest-GroupsV314Test-1884193585-project] show called for member 14dedb6c-2380-4ccd-b25a-e067222f3c4a {{(pid=100938) show /opt/stack/cinder/cinder/api/v3/groups.py:58}}
Sep 16 06:57:47.933255 dv-cinder-809303-2-smb devstack@c-api.service[100937]: INFO cinder.api.openstack.wsgi [None req-ce7ecf98-e19e-4d6c-b6df-f5525edef2f5 tempest-GroupsTest-1911973598 tempest-GroupsTest-1911973598-project] GET http://10.222.0.78/volume/v3/0417cbfb5b494d2a8e8800759c1e2db8/groups/392d4ef1-bfd3-4a34-9a92-76209dd707a5
Sep 16 06:57:47.933779 dv-cinder-809303-2-smb devstack@c-api.service[100937]: DEBUG cinder.api.openstack.wsgi [None req-ce7ecf98-e19e-4d6c-b6df-f5525edef2f5 tempest-GroupsTest-1911973598 tempest-GroupsTest-1911973598-project] Empty body provided in request {{(pid=100937) get_body /opt/stack/cinder/cinder/api/openstack/wsgi.py:703}}
Sep 16 06:57:47.934351 dv-cinder-809303-2-smb devstack@c-api.service[100937]: DEBUG cinder.api.openstack.wsgi [None req-ce7ecf98-e19e-4d6c-b6df-f5525edef2f5 tempest-GroupsTest-1911973598 tempest-GroupsTest-1911973598-project] Calling method 'version_select' {{(pid=100937) _process_stack /opt/stack/cinder/cinder/api/openstack/wsgi.py:856}}
Sep 16 06:57:47.934759 dv-cinder-809303-2-smb devstack@c-api.service[100937]: DEBUG cinder.api.v3.groups [None req-ce7ecf98-e19e-4d6c-b6df-f5525edef2f5 tempest-GroupsTest-1911973598 tempest-GroupsTest-1911973598-project] show called for member 392d4ef1-bfd3-4a34-9a92-76209dd707a5 {{(pid=100937) show /opt/stack/cinder/cinder/api/v3/groups.py:58}}
Sep 16 06:57:47.935139 dv-cinder-809303-2-smb devstack@c-api.service[100938]: INFO cinder.api.openstack.wsgi [None req-3adf613d-3e75-465d-8fd9-bb63460c9de0 tempest-GroupsV314Test-1884193585 tempest-GroupsV314Test-1884193585-project] http://10.222.0.78/volume/v3/2116c3b43a6a4438b235939bb8955b72/groups/14dedb6c-2380-4ccd-b25a-e067222f3c4a returned with HTTP 404
Sep 16 06:57:47.936382 dv-cinder-809303-2-smb devstack@c-api.service[100938]: [pid: 100938|app: 0|req: 20/39] 10.222.0.78 () {60 vars in 1363 bytes} [Thu Sep 16 06:57:47 2021] GET /volume/v3/2116c3b43a6a4438b235939bb8955b72/groups/14dedb6c-2380-4ccd-b25a-e067222f3c4a => generated 108 bytes in 17 msecs (HTTP/1.1 404) 7 headers in 293 bytes (1 switches on core 0)
Sep 16 06:57:47.946250 dv-cinder-809303-2-smb devstack@c-api.service[100938]: INFO cinder.api.openstack.wsgi [None req-ed252477-fba5-4ccf-8797-9830ffcac55b tempest-GroupsV314Test-1884193585 tempest-GroupsV314Test-1884193585-project] GET http://10.222.0.78/volume/v3/2116c3b43a6a4438b235939bb8955b72/volumes/detail
Sep 16 06:57:47.946861 dv-cinder-809303-2-smb devstack@c-api.service[100938]: DEBUG cinder.api.openstack.wsgi [None req-ed252477-fba5-4ccf-8797-9830ffcac55b tempest-GroupsV314Test-1884193585 tempest-GroupsV314Test-1884193585-project] Empty body provided in request {{(pid=100938) get_body /opt/stack/cinder/cinder/api/openstack/wsgi.py:703}}
Sep 16 06:57:47.949020 dv-cinder-809303-2-smb devstack@c-api.service[100938]: DEBUG cinder.api.openstack.wsgi [None req-ed252477-fba5-4ccf-8797-9830ffcac55b tempest-GroupsV314Test-1884193585 tempest-GroupsV314Test-1884193585-project] Calling method 'detail' {{(pid=100938) _process_stack /opt/stack/cinder/cinder/api/openstack/wsgi.py:856}}
Sep 16 06:57:47.952751 dv-cinder-809303-2-smb devstack@c-api.service[100938]: DEBUG cinder.api.api_utils [None req-ed252477-fba5-4ccf-8797-9830ffcac55b tempest-GroupsV314Test-1884193585 tempest-GroupsV314Test-1884193585-project] Removing options '' from query. {{(pid=100938) remove_invalid_filter_options /opt/stack/cinder/cinder/api/api_utils.py:73}}
Sep 16 06:57:47.953474 dv-cinder-809303-2-smb devstack@c-api.service[100937]: /usr/local/lib/python3.8/dist-packages/oslo_context/context.py:105: DeprecationWarning: Policy enforcement is depending on the value of is_admin. This key is deprecated. Please update your policy file to use the standard policy values.
Sep 16 06:57:47.953474 dv-cinder-809303-2-smb devstack@c-api.service[100937]: warnings.warn('Policy enforcement is depending on the value of '
Sep 16 06:57:47.954676 dv-cinder-809303-2-smb devstack@c-api.service[100938]: /usr/local/lib/python3.8/dist-packages/oslo_context/context.py:105: DeprecationWarning: Policy enforcement is depending on the value of is_admin. This key is deprecated. Please update your policy file to use the standard policy values.
Sep 16 06:57:47.954676 dv-cinder-809303-2-smb devstack@c-api.service[100938]: warnings.warn('Policy enforcement is depending on the value of '
Sep 16 06:57:47.960360 dv-cinder-809303-2-smb devstack@c-api.service[100938]: DEBUG cinder.volume.api [None req-ed252477-fba5-4ccf-8797-9830ffcac55b tempest-GroupsV314Test-1884193585 tempest-GroupsV314Test-1884193585-project] Searching by: MultiDict([('no_migration_targets', True)]). {{(pid=100938) get_all /opt/stack/cinder/cinder/volume/api.py:619}}
Sep 16 06:57:48.011434 dv-cinder-809303-2-smb devstack@c-api.service[100937]: INFO cinder.api.openstack.wsgi [None req-ce7ecf98-e19e-4d6c-b6df-f5525edef2f5 tempest-GroupsTest-1911973598 tempest-GroupsTest-1911973598-project] http://10.222.0.78/volume/v3/0417cbfb5b494d2a8e8800759c1e2db8/groups/392d4ef1-bfd3-4a34-9a92-76209dd707a5 returned with HTTP 200
Sep 16 06:57:48.026871 dv-cinder-809303-2-smb devstack@c-api.service[100937]: [pid: 100937|app: 0|req: 20/40] 10.222.0.78 () {60 vars in 1363 bytes} [Thu Sep 16 06:57:47 2021] GET /volume/v3/0417cbfb5b494d2a8e8800759c1e2db8/groups/392d4ef1-bfd3-4a34-9a92-76209dd707a5 => generated 323 bytes in 99 msecs (HTTP/1.1 200) 7 headers in 286 bytes (1 switches on core 0)
Sep 16 06:57:48.028768 dv-cinder-809303-2-smb devstack@c-api.service[100938]: INFO cinder.volume.api [None req-ed252477-fba5-4ccf-8797-9830ffcac55b tempest-GroupsV314Test-1884193585 tempest-GroupsV314Test-1884193585-project] Get all volumes completed successfully.
Sep 16 06:57:48.030952 dv-cinder-809303-2-smb devstack@c-api.service[100938]: WARNING stevedore.named [None req-ed252477-fba5-4ccf-8797-9830ffcac55b tempest-GroupsV314Test-1884193585 tempest-GroupsV314Test-1884193585-project] Could not load cinder.keymgr.conf_key_mgr.ConfKeyManager
Sep 16 06:57:48.031328 dv-cinder-809303-2-smb devstack@c-api.service[100938]: WARNING castellan.key_manager [None req-ed252477-fba5-4ccf-8797-9830ffcac55b tempest-GroupsV314Test-1884193585 tempest-GroupsV314Test-1884193585-project] Deprecation Warning : cinder.keymgr.conf_key_mgr.ConfKeyManager is not a stevedore based driver, trying to load it as a class: stevedore.exception.NoMatches: No 'castellan.drivers' driver found, looking for 'cinder.keymgr.conf_key_mgr.ConfKeyManager'
Sep 16 06:57:48.043163 dv-cinder-809303-2-smb devstack@c-api.service[100938]: DEBUG oslo_db.sqlalchemy.engines [None req-ed252477-fba5-4ccf-8797-9830ffcac55b tempest-GroupsV314Test-1884193585 tempest-GroupsV314Test-1884193585-project] MySQL server mode set to STRICT_TRANS_TABLES,STRICT_ALL_TABLES,NO_ZERO_IN_DATE,NO_ZERO_DATE,ERROR_FOR_DIVISION_BY_ZERO,TRADITIONAL,NO_ENGINE_SUBSTITUTION {{(pid=100938) _check_effective_sql_mode /usr/local/lib/python3.8/dist-packages/oslo_db/sqlalchemy/engines.py:314}}
Sep 16 06:57:48.049190 dv-cinder-809303-2-smb devstack@c-api.service[100937]: INFO cinder.api.openstack.wsgi [None req-fad45943-e315-4284-a624-445d78c92cbe tempest-GroupsTest-1911973598 tempest-GroupsTest-1911973598-project] POST http://10.222.0.78/volume/v3/0417cbfb5b494d2a8e8800759c1e2db8/groups
Sep 16 06:57:48.049662 dv-cinder-809303-2-smb devstack@c-api.service[100937]: /usr/local/lib/python3.8/dist-packages/webob/acceptparse.py:1047: DeprecationWarning: The behavior of AcceptValidHeader.best_match is currently being maintained for backward compatibility, but it will be deprecated in the future, as it does not conform to the RFC.
Sep 16 06:57:48.049662 dv-cinder-809303-2-smb devstack@c-api.service[100937]: warnings.warn(
Sep 16 06:57:48.052806 dv-cinder-809303-2-smb devstack@c-api.service[100937]: DEBUG cinder.api.openstack.wsgi [None req-fad45943-e315-4284-a624-445d78c92cbe tempest-GroupsTest-1911973598 tempest-GroupsTest-1911973598-project] Action: 'create', calling method: version_select, body: {"group": {"group_type": "069294fa-62bc-4d2c-a165-45549e7a4e93", "volume_types": ["e1641974-5e66-47d8-94c2-bde531d5a83f"], "name": "tempest-Group2-178800079"}} {{(pid=100937) _process_stack /opt/stack/cinder/cinder/api/openstack/wsgi.py:854}}
Sep 16 06:57:48.053332 dv-cinder-809303-2-smb devstack@c-api.service[100938]: /usr/local/lib/python3.8/dist-packages/oslo_context/context.py:105: DeprecationWarning: Policy enforcement is depending on the value of is_admin. This key is deprecated. Please update your policy file to use the standard policy values.
Sep 16 06:57:48.053332 dv-cinder-809303-2-smb devstack@c-api.service[100938]: warnings.warn('Policy enforcement is depending on the value of '
Sep 16 06:57:48.059798 dv-cinder-809303-2-smb devstack@c-api.service[100937]: DEBUG cinder.api.v3.groups [None req-fad45943-e315-4284-a624-445d78c92cbe tempest-GroupsTest-1911973598 tempest-GroupsTest-1911973598-project] Creating new group {'group': {'group_type': '069294fa-62bc-4d2c-a165-45549e7a4e93', 'volume_types': ['e1641974-5e66-47d8-94c2-bde531d5a83f'], 'name': 'tempest-Group2-178800079'}} {{(pid=100937) create /opt/stack/cinder/cinder/api/v3/groups.py:190}}
Sep 16 06:57:48.076231 dv-cinder-809303-2-smb devstack@c-api.service[100937]: INFO cinder.api.v3.groups [None req-fad45943-e315-4284-a624-445d78c92cbe tempest-GroupsTest-1911973598 tempest-GroupsTest-1911973598-project] Creating group tempest-Group2-178800079.
Sep 16 06:57:48.076969 dv-cinder-809303-2-smb devstack@c-api.service[100937]: /usr/local/lib/python3.8/dist-packages/oslo_context/context.py:105: DeprecationWarning: Policy enforcement is depending on the value of is_admin. This key is deprecated. Please update your policy file to use the standard policy values.
Sep 16 06:57:48.076969 dv-cinder-809303-2-smb devstack@c-api.service[100937]: warnings.warn('Policy enforcement is depending on the value of '
Sep 16 06:57:48.094082 dv-cinder-809303-2-smb devstack@c-api.service[100938]: INFO cinder.api.openstack.wsgi [None req-ed252477-fba5-4ccf-8797-9830ffcac55b tempest-GroupsV314Test-1884193585 tempest-GroupsV314Test-1884193585-project] http://10.222.0.78/volume/v3/2116c3b43a6a4438b235939bb8955b72/volumes/detail returned with HTTP 200
Sep 16 06:57:48.105685 dv-cinder-809303-2-smb devstack@c-api.service[100938]: [pid: 100938|app: 0|req: 21/41] 10.222.0.78 () {60 vars in 1276 bytes} [Thu Sep 16 06:57:47 2021] GET /volume/v3/2116c3b43a6a4438b235939bb8955b72/volumes/detail => generated 994 bytes in 165 msecs (HTTP/1.1 200) 7 headers in 286 bytes (2 switches on core 0)
Sep 16 06:57:48.109083 dv-cinder-809303-2-smb devstack@c-api.service[100937]: INFO cinder.volume.api [None req-fad45943-e315-4284-a624-445d78c92cbe tempest-GroupsTest-1911973598 tempest-GroupsTest-1911973598-project] Availability Zones retrieved successfully.
Sep 16 06:57:48.114833 dv-cinder-809303-2-smb devstack@c-api.service[100938]: INFO cinder.api.openstack.wsgi [None req-33c9a294-1717-44ec-83c7-4f0d82a14064 tempest-GroupsV314Test-1884193585 tempest-GroupsV314Test-1884193585-project] POST http://10.222.0.78/volume/v3/2116c3b43a6a4438b235939bb8955b72/groups/145eebb1-19e8-4dce-a85e-002c4f8667e4/action
Sep 16 06:57:48.116950 dv-cinder-809303-2-smb devstack@c-api.service[100938]: /usr/local/lib/python3.8/dist-packages/webob/acceptparse.py:1047: DeprecationWarning: The behavior of AcceptValidHeader.best_match is currently being maintained for backward compatibility, but it will be deprecated in the future, as it does not conform to the RFC.
Sep 16 06:57:48.116950 dv-cinder-809303-2-smb devstack@c-api.service[100938]: warnings.warn(
Sep 16 06:57:48.120307 dv-cinder-809303-2-smb devstack@c-api.service[100938]: DEBUG cinder.api.openstack.wsgi [None req-33c9a294-1717-44ec-83c7-4f0d82a14064 tempest-GroupsV314Test-1884193585 tempest-GroupsV314Test-1884193585-project] Action body: b'{"delete": {"delete-volumes": true}}' {{(pid=100938) get_method /opt/stack/cinder/cinder/api/openstack/wsgi.py:971}}
Sep 16 06:57:48.121699 dv-cinder-809303-2-smb devstack@c-api.service[100938]: DEBUG cinder.api.openstack.wsgi [None req-33c9a294-1717-44ec-83c7-4f0d82a14064 tempest-GroupsV314Test-1884193585 tempest-GroupsV314Test-1884193585-project] Action: 'action', calling method: version_select, body: {"delete": {"delete-volumes": true}} {{(pid=100938) _process_stack /opt/stack/cinder/cinder/api/openstack/wsgi.py:854}}
Sep 16 06:57:48.125173 dv-cinder-809303-2-smb devstack@c-api.service[100938]: DEBUG cinder.api.v3.groups [None req-33c9a294-1717-44ec-83c7-4f0d82a14064 tempest-GroupsV314Test-1884193585 tempest-GroupsV314Test-1884193585-project] delete called for group 145eebb1-19e8-4dce-a85e-002c4f8667e4 {{(pid=100938) _delete /opt/stack/cinder/cinder/api/v3/groups.py:117}}
Sep 16 06:57:48.125668 dv-cinder-809303-2-smb devstack@c-api.service[100938]: INFO cinder.api.v3.groups [None req-33c9a294-1717-44ec-83c7-4f0d82a14064 tempest-GroupsV314Test-1884193585 tempest-GroupsV314Test-1884193585-project] Delete group with id: 145eebb1-19e8-4dce-a85e-002c4f8667e4
Sep 16 06:57:48.139198 dv-cinder-809303-2-smb devstack@c-api.service[100938]: /usr/local/lib/python3.8/dist-packages/oslo_context/context.py:105: DeprecationWarning: Policy enforcement is depending on the value of is_admin. This key is deprecated. Please update your policy file to use the standard policy values.
Sep 16 06:57:48.139198 dv-cinder-809303-2-smb devstack@c-api.service[100938]: warnings.warn('Policy enforcement is depending on the value of '
Sep 16 06:57:48.160259 dv-cinder-809303-2-smb devstack@c-api.service[100937]: DEBUG cinder.quota [None req-fad45943-e315-4284-a624-445d78c92cbe tempest-GroupsTest-1911973598 tempest-GroupsTest-1911973598-project] Created reservations ['10b1ef9d-a8f6-4758-b6fd-ef486c1f4e01'] {{(pid=100937) reserve /opt/stack/cinder/cinder/quota.py:755}}
Sep 16 06:57:48.276119 dv-cinder-809303-2-smb devstack@c-api.service[100937]: INFO cinder.api.openstack.wsgi [None req-fad45943-e315-4284-a624-445d78c92cbe tempest-GroupsTest-1911973598 tempest-GroupsTest-1911973598-project] http://10.222.0.78/volume/v3/0417cbfb5b494d2a8e8800759c1e2db8/groups returned with HTTP 202
Sep 16 06:57:48.279866 dv-cinder-809303-2-smb devstack@c-api.service[100937]: [pid: 100937|app: 0|req: 21/42] 10.222.0.78 () {62 vars in 1274 bytes} [Thu Sep 16 06:57:48 2021] POST /volume/v3/0417cbfb5b494d2a8e8800759c1e2db8/groups => generated 93 bytes in 252 msecs (HTTP/1.1 202) 7 headers in 291 bytes (1 switches on core 0)
Sep 16 06:57:48.308221 dv-cinder-809303-2-smb devstack@c-api.service[100937]: INFO cinder.api.openstack.wsgi [None req-32b7bca7-462f-4b58-a2ad-0230846e9fb6 tempest-GroupsTest-1911973598 tempest-GroupsTest-1911973598-project] GET http://10.222.0.78/volume/v3/0417cbfb5b494d2a8e8800759c1e2db8/groups/256737b6-d4e4-4162-88e7-2e9e8f731811
Sep 16 06:57:48.308710 dv-cinder-809303-2-smb devstack@c-api.service[100937]: DEBUG cinder.api.openstack.wsgi [None req-32b7bca7-462f-4b58-a2ad-0230846e9fb6 tempest-GroupsTest-1911973598 tempest-GroupsTest-1911973598-project] Empty body provided in request {{(pid=100937) get_body /opt/stack/cinder/cinder/api/openstack/wsgi.py:703}}
Sep 16 06:57:48.309059 dv-cinder-809303-2-smb devstack@c-api.service[100937]: /usr/local/lib/python3.8/dist-packages/webob/acceptparse.py:1047: DeprecationWarning: The behavior of AcceptValidHeader.best_match is currently being maintained for backward compatibility, but it will be deprecated in the future, as it does not conform to the RFC.
Sep 16 06:57:48.309059 dv-cinder-809303-2-smb devstack@c-api.service[100937]: warnings.warn(
Sep 16 06:57:48.309585 dv-cinder-809303-2-smb devstack@c-api.service[100937]: DEBUG cinder.api.openstack.wsgi [None req-32b7bca7-462f-4b58-a2ad-0230846e9fb6 tempest-GroupsTest-1911973598 tempest-GroupsTest-1911973598-project] Calling method 'version_select' {{(pid=100937) _process_stack /opt/stack/cinder/cinder/api/openstack/wsgi.py:856}}
Sep 16 06:57:48.310095 dv-cinder-809303-2-smb devstack@c-api.service[100937]: DEBUG cinder.api.v3.groups [None req-32b7bca7-462f-4b58-a2ad-0230846e9fb6 tempest-GroupsTest-1911973598 tempest-GroupsTest-1911973598-project] show called for member 256737b6-d4e4-4162-88e7-2e9e8f731811 {{(pid=100937) show /opt/stack/cinder/cinder/api/v3/groups.py:58}}
Sep 16 06:57:48.320832 dv-cinder-809303-2-smb devstack@c-api.service[100937]: /usr/local/lib/python3.8/dist-packages/oslo_context/context.py:105: DeprecationWarning: Policy enforcement is depending on the value of is_admin. This key is deprecated. Please update your policy file to use the standard policy values.
Sep 16 06:57:48.320832 dv-cinder-809303-2-smb devstack@c-api.service[100937]: warnings.warn('Policy enforcement is depending on the value of '
Sep 16 06:57:48.330135 dv-cinder-809303-2-smb devstack@c-api.service[100938]: INFO cinder.api.openstack.wsgi [None req-33c9a294-1717-44ec-83c7-4f0d82a14064 tempest-GroupsV314Test-1884193585 tempest-GroupsV314Test-1884193585-project] http://10.222.0.78/volume/v3/2116c3b43a6a4438b235939bb8955b72/groups/145eebb1-19e8-4dce-a85e-002c4f8667e4/action returned with HTTP 202
Sep 16 06:57:48.337150 dv-cinder-809303-2-smb devstack@c-api.service[100938]: [pid: 100938|app: 0|req: 22/43] 10.222.0.78 () {62 vars in 1405 bytes} [Thu Sep 16 06:57:48 2021] POST /volume/v3/2116c3b43a6a4438b235939bb8955b72/groups/145eebb1-19e8-4dce-a85e-002c4f8667e4/action => generated 0 bytes in 231 msecs (HTTP/1.1 202) 6 headers in 234 bytes (1 switches on core 0)
Sep 16 06:57:48.350694 dv-cinder-809303-2-smb devstack@c-api.service[100938]: INFO cinder.api.openstack.wsgi [None req-18d63ef2-3d70-4cc6-a44c-0eec60ff2d0c tempest-GroupsV314Test-1884193585 tempest-GroupsV314Test-1884193585-project] GET http://10.222.0.78/volume/v3/2116c3b43a6a4438b235939bb8955b72/volumes/a33a6adf-f7fb-4925-ad22-e4acacb0cc75
Sep 16 06:57:48.351460 dv-cinder-809303-2-smb devstack@c-api.service[100938]: DEBUG cinder.api.openstack.wsgi [None req-18d63ef2-3d70-4cc6-a44c-0eec60ff2d0c tempest-GroupsV314Test-1884193585 tempest-GroupsV314Test-1884193585-project] Empty body provided in request {{(pid=100938) get_body /opt/stack/cinder/cinder/api/openstack/wsgi.py:703}}
Sep 16 06:57:48.353600 dv-cinder-809303-2-smb devstack@c-api.service[100938]: /usr/local/lib/python3.8/dist-packages/webob/acceptparse.py:1047: DeprecationWarning: The behavior of AcceptValidHeader.best_match is currently being maintained for backward compatibility, but it will be deprecated in the future, as it does not conform to the RFC.
Sep 16 06:57:48.353600 dv-cinder-809303-2-smb devstack@c-api.service[100938]: warnings.warn(
Sep 16 06:57:48.354353 dv-cinder-809303-2-smb devstack@c-api.service[100938]: DEBUG cinder.api.openstack.wsgi [None req-18d63ef2-3d70-4cc6-a44c-0eec60ff2d0c tempest-GroupsV314Test-1884193585 tempest-GroupsV314Test-1884193585-project] Calling method 'show' {{(pid=100938) _process_stack /opt/stack/cinder/cinder/api/openstack/wsgi.py:856}}
Sep 16 06:57:48.368533 dv-cinder-809303-2-smb devstack@c-api.service[100937]: INFO cinder.api.openstack.wsgi [None req-32b7bca7-462f-4b58-a2ad-0230846e9fb6 tempest-GroupsTest-1911973598 tempest-GroupsTest-1911973598-project] http://10.222.0.78/volume/v3/0417cbfb5b494d2a8e8800759c1e2db8/groups/256737b6-d4e4-4162-88e7-2e9e8f731811 returned with HTTP 200
Sep 16 06:57:48.370115 dv-cinder-809303-2-smb devstack@c-api.service[100937]: [pid: 100937|app: 0|req: 22/44] 10.222.0.78 () {60 vars in 1363 bytes} [Thu Sep 16 06:57:48 2021] GET /volume/v3/0417cbfb5b494d2a8e8800759c1e2db8/groups/256737b6-d4e4-4162-88e7-2e9e8f731811 => generated 321 bytes in 85 msecs (HTTP/1.1 200) 7 headers in 286 bytes (1 switches on core 0)
Sep 16 06:57:48.377119 dv-cinder-809303-2-smb devstack@c-api.service[100938]: /usr/local/lib/python3.8/dist-packages/oslo_context/context.py:105: DeprecationWarning: Policy enforcement is depending on the value of is_admin. This key is deprecated. Please update your policy file to use the standard policy values.
Sep 16 06:57:48.377119 dv-cinder-809303-2-smb devstack@c-api.service[100938]: warnings.warn('Policy enforcement is depending on the value of '
Sep 16 06:57:48.386999 dv-cinder-809303-2-smb devstack@c-api.service[100938]: INFO cinder.volume.api [None req-18d63ef2-3d70-4cc6-a44c-0eec60ff2d0c tempest-GroupsV314Test-1884193585 tempest-GroupsV314Test-1884193585-project] Volume info retrieved successfully.
Sep 16 06:57:48.395263 dv-cinder-809303-2-smb devstack@c-api.service[100938]: WARNING stevedore.named [None req-18d63ef2-3d70-4cc6-a44c-0eec60ff2d0c tempest-GroupsV314Test-1884193585 tempest-GroupsV314Test-1884193585-project] Could not load cinder.keymgr.conf_key_mgr.ConfKeyManager
Sep 16 06:57:48.397169 dv-cinder-809303-2-smb devstack@c-api.service[100938]: WARNING castellan.key_manager [None req-18d63ef2-3d70-4cc6-a44c-0eec60ff2d0c tempest-GroupsV314Test-1884193585 tempest-GroupsV314Test-1884193585-project] Deprecation Warning : cinder.keymgr.conf_key_mgr.ConfKeyManager is not a stevedore based driver, trying to load it as a class: stevedore.exception.NoMatches: No 'castellan.drivers' driver found, looking for 'cinder.keymgr.conf_key_mgr.ConfKeyManager'
Sep 16 06:57:48.405776 dv-cinder-809303-2-smb devstack@c-api.service[100938]: DEBUG oslo_db.sqlalchemy.engines [None req-18d63ef2-3d70-4cc6-a44c-0eec60ff2d0c tempest-GroupsV314Test-1884193585 tempest-GroupsV314Test-1884193585-project] MySQL server mode set to STRICT_TRANS_TABLES,STRICT_ALL_TABLES,NO_ZERO_IN_DATE,NO_ZERO_DATE,ERROR_FOR_DIVISION_BY_ZERO,TRADITIONAL,NO_ENGINE_SUBSTITUTION {{(pid=100938) _check_effective_sql_mode /usr/local/lib/python3.8/dist-packages/oslo_db/sqlalchemy/engines.py:314}}
Sep 16 06:57:48.415322 dv-cinder-809303-2-smb devstack@c-api.service[100938]: /usr/local/lib/python3.8/dist-packages/oslo_context/context.py:105: DeprecationWarning: Policy enforcement is depending on the value of is_admin. This key is deprecated. Please update your policy file to use the standard policy values.
Sep 16 06:57:48.415322 dv-cinder-809303-2-smb devstack@c-api.service[100938]: warnings.warn('Policy enforcement is depending on the value of '
Sep 16 06:57:48.469287 dv-cinder-809303-2-smb devstack@c-api.service[100938]: INFO cinder.api.openstack.wsgi [None req-18d63ef2-3d70-4cc6-a44c-0eec60ff2d0c tempest-GroupsV314Test-1884193585 tempest-GroupsV314Test-1884193585-project] http://10.222.0.78/volume/v3/2116c3b43a6a4438b235939bb8955b72/volumes/a33a6adf-f7fb-4925-ad22-e4acacb0cc75 returned with HTTP 200
Sep 16 06:57:48.486029 dv-cinder-809303-2-smb devstack@c-api.service[100938]: [pid: 100938|app: 0|req: 23/45] 10.222.0.78 () {60 vars in 1366 bytes} [Thu Sep 16 06:57:48 2021] GET /volume/v3/2116c3b43a6a4438b235939bb8955b72/volumes/a33a6adf-f7fb-4925-ad22-e4acacb0cc75 => generated 990 bytes in 148 msecs (HTTP/1.1 200) 7 headers in 286 bytes (1 switches on core 0)
Sep 16 06:57:49.110057 dv-cinder-809303-2-smb devstack@c-api.service[100937]: INFO cinder.api.openstack.wsgi [None req-bd76ad47-fcd6-4b2c-bf5b-cf5c379d6cfd tempest-BackendsCapabilitiesAdminTestsJSON-1675086658 tempest-BackendsCapabilitiesAdminTestsJSON-1675086658-project-admin] GET http://10.222.0.78/volume/v3/fd18ac9deee24ccb84ad885ac184657e/scheduler-stats/get_pools
Sep 16 06:57:49.110902 dv-cinder-809303-2-smb devstack@c-api.service[100937]: DEBUG cinder.api.openstack.wsgi [None req-bd76ad47-fcd6-4b2c-bf5b-cf5c379d6cfd tempest-BackendsCapabilitiesAdminTestsJSON-1675086658 tempest-BackendsCapabilitiesAdminTestsJSON-1675086658-project-admin] Empty body provided in request {{(pid=100937) get_body /opt/stack/cinder/cinder/api/openstack/wsgi.py:703}}
Sep 16 06:57:49.111188 dv-cinder-809303-2-smb devstack@c-api.service[100937]: /usr/local/lib/python3.8/dist-packages/webob/acceptparse.py:1047: DeprecationWarning: The behavior of AcceptValidHeader.best_match is currently being maintained for backward compatibility, but it will be deprecated in the future, as it does not conform to the RFC.
Sep 16 06:57:49.111188 dv-cinder-809303-2-smb devstack@c-api.service[100937]: warnings.warn(
Sep 16 06:57:49.111689 dv-cinder-809303-2-smb devstack@c-api.service[100937]: DEBUG cinder.api.openstack.wsgi [None req-bd76ad47-fcd6-4b2c-bf5b-cf5c379d6cfd tempest-BackendsCapabilitiesAdminTestsJSON-1675086658 tempest-BackendsCapabilitiesAdminTestsJSON-1675086658-project-admin] Calling method 'get_pools' {{(pid=100937) _process_stack /opt/stack/cinder/cinder/api/openstack/wsgi.py:856}}
Sep 16 06:57:49.112442 dv-cinder-809303-2-smb devstack@c-api.service[100937]: /usr/local/lib/python3.8/dist-packages/oslo_context/context.py:105: DeprecationWarning: Policy enforcement is depending on the value of is_admin. This key is deprecated. Please update your policy file to use the standard policy values.
Sep 16 06:57:49.112442 dv-cinder-809303-2-smb devstack@c-api.service[100937]: warnings.warn('Policy enforcement is depending on the value of '
Sep 16 06:57:49.171105 dv-cinder-809303-2-smb devstack@c-api.service[100937]: INFO cinder.api.openstack.wsgi [None req-bd76ad47-fcd6-4b2c-bf5b-cf5c379d6cfd tempest-BackendsCapabilitiesAdminTestsJSON-1675086658 tempest-BackendsCapabilitiesAdminTestsJSON-1675086658-project-admin] http://10.222.0.78/volume/v3/fd18ac9deee24ccb84ad885ac184657e/scheduler-stats/get_pools returned with HTTP 200
Sep 16 06:57:49.172358 dv-cinder-809303-2-smb devstack@c-api.service[100937]: [pid: 100937|app: 0|req: 23/46] 10.222.0.78 () {58 vars in 1268 bytes} [Thu Sep 16 06:57:48 2021] GET /volume/v3/fd18ac9deee24ccb84ad885ac184657e/scheduler-stats/get_pools => generated 56 bytes in 191 msecs (HTTP/1.1 200) 7 headers in 284 bytes (1 switches on core 0)
Sep 16 06:57:49.186168 dv-cinder-809303-2-smb devstack@c-api.service[100938]: INFO cinder.api.openstack.wsgi [None req-50991e4a-31f3-43c2-bd63-1b9adf4085b2 tempest-BackendsCapabilitiesAdminTestsJSON-1675086658 tempest-BackendsCapabilitiesAdminTestsJSON-1675086658-project-admin] GET http://10.222.0.78/volume/v3/fd18ac9deee24ccb84ad885ac184657e/scheduler-stats/get_pools?detail=True
Sep 16 06:57:49.186770 dv-cinder-809303-2-smb devstack@c-api.service[100938]: DEBUG cinder.api.openstack.wsgi [None req-50991e4a-31f3-43c2-bd63-1b9adf4085b2 tempest-BackendsCapabilitiesAdminTestsJSON-1675086658 tempest-BackendsCapabilitiesAdminTestsJSON-1675086658-project-admin] Empty body provided in request {{(pid=100938) get_body /opt/stack/cinder/cinder/api/openstack/wsgi.py:703}}
Sep 16 06:57:49.186770 dv-cinder-809303-2-smb devstack@c-api.service[100938]: /usr/local/lib/python3.8/dist-packages/webob/acceptparse.py:1047: DeprecationWarning: The behavior of AcceptValidHeader.best_match is currently being maintained for backward compatibility, but it will be deprecated in the future, as it does not conform to the RFC.
Sep 16 06:57:49.186770 dv-cinder-809303-2-smb devstack@c-api.service[100938]: warnings.warn(
Sep 16 06:57:49.187097 dv-cinder-809303-2-smb devstack@c-api.service[100938]: DEBUG cinder.api.openstack.wsgi [None req-50991e4a-31f3-43c2-bd63-1b9adf4085b2 tempest-BackendsCapabilitiesAdminTestsJSON-1675086658 tempest-BackendsCapabilitiesAdminTestsJSON-1675086658-project-admin] Calling method 'get_pools' {{(pid=100938) _process_stack /opt/stack/cinder/cinder/api/openstack/wsgi.py:856}}
Sep 16 06:57:49.205554 dv-cinder-809303-2-smb devstack@c-api.service[100938]: INFO cinder.api.openstack.wsgi [None req-50991e4a-31f3-43c2-bd63-1b9adf4085b2 tempest-BackendsCapabilitiesAdminTestsJSON-1675086658 tempest-BackendsCapabilitiesAdminTestsJSON-1675086658-project-admin] http://10.222.0.78/volume/v3/fd18ac9deee24ccb84ad885ac184657e/scheduler-stats/get_pools?detail=True returned with HTTP 200
Sep 16 06:57:49.214679 dv-cinder-809303-2-smb devstack@c-api.service[100938]: [pid: 100938|app: 0|req: 24/47] 10.222.0.78 () {58 vars in 1291 bytes} [Thu Sep 16 06:57:49 2021] GET /volume/v3/fd18ac9deee24ccb84ad885ac184657e/scheduler-stats/get_pools?detail=True => generated 618 bytes in 37 msecs (HTTP/1.1 200) 7 headers in 285 bytes (1 switches on core 0)
Sep 16 06:57:49.231720 dv-cinder-809303-2-smb devstack@c-api.service[100937]: INFO cinder.api.openstack.wsgi [None req-45c5455e-a713-4834-b7ef-0c987e510c34 tempest-BackendsCapabilitiesAdminTestsJSON-1675086658 tempest-BackendsCapabilitiesAdminTestsJSON-1675086658-project-admin] GET http://10.222.0.78/volume/v3/fd18ac9deee24ccb84ad885ac184657e/capabilities/hv-cinder-80930@wincnd
Sep 16 06:57:49.232355 dv-cinder-809303-2-smb devstack@c-api.service[100937]: DEBUG cinder.api.openstack.wsgi [None req-45c5455e-a713-4834-b7ef-0c987e510c34 tempest-BackendsCapabilitiesAdminTestsJSON-1675086658 tempest-BackendsCapabilitiesAdminTestsJSON-1675086658-project-admin] Empty body provided in request {{(pid=100937) get_body /opt/stack/cinder/cinder/api/openstack/wsgi.py:703}}
Sep 16 06:57:49.233089 dv-cinder-809303-2-smb devstack@c-api.service[100937]: DEBUG cinder.api.openstack.wsgi [None req-45c5455e-a713-4834-b7ef-0c987e510c34 tempest-BackendsCapabilitiesAdminTestsJSON-1675086658 tempest-BackendsCapabilitiesAdminTestsJSON-1675086658-project-admin] Calling method 'show' {{(pid=100937) _process_stack /opt/stack/cinder/cinder/api/openstack/wsgi.py:856}}
Sep 16 06:57:49.276835 dv-cinder-809303-2-smb devstack@c-api.service[100937]: INFO cinder.api.openstack.wsgi [None req-45c5455e-a713-4834-b7ef-0c987e510c34 tempest-BackendsCapabilitiesAdminTestsJSON-1675086658 tempest-BackendsCapabilitiesAdminTestsJSON-1675086658-project-admin] http://10.222.0.78/volume/v3/fd18ac9deee24ccb84ad885ac184657e/capabilities/hv-cinder-80930@wincnd returned with HTTP 200
Sep 16 06:57:49.278319 dv-cinder-809303-2-smb devstack@c-api.service[100937]: [pid: 100937|app: 0|req: 24/48] 10.222.0.78 () {58 vars in 1298 bytes} [Thu Sep 16 06:57:49 2021] GET /volume/v3/fd18ac9deee24ccb84ad885ac184657e/capabilities/hv-cinder-80930@wincnd => generated 712 bytes in 64 msecs (HTTP/1.1 200) 7 headers in 285 bytes (1 switches on core 0)
Sep 16 06:57:49.309162 dv-cinder-809303-2-smb devstack@c-api.service[100938]: INFO cinder.api.openstack.wsgi [None req-93140d1a-0679-4cc8-a06c-98f9d590e8c4 tempest-BackendsCapabilitiesAdminTestsJSON-1675086658 tempest-BackendsCapabilitiesAdminTestsJSON-1675086658-project-admin] GET http://10.222.0.78/volume/v3/fd18ac9deee24ccb84ad885ac184657e/capabilities/hv-cinder-80930@wincnd
Sep 16 06:57:49.309162 dv-cinder-809303-2-smb devstack@c-api.service[100938]: DEBUG cinder.api.openstack.wsgi [None req-93140d1a-0679-4cc8-a06c-98f9d590e8c4 tempest-BackendsCapabilitiesAdminTestsJSON-1675086658 tempest-BackendsCapabilitiesAdminTestsJSON-1675086658-project-admin] Empty body provided in request {{(pid=100938) get_body /opt/stack/cinder/cinder/api/openstack/wsgi.py:703}}
Sep 16 06:57:49.309162 dv-cinder-809303-2-smb devstack@c-api.service[100938]: DEBUG cinder.api.openstack.wsgi [None req-93140d1a-0679-4cc8-a06c-98f9d590e8c4 tempest-BackendsCapabilitiesAdminTestsJSON-1675086658 tempest-BackendsCapabilitiesAdminTestsJSON-1675086658-project-admin] Calling method 'show' {{(pid=100938) _process_stack /opt/stack/cinder/cinder/api/openstack/wsgi.py:856}}
Sep 16 06:57:49.354115 dv-cinder-809303-2-smb devstack@c-api.service[100938]: INFO cinder.api.openstack.wsgi [None req-93140d1a-0679-4cc8-a06c-98f9d590e8c4 tempest-BackendsCapabilitiesAdminTestsJSON-1675086658 tempest-BackendsCapabilitiesAdminTestsJSON-1675086658-project-admin] http://10.222.0.78/volume/v3/fd18ac9deee24ccb84ad885ac184657e/capabilities/hv-cinder-80930@wincnd returned with HTTP 200
Sep 16 06:57:49.358493 dv-cinder-809303-2-smb devstack@c-api.service[100938]: [pid: 100938|app: 0|req: 25/49] 10.222.0.78 () {58 vars in 1298 bytes} [Thu Sep 16 06:57:49 2021] GET /volume/v3/fd18ac9deee24ccb84ad885ac184657e/capabilities/hv-cinder-80930@wincnd => generated 712 bytes in 74 msecs (HTTP/1.1 200) 7 headers in 285 bytes (1 switches on core 0)
Sep 16 06:57:49.387720 dv-cinder-809303-2-smb devstack@c-api.service[100937]: INFO cinder.api.openstack.wsgi [None req-cc95cdf1-94e2-4d7d-9596-27993587acdc tempest-GroupsTest-1911973598 tempest-GroupsTest-1911973598-project] GET http://10.222.0.78/volume/v3/0417cbfb5b494d2a8e8800759c1e2db8/groups/256737b6-d4e4-4162-88e7-2e9e8f731811
Sep 16 06:57:49.389108 dv-cinder-809303-2-smb devstack@c-api.service[100937]: DEBUG cinder.api.openstack.wsgi [None req-cc95cdf1-94e2-4d7d-9596-27993587acdc tempest-GroupsTest-1911973598 tempest-GroupsTest-1911973598-project] Empty body provided in request {{(pid=100937) get_body /opt/stack/cinder/cinder/api/openstack/wsgi.py:703}}
Sep 16 06:57:49.390236 dv-cinder-809303-2-smb devstack@c-api.service[100937]: DEBUG cinder.api.openstack.wsgi [None req-cc95cdf1-94e2-4d7d-9596-27993587acdc tempest-GroupsTest-1911973598 tempest-GroupsTest-1911973598-project] Calling method 'version_select' {{(pid=100937) _process_stack /opt/stack/cinder/cinder/api/openstack/wsgi.py:856}}
Sep 16 06:57:49.391582 dv-cinder-809303-2-smb devstack@c-api.service[100937]: DEBUG cinder.api.v3.groups [None req-cc95cdf1-94e2-4d7d-9596-27993587acdc tempest-GroupsTest-1911973598 tempest-GroupsTest-1911973598-project] show called for member 256737b6-d4e4-4162-88e7-2e9e8f731811 {{(pid=100937) show /opt/stack/cinder/cinder/api/v3/groups.py:58}}
Sep 16 06:57:49.428807 dv-cinder-809303-2-smb devstack@c-api.service[100937]: /usr/local/lib/python3.8/dist-packages/oslo_context/context.py:105: DeprecationWarning: Policy enforcement is depending on the value of is_admin. This key is deprecated. Please update your policy file to use the standard policy values.
Sep 16 06:57:49.428807 dv-cinder-809303-2-smb devstack@c-api.service[100937]: warnings.warn('Policy enforcement is depending on the value of '
Sep 16 06:57:49.489915 dv-cinder-809303-2-smb devstack@c-api.service[100938]: INFO cinder.api.openstack.wsgi [None req-6cf53afc-1f81-4810-b450-f8294fefa2f2 tempest-GroupsV314Test-1884193585 tempest-GroupsV314Test-1884193585-project] GET http://10.222.0.78/volume/v3/2116c3b43a6a4438b235939bb8955b72/volumes/a33a6adf-f7fb-4925-ad22-e4acacb0cc75
Sep 16 06:57:49.490455 dv-cinder-809303-2-smb devstack@c-api.service[100938]: DEBUG cinder.api.openstack.wsgi [None req-6cf53afc-1f81-4810-b450-f8294fefa2f2 tempest-GroupsV314Test-1884193585 tempest-GroupsV314Test-1884193585-project] Empty body provided in request {{(pid=100938) get_body /opt/stack/cinder/cinder/api/openstack/wsgi.py:703}}
Sep 16 06:57:49.490893 dv-cinder-809303-2-smb devstack@c-api.service[100938]: DEBUG cinder.api.openstack.wsgi [None req-6cf53afc-1f81-4810-b450-f8294fefa2f2 tempest-GroupsV314Test-1884193585 tempest-GroupsV314Test-1884193585-project] Calling method 'show' {{(pid=100938) _process_stack /opt/stack/cinder/cinder/api/openstack/wsgi.py:856}}
Sep 16 06:57:49.540297 dv-cinder-809303-2-smb devstack@c-api.service[100937]: INFO cinder.api.openstack.wsgi [None req-cc95cdf1-94e2-4d7d-9596-27993587acdc tempest-GroupsTest-1911973598 tempest-GroupsTest-1911973598-project] http://10.222.0.78/volume/v3/0417cbfb5b494d2a8e8800759c1e2db8/groups/256737b6-d4e4-4162-88e7-2e9e8f731811 returned with HTTP 200
Sep 16 06:57:49.548865 dv-cinder-809303-2-smb devstack@c-api.service[100938]: INFO cinder.api.openstack.wsgi [None req-6cf53afc-1f81-4810-b450-f8294fefa2f2 tempest-GroupsV314Test-1884193585 tempest-GroupsV314Test-1884193585-project] http://10.222.0.78/volume/v3/2116c3b43a6a4438b235939bb8955b72/volumes/a33a6adf-f7fb-4925-ad22-e4acacb0cc75 returned with HTTP 404
Sep 16 06:57:49.552655 dv-cinder-809303-2-smb devstack@c-api.service[100937]: [pid: 100937|app: 0|req: 25/50] 10.222.0.78 () {60 vars in 1363 bytes} [Thu Sep 16 06:57:49 2021] GET /volume/v3/0417cbfb5b494d2a8e8800759c1e2db8/groups/256737b6-d4e4-4162-88e7-2e9e8f731811 => generated 322 bytes in 172 msecs (HTTP/1.1 200) 7 headers in 286 bytes (1 switches on core 0)
Sep 16 06:57:49.553531 dv-cinder-809303-2-smb devstack@c-api.service[100938]: [pid: 100938|app: 0|req: 26/51] 10.222.0.78 () {60 vars in 1366 bytes} [Thu Sep 16 06:57:49 2021] GET /volume/v3/2116c3b43a6a4438b235939bb8955b72/volumes/a33a6adf-f7fb-4925-ad22-e4acacb0cc75 => generated 109 bytes in 66 msecs (HTTP/1.1 404) 7 headers in 293 bytes (1 switches on core 0)
Sep 16 06:57:49.569629 dv-cinder-809303-2-smb devstack@c-api.service[100937]: INFO cinder.api.openstack.wsgi [None req-7a65dedf-9018-4f6f-8342-dd10398d886d tempest-GroupsTest-1911973598 tempest-GroupsTest-1911973598-project] POST http://10.222.0.78/volume/v3/0417cbfb5b494d2a8e8800759c1e2db8/volumes
Sep 16 06:57:49.574001 dv-cinder-809303-2-smb devstack@c-api.service[100938]: INFO cinder.api.openstack.wsgi [None req-4c6d522c-0ff5-4691-814f-cebefbfc3c4a tempest-GroupsV314Test-1884193585 tempest-GroupsV314Test-1884193585-project] GET http://10.222.0.78/volume/v3/2116c3b43a6a4438b235939bb8955b72/groups/145eebb1-19e8-4dce-a85e-002c4f8667e4
Sep 16 06:57:49.585725 dv-cinder-809303-2-smb devstack@c-api.service[100937]: /usr/local/lib/python3.8/dist-packages/webob/acceptparse.py:1047: DeprecationWarning: The behavior of AcceptValidHeader.best_match is currently being maintained for backward compatibility, but it will be deprecated in the future, as it does not conform to the RFC.
Sep 16 06:57:49.585725 dv-cinder-809303-2-smb devstack@c-api.service[100937]: warnings.warn(
Sep 16 06:57:49.593596 dv-cinder-809303-2-smb devstack@c-api.service[100938]: DEBUG cinder.api.openstack.wsgi [None req-4c6d522c-0ff5-4691-814f-cebefbfc3c4a tempest-GroupsV314Test-1884193585 tempest-GroupsV314Test-1884193585-project] Empty body provided in request {{(pid=100938) get_body /opt/stack/cinder/cinder/api/openstack/wsgi.py:703}}
Sep 16 06:57:49.594205 dv-cinder-809303-2-smb devstack@c-api.service[100938]: DEBUG cinder.api.openstack.wsgi [None req-4c6d522c-0ff5-4691-814f-cebefbfc3c4a tempest-GroupsV314Test-1884193585 tempest-GroupsV314Test-1884193585-project] Calling method 'version_select' {{(pid=100938) _process_stack /opt/stack/cinder/cinder/api/openstack/wsgi.py:856}}
Sep 16 06:57:49.594597 dv-cinder-809303-2-smb devstack@c-api.service[100938]: DEBUG cinder.api.v3.groups [None req-4c6d522c-0ff5-4691-814f-cebefbfc3c4a tempest-GroupsV314Test-1884193585 tempest-GroupsV314Test-1884193585-project] show called for member 145eebb1-19e8-4dce-a85e-002c4f8667e4 {{(pid=100938) show /opt/stack/cinder/cinder/api/v3/groups.py:58}}
Sep 16 06:57:49.600216 dv-cinder-809303-2-smb devstack@c-api.service[100937]: DEBUG cinder.api.openstack.wsgi [None req-7a65dedf-9018-4f6f-8342-dd10398d886d tempest-GroupsTest-1911973598 tempest-GroupsTest-1911973598-project] Action: 'create', calling method: create, body: {"volume": {"name": "tempest-volume-417504272", "volume_type": "e1641974-5e66-47d8-94c2-bde531d5a83f", "group_id": "392d4ef1-bfd3-4a34-9a92-76209dd707a5", "size": 1}} {{(pid=100937) _process_stack /opt/stack/cinder/cinder/api/openstack/wsgi.py:854}}
Sep 16 06:57:49.605093 dv-cinder-809303-2-smb devstack@c-api.service[100937]: DEBUG cinder.api.v3.volumes [None req-7a65dedf-9018-4f6f-8342-dd10398d886d tempest-GroupsTest-1911973598 tempest-GroupsTest-1911973598-project] Create volume request body: {'volume': {'name': 'tempest-volume-417504272', 'volume_type': 'e1641974-5e66-47d8-94c2-bde531d5a83f', 'group_id': '392d4ef1-bfd3-4a34-9a92-76209dd707a5', 'size': 1}} {{(pid=100937) create /opt/stack/cinder/cinder/api/v3/volumes.py:298}}
Sep 16 06:57:49.610694 dv-cinder-809303-2-smb devstack@c-api.service[100938]: INFO cinder.api.openstack.wsgi [None req-4c6d522c-0ff5-4691-814f-cebefbfc3c4a tempest-GroupsV314Test-1884193585 tempest-GroupsV314Test-1884193585-project] http://10.222.0.78/volume/v3/2116c3b43a6a4438b235939bb8955b72/groups/145eebb1-19e8-4dce-a85e-002c4f8667e4 returned with HTTP 404
Sep 16 06:57:49.611707 dv-cinder-809303-2-smb devstack@c-api.service[100938]: [pid: 100938|app: 0|req: 27/52] 10.222.0.78 () {60 vars in 1363 bytes} [Thu Sep 16 06:57:49 2021] GET /volume/v3/2116c3b43a6a4438b235939bb8955b72/groups/145eebb1-19e8-4dce-a85e-002c4f8667e4 => generated 108 bytes in 53 msecs (HTTP/1.1 404) 7 headers in 293 bytes (1 switches on core 0)
Sep 16 06:57:49.641628 dv-cinder-809303-2-smb devstack@c-api.service[100938]: INFO cinder.api.openstack.wsgi [None req-4e51d095-0b7c-4e0c-8a28-8bbb36d0a394 tempest-GroupsV314Test-1794623130 tempest-GroupsV314Test-1794623130-project-admin] DELETE http://10.222.0.78/volume/v3/75ef4930c0f64cd9b512a3e8603ffafc/group_types/974234b8-382f-45e3-a6cc-bb8ebe5a0efe
Sep 16 06:57:49.642613 dv-cinder-809303-2-smb devstack@c-api.service[100938]: DEBUG cinder.api.openstack.wsgi [None req-4e51d095-0b7c-4e0c-8a28-8bbb36d0a394 tempest-GroupsV314Test-1794623130 tempest-GroupsV314Test-1794623130-project-admin] Empty body provided in request {{(pid=100938) get_body /opt/stack/cinder/cinder/api/openstack/wsgi.py:703}}
Sep 16 06:57:49.643131 dv-cinder-809303-2-smb devstack@c-api.service[100938]: DEBUG cinder.api.openstack.wsgi [None req-4e51d095-0b7c-4e0c-8a28-8bbb36d0a394 tempest-GroupsV314Test-1794623130 tempest-GroupsV314Test-1794623130-project-admin] Calling method 'version_select' {{(pid=100938) _process_stack /opt/stack/cinder/cinder/api/openstack/wsgi.py:856}}
Sep 16 06:57:49.713860 dv-cinder-809303-2-smb devstack@c-api.service[100937]: /usr/local/lib/python3.8/dist-packages/oslo_context/context.py:105: DeprecationWarning: Policy enforcement is depending on the value of is_admin. This key is deprecated. Please update your policy file to use the standard policy values.
Sep 16 06:57:49.713860 dv-cinder-809303-2-smb devstack@c-api.service[100937]: warnings.warn('Policy enforcement is depending on the value of '
Sep 16 06:57:49.724011 dv-cinder-809303-2-smb devstack@c-api.service[100937]: INFO cinder.api.v3.volumes [None req-7a65dedf-9018-4f6f-8342-dd10398d886d tempest-GroupsTest-1911973598 tempest-GroupsTest-1911973598-project] Create volume of 1 GB
Sep 16 06:57:49.773716 dv-cinder-809303-2-smb devstack@c-api.service[100938]: INFO cinder.api.openstack.wsgi [None req-4e51d095-0b7c-4e0c-8a28-8bbb36d0a394 tempest-GroupsV314Test-1794623130 tempest-GroupsV314Test-1794623130-project-admin] http://10.222.0.78/volume/v3/75ef4930c0f64cd9b512a3e8603ffafc/group_types/974234b8-382f-45e3-a6cc-bb8ebe5a0efe returned with HTTP 202
Sep 16 06:57:49.781414 dv-cinder-809303-2-smb devstack@c-api.service[100938]: [pid: 100938|app: 0|req: 28/53] 10.222.0.78 () {60 vars in 1381 bytes} [Thu Sep 16 06:57:49 2021] DELETE /volume/v3/75ef4930c0f64cd9b512a3e8603ffafc/group_types/974234b8-382f-45e3-a6cc-bb8ebe5a0efe => generated 0 bytes in 164 msecs (HTTP/1.1 202) 6 headers in 234 bytes (1 switches on core 0)
Sep 16 06:57:49.815121 dv-cinder-809303-2-smb devstack@c-api.service[100938]: INFO cinder.api.openstack.wsgi [None req-f786e97b-0198-443b-8aa8-046a5895cb4c tempest-GroupsV314Test-1884193585 tempest-GroupsV314Test-1884193585-project] DELETE http://10.222.0.78/volume/v3/2116c3b43a6a4438b235939bb8955b72/volumes/a33a6adf-f7fb-4925-ad22-e4acacb0cc75
Sep 16 06:57:49.816952 dv-cinder-809303-2-smb devstack@c-api.service[100938]: DEBUG cinder.api.openstack.wsgi [None req-f786e97b-0198-443b-8aa8-046a5895cb4c tempest-GroupsV314Test-1884193585 tempest-GroupsV314Test-1884193585-project] Empty body provided in request {{(pid=100938) get_body /opt/stack/cinder/cinder/api/openstack/wsgi.py:703}}
Sep 16 06:57:49.819736 dv-cinder-809303-2-smb devstack@c-api.service[100938]: DEBUG cinder.api.openstack.wsgi [None req-f786e97b-0198-443b-8aa8-046a5895cb4c tempest-GroupsV314Test-1884193585 tempest-GroupsV314Test-1884193585-project] Calling method 'delete' {{(pid=100938) _process_stack /opt/stack/cinder/cinder/api/openstack/wsgi.py:856}}
Sep 16 06:57:49.821722 dv-cinder-809303-2-smb devstack@c-api.service[100938]: INFO cinder.api.v3.volumes [None req-f786e97b-0198-443b-8aa8-046a5895cb4c tempest-GroupsV314Test-1884193585 tempest-GroupsV314Test-1884193585-project] Delete volume with id: a33a6adf-f7fb-4925-ad22-e4acacb0cc75
Sep 16 06:57:49.855968 dv-cinder-809303-2-smb devstack@c-api.service[100937]: DEBUG cinder.volume.api [None req-7a65dedf-9018-4f6f-8342-dd10398d886d tempest-GroupsTest-1911973598 tempest-GroupsTest-1911973598-project] Availability zone cache updated, next update will occur around 2021-09-16 07:57:49.855489. {{(pid=100937) list_availability_zones /opt/stack/cinder/cinder/volume/api.py:148}}
Sep 16 06:57:49.856262 dv-cinder-809303-2-smb devstack@c-api.service[100937]: INFO cinder.volume.api [None req-7a65dedf-9018-4f6f-8342-dd10398d886d tempest-GroupsTest-1911973598 tempest-GroupsTest-1911973598-project] Availability Zones retrieved successfully.
Sep 16 06:57:49.893768 dv-cinder-809303-2-smb devstack@c-api.service[100938]: INFO cinder.api.openstack.wsgi [None req-f786e97b-0198-443b-8aa8-046a5895cb4c tempest-GroupsV314Test-1884193585 tempest-GroupsV314Test-1884193585-project] http://10.222.0.78/volume/v3/2116c3b43a6a4438b235939bb8955b72/volumes/a33a6adf-f7fb-4925-ad22-e4acacb0cc75 returned with HTTP 404
Sep 16 06:57:49.901095 dv-cinder-809303-2-smb devstack@c-api.service[100938]: [pid: 100938|app: 0|req: 29/54] 10.222.0.78 () {58 vars in 1328 bytes} [Thu Sep 16 06:57:49 2021] DELETE /volume/v3/2116c3b43a6a4438b235939bb8955b72/volumes/a33a6adf-f7fb-4925-ad22-e4acacb0cc75 => generated 109 bytes in 110 msecs (HTTP/1.1 404) 7 headers in 292 bytes (1 switches on core 0)
Sep 16 06:57:49.927740 dv-cinder-809303-2-smb devstack@c-api.service[100938]: INFO cinder.api.openstack.wsgi [None req-d114d69a-662e-4056-8aa0-e431f3b5414b tempest-GroupsV314Test-1794623130 tempest-GroupsV314Test-1794623130-project-admin] DELETE http://10.222.0.78/volume/v3/75ef4930c0f64cd9b512a3e8603ffafc/types/6aa03885-4cb8-48ef-a827-ce83f11ee563
Sep 16 06:57:49.928199 dv-cinder-809303-2-smb devstack@c-api.service[100938]: DEBUG cinder.api.openstack.wsgi [None req-d114d69a-662e-4056-8aa0-e431f3b5414b tempest-GroupsV314Test-1794623130 tempest-GroupsV314Test-1794623130-project-admin] Empty body provided in request {{(pid=100938) get_body /opt/stack/cinder/cinder/api/openstack/wsgi.py:703}}
Sep 16 06:57:49.935828 dv-cinder-809303-2-smb devstack@c-api.service[100938]: DEBUG cinder.api.openstack.wsgi [None req-d114d69a-662e-4056-8aa0-e431f3b5414b tempest-GroupsV314Test-1794623130 tempest-GroupsV314Test-1794623130-project-admin] Calling method '_delete' {{(pid=100938) _process_stack /opt/stack/cinder/cinder/api/openstack/wsgi.py:856}}
Sep 16 06:57:50.079621 dv-cinder-809303-2-smb devstack@c-api.service[100937]: DEBUG cinder.volume.api [None req-7a65dedf-9018-4f6f-8342-dd10398d886d tempest-GroupsTest-1911973598 tempest-GroupsTest-1911973598-project] Flow 'volume_create_api' (b83285d2-3929-4a93-8e53-77f47357f88f) transitioned into state 'RUNNING' from state 'PENDING' {{(pid=100937) _flow_receiver /usr/local/lib/python3.8/dist-packages/taskflow/listeners/logging.py:141}}
