Sep 15 22:26:49.250383 dv-cinder-809277-2-iscsi devstack@c-api.service[100816]: [pid: 100816|app: 0|req: 173/351] 10.222.0.41 () {58 vars in 1352 bytes} [Wed Sep 15 22:26:49 2021] GET /volume/v3/96428a58172047ecbf3600949ecc98c8/os-quota-sets/2da9beb13d9c46a1991297f5ced3bea1?usage=True => generated 868 bytes in 85 msecs (HTTP/1.1 200) 7 headers in 285 bytes (2 switches on core 0)
Sep 15 22:26:49.322039 dv-cinder-809277-2-iscsi devstack@c-api.service[100817]: DEBUG cinder.coordination [req-2b5715e2-b15d-42c5-bf85-6409a6e5dbce req-c1d44ef7-4dc8-4750-b8cf-ccb019b9a9c4 tempest-DeleteServersTestJSON-1747597945 tempest-DeleteServersTestJSON-1747597945-project] Lock "b'cinder-attachment_update-48cd25b3-3093-4002-93ec-9b22e9233c65-hv-cinder-80927'" released by "attachment_update" :: held 1.219s {{(pid=100817) _synchronized /opt/stack/cinder/cinder/coordination.py:193}}
Sep 15 22:26:49.322639 dv-cinder-809277-2-iscsi devstack@c-api.service[100817]: INFO cinder.api.openstack.wsgi [req-2b5715e2-b15d-42c5-bf85-6409a6e5dbce req-c1d44ef7-4dc8-4750-b8cf-ccb019b9a9c4 tempest-DeleteServersTestJSON-1747597945 tempest-DeleteServersTestJSON-1747597945-project] http://10.222.0.41/volume/v3/8c684389e96b4fe28cf21245fea653b3/attachments/9da4abd1-9536-4cd3-9608-5a066e9591b8 returned with HTTP 200
Sep 15 22:26:49.323731 dv-cinder-809277-2-iscsi devstack@c-api.service[100817]: [pid: 100817|app: 0|req: 179/352] 10.222.0.47 () {64 vars in 1478 bytes} [Wed Sep 15 22:26:48 2021] PUT /volume/v3/8c684389e96b4fe28cf21245fea653b3/attachments/9da4abd1-9536-4cd3-9608-5a066e9591b8 => generated 747 bytes in 1262 msecs (HTTP/1.1 200) 7 headers in 286 bytes (1 switches on core 0)
Sep 15 22:26:49.331099 dv-cinder-809277-2-iscsi devstack@c-api.service[100817]: INFO cinder.api.openstack.wsgi [None req-cae4a6ae-da9b-4832-90f5-702fbb995da8 tempest-DeleteServersTestJSON-1747597945 tempest-DeleteServersTestJSON-1747597945-project] GET http://10.222.0.41/volume/v3/8c684389e96b4fe28cf21245fea653b3/volumes/48cd25b3-3093-4002-93ec-9b22e9233c65
Sep 15 22:26:49.331781 dv-cinder-809277-2-iscsi devstack@c-api.service[100817]: DEBUG cinder.api.openstack.wsgi [None req-cae4a6ae-da9b-4832-90f5-702fbb995da8 tempest-DeleteServersTestJSON-1747597945 tempest-DeleteServersTestJSON-1747597945-project] Empty body provided in request {{(pid=100817) get_body /opt/stack/cinder/cinder/api/openstack/wsgi.py:703}}
Sep 15 22:26:49.332754 dv-cinder-809277-2-iscsi devstack@c-api.service[100817]: /usr/local/lib/python3.8/dist-packages/webob/acceptparse.py:1047: DeprecationWarning: The behavior of AcceptValidHeader.best_match is currently being maintained for backward compatibility, but it will be deprecated in the future, as it does not conform to the RFC.
Sep 15 22:26:49.332754 dv-cinder-809277-2-iscsi devstack@c-api.service[100817]: warnings.warn(
Sep 15 22:26:49.333456 dv-cinder-809277-2-iscsi devstack@c-api.service[100817]: DEBUG cinder.api.openstack.wsgi [None req-cae4a6ae-da9b-4832-90f5-702fbb995da8 tempest-DeleteServersTestJSON-1747597945 tempest-DeleteServersTestJSON-1747597945-project] Calling method 'show' {{(pid=100817) _process_stack /opt/stack/cinder/cinder/api/openstack/wsgi.py:856}}
Sep 15 22:26:49.366568 dv-cinder-809277-2-iscsi devstack@c-api.service[100817]: /usr/local/lib/python3.8/dist-packages/oslo_context/context.py:105: DeprecationWarning: Policy enforcement is depending on the value of is_admin. This key is deprecated. Please update your policy file to use the standard policy values.
Sep 15 22:26:49.366568 dv-cinder-809277-2-iscsi devstack@c-api.service[100817]: warnings.warn('Policy enforcement is depending on the value of '
Sep 15 22:26:49.388344 dv-cinder-809277-2-iscsi devstack@c-api.service[100817]: INFO cinder.volume.api [None req-cae4a6ae-da9b-4832-90f5-702fbb995da8 tempest-DeleteServersTestJSON-1747597945 tempest-DeleteServersTestJSON-1747597945-project] Volume info retrieved successfully.
Sep 15 22:26:49.395490 dv-cinder-809277-2-iscsi devstack@c-api.service[100816]: INFO cinder.api.openstack.wsgi [None req-01e25dec-d8fb-4d64-a553-2e64c23427f0 tempest-VolumeTypesAccessTest-33123042 tempest-VolumeTypesAccessTest-33123042-project-admin] POST http://10.222.0.41/volume/v3/9de7de921ff5493cb7cdca086127b81c/types
Sep 15 22:26:49.396523 dv-cinder-809277-2-iscsi devstack@c-api.service[100816]: DEBUG cinder.api.openstack.wsgi [None req-01e25dec-d8fb-4d64-a553-2e64c23427f0 tempest-VolumeTypesAccessTest-33123042 tempest-VolumeTypesAccessTest-33123042-project-admin] Action: 'create', calling method: _create, body: {"volume_type": {"name": "tempest-VolumeTypesAccessTest-volume-type-542019754", "os-volume-type-access:is_public": false}} {{(pid=100816) _process_stack /opt/stack/cinder/cinder/api/openstack/wsgi.py:854}}
Sep 15 22:26:49.413777 dv-cinder-809277-2-iscsi devstack@c-api.service[100817]: /usr/local/lib/python3.8/dist-packages/oslo_context/context.py:105: DeprecationWarning: Policy enforcement is depending on the value of is_admin. This key is deprecated. Please update your policy file to use the standard policy values.
Sep 15 22:26:49.413777 dv-cinder-809277-2-iscsi devstack@c-api.service[100817]: warnings.warn('Policy enforcement is depending on the value of '
Sep 15 22:26:49.433565 dv-cinder-809277-2-iscsi devstack@c-api.service[100817]: INFO cinder.api.openstack.wsgi [None req-cae4a6ae-da9b-4832-90f5-702fbb995da8 tempest-DeleteServersTestJSON-1747597945 tempest-DeleteServersTestJSON-1747597945-project] http://10.222.0.41/volume/v3/8c684389e96b4fe28cf21245fea653b3/volumes/48cd25b3-3093-4002-93ec-9b22e9233c65 returned with HTTP 200
Sep 15 22:26:49.435277 dv-cinder-809277-2-iscsi devstack@c-api.service[100817]: [pid: 100817|app: 0|req: 180/353] 10.222.0.41 () {58 vars in 1325 bytes} [Wed Sep 15 22:26:49 2021] GET /volume/v3/8c684389e96b4fe28cf21245fea653b3/volumes/48cd25b3-3093-4002-93ec-9b22e9233c65 => generated 913 bytes in 111 msecs (HTTP/1.1 200) 7 headers in 285 bytes (1 switches on core 0)
Sep 15 22:26:49.442894 dv-cinder-809277-2-iscsi devstack@c-api.service[100817]: INFO cinder.api.openstack.wsgi [None req-7df39f83-aaae-4c1d-a506-1bc15b0beb87 tempest-VolumeQuotasAdminTestJSON-698493224 tempest-VolumeQuotasAdminTestJSON-698493224-project-admin] GET http://10.222.0.41/volume/v3/96428a58172047ecbf3600949ecc98c8/os-quota-sets/0bdbceab758f4deb879f2238531c4e8b?usage=True
Sep 15 22:26:49.443843 dv-cinder-809277-2-iscsi devstack@c-api.service[100817]: DEBUG cinder.api.openstack.wsgi [None req-7df39f83-aaae-4c1d-a506-1bc15b0beb87 tempest-VolumeQuotasAdminTestJSON-698493224 tempest-VolumeQuotasAdminTestJSON-698493224-project-admin] Empty body provided in request {{(pid=100817) get_body /opt/stack/cinder/cinder/api/openstack/wsgi.py:703}}
Sep 15 22:26:49.444224 dv-cinder-809277-2-iscsi devstack@c-api.service[100817]: /usr/local/lib/python3.8/dist-packages/webob/acceptparse.py:1047: DeprecationWarning: The behavior of AcceptValidHeader.best_match is currently being maintained for backward compatibility, but it will be deprecated in the future, as it does not conform to the RFC.
Sep 15 22:26:49.444224 dv-cinder-809277-2-iscsi devstack@c-api.service[100817]: warnings.warn(
Sep 15 22:26:49.444791 dv-cinder-809277-2-iscsi devstack@c-api.service[100817]: DEBUG cinder.api.openstack.wsgi [None req-7df39f83-aaae-4c1d-a506-1bc15b0beb87 tempest-VolumeQuotasAdminTestJSON-698493224 tempest-VolumeQuotasAdminTestJSON-698493224-project-admin] Calling method 'show' {{(pid=100817) _process_stack /opt/stack/cinder/cinder/api/openstack/wsgi.py:856}}
Sep 15 22:26:49.452013 dv-cinder-809277-2-iscsi devstack@c-api.service[100816]: INFO cinder.api.openstack.wsgi [None req-01e25dec-d8fb-4d64-a553-2e64c23427f0 tempest-VolumeTypesAccessTest-33123042 tempest-VolumeTypesAccessTest-33123042-project-admin] http://10.222.0.41/volume/v3/9de7de921ff5493cb7cdca086127b81c/types returned with HTTP 200
Sep 15 22:26:49.455611 dv-cinder-809277-2-iscsi devstack@c-api.service[100816]: [pid: 100816|app: 0|req: 174/354] 10.222.0.41 () {60 vars in 1230 bytes} [Wed Sep 15 22:26:49 2021] POST /volume/v3/9de7de921ff5493cb7cdca086127b81c/types => generated 228 bytes in 202 msecs (HTTP/1.1 200) 7 headers in 285 bytes (1 switches on core 0)
Sep 15 22:26:49.491350 dv-cinder-809277-2-iscsi devstack@c-api.service[100817]: WARNING cinder.quota [None req-7df39f83-aaae-4c1d-a506-1bc15b0beb87 tempest-VolumeQuotasAdminTestJSON-698493224 tempest-VolumeQuotasAdminTestJSON-698493224-project-admin] Deprecated: Default quota for resource: volumes_tempest-VolumeTypesAccessTest-volume-type-542019754 is set by the default quota flag: quota_volumes_tempest-VolumeTypesAccessTest-volume-type-542019754, it is now deprecated. Please use the default quota class for default quota.
Sep 15 22:26:49.494364 dv-cinder-809277-2-iscsi devstack@c-api.service[100817]: WARNING cinder.quota [None req-7df39f83-aaae-4c1d-a506-1bc15b0beb87 tempest-VolumeQuotasAdminTestJSON-698493224 tempest-VolumeQuotasAdminTestJSON-698493224-project-admin] Deprecated: Default quota for resource: gigabytes_tempest-VolumeTypesAccessTest-volume-type-542019754 is set by the default quota flag: quota_gigabytes_tempest-VolumeTypesAccessTest-volume-type-542019754, it is now deprecated. Please use the default quota class for default quota.
Sep 15 22:26:49.496236 dv-cinder-809277-2-iscsi devstack@c-api.service[100817]: WARNING cinder.quota [None req-7df39f83-aaae-4c1d-a506-1bc15b0beb87 tempest-VolumeQuotasAdminTestJSON-698493224 tempest-VolumeQuotasAdminTestJSON-698493224-project-admin] Deprecated: Default quota for resource: snapshots_tempest-VolumeTypesAccessTest-volume-type-542019754 is set by the default quota flag: quota_snapshots_tempest-VolumeTypesAccessTest-volume-type-542019754, it is now deprecated. Please use the default quota class for default quota.
Sep 15 22:26:49.529209 dv-cinder-809277-2-iscsi devstack@c-api.service[100817]: INFO cinder.api.openstack.wsgi [None req-7df39f83-aaae-4c1d-a506-1bc15b0beb87 tempest-VolumeQuotasAdminTestJSON-698493224 tempest-VolumeQuotasAdminTestJSON-698493224-project-admin] http://10.222.0.41/volume/v3/96428a58172047ecbf3600949ecc98c8/os-quota-sets/0bdbceab758f4deb879f2238531c4e8b?usage=True returned with HTTP 200
Sep 15 22:26:49.530128 dv-cinder-809277-2-iscsi devstack@c-api.service[100817]: [pid: 100817|app: 0|req: 181/355] 10.222.0.41 () {58 vars in 1352 bytes} [Wed Sep 15 22:26:49 2021] GET /volume/v3/96428a58172047ecbf3600949ecc98c8/os-quota-sets/0bdbceab758f4deb879f2238531c4e8b?usage=True => generated 1190 bytes in 94 msecs (HTTP/1.1 200) 7 headers in 286 bytes (1 switches on core 0)
Sep 15 22:26:49.546710 dv-cinder-809277-2-iscsi devstack@c-api.service[100817]: INFO cinder.api.openstack.wsgi [None req-adca24c6-0e52-45cb-b086-fb674860b0ab tempest-VolumeQuotasAdminTestJSON-1041523962 tempest-VolumeQuotasAdminTestJSON-1041523962-project] POST http://10.222.0.41/volume/v3/2da9beb13d9c46a1991297f5ced3bea1/os-volume-transfer
Sep 15 22:26:49.547839 dv-cinder-809277-2-iscsi devstack@c-api.service[100817]: DEBUG cinder.api.openstack.wsgi [None req-adca24c6-0e52-45cb-b086-fb674860b0ab tempest-VolumeQuotasAdminTestJSON-1041523962 tempest-VolumeQuotasAdminTestJSON-1041523962-project] Action: 'create', calling method: create, body: {"transfer": {"volume_id": "5772fd35-6e49-492e-8d65-d6322655e327"}} {{(pid=100817) _process_stack /opt/stack/cinder/cinder/api/openstack/wsgi.py:854}}
Sep 15 22:26:49.549930 dv-cinder-809277-2-iscsi devstack@c-api.service[100817]: DEBUG cinder.api.contrib.volume_transfer [None req-adca24c6-0e52-45cb-b086-fb674860b0ab tempest-VolumeQuotasAdminTestJSON-1041523962 tempest-VolumeQuotasAdminTestJSON-1041523962-project] Creating new volume transfer {'transfer': {'volume_id': '5772fd35-6e49-492e-8d65-d6322655e327'}} {{(pid=100817) create /opt/stack/cinder/cinder/api/contrib/volume_transfer.py:85}}
Sep 15 22:26:49.550481 dv-cinder-809277-2-iscsi devstack@c-api.service[100817]: INFO cinder.api.contrib.volume_transfer [None req-adca24c6-0e52-45cb-b086-fb674860b0ab tempest-VolumeQuotasAdminTestJSON-1041523962 tempest-VolumeQuotasAdminTestJSON-1041523962-project] Creating transfer of volume 5772fd35-6e49-492e-8d65-d6322655e327
Sep 15 22:26:49.550855 dv-cinder-809277-2-iscsi devstack@c-api.service[100817]: INFO cinder.transfer.api [None req-adca24c6-0e52-45cb-b086-fb674860b0ab tempest-VolumeQuotasAdminTestJSON-1041523962 tempest-VolumeQuotasAdminTestJSON-1041523962-project] Generating transfer record for volume 5772fd35-6e49-492e-8d65-d6322655e327
Sep 15 22:26:49.566971 dv-cinder-809277-2-iscsi devstack@c-api.service[100817]: /usr/local/lib/python3.8/dist-packages/oslo_context/context.py:105: DeprecationWarning: Policy enforcement is depending on the value of is_admin. This key is deprecated. Please update your policy file to use the standard policy values.
Sep 15 22:26:49.566971 dv-cinder-809277-2-iscsi devstack@c-api.service[100817]: warnings.warn('Policy enforcement is depending on the value of '
Sep 15 22:26:49.599373 dv-cinder-809277-2-iscsi devstack@c-api.service[100817]: INFO cinder.api.openstack.wsgi [None req-adca24c6-0e52-45cb-b086-fb674860b0ab tempest-VolumeQuotasAdminTestJSON-1041523962 tempest-VolumeQuotasAdminTestJSON-1041523962-project] http://10.222.0.41/volume/v3/2da9beb13d9c46a1991297f5ced3bea1/os-volume-transfer returned with HTTP 202
Sep 15 22:26:49.601113 dv-cinder-809277-2-iscsi devstack@c-api.service[100817]: [pid: 100817|app: 0|req: 182/356] 10.222.0.41 () {60 vars in 1268 bytes} [Wed Sep 15 22:26:49 2021] POST /volume/v3/2da9beb13d9c46a1991297f5ced3bea1/os-volume-transfer => generated 507 bytes in 60 msecs (HTTP/1.1 202) 7 headers in 291 bytes (1 switches on core 0)
Sep 15 22:26:49.602205 dv-cinder-809277-2-iscsi devstack@c-api.service[100816]: INFO cinder.api.openstack.wsgi [None req-7db8dbd2-cfa5-4ebd-b894-19c37dc16c0e tempest-VolumeTypesAccessTest-1232655150 tempest-VolumeTypesAccessTest-1232655150-project] POST http://10.222.0.41/volume/v3/53dd40618bdc47ae9503d0d4acf1a1e1/volumes
Sep 15 22:26:49.602960 dv-cinder-809277-2-iscsi devstack@c-api.service[100816]: DEBUG cinder.api.openstack.wsgi [None req-7db8dbd2-cfa5-4ebd-b894-19c37dc16c0e tempest-VolumeTypesAccessTest-1232655150 tempest-VolumeTypesAccessTest-1232655150-project] Action: 'create', calling method: create, body: {"volume": {"volume_type": "7a97847b-0f5e-41fd-a42e-322c722bf085", "size": 1}} {{(pid=100816) _process_stack /opt/stack/cinder/cinder/api/openstack/wsgi.py:854}}
Sep 15 22:26:49.604261 dv-cinder-809277-2-iscsi devstack@c-api.service[100816]: DEBUG cinder.api.v3.volumes [None req-7db8dbd2-cfa5-4ebd-b894-19c37dc16c0e tempest-VolumeTypesAccessTest-1232655150 tempest-VolumeTypesAccessTest-1232655150-project] Create volume request body: {'volume': {'volume_type': '7a97847b-0f5e-41fd-a42e-322c722bf085', 'size': 1}} {{(pid=100816) create /opt/stack/cinder/cinder/api/v3/volumes.py:298}}
Sep 15 22:26:49.651337 dv-cinder-809277-2-iscsi devstack@c-api.service[100816]: INFO cinder.api.openstack.wsgi [None req-7db8dbd2-cfa5-4ebd-b894-19c37dc16c0e tempest-VolumeTypesAccessTest-1232655150 tempest-VolumeTypesAccessTest-1232655150-project] http://10.222.0.41/volume/v3/53dd40618bdc47ae9503d0d4acf1a1e1/volumes returned with HTTP 404
Sep 15 22:26:49.656384 dv-cinder-809277-2-iscsi devstack@c-api.service[100816]: [pid: 100816|app: 0|req: 175/357] 10.222.0.41 () {60 vars in 1235 bytes} [Wed Sep 15 22:26:49 2021] POST /volume/v3/53dd40618bdc47ae9503d0d4acf1a1e1/volumes => generated 114 bytes in 197 msecs (HTTP/1.1 404) 7 headers in 292 bytes (2 switches on core 0)
Sep 15 22:26:49.664053 dv-cinder-809277-2-iscsi devstack@c-api.service[100816]: INFO cinder.api.openstack.wsgi [None req-b173813c-6ffe-4049-bac0-18d22aed6aeb tempest-VolumeTypesAccessTest-33123042 tempest-VolumeTypesAccessTest-33123042-project-admin] POST http://10.222.0.41/volume/v3/9de7de921ff5493cb7cdca086127b81c/types/7a97847b-0f5e-41fd-a42e-322c722bf085/action
Sep 15 22:26:49.664821 dv-cinder-809277-2-iscsi devstack@c-api.service[100816]: DEBUG cinder.api.openstack.wsgi [None req-b173813c-6ffe-4049-bac0-18d22aed6aeb tempest-VolumeTypesAccessTest-33123042 tempest-VolumeTypesAccessTest-33123042-project-admin] Action body: b'{"addProjectAccess": {"project": "53dd40618bdc47ae9503d0d4acf1a1e1"}}' {{(pid=100816) get_method /opt/stack/cinder/cinder/api/openstack/wsgi.py:971}}
Sep 15 22:26:49.664821 dv-cinder-809277-2-iscsi devstack@c-api.service[100816]: DEBUG cinder.api.openstack.wsgi [None req-b173813c-6ffe-4049-bac0-18d22aed6aeb tempest-VolumeTypesAccessTest-33123042 tempest-VolumeTypesAccessTest-33123042-project-admin] Action: 'action', calling method: _addProjectAccess, body: {"addProjectAccess": {"project": "53dd40618bdc47ae9503d0d4acf1a1e1"}} {{(pid=100816) _process_stack /opt/stack/cinder/cinder/api/openstack/wsgi.py:854}}
Sep 15 22:26:49.698536 dv-cinder-809277-2-iscsi devstack@c-api.service[100816]: INFO cinder.api.openstack.wsgi [None req-b173813c-6ffe-4049-bac0-18d22aed6aeb tempest-VolumeTypesAccessTest-33123042 tempest-VolumeTypesAccessTest-33123042-project-admin] http://10.222.0.41/volume/v3/9de7de921ff5493cb7cdca086127b81c/types/7a97847b-0f5e-41fd-a42e-322c722bf085/action returned with HTTP 202
Sep 15 22:26:49.699570 dv-cinder-809277-2-iscsi devstack@c-api.service[100816]: [pid: 100816|app: 0|req: 176/358] 10.222.0.41 () {60 vars in 1361 bytes} [Wed Sep 15 22:26:49 2021] POST /volume/v3/9de7de921ff5493cb7cdca086127b81c/types/7a97847b-0f5e-41fd-a42e-322c722bf085/action => generated 0 bytes in 43 msecs (HTTP/1.1 202) 6 headers in 233 bytes (1 switches on core 0)
Sep 15 22:26:49.712632 dv-cinder-809277-2-iscsi devstack@c-api.service[100816]: INFO cinder.api.openstack.wsgi [None req-3cf1dbcc-104d-4a5a-b5a8-7dbb648a1053 tempest-VolumeTypesAccessTest-1232655150 tempest-VolumeTypesAccessTest-1232655150-project] POST http://10.222.0.41/volume/v3/53dd40618bdc47ae9503d0d4acf1a1e1/volumes
Sep 15 22:26:49.714502 dv-cinder-809277-2-iscsi devstack@c-api.service[100816]: DEBUG cinder.api.openstack.wsgi [None req-3cf1dbcc-104d-4a5a-b5a8-7dbb648a1053 tempest-VolumeTypesAccessTest-1232655150 tempest-VolumeTypesAccessTest-1232655150-project] Action: 'create', calling method: create, body: {"volume": {"volume_type": "7a97847b-0f5e-41fd-a42e-322c722bf085", "size": 1, "name": "tempest-VolumeTypesAccessTest-Volume-1072126223"}} {{(pid=100816) _process_stack /opt/stack/cinder/cinder/api/openstack/wsgi.py:854}}
Sep 15 22:26:49.717745 dv-cinder-809277-2-iscsi devstack@c-api.service[100816]: DEBUG cinder.api.v3.volumes [None req-3cf1dbcc-104d-4a5a-b5a8-7dbb648a1053 tempest-VolumeTypesAccessTest-1232655150 tempest-VolumeTypesAccessTest-1232655150-project] Create volume request body: {'volume': {'volume_type': '7a97847b-0f5e-41fd-a42e-322c722bf085', 'size': 1, 'name': 'tempest-VolumeTypesAccessTest-Volume-1072126223'}} {{(pid=100816) create /opt/stack/cinder/cinder/api/v3/volumes.py:298}}
Sep 15 22:26:49.734038 dv-cinder-809277-2-iscsi devstack@c-api.service[100816]: INFO cinder.api.v3.volumes [None req-3cf1dbcc-104d-4a5a-b5a8-7dbb648a1053 tempest-VolumeTypesAccessTest-1232655150 tempest-VolumeTypesAccessTest-1232655150-project] Create volume of 1 GB
Sep 15 22:26:49.734750 dv-cinder-809277-2-iscsi devstack@c-api.service[100816]: /usr/local/lib/python3.8/dist-packages/oslo_context/context.py:105: DeprecationWarning: Policy enforcement is depending on the value of is_admin. This key is deprecated. Please update your policy file to use the standard policy values.
Sep 15 22:26:49.734750 dv-cinder-809277-2-iscsi devstack@c-api.service[100816]: warnings.warn('Policy enforcement is depending on the value of '
Sep 15 22:26:49.735931 dv-cinder-809277-2-iscsi devstack@c-api.service[100816]: INFO cinder.volume.api [None req-3cf1dbcc-104d-4a5a-b5a8-7dbb648a1053 tempest-VolumeTypesAccessTest-1232655150 tempest-VolumeTypesAccessTest-1232655150-project] Availability Zones retrieved successfully.
Sep 15 22:26:49.769740 dv-cinder-809277-2-iscsi devstack@c-api.service[100817]: INFO cinder.api.openstack.wsgi [None req-d4803a39-1b4f-49bc-acec-47d57daaeb5c tempest-VolumeQuotasAdminTestJSON-2076423229 tempest-VolumeQuotasAdminTestJSON-2076423229-project] POST http://10.222.0.41/volume/v3/0bdbceab758f4deb879f2238531c4e8b/os-volume-transfer/6281f05b-a406-407e-bd5c-e245ecf62683/accept
Sep 15 22:26:49.771224 dv-cinder-809277-2-iscsi devstack@c-api.service[100817]: /usr/local/lib/python3.8/dist-packages/webob/acceptparse.py:1047: DeprecationWarning: The behavior of AcceptValidHeader.best_match is currently being maintained for backward compatibility, but it will be deprecated in the future, as it does not conform to the RFC.
Sep 15 22:26:49.771224 dv-cinder-809277-2-iscsi devstack@c-api.service[100817]: warnings.warn(
Sep 15 22:26:49.772045 dv-cinder-809277-2-iscsi devstack@c-api.service[100817]: DEBUG cinder.api.openstack.wsgi [None req-d4803a39-1b4f-49bc-acec-47d57daaeb5c tempest-VolumeQuotasAdminTestJSON-2076423229 tempest-VolumeQuotasAdminTestJSON-2076423229-project] Action: 'accept', calling method: accept, body: {"accept": {"auth_key": "bf8e94bb51ae5850"}} {{(pid=100817) _process_stack /opt/stack/cinder/cinder/api/openstack/wsgi.py:854}}
Sep 15 22:26:49.773038 dv-cinder-809277-2-iscsi devstack@c-api.service[100816]: DEBUG cinder.volume.api [None req-3cf1dbcc-104d-4a5a-b5a8-7dbb648a1053 tempest-VolumeTypesAccessTest-1232655150 tempest-VolumeTypesAccessTest-1232655150-project] Flow 'volume_create_api' (18a9fdc7-6648-426e-9ee9-022fc8774468) transitioned into state 'RUNNING' from state 'PENDING' {{(pid=100816) _flow_receiver /usr/local/lib/python3.8/dist-packages/taskflow/listeners/logging.py:141}}
Sep 15 22:26:49.774337 dv-cinder-809277-2-iscsi devstack@c-api.service[100817]: DEBUG cinder.api.contrib.volume_transfer [None req-d4803a39-1b4f-49bc-acec-47d57daaeb5c tempest-VolumeQuotasAdminTestJSON-2076423229 tempest-VolumeQuotasAdminTestJSON-2076423229-project] Accepting volume transfer 6281f05b-a406-407e-bd5c-e245ecf62683 {{(pid=100817) accept /opt/stack/cinder/cinder/api/contrib/volume_transfer.py:115}}
Sep 15 22:26:49.775126 dv-cinder-809277-2-iscsi devstack@c-api.service[100817]: INFO cinder.api.contrib.volume_transfer [None req-d4803a39-1b4f-49bc-acec-47d57daaeb5c tempest-VolumeQuotasAdminTestJSON-2076423229 tempest-VolumeQuotasAdminTestJSON-2076423229-project] Accepting transfer 6281f05b-a406-407e-bd5c-e245ecf62683
Sep 15 22:26:49.799745 dv-cinder-809277-2-iscsi devstack@c-api.service[100816]: DEBUG cinder.volume.api [None req-3cf1dbcc-104d-4a5a-b5a8-7dbb648a1053 tempest-VolumeTypesAccessTest-1232655150 tempest-VolumeTypesAccessTest-1232655150-project] Task 'cinder.volume.flows.api.create_volume.ExtractVolumeRequestTask;volume:create' (b13c5c7f-9172-49e1-b351-7978d35a4392) transitioned into state 'RUNNING' from state 'PENDING' {{(pid=100816) _task_receiver /usr/local/lib/python3.8/dist-packages/taskflow/listeners/logging.py:190}}
Sep 15 22:26:49.806980 dv-cinder-809277-2-iscsi devstack@c-api.service[100816]: DEBUG cinder.volume.flows.api.create_volume [None req-3cf1dbcc-104d-4a5a-b5a8-7dbb648a1053 tempest-VolumeTypesAccessTest-1232655150 tempest-VolumeTypesAccessTest-1232655150-project] Validating volume size '1' using validate_int {{(pid=100816) _extract_size /opt/stack/cinder/cinder/volume/flows/api/create_volume.py:225}}
Sep 15 22:26:49.862555 dv-cinder-809277-2-iscsi devstack@c-api.service[100816]: DEBUG cinder.volume.api [None req-3cf1dbcc-104d-4a5a-b5a8-7dbb648a1053 tempest-VolumeTypesAccessTest-1232655150 tempest-VolumeTypesAccessTest-1232655150-project] Task 'cinder.volume.flows.api.create_volume.ExtractVolumeRequestTask;volume:create' (b13c5c7f-9172-49e1-b351-7978d35a4392) transitioned into state 'SUCCESS' from state 'RUNNING' with result '{'size': 1, 'snapshot_id': None, 'source_volid': None, 'volume_type': VolumeType(created_at=2021-09-15T22:26:49Z,deleted=False,deleted_at=None,description=None,extra_specs={},id=7a97847b-0f5e-41fd-a42e-322c722bf085,is_public=False,name='tempest-VolumeTypesAccessTest-volume-type-542019754',projects=[],qos_specs=,qos_specs_id=None,updated_at=None), 'volume_type_id': '7a97847b-0f5e-41fd-a42e-322c722bf085', 'encryption_key_id': None, 'qos_specs': None, 'consistencygroup_id': None, 'cgsnapshot_id': None, 'group_id': None, 'replication_status': 'disabled', 'refresh_az': False, 'backup_id': None, 'multiattach': False, 'availability_zones': ['nova']}' {{(pid=100816) _task_receiver /usr/local/lib/python3.8/dist-packages/taskflow/listeners/logging.py:178}}
Sep 15 22:26:49.865496 dv-cinder-809277-2-iscsi devstack@c-api.service[100816]: DEBUG cinder.volume.api [None req-3cf1dbcc-104d-4a5a-b5a8-7dbb648a1053 tempest-VolumeTypesAccessTest-1232655150 tempest-VolumeTypesAccessTest-1232655150-project] Task 'cinder.volume.flows.api.create_volume.QuotaReserveTask;volume:create' (01032c8d-f243-4236-9858-0026fcfc4d8a) transitioned into state 'RUNNING' from state 'PENDING' {{(pid=100816) _task_receiver /usr/local/lib/python3.8/dist-packages/taskflow/listeners/logging.py:190}}
Sep 15 22:26:49.900424 dv-cinder-809277-2-iscsi devstack@c-api.service[100816]: WARNING cinder.quota [None req-3cf1dbcc-104d-4a5a-b5a8-7dbb648a1053 tempest-VolumeTypesAccessTest-1232655150 tempest-VolumeTypesAccessTest-1232655150-project] Deprecated: Default quota for resource: volumes_tempest-VolumeTypesAccessTest-volume-type-542019754 is set by the default quota flag: quota_volumes_tempest-VolumeTypesAccessTest-volume-type-542019754, it is now deprecated. Please use the default quota class for default quota.
Sep 15 22:26:49.901241 dv-cinder-809277-2-iscsi devstack@c-api.service[100816]: WARNING cinder.quota [None req-3cf1dbcc-104d-4a5a-b5a8-7dbb648a1053 tempest-VolumeTypesAccessTest-1232655150 tempest-VolumeTypesAccessTest-1232655150-project] Deprecated: Default quota for resource: gigabytes_tempest-VolumeTypesAccessTest-volume-type-542019754 is set by the default quota flag: quota_gigabytes_tempest-VolumeTypesAccessTest-volume-type-542019754, it is now deprecated. Please use the default quota class for default quota.
Sep 15 22:26:49.961776 dv-cinder-809277-2-iscsi devstack@c-api.service[100816]: DEBUG cinder.quota [None req-3cf1dbcc-104d-4a5a-b5a8-7dbb648a1053 tempest-VolumeTypesAccessTest-1232655150 tempest-VolumeTypesAccessTest-1232655150-project] Created reservations ['0f2e1897-965d-4324-bea7-ae894eab327c', '264e1cdc-b2c7-444a-ab97-c7dd38e90a6d', 'e4f9b655-7788-4c61-8a93-3a251b482c79', 'c3f6a26b-89aa-4965-abc3-cb970c9d04e7'] {{(pid=100816) reserve /opt/stack/cinder/cinder/quota.py:755}}
Sep 15 22:26:49.964200 dv-cinder-809277-2-iscsi devstack@c-api.service[100816]: DEBUG cinder.volume.api [None req-3cf1dbcc-104d-4a5a-b5a8-7dbb648a1053 tempest-VolumeTypesAccessTest-1232655150 tempest-VolumeTypesAccessTest-1232655150-project] Task 'cinder.volume.flows.api.create_volume.QuotaReserveTask;volume:create' (01032c8d-f243-4236-9858-0026fcfc4d8a) transitioned into state 'SUCCESS' from state 'RUNNING' with result '{'reservations': ['0f2e1897-965d-4324-bea7-ae894eab327c', '264e1cdc-b2c7-444a-ab97-c7dd38e90a6d', 'e4f9b655-7788-4c61-8a93-3a251b482c79', 'c3f6a26b-89aa-4965-abc3-cb970c9d04e7']}' {{(pid=100816) _task_receiver /usr/local/lib/python3.8/dist-packages/taskflow/listeners/logging.py:178}}
Sep 15 22:26:49.968528 dv-cinder-809277-2-iscsi devstack@c-api.service[100816]: DEBUG cinder.volume.api [None req-3cf1dbcc-104d-4a5a-b5a8-7dbb648a1053 tempest-VolumeTypesAccessTest-1232655150 tempest-VolumeTypesAccessTest-1232655150-project] Task 'cinder.volume.flows.api.create_volume.EntryCreateTask;volume:create' (caad88db-1b33-43ff-a70a-e984b1291277) transitioned into state 'RUNNING' from state 'PENDING' {{(pid=100816) _task_receiver /usr/local/lib/python3.8/dist-packages/taskflow/listeners/logging.py:190}}
Sep 15 22:26:50.000647 dv-cinder-809277-2-iscsi devstack@c-api.service[100816]: DEBUG cinder.volume.api [None req-3cf1dbcc-104d-4a5a-b5a8-7dbb648a1053 tempest-VolumeTypesAccessTest-1232655150 tempest-VolumeTypesAccessTest-1232655150-project] Task 'cinder.volume.flows.api.create_volume.EntryCreateTask;volume:create' (caad88db-1b33-43ff-a70a-e984b1291277) transitioned into state 'SUCCESS' from state 'RUNNING' with result '{'volume_id': 'cd4c39c5-59ad-471c-a3b1-1ab352a2d9b0', 'volume_properties': VolumeProperties(attach_status='detached',availability_zone='nova',cgsnapshot_id=None,consistencygroup_id=None,display_description=None,display_name='tempest-VolumeTypesAccessTest-Volume-1072126223',encryption_key_id=None,group_id=None,group_type_id=,metadata={},multiattach=False,project_id='53dd40618bdc47ae9503d0d4acf1a1e1',qos_specs=None,replication_status=,reservations=['0f2e1897-965d-4324-bea7-ae894eab327c','264e1cdc-b2c7-444a-ab97-c7dd38e90a6d','e4f9b655-7788-4c61-8a93-3a251b482c79','c3f6a26b-89aa-4965-abc3-cb970c9d04e7'],size=1,snapshot_id=None,source_replicaid=,source_volid=None,status='creating',user_id='ae9e4518246f4170938dfd55d01cfeca',volume_type_id=7a97847b-0f5e-41fd-a42e-322c722bf085), 'volume': Volume(_name_id=None,admin_metadata=,attach_status='detached',availability_zone='nova',bootable=False,cluster=,cluster_name=None,consistencygroup=,consistencygroup_id=None,created_at=2021-09-15T22:26:49Z,deleted=False,deleted_at=None,display_description=None,display_name='tempest-VolumeTypesAccessTest-Volume-1072126223',ec2_id=None,encryption_key_id=None,glance_metadata=,group=,group_id=None,host=None,id=cd4c39c5-59ad-471c-a3b1-1ab352a2d9b0,launched_at=None,metadata={},migration_status=None,multiattach=False,previous_status=None,project_id='53dd40618bdc47ae9503d0d4acf1a1e1',provider_auth=None,provider_geometry=None,provider_id=None,provider_location=None,replication_driver_data=None,replication_extended_status=None,replication_status=None,scheduled_at=None,service_uuid=None,shared_targets=True,size=1,snapshot_id=None,snapshots=,source_volid=None,status='creating',terminated_at=None,updated_at=None,use_quota=True,user_id='ae9e4518246f4170938dfd55d01cfeca',volume_attachment=,volume_type=VolumeType(7a97847b-0f5e-41fd-a42e-322c722bf085),volume_type_id=7a97847b-0f5e-41fd-a42e-322c722bf085)}' {{(pid=100816) _task_receiver /usr/local/lib/python3.8/dist-packages/taskflow/listeners/logging.py:178}}
Sep 15 22:26:50.004860 dv-cinder-809277-2-iscsi devstack@c-api.service[100816]: DEBUG cinder.volume.api [None req-3cf1dbcc-104d-4a5a-b5a8-7dbb648a1053 tempest-VolumeTypesAccessTest-1232655150 tempest-VolumeTypesAccessTest-1232655150-project] Task 'cinder.volume.flows.api.create_volume.QuotaCommitTask;volume:create' (4ae6e5fb-e47b-4eba-926a-af918dde55ea) transitioned into state 'RUNNING' from state 'PENDING' {{(pid=100816) _task_receiver /usr/local/lib/python3.8/dist-packages/taskflow/listeners/logging.py:190}}
Sep 15 22:26:50.019633 dv-cinder-809277-2-iscsi devstack@c-api.service[100817]: DEBUG cinder.quota [None req-d4803a39-1b4f-49bc-acec-47d57daaeb5c tempest-VolumeQuotasAdminTestJSON-2076423229 tempest-VolumeQuotasAdminTestJSON-2076423229-project] Created reservations ['fcff125d-c143-4696-b092-ad09d588edd9', 'c75d2045-c91e-4ad8-b8cb-e32716261b4b', '84cd767e-ee36-440e-818d-6f5416eccc83', '1dbb7707-9836-4275-9c99-739d1697833d'] {{(pid=100817) reserve /opt/stack/cinder/cinder/quota.py:755}}
Sep 15 22:26:50.047147 dv-cinder-809277-2-iscsi devstack@c-api.service[100816]: DEBUG cinder.volume.api [None req-3cf1dbcc-104d-4a5a-b5a8-7dbb648a1053 tempest-VolumeTypesAccessTest-1232655150 tempest-VolumeTypesAccessTest-1232655150-project] Task 'cinder.volume.flows.api.create_volume.QuotaCommitTask;volume:create' (4ae6e5fb-e47b-4eba-926a-af918dde55ea) transitioned into state 'SUCCESS' from state 'RUNNING' with result '{'volume_properties': VolumeProperties(attach_status='detached',availability_zone='nova',cgsnapshot_id=None,consistencygroup_id=None,display_description=None,display_name='tempest-VolumeTypesAccessTest-Volume-1072126223',encryption_key_id=None,group_id=None,group_type_id=,metadata={},multiattach=False,project_id='53dd40618bdc47ae9503d0d4acf1a1e1',qos_specs=None,replication_status=,reservations=['0f2e1897-965d-4324-bea7-ae894eab327c','264e1cdc-b2c7-444a-ab97-c7dd38e90a6d','e4f9b655-7788-4c61-8a93-3a251b482c79','c3f6a26b-89aa-4965-abc3-cb970c9d04e7'],size=1,snapshot_id=None,source_replicaid=,source_volid=None,status='creating',user_id='ae9e4518246f4170938dfd55d01cfeca',volume_type_id=7a97847b-0f5e-41fd-a42e-322c722bf085)}' {{(pid=100816) _task_receiver /usr/local/lib/python3.8/dist-packages/taskflow/listeners/logging.py:178}}
Sep 15 22:26:50.052786 dv-cinder-809277-2-iscsi devstack@c-api.service[100816]: DEBUG cinder.volume.api [None req-3cf1dbcc-104d-4a5a-b5a8-7dbb648a1053 tempest-VolumeTypesAccessTest-1232655150 tempest-VolumeTypesAccessTest-1232655150-project] Task 'cinder.volume.flows.api.create_volume.VolumeCastTask;volume:create' (350c73a7-af09-44c1-9c83-d35427b9e4cb) transitioned into state 'RUNNING' from state 'PENDING' {{(pid=100816) _task_receiver /usr/local/lib/python3.8/dist-packages/taskflow/listeners/logging.py:190}}
Sep 15 22:26:50.081390 dv-cinder-809277-2-iscsi devstack@c-api.service[100817]: DEBUG cinder.quota [None req-d4803a39-1b4f-49bc-acec-47d57daaeb5c tempest-VolumeQuotasAdminTestJSON-2076423229 tempest-VolumeQuotasAdminTestJSON-2076423229-project] Created reservations ['4651afcc-27f5-4abd-8bec-b04fca1ddd36', 'b4578024-e7fa-485d-bdd0-6b1f66d18a17', '20919119-2ff4-4faf-a93f-61b269b6c8bb', '3ead250d-9592-40ab-9c03-6c5e1992f494'] {{(pid=100817) reserve /opt/stack/cinder/cinder/quota.py:755}}
Sep 15 22:26:50.096554 dv-cinder-809277-2-iscsi devstack@c-api.service[100816]: DEBUG cinder.volume.api [None req-3cf1dbcc-104d-4a5a-b5a8-7dbb648a1053 tempest-VolumeTypesAccessTest-1232655150 tempest-VolumeTypesAccessTest-1232655150-project] Task 'cinder.volume.flows.api.create_volume.VolumeCastTask;volume:create' (350c73a7-af09-44c1-9c83-d35427b9e4cb) transitioned into state 'SUCCESS' from state 'RUNNING' with result 'None' {{(pid=100816) _task_receiver /usr/local/lib/python3.8/dist-packages/taskflow/listeners/logging.py:178}}
Sep 15 22:26:50.103885 dv-cinder-809277-2-iscsi devstack@c-api.service[100816]: DEBUG cinder.volume.api [None req-3cf1dbcc-104d-4a5a-b5a8-7dbb648a1053 tempest-VolumeTypesAccessTest-1232655150 tempest-VolumeTypesAccessTest-1232655150-project] Flow 'volume_create_api' (18a9fdc7-6648-426e-9ee9-022fc8774468) transitioned into state 'SUCCESS' from state 'RUNNING' {{(pid=100816) _flow_receiver /usr/local/lib/python3.8/dist-packages/taskflow/listeners/logging.py:141}}
Sep 15 22:26:50.105319 dv-cinder-809277-2-iscsi devstack@c-api.service[100816]: INFO cinder.volume.api [None req-3cf1dbcc-104d-4a5a-b5a8-7dbb648a1053 tempest-VolumeTypesAccessTest-1232655150 tempest-VolumeTypesAccessTest-1232655150-project] Create volume request issued successfully.
Sep 15 22:26:50.130573 dv-cinder-809277-2-iscsi devstack@c-api.service[100816]: INFO cinder.api.openstack.wsgi [None req-3cf1dbcc-104d-4a5a-b5a8-7dbb648a1053 tempest-VolumeTypesAccessTest-1232655150 tempest-VolumeTypesAccessTest-1232655150-project] http://10.222.0.41/volume/v3/53dd40618bdc47ae9503d0d4acf1a1e1/volumes returned with HTTP 202
Sep 15 22:26:50.141618 dv-cinder-809277-2-iscsi devstack@c-api.service[100816]: [pid: 100816|app: 0|req: 177/359] 10.222.0.41 () {60 vars in 1236 bytes} [Wed Sep 15 22:26:49 2021] POST /volume/v3/53dd40618bdc47ae9503d0d4acf1a1e1/volumes => generated 861 bytes in 428 msecs (HTTP/1.1 202) 7 headers in 291 bytes (1 switches on core 0)
Sep 15 22:26:50.146290 dv-cinder-809277-2-iscsi devstack@c-api.service[100816]: INFO cinder.api.openstack.wsgi [None req-74e8273b-3a25-486a-b505-867f75200a47 tempest-VolumesDeleteCascade-214785572 tempest-VolumesDeleteCascade-214785572-project] GET http://10.222.0.41/volume/v3/e7587a17fa7b43b7b886b2b0ecf6cc52/volumes/c5b33e19-38e9-44e4-87d2-ee32ee8b38ec
Sep 15 22:26:50.146720 dv-cinder-809277-2-iscsi devstack@c-api.service[100816]: DEBUG cinder.api.openstack.wsgi [None req-74e8273b-3a25-486a-b505-867f75200a47 tempest-VolumesDeleteCascade-214785572 tempest-VolumesDeleteCascade-214785572-project] Empty body provided in request {{(pid=100816) get_body /opt/stack/cinder/cinder/api/openstack/wsgi.py:703}}
Sep 15 22:26:50.146909 dv-cinder-809277-2-iscsi devstack@c-api.service[100816]: /usr/local/lib/python3.8/dist-packages/webob/acceptparse.py:1047: DeprecationWarning: The behavior of AcceptValidHeader.best_match is currently being maintained for backward compatibility, but it will be deprecated in the future, as it does not conform to the RFC.
Sep 15 22:26:50.146909 dv-cinder-809277-2-iscsi devstack@c-api.service[100816]: warnings.warn(
Sep 15 22:26:50.147251 dv-cinder-809277-2-iscsi devstack@c-api.service[100816]: DEBUG cinder.api.openstack.wsgi [None req-74e8273b-3a25-486a-b505-867f75200a47 tempest-VolumesDeleteCascade-214785572 tempest-VolumesDeleteCascade-214785572-project] Calling method 'show' {{(pid=100816) _process_stack /opt/stack/cinder/cinder/api/openstack/wsgi.py:856}}
Sep 15 22:26:50.150313 dv-cinder-809277-2-iscsi devstack@c-api.service[100817]: DEBUG cinder.quota [None req-d4803a39-1b4f-49bc-acec-47d57daaeb5c tempest-VolumeQuotasAdminTestJSON-2076423229 tempest-VolumeQuotasAdminTestJSON-2076423229-project] Created reservations ['1a2f87f5-57d0-445d-a6aa-00f03c65c963', 'd1a81f56-8fa9-4b5e-81fa-7dcc8b7abbce', 'd0d0de58-ab44-4cca-97cb-aa4bb922d657', '35b8bacf-03a3-4d7d-8a79-96551f1b243f'] {{(pid=100817) reserve /opt/stack/cinder/cinder/quota.py:755}}
Sep 15 22:26:50.167608 dv-cinder-809277-2-iscsi devstack@c-api.service[100816]: INFO cinder.api.openstack.wsgi [None req-74e8273b-3a25-486a-b505-867f75200a47 tempest-VolumesDeleteCascade-214785572 tempest-VolumesDeleteCascade-214785572-project] http://10.222.0.41/volume/v3/e7587a17fa7b43b7b886b2b0ecf6cc52/volumes/c5b33e19-38e9-44e4-87d2-ee32ee8b38ec returned with HTTP 404
Sep 15 22:26:50.174728 dv-cinder-809277-2-iscsi devstack@c-api.service[100816]: [pid: 100816|app: 0|req: 178/360] 10.222.0.41 () {58 vars in 1325 bytes} [Wed Sep 15 22:26:50 2021] GET /volume/v3/e7587a17fa7b43b7b886b2b0ecf6cc52/volumes/c5b33e19-38e9-44e4-87d2-ee32ee8b38ec => generated 109 bytes in 36 msecs (HTTP/1.1 404) 7 headers in 292 bytes (1 switches on core 0)
Sep 15 22:26:50.181617 dv-cinder-809277-2-iscsi devstack@c-api.service[100816]: INFO cinder.api.openstack.wsgi [None req-ce7e2116-6674-4483-a0a6-cbf42a79319d tempest-VolumeTypesAccessTest-1232655150 tempest-VolumeTypesAccessTest-1232655150-project] GET http://10.222.0.41/volume/v3/53dd40618bdc47ae9503d0d4acf1a1e1/volumes/cd4c39c5-59ad-471c-a3b1-1ab352a2d9b0
Sep 15 22:26:50.182092 dv-cinder-809277-2-iscsi devstack@c-api.service[100816]: DEBUG cinder.api.openstack.wsgi [None req-ce7e2116-6674-4483-a0a6-cbf42a79319d tempest-VolumeTypesAccessTest-1232655150 tempest-VolumeTypesAccessTest-1232655150-project] Empty body provided in request {{(pid=100816) get_body /opt/stack/cinder/cinder/api/openstack/wsgi.py:703}}
Sep 15 22:26:50.182695 dv-cinder-809277-2-iscsi devstack@c-api.service[100816]: DEBUG cinder.api.openstack.wsgi [None req-ce7e2116-6674-4483-a0a6-cbf42a79319d tempest-VolumeTypesAccessTest-1232655150 tempest-VolumeTypesAccessTest-1232655150-project] Calling method 'show' {{(pid=100816) _process_stack /opt/stack/cinder/cinder/api/openstack/wsgi.py:856}}
Sep 15 22:26:50.214288 dv-cinder-809277-2-iscsi devstack@c-api.service[100816]: /usr/local/lib/python3.8/dist-packages/oslo_context/context.py:105: DeprecationWarning: Policy enforcement is depending on the value of is_admin. This key is deprecated. Please update your policy file to use the standard policy values.
Sep 15 22:26:50.214288 dv-cinder-809277-2-iscsi devstack@c-api.service[100816]: warnings.warn('Policy enforcement is depending on the value of '
Sep 15 22:26:50.223281 dv-cinder-809277-2-iscsi devstack@c-api.service[100817]: DEBUG cinder.quota [None req-d4803a39-1b4f-49bc-acec-47d57daaeb5c tempest-VolumeQuotasAdminTestJSON-2076423229 tempest-VolumeQuotasAdminTestJSON-2076423229-project] Created reservations ['2173c896-2205-4a9f-8d12-046147cb88ac', '6e6196fa-7e1d-4243-b838-e0d698ccd8e3', '39e237cf-cf25-451d-94a2-2d482c22d1d0', '48d636d8-ef84-4f05-a2dd-bef8ae956597'] {{(pid=100817) reserve /opt/stack/cinder/cinder/quota.py:755}}
Sep 15 22:26:50.225544 dv-cinder-809277-2-iscsi devstack@c-api.service[100816]: INFO cinder.volume.api [None req-ce7e2116-6674-4483-a0a6-cbf42a79319d tempest-VolumeTypesAccessTest-1232655150 tempest-VolumeTypesAccessTest-1232655150-project] Volume info retrieved successfully.
Sep 15 22:26:50.229136 dv-cinder-809277-2-iscsi devstack@c-api.service[100817]: /usr/local/lib/python3.8/dist-packages/oslo_context/context.py:105: DeprecationWarning: Policy enforcement is depending on the value of is_admin. This key is deprecated. Please update your policy file to use the standard policy values.
Sep 15 22:26:50.229136 dv-cinder-809277-2-iscsi devstack@c-api.service[100817]: warnings.warn('Policy enforcement is depending on the value of '
Sep 15 22:26:50.244018 dv-cinder-809277-2-iscsi devstack@c-api.service[100816]: INFO cinder.api.openstack.wsgi [None req-ce7e2116-6674-4483-a0a6-cbf42a79319d tempest-VolumeTypesAccessTest-1232655150 tempest-VolumeTypesAccessTest-1232655150-project] http://10.222.0.41/volume/v3/53dd40618bdc47ae9503d0d4acf1a1e1/volumes/cd4c39c5-59ad-471c-a3b1-1ab352a2d9b0 returned with HTTP 200
Sep 15 22:26:50.245371 dv-cinder-809277-2-iscsi devstack@c-api.service[100816]: [pid: 100816|app: 0|req: 179/361] 10.222.0.41 () {58 vars in 1325 bytes} [Wed Sep 15 22:26:50 2021] GET /volume/v3/53dd40618bdc47ae9503d0d4acf1a1e1/volumes/cd4c39c5-59ad-471c-a3b1-1ab352a2d9b0 => generated 929 bytes in 73 msecs (HTTP/1.1 200) 7 headers in 285 bytes (1 switches on core 0)
Sep 15 22:26:50.249821 dv-cinder-809277-2-iscsi devstack@c-api.service[100816]: INFO cinder.api.openstack.wsgi [None req-c63b47f0-b608-4851-af89-9e5cf1be8377 tempest-VolumesDeleteCascade-214785572 tempest-VolumesDeleteCascade-214785572-project] DELETE http://10.222.0.41/volume/v3/e7587a17fa7b43b7b886b2b0ecf6cc52/snapshots/1891ebe0-8b8b-4dfe-9640-9db658868b2a
Sep 15 22:26:50.250419 dv-cinder-809277-2-iscsi devstack@c-api.service[100816]: DEBUG cinder.api.openstack.wsgi [None req-c63b47f0-b608-4851-af89-9e5cf1be8377 tempest-VolumesDeleteCascade-214785572 tempest-VolumesDeleteCascade-214785572-project] Empty body provided in request {{(pid=100816) get_body /opt/stack/cinder/cinder/api/openstack/wsgi.py:703}}
Sep 15 22:26:50.250715 dv-cinder-809277-2-iscsi devstack@c-api.service[100816]: /usr/local/lib/python3.8/dist-packages/webob/acceptparse.py:1047: DeprecationWarning: The behavior of AcceptValidHeader.best_match is currently being maintained for backward compatibility, but it will be deprecated in the future, as it does not conform to the RFC.
Sep 15 22:26:50.250715 dv-cinder-809277-2-iscsi devstack@c-api.service[100816]: warnings.warn(
Sep 15 22:26:50.251249 dv-cinder-809277-2-iscsi devstack@c-api.service[100816]: DEBUG cinder.api.openstack.wsgi [None req-c63b47f0-b608-4851-af89-9e5cf1be8377 tempest-VolumesDeleteCascade-214785572 tempest-VolumesDeleteCascade-214785572-project] Calling method 'delete' {{(pid=100816) _process_stack /opt/stack/cinder/cinder/api/openstack/wsgi.py:856}}
Sep 15 22:26:50.252228 dv-cinder-809277-2-iscsi devstack@c-api.service[100816]: INFO cinder.api.v2.snapshots [None req-c63b47f0-b608-4851-af89-9e5cf1be8377 tempest-VolumesDeleteCascade-214785572 tempest-VolumesDeleteCascade-214785572-project] Delete snapshot with id: 1891ebe0-8b8b-4dfe-9640-9db658868b2a
Sep 15 22:26:50.261717 dv-cinder-809277-2-iscsi devstack@c-api.service[100816]: INFO cinder.api.openstack.wsgi [None req-c63b47f0-b608-4851-af89-9e5cf1be8377 tempest-VolumesDeleteCascade-214785572 tempest-VolumesDeleteCascade-214785572-project] http://10.222.0.41/volume/v3/e7587a17fa7b43b7b886b2b0ecf6cc52/snapshots/1891ebe0-8b8b-4dfe-9640-9db658868b2a returned with HTTP 404
Sep 15 22:26:50.263318 dv-cinder-809277-2-iscsi devstack@c-api.service[100816]: [pid: 100816|app: 0|req: 180/362] 10.222.0.41 () {58 vars in 1334 bytes} [Wed Sep 15 22:26:50 2021] DELETE /volume/v3/e7587a17fa7b43b7b886b2b0ecf6cc52/snapshots/1891ebe0-8b8b-4dfe-9640-9db658868b2a => generated 111 bytes in 17 msecs (HTTP/1.1 404) 7 headers in 292 bytes (1 switches on core 0)
Sep 15 22:26:50.269476 dv-cinder-809277-2-iscsi devstack@c-api.service[100817]: INFO cinder.volume.api [None req-d4803a39-1b4f-49bc-acec-47d57daaeb5c tempest-VolumeQuotasAdminTestJSON-2076423229 tempest-VolumeQuotasAdminTestJSON-2076423229-project] Transfer volume completed successfully.
Sep 15 22:26:50.276573 dv-cinder-809277-2-iscsi devstack@c-api.service[100816]: INFO cinder.api.openstack.wsgi [None req-ad34ac38-3052-4058-957a-8cc3664ac1b4 tempest-VolumesDeleteCascade-214785572 tempest-VolumesDeleteCascade-214785572-project] DELETE http://10.222.0.41/volume/v3/e7587a17fa7b43b7b886b2b0ecf6cc52/volumes/cb6ef656-54f2-44c9-93f0-d113050d2900
Sep 15 22:26:50.278457 dv-cinder-809277-2-iscsi devstack@c-api.service[100816]: DEBUG cinder.api.openstack.wsgi [None req-ad34ac38-3052-4058-957a-8cc3664ac1b4 tempest-VolumesDeleteCascade-214785572 tempest-VolumesDeleteCascade-214785572-project] Empty body provided in request {{(pid=100816) get_body /opt/stack/cinder/cinder/api/openstack/wsgi.py:703}}
Sep 15 22:26:50.278457 dv-cinder-809277-2-iscsi devstack@c-api.service[100816]: DEBUG cinder.api.openstack.wsgi [None req-ad34ac38-3052-4058-957a-8cc3664ac1b4 tempest-VolumesDeleteCascade-214785572 tempest-VolumesDeleteCascade-214785572-project] Calling method 'delete' {{(pid=100816) _process_stack /opt/stack/cinder/cinder/api/openstack/wsgi.py:856}}
Sep 15 22:26:50.278457 dv-cinder-809277-2-iscsi devstack@c-api.service[100816]: INFO cinder.api.v3.volumes [None req-ad34ac38-3052-4058-957a-8cc3664ac1b4 tempest-VolumesDeleteCascade-214785572 tempest-VolumesDeleteCascade-214785572-project] Delete volume with id: cb6ef656-54f2-44c9-93f0-d113050d2900
Sep 15 22:26:50.290231 dv-cinder-809277-2-iscsi devstack@c-api.service[100816]: INFO cinder.api.openstack.wsgi [None req-ad34ac38-3052-4058-957a-8cc3664ac1b4 tempest-VolumesDeleteCascade-214785572 tempest-VolumesDeleteCascade-214785572-project] http://10.222.0.41/volume/v3/e7587a17fa7b43b7b886b2b0ecf6cc52/volumes/cb6ef656-54f2-44c9-93f0-d113050d2900 returned with HTTP 404
Sep 15 22:26:50.294606 dv-cinder-809277-2-iscsi devstack@c-api.service[100816]: [pid: 100816|app: 0|req: 181/363] 10.222.0.41 () {58 vars in 1328 bytes} [Wed Sep 15 22:26:50 2021] DELETE /volume/v3/e7587a17fa7b43b7b886b2b0ecf6cc52/volumes/cb6ef656-54f2-44c9-93f0-d113050d2900 => generated 109 bytes in 28 msecs (HTTP/1.1 404) 7 headers in 292 bytes (2 switches on core 0)
Sep 15 22:26:50.300609 dv-cinder-809277-2-iscsi devstack@c-api.service[100816]: INFO cinder.api.openstack.wsgi [None req-cb473ba4-b75f-4de3-ad4f-6106a9e4fd92 tempest-VolumesDeleteCascade-214785572 tempest-VolumesDeleteCascade-214785572-project] DELETE http://10.222.0.41/volume/v3/e7587a17fa7b43b7b886b2b0ecf6cc52/snapshots/ce9e1636-be8d-4034-ad21-336fffb7aa53
Sep 15 22:26:50.301007 dv-cinder-809277-2-iscsi devstack@c-api.service[100816]: DEBUG cinder.api.openstack.wsgi [None req-cb473ba4-b75f-4de3-ad4f-6106a9e4fd92 tempest-VolumesDeleteCascade-214785572 tempest-VolumesDeleteCascade-214785572-project] Empty body provided in request {{(pid=100816) get_body /opt/stack/cinder/cinder/api/openstack/wsgi.py:703}}
Sep 15 22:26:50.301413 dv-cinder-809277-2-iscsi devstack@c-api.service[100816]: DEBUG cinder.api.openstack.wsgi [None req-cb473ba4-b75f-4de3-ad4f-6106a9e4fd92 tempest-VolumesDeleteCascade-214785572 tempest-VolumesDeleteCascade-214785572-project] Calling method 'delete' {{(pid=100816) _process_stack /opt/stack/cinder/cinder/api/openstack/wsgi.py:856}}
Sep 15 22:26:50.301704 dv-cinder-809277-2-iscsi devstack@c-api.service[100816]: INFO cinder.api.v2.snapshots [None req-cb473ba4-b75f-4de3-ad4f-6106a9e4fd92 tempest-VolumesDeleteCascade-214785572 tempest-VolumesDeleteCascade-214785572-project] Delete snapshot with id: ce9e1636-be8d-4034-ad21-336fffb7aa53
Sep 15 22:26:50.308944 dv-cinder-809277-2-iscsi devstack@c-api.service[100816]: INFO cinder.api.openstack.wsgi [None req-cb473ba4-b75f-4de3-ad4f-6106a9e4fd92 tempest-VolumesDeleteCascade-214785572 tempest-VolumesDeleteCascade-214785572-project] http://10.222.0.41/volume/v3/e7587a17fa7b43b7b886b2b0ecf6cc52/snapshots/ce9e1636-be8d-4034-ad21-336fffb7aa53 returned with HTTP 404
Sep 15 22:26:50.311875 dv-cinder-809277-2-iscsi devstack@c-api.service[100816]: [pid: 100816|app: 0|req: 182/364] 10.222.0.41 () {58 vars in 1334 bytes} [Wed Sep 15 22:26:50 2021] DELETE /volume/v3/e7587a17fa7b43b7b886b2b0ecf6cc52/snapshots/ce9e1636-be8d-4034-ad21-336fffb7aa53 => generated 111 bytes in 17 msecs (HTTP/1.1 404) 7 headers in 292 bytes (1 switches on core 0)
Sep 15 22:26:50.321572 dv-cinder-809277-2-iscsi devstack@c-api.service[100816]: INFO cinder.api.openstack.wsgi [None req-2a9fa09a-83a5-4b1d-85a4-69b7e44dcf63 tempest-VolumesDeleteCascade-214785572 tempest-VolumesDeleteCascade-214785572-project] DELETE http://10.222.0.41/volume/v3/e7587a17fa7b43b7b886b2b0ecf6cc52/snapshots/8346ce51-beaa-4409-8a7f-27072ba2af6d
Sep 15 22:26:50.323166 dv-cinder-809277-2-iscsi devstack@c-api.service[100816]: DEBUG cinder.api.openstack.wsgi [None req-2a9fa09a-83a5-4b1d-85a4-69b7e44dcf63 tempest-VolumesDeleteCascade-214785572 tempest-VolumesDeleteCascade-214785572-project] Empty body provided in request {{(pid=100816) get_body /opt/stack/cinder/cinder/api/openstack/wsgi.py:703}}
Sep 15 22:26:50.323900 dv-cinder-809277-2-iscsi devstack@c-api.service[100816]: DEBUG cinder.api.openstack.wsgi [None req-2a9fa09a-83a5-4b1d-85a4-69b7e44dcf63 tempest-VolumesDeleteCascade-214785572 tempest-VolumesDeleteCascade-214785572-project] Calling method 'delete' {{(pid=100816) _process_stack /opt/stack/cinder/cinder/api/openstack/wsgi.py:856}}
