Sep 17 16:03:40.670393 dv-cinder-809206-2-smb devstack@c-api.service[101619]: INFO cinder.api.openstack.wsgi [req-b75c0685-0a0d-4e41-b2ae-394dfbb1ebe2 req-446cee8c-6ac2-4a04-a2a6-38dbcf944c33 tempest-AttachVolumeNegativeTest-185106365 tempest-AttachVolumeNegativeTest-185106365-project] POST http://10.222.0.41/volume/v3/d63971dfc8104ca4a4eb97bbdb96c317/attachments/75fc72fd-095d-40c8-ac1e-db30eeb38c45/action
Sep 17 16:03:40.671012 dv-cinder-809206-2-smb devstack@c-api.service[101619]: /usr/local/lib/python3.8/dist-packages/webob/acceptparse.py:1047: DeprecationWarning: The behavior of AcceptValidHeader.best_match is currently being maintained for backward compatibility, but it will be deprecated in the future, as it does not conform to the RFC.
Sep 17 16:03:40.671012 dv-cinder-809206-2-smb devstack@c-api.service[101619]: warnings.warn(
Sep 17 16:03:40.671592 dv-cinder-809206-2-smb devstack@c-api.service[101619]: DEBUG cinder.api.openstack.wsgi [req-b75c0685-0a0d-4e41-b2ae-394dfbb1ebe2 req-446cee8c-6ac2-4a04-a2a6-38dbcf944c33 tempest-AttachVolumeNegativeTest-185106365 tempest-AttachVolumeNegativeTest-185106365-project] Action body: b'{"os-complete": null}' {{(pid=101619) get_method /opt/stack/cinder/cinder/api/openstack/wsgi.py:971}}
Sep 17 16:03:40.672080 dv-cinder-809206-2-smb devstack@c-api.service[101619]: DEBUG cinder.api.openstack.wsgi [req-b75c0685-0a0d-4e41-b2ae-394dfbb1ebe2 req-446cee8c-6ac2-4a04-a2a6-38dbcf944c33 tempest-AttachVolumeNegativeTest-185106365 tempest-AttachVolumeNegativeTest-185106365-project] Action: 'action', calling method: version_select, body: {"os-complete": null} {{(pid=101619) _process_stack /opt/stack/cinder/cinder/api/openstack/wsgi.py:854}}
Sep 17 16:03:40.711257 dv-cinder-809206-2-smb devstack@c-api.service[101619]: /usr/local/lib/python3.8/dist-packages/oslo_context/context.py:105: DeprecationWarning: Policy enforcement is depending on the value of is_admin. This key is deprecated. Please update your policy file to use the standard policy values.
Sep 17 16:03:40.711257 dv-cinder-809206-2-smb devstack@c-api.service[101619]: warnings.warn('Policy enforcement is depending on the value of '
Sep 17 16:03:40.939194 dv-cinder-809206-2-smb devstack@c-api.service[101619]: INFO cinder.api.openstack.wsgi [req-b75c0685-0a0d-4e41-b2ae-394dfbb1ebe2 req-446cee8c-6ac2-4a04-a2a6-38dbcf944c33 tempest-AttachVolumeNegativeTest-185106365 tempest-AttachVolumeNegativeTest-185106365-project] http://10.222.0.41/volume/v3/d63971dfc8104ca4a4eb97bbdb96c317/attachments/75fc72fd-095d-40c8-ac1e-db30eeb38c45/action returned with HTTP 204
Sep 17 16:03:40.940123 dv-cinder-809206-2-smb devstack@c-api.service[101619]: [pid: 101619|app: 0|req: 160/316] 10.222.0.60 () {64 vars in 1499 bytes} [Fri Sep 17 16:03:40 2021] POST /volume/v3/d63971dfc8104ca4a4eb97bbdb96c317/attachments/75fc72fd-095d-40c8-ac1e-db30eeb38c45/action => generated 0 bytes in 275 msecs (HTTP/1.1 204) 7 headers in 292 bytes (1 switches on core 0)
Sep 17 16:03:40.944501 dv-cinder-809206-2-smb devstack@c-api.service[101619]: INFO cinder.api.openstack.wsgi [None req-0994e9eb-b9bd-4b73-869a-2fc114e580a1 tempest-UserMessagesTest-1735789920 tempest-UserMessagesTest-1735789920-project] GET http://10.222.0.41/volume/v3/731b5b112b5a4fdf8907a7a92f7295f4/volumes/86cddc67-004e-4634-be59-d3aeb295666a
Sep 17 16:03:40.945161 dv-cinder-809206-2-smb devstack@c-api.service[101619]: DEBUG cinder.api.openstack.wsgi [None req-0994e9eb-b9bd-4b73-869a-2fc114e580a1 tempest-UserMessagesTest-1735789920 tempest-UserMessagesTest-1735789920-project] Empty body provided in request {{(pid=101619) get_body /opt/stack/cinder/cinder/api/openstack/wsgi.py:703}}
Sep 17 16:03:40.945271 dv-cinder-809206-2-smb devstack@c-api.service[101619]: /usr/local/lib/python3.8/dist-packages/webob/acceptparse.py:1047: DeprecationWarning: The behavior of AcceptValidHeader.best_match is currently being maintained for backward compatibility, but it will be deprecated in the future, as it does not conform to the RFC.
Sep 17 16:03:40.945271 dv-cinder-809206-2-smb devstack@c-api.service[101619]: warnings.warn(
Sep 17 16:03:40.946015 dv-cinder-809206-2-smb devstack@c-api.service[101619]: DEBUG cinder.api.openstack.wsgi [None req-0994e9eb-b9bd-4b73-869a-2fc114e580a1 tempest-UserMessagesTest-1735789920 tempest-UserMessagesTest-1735789920-project] Calling method 'show' {{(pid=101619) _process_stack /opt/stack/cinder/cinder/api/openstack/wsgi.py:856}}
Sep 17 16:03:40.960145 dv-cinder-809206-2-smb devstack@c-api.service[101619]: /usr/local/lib/python3.8/dist-packages/oslo_context/context.py:105: DeprecationWarning: Policy enforcement is depending on the value of is_admin. This key is deprecated. Please update your policy file to use the standard policy values.
Sep 17 16:03:40.960145 dv-cinder-809206-2-smb devstack@c-api.service[101619]: warnings.warn('Policy enforcement is depending on the value of '
Sep 17 16:03:40.968778 dv-cinder-809206-2-smb devstack@c-api.service[101619]: INFO cinder.volume.api [None req-0994e9eb-b9bd-4b73-869a-2fc114e580a1 tempest-UserMessagesTest-1735789920 tempest-UserMessagesTest-1735789920-project] Volume info retrieved successfully.
Sep 17 16:03:40.987686 dv-cinder-809206-2-smb devstack@c-api.service[101619]: INFO cinder.api.openstack.wsgi [None req-0994e9eb-b9bd-4b73-869a-2fc114e580a1 tempest-UserMessagesTest-1735789920 tempest-UserMessagesTest-1735789920-project] http://10.222.0.41/volume/v3/731b5b112b5a4fdf8907a7a92f7295f4/volumes/86cddc67-004e-4634-be59-d3aeb295666a returned with HTTP 200
Sep 17 16:03:40.988593 dv-cinder-809206-2-smb devstack@c-api.service[101619]: [pid: 101619|app: 0|req: 161/317] 10.222.0.41 () {60 vars in 1365 bytes} [Fri Sep 17 16:03:40 2021] GET /volume/v3/731b5b112b5a4fdf8907a7a92f7295f4/volumes/86cddc67-004e-4634-be59-d3aeb295666a => generated 940 bytes in 48 msecs (HTTP/1.1 200) 7 headers in 285 bytes (1 switches on core 0)
Sep 17 16:03:41.007191 dv-cinder-809206-2-smb devstack@c-api.service[101619]: INFO cinder.api.openstack.wsgi [None req-0624c93d-b8bb-4943-a0a5-aff273256c8e tempest-DeleteServersTestJSON-1201786435 tempest-DeleteServersTestJSON-1201786435-project] GET http://10.222.0.41/volume/v3/d15eacdf8db54344a1e7bce20c898bae/volumes/444a6b77-6872-4b21-8525-315d68deb434
Sep 17 16:03:41.007191 dv-cinder-809206-2-smb devstack@c-api.service[101619]: DEBUG cinder.api.openstack.wsgi [None req-0624c93d-b8bb-4943-a0a5-aff273256c8e tempest-DeleteServersTestJSON-1201786435 tempest-DeleteServersTestJSON-1201786435-project] Empty body provided in request {{(pid=101619) get_body /opt/stack/cinder/cinder/api/openstack/wsgi.py:703}}
Sep 17 16:03:41.007191 dv-cinder-809206-2-smb devstack@c-api.service[101619]: /usr/local/lib/python3.8/dist-packages/webob/acceptparse.py:1047: DeprecationWarning: The behavior of AcceptValidHeader.best_match is currently being maintained for backward compatibility, but it will be deprecated in the future, as it does not conform to the RFC.
Sep 17 16:03:41.007191 dv-cinder-809206-2-smb devstack@c-api.service[101619]: warnings.warn(
Sep 17 16:03:41.007191 dv-cinder-809206-2-smb devstack@c-api.service[101619]: DEBUG cinder.api.openstack.wsgi [None req-0624c93d-b8bb-4943-a0a5-aff273256c8e tempest-DeleteServersTestJSON-1201786435 tempest-DeleteServersTestJSON-1201786435-project] Calling method 'show' {{(pid=101619) _process_stack /opt/stack/cinder/cinder/api/openstack/wsgi.py:856}}
Sep 17 16:03:41.021944 dv-cinder-809206-2-smb devstack@c-api.service[101619]: /usr/local/lib/python3.8/dist-packages/oslo_context/context.py:105: DeprecationWarning: Policy enforcement is depending on the value of is_admin. This key is deprecated. Please update your policy file to use the standard policy values.
Sep 17 16:03:41.021944 dv-cinder-809206-2-smb devstack@c-api.service[101619]: warnings.warn('Policy enforcement is depending on the value of '
Sep 17 16:03:41.029626 dv-cinder-809206-2-smb devstack@c-api.service[101619]: INFO cinder.volume.api [None req-0624c93d-b8bb-4943-a0a5-aff273256c8e tempest-DeleteServersTestJSON-1201786435 tempest-DeleteServersTestJSON-1201786435-project] Volume info retrieved successfully.
Sep 17 16:03:41.042386 dv-cinder-809206-2-smb devstack@c-api.service[101619]: /usr/local/lib/python3.8/dist-packages/oslo_context/context.py:105: DeprecationWarning: Policy enforcement is depending on the value of is_admin. This key is deprecated. Please update your policy file to use the standard policy values.
Sep 17 16:03:41.042386 dv-cinder-809206-2-smb devstack@c-api.service[101619]: warnings.warn('Policy enforcement is depending on the value of '
Sep 17 16:03:41.050557 dv-cinder-809206-2-smb devstack@c-api.service[101619]: INFO cinder.api.openstack.wsgi [None req-0624c93d-b8bb-4943-a0a5-aff273256c8e tempest-DeleteServersTestJSON-1201786435 tempest-DeleteServersTestJSON-1201786435-project] http://10.222.0.41/volume/v3/d15eacdf8db54344a1e7bce20c898bae/volumes/444a6b77-6872-4b21-8525-315d68deb434 returned with HTTP 200
Sep 17 16:03:41.051219 dv-cinder-809206-2-smb devstack@c-api.service[101619]: [pid: 101619|app: 0|req: 162/318] 10.222.0.41 () {58 vars in 1325 bytes} [Fri Sep 17 16:03:40 2021] GET /volume/v3/d15eacdf8db54344a1e7bce20c898bae/volumes/444a6b77-6872-4b21-8525-315d68deb434 => generated 913 bytes in 62 msecs (HTTP/1.1 200) 7 headers in 285 bytes (1 switches on core 0)
Sep 17 16:03:41.055202 dv-cinder-809206-2-smb devstack@c-api.service[101619]: INFO cinder.api.openstack.wsgi [None req-2cf3c30e-70b4-4aa0-957b-9ae1a96c0bea tempest-SnapshotsActionsTest-1589920870 tempest-SnapshotsActionsTest-1589920870-project] POST http://10.222.0.41/volume/v3/cc562032e39a4cacbc359fa1fe508bb2/snapshots/10201fe4-7333-4c8b-aa30-c9845bdfc1bc/action
Sep 17 16:03:41.055569 dv-cinder-809206-2-smb devstack@c-api.service[101619]: /usr/local/lib/python3.8/dist-packages/webob/acceptparse.py:1047: DeprecationWarning: The behavior of AcceptValidHeader.best_match is currently being maintained for backward compatibility, but it will be deprecated in the future, as it does not conform to the RFC.
Sep 17 16:03:41.055569 dv-cinder-809206-2-smb devstack@c-api.service[101619]: warnings.warn(
Sep 17 16:03:41.055938 dv-cinder-809206-2-smb devstack@c-api.service[101619]: DEBUG cinder.api.openstack.wsgi [None req-2cf3c30e-70b4-4aa0-957b-9ae1a96c0bea tempest-SnapshotsActionsTest-1589920870 tempest-SnapshotsActionsTest-1589920870-project] Action body: b'{"os-update_snapshot_status": {"status": "error", "progress": "80%"}}' {{(pid=101619) get_method /opt/stack/cinder/cinder/api/openstack/wsgi.py:971}}
Sep 17 16:03:41.056263 dv-cinder-809206-2-smb devstack@c-api.service[101619]: DEBUG cinder.api.openstack.wsgi [None req-2cf3c30e-70b4-4aa0-957b-9ae1a96c0bea tempest-SnapshotsActionsTest-1589920870 tempest-SnapshotsActionsTest-1589920870-project] Action: 'action', calling method: _update_snapshot_status, body: {"os-update_snapshot_status": {"status": "error", "progress": "80%"}} {{(pid=101619) _process_stack /opt/stack/cinder/cinder/api/openstack/wsgi.py:854}}
Sep 17 16:03:41.057111 dv-cinder-809206-2-smb devstack@c-api.service[101619]: DEBUG cinder.api.contrib.snapshot_actions [None req-2cf3c30e-70b4-4aa0-957b-9ae1a96c0bea tempest-SnapshotsActionsTest-1589920870 tempest-SnapshotsActionsTest-1589920870-project] body: {'os-update_snapshot_status': {'status': 'error', 'progress': '80%'}} {{(pid=101619) _update_snapshot_status /opt/stack/cinder/cinder/api/contrib/snapshot_actions.py:46}}
Sep 17 16:03:41.066458 dv-cinder-809206-2-smb devstack@c-api.service[101619]: /usr/local/lib/python3.8/dist-packages/oslo_context/context.py:105: DeprecationWarning: Policy enforcement is depending on the value of is_admin. This key is deprecated. Please update your policy file to use the standard policy values.
Sep 17 16:03:41.066458 dv-cinder-809206-2-smb devstack@c-api.service[101619]: warnings.warn('Policy enforcement is depending on the value of '
Sep 17 16:03:41.067471 dv-cinder-809206-2-smb devstack@c-api.service[101619]: INFO cinder.api.contrib.snapshot_actions [None req-2cf3c30e-70b4-4aa0-957b-9ae1a96c0bea tempest-SnapshotsActionsTest-1589920870 tempest-SnapshotsActionsTest-1589920870-project] Updating snapshot 10201fe4-7333-4c8b-aa30-c9845bdfc1bc with info {'id': '10201fe4-7333-4c8b-aa30-c9845bdfc1bc', 'status': 'error', 'progress': '80%'}
Sep 17 16:03:41.073518 dv-cinder-809206-2-smb devstack@c-api.service[101618]: DEBUG cinder.coordination [req-9584dc67-5b81-4793-ac17-6abd36907ab1 req-1bf82c79-370e-4245-a1b7-84a3225fb478 tempest-DeleteServersTestJSON-1201786435 tempest-DeleteServersTestJSON-1201786435-project] Lock "b'cinder-attachment_update-444a6b77-6872-4b21-8525-315d68deb434-hv-cinder-80920'" released by "attachment_update" :: held 0.538s {{(pid=101618) _synchronized /opt/stack/cinder/cinder/coordination.py:193}}
Sep 17 16:03:41.074156 dv-cinder-809206-2-smb devstack@c-api.service[101618]: INFO cinder.api.openstack.wsgi [req-9584dc67-5b81-4793-ac17-6abd36907ab1 req-1bf82c79-370e-4245-a1b7-84a3225fb478 tempest-DeleteServersTestJSON-1201786435 tempest-DeleteServersTestJSON-1201786435-project] http://10.222.0.41/volume/v3/d15eacdf8db54344a1e7bce20c898bae/attachments/ed2525da-09f8-46ed-8fba-cbb0afb6cf79 returned with HTTP 200
Sep 17 16:03:41.074949 dv-cinder-809206-2-smb devstack@c-api.service[101618]: [pid: 101618|app: 0|req: 157/319] 10.222.0.60 () {64 vars in 1478 bytes} [Fri Sep 17 16:03:40 2021] PUT /volume/v3/d15eacdf8db54344a1e7bce20c898bae/attachments/ed2525da-09f8-46ed-8fba-cbb0afb6cf79 => generated 652 bytes in 574 msecs (HTTP/1.1 200) 7 headers in 286 bytes (1 switches on core 0)
Sep 17 16:03:41.078954 dv-cinder-809206-2-smb devstack@c-api.service[101618]: INFO cinder.api.openstack.wsgi [None req-8dbdfa1d-dc0d-4076-98ff-ebdf9425b488 tempest-UserMessagesTest-1735789920 tempest-UserMessagesTest-1735789920-project] GET http://10.222.0.41/volume/v3/731b5b112b5a4fdf8907a7a92f7295f4/messages
Sep 17 16:03:41.079457 dv-cinder-809206-2-smb devstack@c-api.service[101618]: DEBUG cinder.api.openstack.wsgi [None req-8dbdfa1d-dc0d-4076-98ff-ebdf9425b488 tempest-UserMessagesTest-1735789920 tempest-UserMessagesTest-1735789920-project] Empty body provided in request {{(pid=101618) get_body /opt/stack/cinder/cinder/api/openstack/wsgi.py:703}}
Sep 17 16:03:41.079651 dv-cinder-809206-2-smb devstack@c-api.service[101618]: /usr/local/lib/python3.8/dist-packages/webob/acceptparse.py:1047: DeprecationWarning: The behavior of AcceptValidHeader.best_match is currently being maintained for backward compatibility, but it will be deprecated in the future, as it does not conform to the RFC.
Sep 17 16:03:41.079651 dv-cinder-809206-2-smb devstack@c-api.service[101618]: warnings.warn(
Sep 17 16:03:41.079962 dv-cinder-809206-2-smb devstack@c-api.service[101618]: DEBUG cinder.api.openstack.wsgi [None req-8dbdfa1d-dc0d-4076-98ff-ebdf9425b488 tempest-UserMessagesTest-1735789920 tempest-UserMessagesTest-1735789920-project] Calling method 'version_select' {{(pid=101618) _process_stack /opt/stack/cinder/cinder/api/openstack/wsgi.py:856}}
Sep 17 16:03:41.080595 dv-cinder-809206-2-smb devstack@c-api.service[101618]: /usr/local/lib/python3.8/dist-packages/oslo_context/context.py:105: DeprecationWarning: Policy enforcement is depending on the value of is_admin. This key is deprecated. Please update your policy file to use the standard policy values.
Sep 17 16:03:41.080595 dv-cinder-809206-2-smb devstack@c-api.service[101618]: warnings.warn('Policy enforcement is depending on the value of '
Sep 17 16:03:41.091325 dv-cinder-809206-2-smb devstack@c-api.service[101618]: INFO cinder.api.openstack.wsgi [None req-8dbdfa1d-dc0d-4076-98ff-ebdf9425b488 tempest-UserMessagesTest-1735789920 tempest-UserMessagesTest-1735789920-project] http://10.222.0.41/volume/v3/731b5b112b5a4fdf8907a7a92f7295f4/messages returned with HTTP 200
Sep 17 16:03:41.092118 dv-cinder-809206-2-smb devstack@c-api.service[101618]: [pid: 101618|app: 0|req: 158/320] 10.222.0.41 () {60 vars in 1257 bytes} [Fri Sep 17 16:03:41 2021] GET /volume/v3/731b5b112b5a4fdf8907a7a92f7295f4/messages => generated 736 bytes in 17 msecs (HTTP/1.1 200) 7 headers in 285 bytes (1 switches on core 0)
Sep 17 16:03:41.102007 dv-cinder-809206-2-smb devstack@c-api.service[101618]: INFO cinder.api.openstack.wsgi [None req-66217a33-5070-4b15-9bf5-50c45c08c8fa tempest-UserMessagesTest-1735789920 tempest-UserMessagesTest-1735789920-project] DELETE http://10.222.0.41/volume/v3/731b5b112b5a4fdf8907a7a92f7295f4/messages/433c5cf7-3098-4f26-849e-e59a401e43d3
Sep 17 16:03:41.102486 dv-cinder-809206-2-smb devstack@c-api.service[101618]: DEBUG cinder.api.openstack.wsgi [None req-66217a33-5070-4b15-9bf5-50c45c08c8fa tempest-UserMessagesTest-1735789920 tempest-UserMessagesTest-1735789920-project] Empty body provided in request {{(pid=101618) get_body /opt/stack/cinder/cinder/api/openstack/wsgi.py:703}}
Sep 17 16:03:41.102890 dv-cinder-809206-2-smb devstack@c-api.service[101618]: DEBUG cinder.api.openstack.wsgi [None req-66217a33-5070-4b15-9bf5-50c45c08c8fa tempest-UserMessagesTest-1735789920 tempest-UserMessagesTest-1735789920-project] Calling method 'version_select' {{(pid=101618) _process_stack /opt/stack/cinder/cinder/api/openstack/wsgi.py:856}}
Sep 17 16:03:41.167905 dv-cinder-809206-2-smb devstack@c-api.service[101619]: INFO cinder.api.openstack.wsgi [None req-2cf3c30e-70b4-4aa0-957b-9ae1a96c0bea tempest-SnapshotsActionsTest-1589920870 tempest-SnapshotsActionsTest-1589920870-project] http://10.222.0.41/volume/v3/cc562032e39a4cacbc359fa1fe508bb2/snapshots/10201fe4-7333-4c8b-aa30-c9845bdfc1bc/action returned with HTTP 202
Sep 17 16:03:41.168788 dv-cinder-809206-2-smb devstack@c-api.service[101619]: [pid: 101619|app: 0|req: 163/321] 10.222.0.41 () {60 vars in 1373 bytes} [Fri Sep 17 16:03:41 2021] POST /volume/v3/cc562032e39a4cacbc359fa1fe508bb2/snapshots/10201fe4-7333-4c8b-aa30-c9845bdfc1bc/action => generated 0 bytes in 117 msecs (HTTP/1.1 202) 6 headers in 233 bytes (1 switches on core 0)
Sep 17 16:03:41.177215 dv-cinder-809206-2-smb devstack@c-api.service[101619]: INFO cinder.api.openstack.wsgi [None req-00e52e70-4766-49e5-9b5b-121db2674496 tempest-SnapshotsActionsTest-1494052125 tempest-SnapshotsActionsTest-1494052125-project-admin] GET http://10.222.0.41/volume/v3/67e0691c1a784d7f98bd36957f6275b6/snapshots/10201fe4-7333-4c8b-aa30-c9845bdfc1bc
Sep 17 16:03:41.177655 dv-cinder-809206-2-smb devstack@c-api.service[101619]: DEBUG cinder.api.openstack.wsgi [None req-00e52e70-4766-49e5-9b5b-121db2674496 tempest-SnapshotsActionsTest-1494052125 tempest-SnapshotsActionsTest-1494052125-project-admin] Empty body provided in request {{(pid=101619) get_body /opt/stack/cinder/cinder/api/openstack/wsgi.py:703}}
Sep 17 16:03:41.177811 dv-cinder-809206-2-smb devstack@c-api.service[101619]: /usr/local/lib/python3.8/dist-packages/webob/acceptparse.py:1047: DeprecationWarning: The behavior of AcceptValidHeader.best_match is currently being maintained for backward compatibility, but it will be deprecated in the future, as it does not conform to the RFC.
Sep 17 16:03:41.177811 dv-cinder-809206-2-smb devstack@c-api.service[101619]: warnings.warn(
Sep 17 16:03:41.178123 dv-cinder-809206-2-smb devstack@c-api.service[101619]: DEBUG cinder.api.openstack.wsgi [None req-00e52e70-4766-49e5-9b5b-121db2674496 tempest-SnapshotsActionsTest-1494052125 tempest-SnapshotsActionsTest-1494052125-project-admin] Calling method 'show' {{(pid=101619) _process_stack /opt/stack/cinder/cinder/api/openstack/wsgi.py:856}}
Sep 17 16:03:41.189217 dv-cinder-809206-2-smb devstack@c-api.service[101619]: /usr/local/lib/python3.8/dist-packages/oslo_context/context.py:105: DeprecationWarning: Policy enforcement is depending on the value of is_admin. This key is deprecated. Please update your policy file to use the standard policy values.
Sep 17 16:03:41.189217 dv-cinder-809206-2-smb devstack@c-api.service[101619]: warnings.warn('Policy enforcement is depending on the value of '
Sep 17 16:03:41.189986 dv-cinder-809206-2-smb devstack@c-api.service[101619]: INFO cinder.volume.api [None req-00e52e70-4766-49e5-9b5b-121db2674496 tempest-SnapshotsActionsTest-1494052125 tempest-SnapshotsActionsTest-1494052125-project-admin] Snapshot retrieved successfully.
Sep 17 16:03:41.191578 dv-cinder-809206-2-smb devstack@c-api.service[101619]: INFO cinder.api.openstack.wsgi [None req-00e52e70-4766-49e5-9b5b-121db2674496 tempest-SnapshotsActionsTest-1494052125 tempest-SnapshotsActionsTest-1494052125-project-admin] http://10.222.0.41/volume/v3/67e0691c1a784d7f98bd36957f6275b6/snapshots/10201fe4-7333-4c8b-aa30-c9845bdfc1bc returned with HTTP 200
Sep 17 16:03:41.192552 dv-cinder-809206-2-smb devstack@c-api.service[101619]: [pid: 101619|app: 0|req: 164/322] 10.222.0.41 () {58 vars in 1331 bytes} [Fri Sep 17 16:03:41 2021] GET /volume/v3/67e0691c1a784d7f98bd36957f6275b6/snapshots/10201fe4-7333-4c8b-aa30-c9845bdfc1bc => generated 527 bytes in 20 msecs (HTTP/1.1 200) 7 headers in 285 bytes (2 switches on core 0)
Sep 17 16:03:41.196578 dv-cinder-809206-2-smb devstack@c-api.service[101618]: INFO cinder.api.openstack.wsgi [None req-66217a33-5070-4b15-9bf5-50c45c08c8fa tempest-UserMessagesTest-1735789920 tempest-UserMessagesTest-1735789920-project] http://10.222.0.41/volume/v3/731b5b112b5a4fdf8907a7a92f7295f4/messages/433c5cf7-3098-4f26-849e-e59a401e43d3 returned with HTTP 204
Sep 17 16:03:41.198330 dv-cinder-809206-2-smb devstack@c-api.service[101618]: [pid: 101618|app: 0|req: 159/323] 10.222.0.41 () {60 vars in 1371 bytes} [Fri Sep 17 16:03:41 2021] DELETE /volume/v3/731b5b112b5a4fdf8907a7a92f7295f4/messages/433c5cf7-3098-4f26-849e-e59a401e43d3 => generated 0 bytes in 100 msecs (HTTP/1.1 204) 6 headers in 235 bytes (2 switches on core 0)
Sep 17 16:03:41.202366 dv-cinder-809206-2-smb devstack@c-api.service[101619]: INFO cinder.api.openstack.wsgi [None req-19d4df05-1e47-485c-ae4a-82daf127c7a3 tempest-SnapshotsActionsTest-1494052125 tempest-SnapshotsActionsTest-1494052125-project-admin] POST http://10.222.0.41/volume/v3/67e0691c1a784d7f98bd36957f6275b6/snapshots/10201fe4-7333-4c8b-aa30-c9845bdfc1bc/action
Sep 17 16:03:41.203006 dv-cinder-809206-2-smb devstack@c-api.service[101619]: /usr/local/lib/python3.8/dist-packages/webob/acceptparse.py:1047: DeprecationWarning: The behavior of AcceptValidHeader.best_match is currently being maintained for backward compatibility, but it will be deprecated in the future, as it does not conform to the RFC.
Sep 17 16:03:41.203006 dv-cinder-809206-2-smb devstack@c-api.service[101619]: warnings.warn(
Sep 17 16:03:41.203318 dv-cinder-809206-2-smb devstack@c-api.service[101619]: DEBUG cinder.api.openstack.wsgi [None req-19d4df05-1e47-485c-ae4a-82daf127c7a3 tempest-SnapshotsActionsTest-1494052125 tempest-SnapshotsActionsTest-1494052125-project-admin] Action body: b'{"os-reset_status": {"status": "available"}}' {{(pid=101619) get_method /opt/stack/cinder/cinder/api/openstack/wsgi.py:971}}
Sep 17 16:03:41.203509 dv-cinder-809206-2-smb devstack@c-api.service[101619]: DEBUG cinder.api.openstack.wsgi [None req-19d4df05-1e47-485c-ae4a-82daf127c7a3 tempest-SnapshotsActionsTest-1494052125 tempest-SnapshotsActionsTest-1494052125-project-admin] Action: 'action', calling method: _reset_status, body: {"os-reset_status": {"status": "available"}} {{(pid=101619) _process_stack /opt/stack/cinder/cinder/api/openstack/wsgi.py:854}}
Sep 17 16:03:41.204210 dv-cinder-809206-2-smb devstack@c-api.service[101619]: DEBUG cinder.api.contrib.admin_actions [None req-19d4df05-1e47-485c-ae4a-82daf127c7a3 tempest-SnapshotsActionsTest-1494052125 tempest-SnapshotsActionsTest-1494052125-project-admin] Updating snapshot '10201fe4-7333-4c8b-aa30-c9845bdfc1bc' with '{'status': 'available'}' {{(pid=101619) _reset_status /opt/stack/cinder/cinder/api/contrib/admin_actions.py:100}}
Sep 17 16:03:41.210028 dv-cinder-809206-2-smb devstack@c-api.service[101618]: INFO cinder.api.openstack.wsgi [None req-c268f795-373a-4a58-8579-2cc7fb7eede3 tempest-UserMessagesTest-1735789920 tempest-UserMessagesTest-1735789920-project] GET http://10.222.0.41/volume/v3/731b5b112b5a4fdf8907a7a92f7295f4/messages/433c5cf7-3098-4f26-849e-e59a401e43d3
Sep 17 16:03:41.210974 dv-cinder-809206-2-smb devstack@c-api.service[101618]: DEBUG cinder.api.openstack.wsgi [None req-c268f795-373a-4a58-8579-2cc7fb7eede3 tempest-UserMessagesTest-1735789920 tempest-UserMessagesTest-1735789920-project] Empty body provided in request {{(pid=101618) get_body /opt/stack/cinder/cinder/api/openstack/wsgi.py:703}}
Sep 17 16:03:41.211855 dv-cinder-809206-2-smb devstack@c-api.service[101618]: DEBUG cinder.api.openstack.wsgi [None req-c268f795-373a-4a58-8579-2cc7fb7eede3 tempest-UserMessagesTest-1735789920 tempest-UserMessagesTest-1735789920-project] Calling method 'version_select' {{(pid=101618) _process_stack /opt/stack/cinder/cinder/api/openstack/wsgi.py:856}}
Sep 17 16:03:41.219733 dv-cinder-809206-2-smb devstack@c-api.service[101618]: INFO cinder.api.openstack.wsgi [None req-c268f795-373a-4a58-8579-2cc7fb7eede3 tempest-UserMessagesTest-1735789920 tempest-UserMessagesTest-1735789920-project] http://10.222.0.41/volume/v3/731b5b112b5a4fdf8907a7a92f7295f4/messages/433c5cf7-3098-4f26-849e-e59a401e43d3 returned with HTTP 404
Sep 17 16:03:41.226511 dv-cinder-809206-2-smb devstack@c-api.service[101618]: [pid: 101618|app: 0|req: 160/324] 10.222.0.41 () {60 vars in 1368 bytes} [Fri Sep 17 16:03:41 2021] GET /volume/v3/731b5b112b5a4fdf8907a7a92f7295f4/messages/433c5cf7-3098-4f26-849e-e59a401e43d3 => generated 110 bytes in 17 msecs (HTTP/1.1 404) 7 headers in 292 bytes (1 switches on core 0)
Sep 17 16:03:41.226708 dv-cinder-809206-2-smb devstack@c-api.service[101619]: /usr/local/lib/python3.8/dist-packages/oslo_context/context.py:105: DeprecationWarning: Policy enforcement is depending on the value of is_admin. This key is deprecated. Please update your policy file to use the standard policy values.
Sep 17 16:03:41.226708 dv-cinder-809206-2-smb devstack@c-api.service[101619]: warnings.warn('Policy enforcement is depending on the value of '
Sep 17 16:03:41.237002 dv-cinder-809206-2-smb devstack@c-api.service[101618]: INFO cinder.api.openstack.wsgi [None req-aa1644e9-c6fc-48d0-9853-9724037f9f2d tempest-UserMessagesTest-1165825335 tempest-UserMessagesTest-1165825335-project-admin] POST http://10.222.0.41/volume/v3/c626869d73514c4c886d016a373f9d16/types
Sep 17 16:03:41.238283 dv-cinder-809206-2-smb devstack@c-api.service[101618]: DEBUG cinder.api.openstack.wsgi [None req-aa1644e9-c6fc-48d0-9853-9724037f9f2d tempest-UserMessagesTest-1165825335 tempest-UserMessagesTest-1165825335-project-admin] Action: 'create', calling method: _create, body: {"volume_type": {"name": "tempest-UserMessagesTest-volume-type-1279461693", "extra_specs": {"storage_protocol": "tempest-storage_protocol-1068958837", "vendor_name": "tempest-vendor_name-463623974"}}} {{(pid=101618) _process_stack /opt/stack/cinder/cinder/api/openstack/wsgi.py:854}}
Sep 17 16:03:41.334029 dv-cinder-809206-2-smb devstack@c-api.service[101619]: INFO cinder.api.openstack.wsgi [None req-19d4df05-1e47-485c-ae4a-82daf127c7a3 tempest-SnapshotsActionsTest-1494052125 tempest-SnapshotsActionsTest-1494052125-project-admin] http://10.222.0.41/volume/v3/67e0691c1a784d7f98bd36957f6275b6/snapshots/10201fe4-7333-4c8b-aa30-c9845bdfc1bc/action returned with HTTP 202
Sep 17 16:03:41.334809 dv-cinder-809206-2-smb devstack@c-api.service[101619]: [pid: 101619|app: 0|req: 165/325] 10.222.0.41 () {60 vars in 1373 bytes} [Fri Sep 17 16:03:41 2021] POST /volume/v3/67e0691c1a784d7f98bd36957f6275b6/snapshots/10201fe4-7333-4c8b-aa30-c9845bdfc1bc/action => generated 0 bytes in 136 msecs (HTTP/1.1 202) 7 headers in 289 bytes (2 switches on core 0)
Sep 17 16:03:41.342839 dv-cinder-809206-2-smb devstack@c-api.service[101619]: INFO cinder.api.openstack.wsgi [None req-e7aad01b-f77c-408a-9cd4-7fb4ec3cc811 tempest-SnapshotsActionsTest-1589920870 tempest-SnapshotsActionsTest-1589920870-project] GET http://10.222.0.41/volume/v3/cc562032e39a4cacbc359fa1fe508bb2/snapshots/10201fe4-7333-4c8b-aa30-c9845bdfc1bc
Sep 17 16:03:41.343269 dv-cinder-809206-2-smb devstack@c-api.service[101619]: DEBUG cinder.api.openstack.wsgi [None req-e7aad01b-f77c-408a-9cd4-7fb4ec3cc811 tempest-SnapshotsActionsTest-1589920870 tempest-SnapshotsActionsTest-1589920870-project] Empty body provided in request {{(pid=101619) get_body /opt/stack/cinder/cinder/api/openstack/wsgi.py:703}}
Sep 17 16:03:41.343433 dv-cinder-809206-2-smb devstack@c-api.service[101619]: /usr/local/lib/python3.8/dist-packages/webob/acceptparse.py:1047: DeprecationWarning: The behavior of AcceptValidHeader.best_match is currently being maintained for backward compatibility, but it will be deprecated in the future, as it does not conform to the RFC.
Sep 17 16:03:41.343433 dv-cinder-809206-2-smb devstack@c-api.service[101619]: warnings.warn(
Sep 17 16:03:41.343743 dv-cinder-809206-2-smb devstack@c-api.service[101619]: DEBUG cinder.api.openstack.wsgi [None req-e7aad01b-f77c-408a-9cd4-7fb4ec3cc811 tempest-SnapshotsActionsTest-1589920870 tempest-SnapshotsActionsTest-1589920870-project] Calling method 'show' {{(pid=101619) _process_stack /opt/stack/cinder/cinder/api/openstack/wsgi.py:856}}
Sep 17 16:03:41.352912 dv-cinder-809206-2-smb devstack@c-api.service[101619]: /usr/local/lib/python3.8/dist-packages/oslo_context/context.py:105: DeprecationWarning: Policy enforcement is depending on the value of is_admin. This key is deprecated. Please update your policy file to use the standard policy values.
Sep 17 16:03:41.352912 dv-cinder-809206-2-smb devstack@c-api.service[101619]: warnings.warn('Policy enforcement is depending on the value of '
Sep 17 16:03:41.353881 dv-cinder-809206-2-smb devstack@c-api.service[101619]: INFO cinder.volume.api [None req-e7aad01b-f77c-408a-9cd4-7fb4ec3cc811 tempest-SnapshotsActionsTest-1589920870 tempest-SnapshotsActionsTest-1589920870-project] Snapshot retrieved successfully.
Sep 17 16:03:41.355633 dv-cinder-809206-2-smb devstack@c-api.service[101619]: INFO cinder.api.openstack.wsgi [None req-e7aad01b-f77c-408a-9cd4-7fb4ec3cc811 tempest-SnapshotsActionsTest-1589920870 tempest-SnapshotsActionsTest-1589920870-project] http://10.222.0.41/volume/v3/cc562032e39a4cacbc359fa1fe508bb2/snapshots/10201fe4-7333-4c8b-aa30-c9845bdfc1bc returned with HTTP 200
Sep 17 16:03:41.356477 dv-cinder-809206-2-smb devstack@c-api.service[101619]: [pid: 101619|app: 0|req: 166/326] 10.222.0.41 () {58 vars in 1331 bytes} [Fri Sep 17 16:03:41 2021] GET /volume/v3/cc562032e39a4cacbc359fa1fe508bb2/snapshots/10201fe4-7333-4c8b-aa30-c9845bdfc1bc => generated 531 bytes in 17 msecs (HTTP/1.1 200) 7 headers in 285 bytes (2 switches on core 0)
Sep 17 16:03:41.367063 dv-cinder-809206-2-smb devstack@c-api.service[101619]: INFO cinder.api.openstack.wsgi [None req-5ace3b3a-dcdd-4217-a285-f7783cf8b272 tempest-SnapshotsActionsTest-1589920870 tempest-SnapshotsActionsTest-1589920870-project] DELETE http://10.222.0.41/volume/v3/cc562032e39a4cacbc359fa1fe508bb2/snapshots/57d6db0e-9ef2-40a0-8091-4a9d091db1c6
Sep 17 16:03:41.367451 dv-cinder-809206-2-smb devstack@c-api.service[101618]: INFO cinder.api.openstack.wsgi [None req-aa1644e9-c6fc-48d0-9853-9724037f9f2d tempest-UserMessagesTest-1165825335 tempest-UserMessagesTest-1165825335-project-admin] http://10.222.0.41/volume/v3/c626869d73514c4c886d016a373f9d16/types returned with HTTP 200
Sep 17 16:03:41.367578 dv-cinder-809206-2-smb devstack@c-api.service[101619]: DEBUG cinder.api.openstack.wsgi [None req-5ace3b3a-dcdd-4217-a285-f7783cf8b272 tempest-SnapshotsActionsTest-1589920870 tempest-SnapshotsActionsTest-1589920870-project] Empty body provided in request {{(pid=101619) get_body /opt/stack/cinder/cinder/api/openstack/wsgi.py:703}}
Sep 17 16:03:41.367668 dv-cinder-809206-2-smb devstack@c-api.service[101619]: /usr/local/lib/python3.8/dist-packages/webob/acceptparse.py:1047: DeprecationWarning: The behavior of AcceptValidHeader.best_match is currently being maintained for backward compatibility, but it will be deprecated in the future, as it does not conform to the RFC.
Sep 17 16:03:41.367668 dv-cinder-809206-2-smb devstack@c-api.service[101619]: warnings.warn(
Sep 17 16:03:41.367952 dv-cinder-809206-2-smb devstack@c-api.service[101619]: DEBUG cinder.api.openstack.wsgi [None req-5ace3b3a-dcdd-4217-a285-f7783cf8b272 tempest-SnapshotsActionsTest-1589920870 tempest-SnapshotsActionsTest-1589920870-project] Calling method 'delete' {{(pid=101619) _process_stack /opt/stack/cinder/cinder/api/openstack/wsgi.py:856}}
Sep 17 16:03:41.368412 dv-cinder-809206-2-smb devstack@c-api.service[101618]: [pid: 101618|app: 0|req: 161/327] 10.222.0.41 () {60 vars in 1230 bytes} [Fri Sep 17 16:03:41 2021] POST /volume/v3/c626869d73514c4c886d016a373f9d16/types => generated 327 bytes in 139 msecs (HTTP/1.1 200) 7 headers in 285 bytes (1 switches on core 0)
Sep 17 16:03:41.368524 dv-cinder-809206-2-smb devstack@c-api.service[101619]: INFO cinder.api.v2.snapshots [None req-5ace3b3a-dcdd-4217-a285-f7783cf8b272 tempest-SnapshotsActionsTest-1589920870 tempest-SnapshotsActionsTest-1589920870-project] Delete snapshot with id: 57d6db0e-9ef2-40a0-8091-4a9d091db1c6
Sep 17 16:03:41.377066 dv-cinder-809206-2-smb devstack@c-api.service[101619]: INFO cinder.api.openstack.wsgi [None req-5ace3b3a-dcdd-4217-a285-f7783cf8b272 tempest-SnapshotsActionsTest-1589920870 tempest-SnapshotsActionsTest-1589920870-project] http://10.222.0.41/volume/v3/cc562032e39a4cacbc359fa1fe508bb2/snapshots/57d6db0e-9ef2-40a0-8091-4a9d091db1c6 returned with HTTP 404
Sep 17 16:03:41.377343 dv-cinder-809206-2-smb devstack@c-api.service[101618]: INFO cinder.api.openstack.wsgi [None req-eb89a905-32b3-4ebb-8ffc-775e936dcef6 tempest-UserMessagesTest-1735789920 tempest-UserMessagesTest-1735789920-project] POST http://10.222.0.41/volume/v3/731b5b112b5a4fdf8907a7a92f7295f4/volumes
Sep 17 16:03:41.377995 dv-cinder-809206-2-smb devstack@c-api.service[101619]: [pid: 101619|app: 0|req: 167/328] 10.222.0.41 () {58 vars in 1334 bytes} [Fri Sep 17 16:03:41 2021] DELETE /volume/v3/cc562032e39a4cacbc359fa1fe508bb2/snapshots/57d6db0e-9ef2-40a0-8091-4a9d091db1c6 => generated 111 bytes in 15 msecs (HTTP/1.1 404) 7 headers in 292 bytes (2 switches on core 0)
Sep 17 16:03:41.378160 dv-cinder-809206-2-smb devstack@c-api.service[101618]: DEBUG cinder.api.openstack.wsgi [None req-eb89a905-32b3-4ebb-8ffc-775e936dcef6 tempest-UserMessagesTest-1735789920 tempest-UserMessagesTest-1735789920-project] Action: 'create', calling method: create, body: {"volume": {"volume_type": "cebc8b94-dff8-4247-9c49-71c166f27399", "size": 1, "name": "tempest-UserMessagesTest-Volume-1337066039"}} {{(pid=101618) _process_stack /opt/stack/cinder/cinder/api/openstack/wsgi.py:854}}
Sep 17 16:03:41.379258 dv-cinder-809206-2-smb devstack@c-api.service[101618]: DEBUG cinder.api.v3.volumes [None req-eb89a905-32b3-4ebb-8ffc-775e936dcef6 tempest-UserMessagesTest-1735789920 tempest-UserMessagesTest-1735789920-project] Create volume request body: {'volume': {'volume_type': 'cebc8b94-dff8-4247-9c49-71c166f27399', 'size': 1, 'name': 'tempest-UserMessagesTest-Volume-1337066039'}} {{(pid=101618) create /opt/stack/cinder/cinder/api/v3/volumes.py:298}}
Sep 17 16:03:41.385713 dv-cinder-809206-2-smb devstack@c-api.service[101619]: INFO cinder.api.openstack.wsgi [None req-195e94e2-4ce8-4115-bf88-24a15f7a142a tempest-SnapshotsActionsTest-1589920870 tempest-SnapshotsActionsTest-1589920870-project] DELETE http://10.222.0.41/volume/v3/cc562032e39a4cacbc359fa1fe508bb2/snapshots/99376fc2-4367-423d-9dae-6fa49cf93b36
Sep 17 16:03:41.386155 dv-cinder-809206-2-smb devstack@c-api.service[101619]: DEBUG cinder.api.openstack.wsgi [None req-195e94e2-4ce8-4115-bf88-24a15f7a142a tempest-SnapshotsActionsTest-1589920870 tempest-SnapshotsActionsTest-1589920870-project] Empty body provided in request {{(pid=101619) get_body /opt/stack/cinder/cinder/api/openstack/wsgi.py:703}}
Sep 17 16:03:41.386628 dv-cinder-809206-2-smb devstack@c-api.service[101619]: DEBUG cinder.api.openstack.wsgi [None req-195e94e2-4ce8-4115-bf88-24a15f7a142a tempest-SnapshotsActionsTest-1589920870 tempest-SnapshotsActionsTest-1589920870-project] Calling method 'delete' {{(pid=101619) _process_stack /opt/stack/cinder/cinder/api/openstack/wsgi.py:856}}
Sep 17 16:03:41.386876 dv-cinder-809206-2-smb devstack@c-api.service[101619]: INFO cinder.api.v2.snapshots [None req-195e94e2-4ce8-4115-bf88-24a15f7a142a tempest-SnapshotsActionsTest-1589920870 tempest-SnapshotsActionsTest-1589920870-project] Delete snapshot with id: 99376fc2-4367-423d-9dae-6fa49cf93b36
Sep 17 16:03:41.387455 dv-cinder-809206-2-smb devstack@c-api.service[101618]: INFO cinder.api.v3.volumes [None req-eb89a905-32b3-4ebb-8ffc-775e936dcef6 tempest-UserMessagesTest-1735789920 tempest-UserMessagesTest-1735789920-project] Create volume of 1 GB
Sep 17 16:03:41.388173 dv-cinder-809206-2-smb devstack@c-api.service[101618]: /usr/local/lib/python3.8/dist-packages/oslo_context/context.py:105: DeprecationWarning: Policy enforcement is depending on the value of is_admin. This key is deprecated. Please update your policy file to use the standard policy values.
Sep 17 16:03:41.388173 dv-cinder-809206-2-smb devstack@c-api.service[101618]: warnings.warn('Policy enforcement is depending on the value of '
Sep 17 16:03:41.389243 dv-cinder-809206-2-smb devstack@c-api.service[101618]: INFO cinder.volume.api [None req-eb89a905-32b3-4ebb-8ffc-775e936dcef6 tempest-UserMessagesTest-1735789920 tempest-UserMessagesTest-1735789920-project] Availability Zones retrieved successfully.
Sep 17 16:03:41.395492 dv-cinder-809206-2-smb devstack@c-api.service[101619]: INFO cinder.api.openstack.wsgi [None req-195e94e2-4ce8-4115-bf88-24a15f7a142a tempest-SnapshotsActionsTest-1589920870 tempest-SnapshotsActionsTest-1589920870-project] http://10.222.0.41/volume/v3/cc562032e39a4cacbc359fa1fe508bb2/snapshots/99376fc2-4367-423d-9dae-6fa49cf93b36 returned with HTTP 404
Sep 17 16:03:41.402688 dv-cinder-809206-2-smb devstack@c-api.service[101619]: [pid: 101619|app: 0|req: 168/329] 10.222.0.41 () {58 vars in 1334 bytes} [Fri Sep 17 16:03:41 2021] DELETE /volume/v3/cc562032e39a4cacbc359fa1fe508bb2/snapshots/99376fc2-4367-423d-9dae-6fa49cf93b36 => generated 111 bytes in 15 msecs (HTTP/1.1 404) 7 headers in 292 bytes (2 switches on core 0)
Sep 17 16:03:41.405538 dv-cinder-809206-2-smb devstack@c-api.service[101618]: DEBUG cinder.volume.api [None req-eb89a905-32b3-4ebb-8ffc-775e936dcef6 tempest-UserMessagesTest-1735789920 tempest-UserMessagesTest-1735789920-project] Flow 'volume_create_api' (e5ece4b6-2d8b-42f9-9676-748ee40f0302) transitioned into state 'RUNNING' from state 'PENDING' {{(pid=101618) _flow_receiver /usr/local/lib/python3.8/dist-packages/taskflow/listeners/logging.py:141}}
Sep 17 16:03:41.408186 dv-cinder-809206-2-smb devstack@c-api.service[101618]: DEBUG cinder.volume.api [None req-eb89a905-32b3-4ebb-8ffc-775e936dcef6 tempest-UserMessagesTest-1735789920 tempest-UserMessagesTest-1735789920-project] Task 'cinder.volume.flows.api.create_volume.ExtractVolumeRequestTask;volume:create' (1d149392-c291-447e-a2bc-1445d4d960c7) transitioned into state 'RUNNING' from state 'PENDING' {{(pid=101618) _task_receiver /usr/local/lib/python3.8/dist-packages/taskflow/listeners/logging.py:190}}
Sep 17 16:03:41.409038 dv-cinder-809206-2-smb devstack@c-api.service[101619]: INFO cinder.api.openstack.wsgi [None req-bfab02a8-5680-4a29-a53b-832785116f30 tempest-SnapshotsActionsTest-1589920870 tempest-SnapshotsActionsTest-1589920870-project] DELETE http://10.222.0.41/volume/v3/cc562032e39a4cacbc359fa1fe508bb2/snapshots/3286d7c8-e49b-45d6-bc9a-6f51714130dd
Sep 17 16:03:41.409485 dv-cinder-809206-2-smb devstack@c-api.service[101619]: DEBUG cinder.api.openstack.wsgi [None req-bfab02a8-5680-4a29-a53b-832785116f30 tempest-SnapshotsActionsTest-1589920870 tempest-SnapshotsActionsTest-1589920870-project] Empty body provided in request {{(pid=101619) get_body /opt/stack/cinder/cinder/api/openstack/wsgi.py:703}}
Sep 17 16:03:41.409897 dv-cinder-809206-2-smb devstack@c-api.service[101619]: DEBUG cinder.api.openstack.wsgi [None req-bfab02a8-5680-4a29-a53b-832785116f30 tempest-SnapshotsActionsTest-1589920870 tempest-SnapshotsActionsTest-1589920870-project] Calling method 'delete' {{(pid=101619) _process_stack /opt/stack/cinder/cinder/api/openstack/wsgi.py:856}}
Sep 17 16:03:41.410198 dv-cinder-809206-2-smb devstack@c-api.service[101619]: INFO cinder.api.v2.snapshots [None req-bfab02a8-5680-4a29-a53b-832785116f30 tempest-SnapshotsActionsTest-1589920870 tempest-SnapshotsActionsTest-1589920870-project] Delete snapshot with id: 3286d7c8-e49b-45d6-bc9a-6f51714130dd
Sep 17 16:03:41.410853 dv-cinder-809206-2-smb devstack@c-api.service[101618]: DEBUG cinder.volume.flows.api.create_volume [None req-eb89a905-32b3-4ebb-8ffc-775e936dcef6 tempest-UserMessagesTest-1735789920 tempest-UserMessagesTest-1735789920-project] Validating volume size '1' using validate_int {{(pid=101618) _extract_size /opt/stack/cinder/cinder/volume/flows/api/create_volume.py:225}}
Sep 17 16:03:41.418601 dv-cinder-809206-2-smb devstack@c-api.service[101619]: INFO cinder.api.openstack.wsgi [None req-bfab02a8-5680-4a29-a53b-832785116f30 tempest-SnapshotsActionsTest-1589920870 tempest-SnapshotsActionsTest-1589920870-project] http://10.222.0.41/volume/v3/cc562032e39a4cacbc359fa1fe508bb2/snapshots/3286d7c8-e49b-45d6-bc9a-6f51714130dd returned with HTTP 404
Sep 17 16:03:41.419511 dv-cinder-809206-2-smb devstack@c-api.service[101619]: [pid: 101619|app: 0|req: 169/330] 10.222.0.41 () {58 vars in 1334 bytes} [Fri Sep 17 16:03:41 2021] DELETE /volume/v3/cc562032e39a4cacbc359fa1fe508bb2/snapshots/3286d7c8-e49b-45d6-bc9a-6f51714130dd => generated 111 bytes in 14 msecs (HTTP/1.1 404) 7 headers in 292 bytes (2 switches on core 0)
Sep 17 16:03:41.427190 dv-cinder-809206-2-smb devstack@c-api.service[101619]: INFO cinder.api.openstack.wsgi [None req-40f2f417-25b9-4584-9b87-d2d2e7f1ba36 tempest-SnapshotsActionsTest-1589920870 tempest-SnapshotsActionsTest-1589920870-project] DELETE http://10.222.0.41/volume/v3/cc562032e39a4cacbc359fa1fe508bb2/snapshots/9620cabe-8b68-4c4c-815f-d3b24de89e7c
Sep 17 16:03:41.427626 dv-cinder-809206-2-smb devstack@c-api.service[101619]: DEBUG cinder.api.openstack.wsgi [None req-40f2f417-25b9-4584-9b87-d2d2e7f1ba36 tempest-SnapshotsActionsTest-1589920870 tempest-SnapshotsActionsTest-1589920870-project] Empty body provided in request {{(pid=101619) get_body /opt/stack/cinder/cinder/api/openstack/wsgi.py:703}}
Sep 17 16:03:41.430151 dv-cinder-809206-2-smb devstack@c-api.service[101619]: DEBUG cinder.api.openstack.wsgi [None req-40f2f417-25b9-4584-9b87-d2d2e7f1ba36 tempest-SnapshotsActionsTest-1589920870 tempest-SnapshotsActionsTest-1589920870-project] Calling method 'delete' {{(pid=101619) _process_stack /opt/stack/cinder/cinder/api/openstack/wsgi.py:856}}
Sep 17 16:03:41.430151 dv-cinder-809206-2-smb devstack@c-api.service[101619]: INFO cinder.api.v2.snapshots [None req-40f2f417-25b9-4584-9b87-d2d2e7f1ba36 tempest-SnapshotsActionsTest-1589920870 tempest-SnapshotsActionsTest-1589920870-project] Delete snapshot with id: 9620cabe-8b68-4c4c-815f-d3b24de89e7c
Sep 17 16:03:41.436742 dv-cinder-809206-2-smb devstack@c-api.service[101619]: INFO cinder.api.openstack.wsgi [None req-40f2f417-25b9-4584-9b87-d2d2e7f1ba36 tempest-SnapshotsActionsTest-1589920870 tempest-SnapshotsActionsTest-1589920870-project] http://10.222.0.41/volume/v3/cc562032e39a4cacbc359fa1fe508bb2/snapshots/9620cabe-8b68-4c4c-815f-d3b24de89e7c returned with HTTP 404
Sep 17 16:03:41.437705 dv-cinder-809206-2-smb devstack@c-api.service[101619]: [pid: 101619|app: 0|req: 170/331] 10.222.0.41 () {58 vars in 1334 bytes} [Fri Sep 17 16:03:41 2021] DELETE /volume/v3/cc562032e39a4cacbc359fa1fe508bb2/snapshots/9620cabe-8b68-4c4c-815f-d3b24de89e7c => generated 111 bytes in 15 msecs (HTTP/1.1 404) 7 headers in 292 bytes (2 switches on core 0)
Sep 17 16:03:41.439495 dv-cinder-809206-2-smb devstack@c-api.service[101618]: DEBUG cinder.volume.api [None req-eb89a905-32b3-4ebb-8ffc-775e936dcef6 tempest-UserMessagesTest-1735789920 tempest-UserMessagesTest-1735789920-project] Task 'cinder.volume.flows.api.create_volume.ExtractVolumeRequestTask;volume:create' (1d149392-c291-447e-a2bc-1445d4d960c7) transitioned into state 'SUCCESS' from state 'RUNNING' with result '{'size': 1, 'snapshot_id': None, 'source_volid': None, 'volume_type': VolumeType(created_at=2021-09-17T16:03:41Z,deleted=False,deleted_at=None,description=None,extra_specs={storage_protocol='tempest-storage_protocol-1068958837',vendor_name='tempest-vendor_name-463623974'},id=cebc8b94-dff8-4247-9c49-71c166f27399,is_public=True,name='tempest-UserMessagesTest-volume-type-1279461693',projects=[],qos_specs=,qos_specs_id=None,updated_at=None), 'volume_type_id': 'cebc8b94-dff8-4247-9c49-71c166f27399', 'encryption_key_id': None, 'qos_specs': None, 'consistencygroup_id': None, 'cgsnapshot_id': None, 'group_id': None, 'replication_status': 'disabled', 'refresh_az': False, 'backup_id': None, 'multiattach': False, 'availability_zones': ['nova']}' {{(pid=101618) _task_receiver /usr/local/lib/python3.8/dist-packages/taskflow/listeners/logging.py:178}}
Sep 17 16:03:41.442008 dv-cinder-809206-2-smb devstack@c-api.service[101618]: DEBUG cinder.volume.api [None req-eb89a905-32b3-4ebb-8ffc-775e936dcef6 tempest-UserMessagesTest-1735789920 tempest-UserMessagesTest-1735789920-project] Task 'cinder.volume.flows.api.create_volume.QuotaReserveTask;volume:create' (4aac9cfb-7536-47e4-9a9d-c6ee14f3bdb2) transitioned into state 'RUNNING' from state 'PENDING' {{(pid=101618) _task_receiver /usr/local/lib/python3.8/dist-packages/taskflow/listeners/logging.py:190}}
Sep 17 16:03:41.449198 dv-cinder-809206-2-smb devstack@c-api.service[101619]: INFO cinder.api.openstack.wsgi [None req-3fadadde-e4db-4564-912e-b572b87e8f4c tempest-SnapshotsActionsTest-1589920870 tempest-SnapshotsActionsTest-1589920870-project] DELETE http://10.222.0.41/volume/v3/cc562032e39a4cacbc359fa1fe508bb2/snapshots/10201fe4-7333-4c8b-aa30-c9845bdfc1bc
Sep 17 16:03:41.449732 dv-cinder-809206-2-smb devstack@c-api.service[101619]: DEBUG cinder.api.openstack.wsgi [None req-3fadadde-e4db-4564-912e-b572b87e8f4c tempest-SnapshotsActionsTest-1589920870 tempest-SnapshotsActionsTest-1589920870-project] Empty body provided in request {{(pid=101619) get_body /opt/stack/cinder/cinder/api/openstack/wsgi.py:703}}
Sep 17 16:03:41.450166 dv-cinder-809206-2-smb devstack@c-api.service[101619]: DEBUG cinder.api.openstack.wsgi [None req-3fadadde-e4db-4564-912e-b572b87e8f4c tempest-SnapshotsActionsTest-1589920870 tempest-SnapshotsActionsTest-1589920870-project] Calling method 'delete' {{(pid=101619) _process_stack /opt/stack/cinder/cinder/api/openstack/wsgi.py:856}}
Sep 17 16:03:41.450466 dv-cinder-809206-2-smb devstack@c-api.service[101619]: INFO cinder.api.v2.snapshots [None req-3fadadde-e4db-4564-912e-b572b87e8f4c tempest-SnapshotsActionsTest-1589920870 tempest-SnapshotsActionsTest-1589920870-project] Delete snapshot with id: 10201fe4-7333-4c8b-aa30-c9845bdfc1bc
Sep 17 16:03:41.461244 dv-cinder-809206-2-smb devstack@c-api.service[101619]: /usr/local/lib/python3.8/dist-packages/oslo_context/context.py:105: DeprecationWarning: Policy enforcement is depending on the value of is_admin. This key is deprecated. Please update your policy file to use the standard policy values.
Sep 17 16:03:41.461244 dv-cinder-809206-2-smb devstack@c-api.service[101619]: warnings.warn('Policy enforcement is depending on the value of '
Sep 17 16:03:41.462227 dv-cinder-809206-2-smb devstack@c-api.service[101619]: INFO cinder.volume.api [None req-3fadadde-e4db-4564-912e-b572b87e8f4c tempest-SnapshotsActionsTest-1589920870 tempest-SnapshotsActionsTest-1589920870-project] Snapshot retrieved successfully.
Sep 17 16:03:41.483144 dv-cinder-809206-2-smb devstack@c-api.service[101618]: WARNING cinder.quota [None req-eb89a905-32b3-4ebb-8ffc-775e936dcef6 tempest-UserMessagesTest-1735789920 tempest-UserMessagesTest-1735789920-project] Deprecated: Default quota for resource: volumes_tempest-UserMessagesTest-volume-type-1279461693 is set by the default quota flag: quota_volumes_tempest-UserMessagesTest-volume-type-1279461693, it is now deprecated. Please use the default quota class for default quota.
Sep 17 16:03:41.484213 dv-cinder-809206-2-smb devstack@c-api.service[101618]: WARNING cinder.quota [None req-eb89a905-32b3-4ebb-8ffc-775e936dcef6 tempest-UserMessagesTest-1735789920 tempest-UserMessagesTest-1735789920-project] Deprecated: Default quota for resource: gigabytes_tempest-UserMessagesTest-volume-type-1279461693 is set by the default quota flag: quota_gigabytes_tempest-UserMessagesTest-volume-type-1279461693, it is now deprecated. Please use the default quota class for default quota.
Sep 17 16:03:41.597256 dv-cinder-809206-2-smb devstack@c-api.service[101619]: INFO cinder.volume.api [None req-3fadadde-e4db-4564-912e-b572b87e8f4c tempest-SnapshotsActionsTest-1589920870 tempest-SnapshotsActionsTest-1589920870-project] Snapshot delete request issued successfully.
Sep 17 16:03:41.597841 dv-cinder-809206-2-smb devstack@c-api.service[101619]: INFO cinder.api.openstack.wsgi [None req-3fadadde-e4db-4564-912e-b572b87e8f4c tempest-SnapshotsActionsTest-1589920870 tempest-SnapshotsActionsTest-1589920870-project] http://10.222.0.41/volume/v3/cc562032e39a4cacbc359fa1fe508bb2/snapshots/10201fe4-7333-4c8b-aa30-c9845bdfc1bc returned with HTTP 202
Sep 17 16:03:41.598802 dv-cinder-809206-2-smb devstack@c-api.service[101619]: [pid: 101619|app: 0|req: 171/332] 10.222.0.41 () {58 vars in 1334 bytes} [Fri Sep 17 16:03:41 2021] DELETE /volume/v3/cc562032e39a4cacbc359fa1fe508bb2/snapshots/10201fe4-7333-4c8b-aa30-c9845bdfc1bc => generated 0 bytes in 157 msecs (HTTP/1.1 202) 6 headers in 233 bytes (1 switches on core 0)
