Sep 23 13:12:57.840118 dv-cinder-809201-2-smb devstack@n-api.service[108405]: DEBUG nova.api.openstack.wsgi_app [-] workarounds.handle_virt_lifecycle_events = True {{(pid=108405) log_opt_values /usr/local/lib/python3.8/dist-packages/oslo_config/cfg.py:2609}}
Sep 23 13:12:57.840441 dv-cinder-809201-2-smb devstack@n-api.service[108405]: DEBUG nova.api.openstack.wsgi_app [-] workarounds.libvirt_disable_apic = False {{(pid=108405) log_opt_values /usr/local/lib/python3.8/dist-packages/oslo_config/cfg.py:2609}}
Sep 23 13:12:57.840796 dv-cinder-809201-2-smb devstack@n-api.service[108405]: DEBUG nova.api.openstack.wsgi_app [-] workarounds.never_download_image_if_on_rbd = False {{(pid=108405) log_opt_values /usr/local/lib/python3.8/dist-packages/oslo_config/cfg.py:2609}}
Sep 23 13:12:57.841198 dv-cinder-809201-2-smb devstack@n-api.service[108405]: DEBUG nova.api.openstack.wsgi_app [-] workarounds.reserve_disk_resource_for_image_cache = False {{(pid=108405) log_opt_values /usr/local/lib/python3.8/dist-packages/oslo_config/cfg.py:2609}}
Sep 23 13:12:57.841553 dv-cinder-809201-2-smb devstack@n-api.service[108405]: DEBUG nova.api.openstack.wsgi_app [-] wsgi.api_paste_config = /etc/nova/api-paste.ini {{(pid=108405) log_opt_values /usr/local/lib/python3.8/dist-packages/oslo_config/cfg.py:2609}}
Sep 23 13:12:57.841885 dv-cinder-809201-2-smb devstack@n-api.service[108405]: DEBUG nova.api.openstack.wsgi_app [-] wsgi.client_socket_timeout = 900 {{(pid=108405) log_opt_values /usr/local/lib/python3.8/dist-packages/oslo_config/cfg.py:2609}}
Sep 23 13:12:57.842214 dv-cinder-809201-2-smb devstack@n-api.service[108405]: DEBUG nova.api.openstack.wsgi_app [-] wsgi.default_pool_size = 1000 {{(pid=108405) log_opt_values /usr/local/lib/python3.8/dist-packages/oslo_config/cfg.py:2609}}
Sep 23 13:12:57.842545 dv-cinder-809201-2-smb devstack@n-api.service[108405]: DEBUG nova.api.openstack.wsgi_app [-] wsgi.keep_alive = True {{(pid=108405) log_opt_values /usr/local/lib/python3.8/dist-packages/oslo_config/cfg.py:2609}}
Sep 23 13:12:57.842874 dv-cinder-809201-2-smb devstack@n-api.service[108405]: DEBUG nova.api.openstack.wsgi_app [-] wsgi.max_header_line = 16384 {{(pid=108405) log_opt_values /usr/local/lib/python3.8/dist-packages/oslo_config/cfg.py:2609}}
Sep 23 13:12:57.843197 dv-cinder-809201-2-smb devstack@n-api.service[108405]: DEBUG nova.api.openstack.wsgi_app [-] wsgi.secure_proxy_ssl_header = None {{(pid=108405) log_opt_values /usr/local/lib/python3.8/dist-packages/oslo_config/cfg.py:2609}}
Sep 23 13:12:57.843519 dv-cinder-809201-2-smb devstack@n-api.service[108405]: DEBUG nova.api.openstack.wsgi_app [-] wsgi.ssl_ca_file = None {{(pid=108405) log_opt_values /usr/local/lib/python3.8/dist-packages/oslo_config/cfg.py:2609}}
Sep 23 13:12:57.843845 dv-cinder-809201-2-smb devstack@n-api.service[108405]: DEBUG nova.api.openstack.wsgi_app [-] wsgi.ssl_cert_file = None {{(pid=108405) log_opt_values /usr/local/lib/python3.8/dist-packages/oslo_config/cfg.py:2609}}
Sep 23 13:12:57.844166 dv-cinder-809201-2-smb devstack@n-api.service[108405]: DEBUG nova.api.openstack.wsgi_app [-] wsgi.ssl_key_file = None {{(pid=108405) log_opt_values /usr/local/lib/python3.8/dist-packages/oslo_config/cfg.py:2609}}
Sep 23 13:12:57.844496 dv-cinder-809201-2-smb devstack@n-api.service[108405]: DEBUG nova.api.openstack.wsgi_app [-] wsgi.tcp_keepidle = 600 {{(pid=108405) log_opt_values /usr/local/lib/python3.8/dist-packages/oslo_config/cfg.py:2609}}
Sep 23 13:12:57.844867 dv-cinder-809201-2-smb devstack@n-api.service[108405]: DEBUG nova.api.openstack.wsgi_app [-] wsgi.wsgi_log_format = %(client_ip)s "%(request_line)s" status: %(status_code)s len: %(body_length)s time: %(wall_seconds).7f {{(pid=108405) log_opt_values /usr/local/lib/python3.8/dist-packages/oslo_config/cfg.py:2609}}
Sep 23 13:12:57.845197 dv-cinder-809201-2-smb devstack@n-api.service[108405]: DEBUG nova.api.openstack.wsgi_app [-] zvm.ca_file = None {{(pid=108405) log_opt_values /usr/local/lib/python3.8/dist-packages/oslo_config/cfg.py:2609}}
Sep 23 13:12:57.845517 dv-cinder-809201-2-smb devstack@n-api.service[108405]: DEBUG nova.api.openstack.wsgi_app [-] zvm.cloud_connector_url = None {{(pid=108405) log_opt_values /usr/local/lib/python3.8/dist-packages/oslo_config/cfg.py:2609}}
Sep 23 13:12:57.845958 dv-cinder-809201-2-smb devstack@n-api.service[108405]: DEBUG nova.api.openstack.wsgi_app [-] zvm.image_tmp_path = /opt/stack/data/nova/images {{(pid=108405) log_opt_values /usr/local/lib/python3.8/dist-packages/oslo_config/cfg.py:2609}}
Sep 23 13:12:57.846285 dv-cinder-809201-2-smb devstack@n-api.service[108405]: DEBUG nova.api.openstack.wsgi_app [-] zvm.reachable_timeout = 300 {{(pid=108405) log_opt_values /usr/local/lib/python3.8/dist-packages/oslo_config/cfg.py:2609}}
Sep 23 13:12:57.846617 dv-cinder-809201-2-smb devstack@n-api.service[108405]: DEBUG nova.api.openstack.wsgi_app [-] oslo_versionedobjects.fatal_exception_format_errors = False {{(pid=108405) log_opt_values /usr/local/lib/python3.8/dist-packages/oslo_config/cfg.py:2609}}
Sep 23 13:12:57.846956 dv-cinder-809201-2-smb devstack@n-api.service[108405]: DEBUG nova.api.openstack.wsgi_app [-] oslo_messaging_metrics.metrics_buffer_size = 1000 {{(pid=108405) log_opt_values /usr/local/lib/python3.8/dist-packages/oslo_config/cfg.py:2609}}
Sep 23 13:12:57.847278 dv-cinder-809201-2-smb devstack@n-api.service[108405]: DEBUG nova.api.openstack.wsgi_app [-] oslo_messaging_metrics.metrics_enabled = False {{(pid=108405) log_opt_values /usr/local/lib/python3.8/dist-packages/oslo_config/cfg.py:2609}}
Sep 23 13:12:57.847615 dv-cinder-809201-2-smb devstack@n-api.service[108405]: DEBUG nova.api.openstack.wsgi_app [-] oslo_messaging_metrics.metrics_process_name = {{(pid=108405) log_opt_values /usr/local/lib/python3.8/dist-packages/oslo_config/cfg.py:2609}}
Sep 23 13:12:57.847947 dv-cinder-809201-2-smb devstack@n-api.service[108405]: DEBUG nova.api.openstack.wsgi_app [-] oslo_messaging_metrics.metrics_socket_file = /var/tmp/metrics_collector.sock {{(pid=108405) log_opt_values /usr/local/lib/python3.8/dist-packages/oslo_config/cfg.py:2609}}
Sep 23 13:12:57.848271 dv-cinder-809201-2-smb devstack@n-api.service[108405]: DEBUG nova.api.openstack.wsgi_app [-] oslo_messaging_metrics.metrics_thread_stop_timeout = 10 {{(pid=108405) log_opt_values /usr/local/lib/python3.8/dist-packages/oslo_config/cfg.py:2609}}
Sep 23 13:12:57.848627 dv-cinder-809201-2-smb devstack@n-api.service[108405]: DEBUG nova.api.openstack.wsgi_app [-] oslo_policy.enforce_new_defaults = False {{(pid=108405) log_opt_values /usr/local/lib/python3.8/dist-packages/oslo_config/cfg.py:2609}}
Sep 23 13:12:57.848977 dv-cinder-809201-2-smb devstack@n-api.service[108405]: DEBUG nova.api.openstack.wsgi_app [-] oslo_policy.enforce_scope = False {{(pid=108405) log_opt_values /usr/local/lib/python3.8/dist-packages/oslo_config/cfg.py:2609}}
Sep 23 13:12:57.849318 dv-cinder-809201-2-smb devstack@n-api.service[108405]: DEBUG nova.api.openstack.wsgi_app [-] oslo_policy.policy_default_rule = default {{(pid=108405) log_opt_values /usr/local/lib/python3.8/dist-packages/oslo_config/cfg.py:2609}}
Sep 23 13:12:57.849672 dv-cinder-809201-2-smb devstack@n-api.service[108405]: DEBUG nova.api.openstack.wsgi_app [-] oslo_policy.policy_dirs = ['policy.d'] {{(pid=108405) log_opt_values /usr/local/lib/python3.8/dist-packages/oslo_config/cfg.py:2609}}
Sep 23 13:12:57.850012 dv-cinder-809201-2-smb devstack@n-api.service[108405]: DEBUG nova.api.openstack.wsgi_app [-] oslo_policy.policy_file = policy.yaml {{(pid=108405) log_opt_values /usr/local/lib/python3.8/dist-packages/oslo_config/cfg.py:2609}}
Sep 23 13:12:57.850349 dv-cinder-809201-2-smb devstack@n-api.service[108405]: DEBUG nova.api.openstack.wsgi_app [-] oslo_policy.remote_content_type = application/x-www-form-urlencoded {{(pid=108405) log_opt_values /usr/local/lib/python3.8/dist-packages/oslo_config/cfg.py:2609}}
Sep 23 13:12:57.850668 dv-cinder-809201-2-smb devstack@n-api.service[108405]: DEBUG nova.api.openstack.wsgi_app [-] oslo_policy.remote_ssl_ca_crt_file = None {{(pid=108405) log_opt_values /usr/local/lib/python3.8/dist-packages/oslo_config/cfg.py:2609}}
Sep 23 13:12:57.850985 dv-cinder-809201-2-smb devstack@n-api.service[108405]: DEBUG nova.api.openstack.wsgi_app [-] oslo_policy.remote_ssl_client_crt_file = None {{(pid=108405) log_opt_values /usr/local/lib/python3.8/dist-packages/oslo_config/cfg.py:2609}}
Sep 23 13:12:57.851300 dv-cinder-809201-2-smb devstack@n-api.service[108405]: DEBUG nova.api.openstack.wsgi_app [-] oslo_policy.remote_ssl_client_key_file = None {{(pid=108405) log_opt_values /usr/local/lib/python3.8/dist-packages/oslo_config/cfg.py:2609}}
Sep 23 13:12:57.851622 dv-cinder-809201-2-smb devstack@n-api.service[108405]: DEBUG nova.api.openstack.wsgi_app [-] oslo_policy.remote_ssl_verify_server_crt = False {{(pid=108405) log_opt_values /usr/local/lib/python3.8/dist-packages/oslo_config/cfg.py:2609}}
Sep 23 13:12:57.851968 dv-cinder-809201-2-smb devstack@n-api.service[108405]: DEBUG nova.api.openstack.wsgi_app [-] profiler.connection_string = messaging:// {{(pid=108405) log_opt_values /usr/local/lib/python3.8/dist-packages/oslo_config/cfg.py:2609}}
Sep 23 13:12:57.852297 dv-cinder-809201-2-smb devstack@n-api.service[108405]: DEBUG nova.api.openstack.wsgi_app [-] profiler.enabled = False {{(pid=108405) log_opt_values /usr/local/lib/python3.8/dist-packages/oslo_config/cfg.py:2609}}
Sep 23 13:12:57.852632 dv-cinder-809201-2-smb devstack@n-api.service[108405]: DEBUG nova.api.openstack.wsgi_app [-] profiler.es_doc_type = notification {{(pid=108405) log_opt_values /usr/local/lib/python3.8/dist-packages/oslo_config/cfg.py:2609}}
Sep 23 13:12:57.852988 dv-cinder-809201-2-smb devstack@n-api.service[108405]: DEBUG nova.api.openstack.wsgi_app [-] profiler.es_scroll_size = 10000 {{(pid=108405) log_opt_values /usr/local/lib/python3.8/dist-packages/oslo_config/cfg.py:2609}}
Sep 23 13:12:57.853322 dv-cinder-809201-2-smb devstack@n-api.service[108405]: DEBUG nova.api.openstack.wsgi_app [-] profiler.es_scroll_time = 2m {{(pid=108405) log_opt_values /usr/local/lib/python3.8/dist-packages/oslo_config/cfg.py:2609}}
Sep 23 13:12:57.853650 dv-cinder-809201-2-smb devstack@n-api.service[108405]: DEBUG nova.api.openstack.wsgi_app [-] profiler.filter_error_trace = False {{(pid=108405) log_opt_values /usr/local/lib/python3.8/dist-packages/oslo_config/cfg.py:2609}}
Sep 23 13:12:57.853983 dv-cinder-809201-2-smb devstack@n-api.service[108405]: DEBUG nova.api.openstack.wsgi_app [-] profiler.hmac_keys = SECRET_KEY {{(pid=108405) log_opt_values /usr/local/lib/python3.8/dist-packages/oslo_config/cfg.py:2609}}
Sep 23 13:12:57.854316 dv-cinder-809201-2-smb devstack@n-api.service[108405]: DEBUG nova.api.openstack.wsgi_app [-] profiler.sentinel_service_name = mymaster {{(pid=108405) log_opt_values /usr/local/lib/python3.8/dist-packages/oslo_config/cfg.py:2609}}
Sep 23 13:12:57.854643 dv-cinder-809201-2-smb devstack@n-api.service[108405]: DEBUG nova.api.openstack.wsgi_app [-] profiler.socket_timeout = 0.1 {{(pid=108405) log_opt_values /usr/local/lib/python3.8/dist-packages/oslo_config/cfg.py:2609}}
Sep 23 13:12:57.854965 dv-cinder-809201-2-smb devstack@n-api.service[108405]: DEBUG nova.api.openstack.wsgi_app [-] profiler.trace_sqlalchemy = False {{(pid=108405) log_opt_values /usr/local/lib/python3.8/dist-packages/oslo_config/cfg.py:2609}}
Sep 23 13:12:57.855309 dv-cinder-809201-2-smb devstack@n-api.service[108405]: DEBUG nova.api.openstack.wsgi_app [-] oslo_messaging_rabbit.amqp_auto_delete = False {{(pid=108405) log_opt_values /usr/local/lib/python3.8/dist-packages/oslo_config/cfg.py:2609}}
Sep 23 13:12:57.855631 dv-cinder-809201-2-smb devstack@n-api.service[108405]: DEBUG nova.api.openstack.wsgi_app [-] oslo_messaging_rabbit.amqp_durable_queues = False {{(pid=108405) log_opt_values /usr/local/lib/python3.8/dist-packages/oslo_config/cfg.py:2609}}
Sep 23 13:12:57.855958 dv-cinder-809201-2-smb devstack@n-api.service[108405]: DEBUG nova.api.openstack.wsgi_app [-] oslo_messaging_rabbit.conn_pool_min_size = 2 {{(pid=108405) log_opt_values /usr/local/lib/python3.8/dist-packages/oslo_config/cfg.py:2609}}
Sep 23 13:12:57.856285 dv-cinder-809201-2-smb devstack@n-api.service[108405]: DEBUG nova.api.openstack.wsgi_app [-] oslo_messaging_rabbit.conn_pool_ttl = 1200 {{(pid=108405) log_opt_values /usr/local/lib/python3.8/dist-packages/oslo_config/cfg.py:2609}}
Sep 23 13:12:57.856608 dv-cinder-809201-2-smb devstack@n-api.service[108405]: DEBUG nova.api.openstack.wsgi_app [-] oslo_messaging_rabbit.direct_mandatory_flag = True {{(pid=108405) log_opt_values /usr/local/lib/python3.8/dist-packages/oslo_config/cfg.py:2609}}
Sep 23 13:12:57.856975 dv-cinder-809201-2-smb devstack@n-api.service[108405]: DEBUG nova.api.openstack.wsgi_app [-] oslo_messaging_rabbit.enable_cancel_on_failover = False {{(pid=108405) log_opt_values /usr/local/lib/python3.8/dist-packages/oslo_config/cfg.py:2609}}
Sep 23 13:12:57.857284 dv-cinder-809201-2-smb devstack@n-api.service[108405]: DEBUG nova.api.openstack.wsgi_app [-] oslo_messaging_rabbit.heartbeat_in_pthread = True {{(pid=108405) log_opt_values /usr/local/lib/python3.8/dist-packages/oslo_config/cfg.py:2609}}
Sep 23 13:12:57.857625 dv-cinder-809201-2-smb devstack@n-api.service[108405]: DEBUG nova.api.openstack.wsgi_app [-] oslo_messaging_rabbit.heartbeat_rate = 3 {{(pid=108405) log_opt_values /usr/local/lib/python3.8/dist-packages/oslo_config/cfg.py:2609}}
Sep 23 13:12:57.857964 dv-cinder-809201-2-smb devstack@n-api.service[108405]: DEBUG nova.api.openstack.wsgi_app [-] oslo_messaging_rabbit.heartbeat_timeout_threshold = 600 {{(pid=108405) log_opt_values /usr/local/lib/python3.8/dist-packages/oslo_config/cfg.py:2609}}
Sep 23 13:12:57.858282 dv-cinder-809201-2-smb devstack@n-api.service[108405]: DEBUG nova.api.openstack.wsgi_app [-] oslo_messaging_rabbit.kombu_compression = None {{(pid=108405) log_opt_values /usr/local/lib/python3.8/dist-packages/oslo_config/cfg.py:2609}}
Sep 23 13:12:57.858619 dv-cinder-809201-2-smb devstack@n-api.service[108405]: DEBUG nova.api.openstack.wsgi_app [-] oslo_messaging_rabbit.kombu_failover_strategy = round-robin {{(pid=108405) log_opt_values /usr/local/lib/python3.8/dist-packages/oslo_config/cfg.py:2609}}
Sep 23 13:12:57.858951 dv-cinder-809201-2-smb devstack@n-api.service[108405]: DEBUG nova.api.openstack.wsgi_app [-] oslo_messaging_rabbit.kombu_missing_consumer_retry_timeout = 60 {{(pid=108405) log_opt_values /usr/local/lib/python3.8/dist-packages/oslo_config/cfg.py:2609}}
Sep 23 13:12:57.859285 dv-cinder-809201-2-smb devstack@n-api.service[108405]: DEBUG nova.api.openstack.wsgi_app [-] oslo_messaging_rabbit.kombu_reconnect_delay = 1.0 {{(pid=108405) log_opt_values /usr/local/lib/python3.8/dist-packages/oslo_config/cfg.py:2609}}
Sep 23 13:12:57.859613 dv-cinder-809201-2-smb devstack@n-api.service[108405]: DEBUG nova.api.openstack.wsgi_app [-] oslo_messaging_rabbit.rabbit_ha_queues = False {{(pid=108405) log_opt_values /usr/local/lib/python3.8/dist-packages/oslo_config/cfg.py:2609}}
Sep 23 13:12:57.859936 dv-cinder-809201-2-smb devstack@n-api.service[108405]: DEBUG nova.api.openstack.wsgi_app [-] oslo_messaging_rabbit.rabbit_interval_max = 30 {{(pid=108405) log_opt_values /usr/local/lib/python3.8/dist-packages/oslo_config/cfg.py:2609}}
Sep 23 13:12:57.860276 dv-cinder-809201-2-smb devstack@n-api.service[108405]: DEBUG nova.api.openstack.wsgi_app [-] oslo_messaging_rabbit.rabbit_login_method = AMQPLAIN {{(pid=108405) log_opt_values /usr/local/lib/python3.8/dist-packages/oslo_config/cfg.py:2609}}
Sep 23 13:12:57.860601 dv-cinder-809201-2-smb devstack@n-api.service[108405]: DEBUG nova.api.openstack.wsgi_app [-] oslo_messaging_rabbit.rabbit_qos_prefetch_count = 0 {{(pid=108405) log_opt_values /usr/local/lib/python3.8/dist-packages/oslo_config/cfg.py:2609}}
Sep 23 13:12:57.860958 dv-cinder-809201-2-smb devstack@n-api.service[108405]: DEBUG nova.api.openstack.wsgi_app [-] oslo_messaging_rabbit.rabbit_retry_backoff = 2 {{(pid=108405) log_opt_values /usr/local/lib/python3.8/dist-packages/oslo_config/cfg.py:2609}}
Sep 23 13:12:57.861285 dv-cinder-809201-2-smb devstack@n-api.service[108405]: DEBUG nova.api.openstack.wsgi_app [-] oslo_messaging_rabbit.rabbit_retry_interval = 1 {{(pid=108405) log_opt_values /usr/local/lib/python3.8/dist-packages/oslo_config/cfg.py:2609}}
Sep 23 13:12:57.861609 dv-cinder-809201-2-smb devstack@n-api.service[108405]: DEBUG nova.api.openstack.wsgi_app [-] oslo_messaging_rabbit.rabbit_transient_queues_ttl = 1800 {{(pid=108405) log_opt_values /usr/local/lib/python3.8/dist-packages/oslo_config/cfg.py:2609}}
Sep 23 13:12:57.861939 dv-cinder-809201-2-smb devstack@n-api.service[108405]: DEBUG nova.api.openstack.wsgi_app [-] oslo_messaging_rabbit.rpc_conn_pool_size = 30 {{(pid=108405) log_opt_values /usr/local/lib/python3.8/dist-packages/oslo_config/cfg.py:2609}}
Sep 23 13:12:57.862267 dv-cinder-809201-2-smb devstack@n-api.service[108405]: DEBUG nova.api.openstack.wsgi_app [-] oslo_messaging_rabbit.ssl = False {{(pid=108405) log_opt_values /usr/local/lib/python3.8/dist-packages/oslo_config/cfg.py:2609}}
Sep 23 13:12:57.862606 dv-cinder-809201-2-smb devstack@n-api.service[108405]: DEBUG nova.api.openstack.wsgi_app [-] oslo_messaging_rabbit.ssl_ca_file = {{(pid=108405) log_opt_values /usr/local/lib/python3.8/dist-packages/oslo_config/cfg.py:2609}}
Sep 23 13:12:57.862947 dv-cinder-809201-2-smb devstack@n-api.service[108405]: DEBUG nova.api.openstack.wsgi_app [-] oslo_messaging_rabbit.ssl_cert_file = {{(pid=108405) log_opt_values /usr/local/lib/python3.8/dist-packages/oslo_config/cfg.py:2609}}
Sep 23 13:12:57.863287 dv-cinder-809201-2-smb devstack@n-api.service[108405]: DEBUG nova.api.openstack.wsgi_app [-] oslo_messaging_rabbit.ssl_key_file = {{(pid=108405) log_opt_values /usr/local/lib/python3.8/dist-packages/oslo_config/cfg.py:2609}}
Sep 23 13:12:57.863630 dv-cinder-809201-2-smb devstack@n-api.service[108405]: DEBUG nova.api.openstack.wsgi_app [-] oslo_messaging_rabbit.ssl_version = {{(pid=108405) log_opt_values /usr/local/lib/python3.8/dist-packages/oslo_config/cfg.py:2609}}
Sep 23 13:12:57.864507 dv-cinder-809201-2-smb devstack@n-api.service[108405]: DEBUG nova.api.openstack.wsgi_app [-] oslo_messaging_notifications.driver = ['messagingv2'] {{(pid=108405) log_opt_values /usr/local/lib/python3.8/dist-packages/oslo_config/cfg.py:2609}}
Sep 23 13:12:57.864859 dv-cinder-809201-2-smb devstack@n-api.service[108405]: DEBUG nova.api.openstack.wsgi_app [-] oslo_messaging_notifications.retry = -1 {{(pid=108405) log_opt_values /usr/local/lib/python3.8/dist-packages/oslo_config/cfg.py:2609}}
Sep 23 13:12:57.865218 dv-cinder-809201-2-smb devstack@n-api.service[108405]: DEBUG nova.api.openstack.wsgi_app [-] oslo_messaging_notifications.topics = ['notifications'] {{(pid=108405) log_opt_values /usr/local/lib/python3.8/dist-packages/oslo_config/cfg.py:2609}}
Sep 23 13:12:57.865559 dv-cinder-809201-2-smb devstack@n-api.service[108405]: DEBUG nova.api.openstack.wsgi_app [-] oslo_messaging_notifications.transport_url = **** {{(pid=108405) log_opt_values /usr/local/lib/python3.8/dist-packages/oslo_config/cfg.py:2609}}
Sep 23 13:12:57.865811 dv-cinder-809201-2-smb devstack@n-api.service[108405]: DEBUG nova.api.openstack.wsgi_app [-] ******************************************************************************** {{(pid=108405) log_opt_values /usr/local/lib/python3.8/dist-packages/oslo_config/cfg.py:2613}}
Sep 23 13:12:57.888445 dv-cinder-809201-2-smb devstack@n-api.service[108405]: DEBUG oslo_db.sqlalchemy.engines [None req-2b03d2d3-14e6-4c01-9c3c-6e48bfaebaf3 None None] MySQL server mode set to STRICT_TRANS_TABLES,STRICT_ALL_TABLES,NO_ZERO_IN_DATE,NO_ZERO_DATE,ERROR_FOR_DIVISION_BY_ZERO,TRADITIONAL,NO_ENGINE_SUBSTITUTION {{(pid=108405) _check_effective_sql_mode /usr/local/lib/python3.8/dist-packages/oslo_db/sqlalchemy/engines.py:314}}
Sep 23 13:12:57.906903 dv-cinder-809201-2-smb devstack@n-api.service[108404]: DEBUG nova.context [None req-ab68dd90-7d05-469a-adfa-f52290a1aea8 None None] Found 2 cells: 00000000-0000-0000-0000-000000000000(cell0),f3be5838-3a92-424d-a9ae-6e438f37ce6e(cell1) {{(pid=108404) load_cells /opt/stack/nova/nova/context.py:464}}
Sep 23 13:12:57.911361 dv-cinder-809201-2-smb devstack@n-api.service[108404]: DEBUG oslo_concurrency.lockutils [None req-ab68dd90-7d05-469a-adfa-f52290a1aea8 None None] Lock "00000000-0000-0000-0000-000000000000" acquired by "nova.context.set_target_cell..get_or_set_cached_cell_and_set_connections" :: waited 0.000s {{(pid=108404) inner /usr/local/lib/python3.8/dist-packages/oslo_concurrency/lockutils.py:355}}
Sep 23 13:12:57.912968 dv-cinder-809201-2-smb devstack@n-api.service[108404]: DEBUG oslo_concurrency.lockutils [None req-ab68dd90-7d05-469a-adfa-f52290a1aea8 None None] Lock "00000000-0000-0000-0000-000000000000" released by "nova.context.set_target_cell..get_or_set_cached_cell_and_set_connections" :: held 0.002s {{(pid=108404) inner /usr/local/lib/python3.8/dist-packages/oslo_concurrency/lockutils.py:367}}
Sep 23 13:12:57.913783 dv-cinder-809201-2-smb devstack@n-api.service[108404]: DEBUG oslo_concurrency.lockutils [None req-ab68dd90-7d05-469a-adfa-f52290a1aea8 None None] Lock "f3be5838-3a92-424d-a9ae-6e438f37ce6e" acquired by "nova.context.set_target_cell..get_or_set_cached_cell_and_set_connections" :: waited 0.000s {{(pid=108404) inner /usr/local/lib/python3.8/dist-packages/oslo_concurrency/lockutils.py:355}}
Sep 23 13:12:57.915747 dv-cinder-809201-2-smb devstack@n-api.service[108404]: DEBUG oslo_concurrency.lockutils [None req-ab68dd90-7d05-469a-adfa-f52290a1aea8 None None] Lock "f3be5838-3a92-424d-a9ae-6e438f37ce6e" released by "nova.context.set_target_cell..get_or_set_cached_cell_and_set_connections" :: held 0.002s {{(pid=108404) inner /usr/local/lib/python3.8/dist-packages/oslo_concurrency/lockutils.py:367}}
Sep 23 13:12:57.927059 dv-cinder-809201-2-smb devstack@n-api.service[108404]: DEBUG oslo_db.sqlalchemy.engines [None req-ab68dd90-7d05-469a-adfa-f52290a1aea8 None None] MySQL server mode set to STRICT_TRANS_TABLES,STRICT_ALL_TABLES,NO_ZERO_IN_DATE,NO_ZERO_DATE,ERROR_FOR_DIVISION_BY_ZERO,TRADITIONAL,NO_ENGINE_SUBSTITUTION {{(pid=108404) _check_effective_sql_mode /usr/local/lib/python3.8/dist-packages/oslo_db/sqlalchemy/engines.py:314}}
Sep 23 13:12:57.928080 dv-cinder-809201-2-smb devstack@n-api.service[108404]: DEBUG oslo_db.sqlalchemy.engines [None req-ab68dd90-7d05-469a-adfa-f52290a1aea8 None None] MySQL server mode set to STRICT_TRANS_TABLES,STRICT_ALL_TABLES,NO_ZERO_IN_DATE,NO_ZERO_DATE,ERROR_FOR_DIVISION_BY_ZERO,TRADITIONAL,NO_ENGINE_SUBSTITUTION {{(pid=108404) _check_effective_sql_mode /usr/local/lib/python3.8/dist-packages/oslo_db/sqlalchemy/engines.py:314}}
Sep 23 13:12:57.968906 dv-cinder-809201-2-smb devstack@n-api.service[108405]: DEBUG nova.context [None req-2b03d2d3-14e6-4c01-9c3c-6e48bfaebaf3 None None] Found 2 cells: 00000000-0000-0000-0000-000000000000(cell0),f3be5838-3a92-424d-a9ae-6e438f37ce6e(cell1) {{(pid=108405) load_cells /opt/stack/nova/nova/context.py:464}}
Sep 23 13:12:57.973390 dv-cinder-809201-2-smb devstack@n-api.service[108405]: DEBUG oslo_concurrency.lockutils [None req-2b03d2d3-14e6-4c01-9c3c-6e48bfaebaf3 None None] Lock "00000000-0000-0000-0000-000000000000" acquired by "nova.context.set_target_cell..get_or_set_cached_cell_and_set_connections" :: waited 0.000s {{(pid=108405) inner /usr/local/lib/python3.8/dist-packages/oslo_concurrency/lockutils.py:355}}
Sep 23 13:12:57.974976 dv-cinder-809201-2-smb devstack@n-api.service[108405]: DEBUG oslo_concurrency.lockutils [None req-2b03d2d3-14e6-4c01-9c3c-6e48bfaebaf3 None None] Lock "00000000-0000-0000-0000-000000000000" released by "nova.context.set_target_cell..get_or_set_cached_cell_and_set_connections" :: held 0.002s {{(pid=108405) inner /usr/local/lib/python3.8/dist-packages/oslo_concurrency/lockutils.py:367}}
Sep 23 13:12:57.975804 dv-cinder-809201-2-smb devstack@n-api.service[108405]: DEBUG oslo_concurrency.lockutils [None req-2b03d2d3-14e6-4c01-9c3c-6e48bfaebaf3 None None] Lock "f3be5838-3a92-424d-a9ae-6e438f37ce6e" acquired by "nova.context.set_target_cell..get_or_set_cached_cell_and_set_connections" :: waited 0.000s {{(pid=108405) inner /usr/local/lib/python3.8/dist-packages/oslo_concurrency/lockutils.py:355}}
Sep 23 13:12:57.977810 dv-cinder-809201-2-smb devstack@n-api.service[108405]: DEBUG oslo_concurrency.lockutils [None req-2b03d2d3-14e6-4c01-9c3c-6e48bfaebaf3 None None] Lock "f3be5838-3a92-424d-a9ae-6e438f37ce6e" released by "nova.context.set_target_cell..get_or_set_cached_cell_and_set_connections" :: held 0.002s {{(pid=108405) inner /usr/local/lib/python3.8/dist-packages/oslo_concurrency/lockutils.py:367}}
Sep 23 13:12:57.988534 dv-cinder-809201-2-smb devstack@n-api.service[108405]: DEBUG oslo_db.sqlalchemy.engines [None req-2b03d2d3-14e6-4c01-9c3c-6e48bfaebaf3 None None] MySQL server mode set to STRICT_TRANS_TABLES,STRICT_ALL_TABLES,NO_ZERO_IN_DATE,NO_ZERO_DATE,ERROR_FOR_DIVISION_BY_ZERO,TRADITIONAL,NO_ENGINE_SUBSTITUTION {{(pid=108405) _check_effective_sql_mode /usr/local/lib/python3.8/dist-packages/oslo_db/sqlalchemy/engines.py:314}}
Sep 23 13:12:57.990860 dv-cinder-809201-2-smb devstack@n-api.service[108405]: DEBUG oslo_db.sqlalchemy.engines [None req-2b03d2d3-14e6-4c01-9c3c-6e48bfaebaf3 None None] MySQL server mode set to STRICT_TRANS_TABLES,STRICT_ALL_TABLES,NO_ZERO_IN_DATE,NO_ZERO_DATE,ERROR_FOR_DIVISION_BY_ZERO,TRADITIONAL,NO_ENGINE_SUBSTITUTION {{(pid=108405) _check_effective_sql_mode /usr/local/lib/python3.8/dist-packages/oslo_db/sqlalchemy/engines.py:314}}
Sep 23 13:12:58.188691 dv-cinder-809201-2-smb devstack@n-api.service[108404]: DEBUG oslo_db.sqlalchemy.engines [None req-ab68dd90-7d05-469a-adfa-f52290a1aea8 None None] MySQL server mode set to STRICT_TRANS_TABLES,STRICT_ALL_TABLES,NO_ZERO_IN_DATE,NO_ZERO_DATE,ERROR_FOR_DIVISION_BY_ZERO,TRADITIONAL,NO_ENGINE_SUBSTITUTION {{(pid=108404) _check_effective_sql_mode /usr/local/lib/python3.8/dist-packages/oslo_db/sqlalchemy/engines.py:314}}
Sep 23 13:12:58.257443 dv-cinder-809201-2-smb devstack@n-api.service[108405]: DEBUG oslo_db.sqlalchemy.engines [None req-2b03d2d3-14e6-4c01-9c3c-6e48bfaebaf3 None None] MySQL server mode set to STRICT_TRANS_TABLES,STRICT_ALL_TABLES,NO_ZERO_IN_DATE,NO_ZERO_DATE,ERROR_FOR_DIVISION_BY_ZERO,TRADITIONAL,NO_ENGINE_SUBSTITUTION {{(pid=108405) _check_effective_sql_mode /usr/local/lib/python3.8/dist-packages/oslo_db/sqlalchemy/engines.py:314}}
Sep 23 13:12:58.514759 dv-cinder-809201-2-smb devstack@n-api.service[108404]: WARNING keystonemiddleware.auth_token [None req-ab68dd90-7d05-469a-adfa-f52290a1aea8 None None] AuthToken middleware is set with keystone_authtoken.service_token_roles_required set to False. This is backwards compatible but deprecated behaviour. Please set this to True.
Sep 23 13:12:58.522312 dv-cinder-809201-2-smb devstack@n-api.service[108404]: WARNING keystonemiddleware.auth_token [None req-ab68dd90-7d05-469a-adfa-f52290a1aea8 None None] Configuring www_authenticate_uri to point to the public identity endpoint is required; clients may not be able to authenticate against an admin endpoint
Sep 23 13:12:58.587695 dv-cinder-809201-2-smb devstack@n-api.service[108405]: WARNING keystonemiddleware.auth_token [None req-2b03d2d3-14e6-4c01-9c3c-6e48bfaebaf3 None None] AuthToken middleware is set with keystone_authtoken.service_token_roles_required set to False. This is backwards compatible but deprecated behaviour. Please set this to True.
Sep 23 13:12:58.594479 dv-cinder-809201-2-smb devstack@n-api.service[108405]: WARNING keystonemiddleware.auth_token [None req-2b03d2d3-14e6-4c01-9c3c-6e48bfaebaf3 None None] Configuring www_authenticate_uri to point to the public identity endpoint is required; clients may not be able to authenticate against an admin endpoint
Sep 23 13:12:58.866243 dv-cinder-809201-2-smb devstack@n-api.service[108404]: WARNING keystonemiddleware.auth_token [None req-ab68dd90-7d05-469a-adfa-f52290a1aea8 None None] AuthToken middleware is set with keystone_authtoken.service_token_roles_required set to False. This is backwards compatible but deprecated behaviour. Please set this to True.
Sep 23 13:12:58.871496 dv-cinder-809201-2-smb devstack@n-api.service[108404]: WARNING keystonemiddleware.auth_token [None req-ab68dd90-7d05-469a-adfa-f52290a1aea8 None None] Configuring www_authenticate_uri to point to the public identity endpoint is required; clients may not be able to authenticate against an admin endpoint
Sep 23 13:12:58.876647 dv-cinder-809201-2-smb devstack@n-api.service[108404]: WSGI app 0 (mountpoint='') ready in 5 seconds on interpreter 0x5633c18b29c0 pid: 108404 (default app)
Sep 23 13:12:58.942991 dv-cinder-809201-2-smb devstack@n-api.service[108405]: WARNING keystonemiddleware.auth_token [None req-2b03d2d3-14e6-4c01-9c3c-6e48bfaebaf3 None None] AuthToken middleware is set with keystone_authtoken.service_token_roles_required set to False. This is backwards compatible but deprecated behaviour. Please set this to True.
Sep 23 13:12:58.948349 dv-cinder-809201-2-smb devstack@n-api.service[108405]: WARNING keystonemiddleware.auth_token [None req-2b03d2d3-14e6-4c01-9c3c-6e48bfaebaf3 None None] Configuring www_authenticate_uri to point to the public identity endpoint is required; clients may not be able to authenticate against an admin endpoint
Sep 23 13:12:58.953560 dv-cinder-809201-2-smb devstack@n-api.service[108405]: WSGI app 0 (mountpoint='') ready in 5 seconds on interpreter 0x5633c18b29c0 pid: 108405 (default app)
Sep 23 13:13:30.567214 dv-cinder-809201-2-smb devstack@n-api.service[108404]: DEBUG nova.api.openstack.wsgi [None req-6acba3a6-93eb-496b-be4e-51cab4cefb10 tempest-VolumesSnapshotsTestJSON-1285096027 tempest-VolumesSnapshotsTestJSON-1285096027-project] Action: 'create', calling method: .version_select at 0x7f1e240f69d0>, body: {"volume": {"size": 1, "display_name": "tempest-VolumesSnapshotsTestJSON-volume-759420207"}} {{(pid=108404) _process_stack /opt/stack/nova/nova/api/openstack/wsgi.py:511}}
Sep 23 13:13:32.060924 dv-cinder-809201-2-smb devstack@n-api.service[108405]: DEBUG nova.api.openstack.wsgi [None req-61705f04-10f3-4fa3-880d-1d4ae24a79a5 tempest-VolumesNegativeTest-1639608868 tempest-VolumesNegativeTest-1639608868-project] Action: 'create', calling method: .version_select at 0x7f1e240f59d0>, body: {"volume": {"size": "#$%", "display_name": "tempest-VolumesNegativeTest-Volume-1032616216", "metadata": {"Type": "work"}}} {{(pid=108405) _process_stack /opt/stack/nova/nova/api/openstack/wsgi.py:511}}
Sep 23 13:13:32.062835 dv-cinder-809201-2-smb devstack@n-api.service[108405]: DEBUG nova.api.openstack.wsgi [None req-61705f04-10f3-4fa3-880d-1d4ae24a79a5 tempest-VolumesNegativeTest-1639608868 tempest-VolumesNegativeTest-1639608868-project] Returning 400 to user: Invalid input for field/attribute size. Value: #$%. '#$%' does not match '^[0-9]+$' {{(pid=108405) __call__ /opt/stack/nova/nova/api/openstack/wsgi.py:936}}
Sep 23 13:13:32.063764 dv-cinder-809201-2-smb devstack@n-api.service[108405]: INFO nova.api.openstack.requestlog [None req-61705f04-10f3-4fa3-880d-1d4ae24a79a5 tempest-VolumesNegativeTest-1639608868 tempest-VolumesNegativeTest-1639608868-project] 10.222.0.20 "POST /compute/v2.1/os-volumes" status: 400 len: 127 microversion: 2.1 time: 1.424334
Sep 23 13:13:32.064554 dv-cinder-809201-2-smb devstack@n-api.service[108405]: [pid: 108405|app: 0|req: 1/1] 10.222.0.20 () {60 vars in 1156 bytes} [Thu Sep 23 13:13:30 2021] POST /compute/v2.1/os-volumes => generated 127 bytes in 1426 msecs (HTTP/1.1 400) 9 headers in 381 bytes (2 switches on core 0)
Sep 23 13:13:32.076182 dv-cinder-809201-2-smb devstack@n-api.service[108405]: DEBUG nova.api.openstack.wsgi [None req-dfc01a56-7be6-4b22-b2b8-33f925ffb472 tempest-VolumesNegativeTest-1639608868 tempest-VolumesNegativeTest-1639608868-project] Action: 'create', calling method: .version_select at 0x7f1e2405b550>, body: {"volume": {"size": "0", "display_name": "tempest-VolumesNegativeTest-Volume-46569484", "metadata": {"Type": "work"}}} {{(pid=108405) _process_stack /opt/stack/nova/nova/api/openstack/wsgi.py:511}}
Sep 23 13:13:32.077378 dv-cinder-809201-2-smb devstack@n-api.service[108405]: DEBUG nova.api.openstack.wsgi [None req-dfc01a56-7be6-4b22-b2b8-33f925ffb472 tempest-VolumesNegativeTest-1639608868 tempest-VolumesNegativeTest-1639608868-project] Returning 400 to user: Invalid input for field/attribute size. Value: 0. 0 is less than the minimum of 1 {{(pid=108405) __call__ /opt/stack/nova/nova/api/openstack/wsgi.py:936}}
Sep 23 13:13:32.078389 dv-cinder-809201-2-smb devstack@n-api.service[108405]: INFO nova.api.openstack.requestlog [None req-dfc01a56-7be6-4b22-b2b8-33f925ffb472 tempest-VolumesNegativeTest-1639608868 tempest-VolumesNegativeTest-1639608868-project] 10.222.0.20 "POST /compute/v2.1/os-volumes" status: 400 len: 125 microversion: 2.1 time: 0.005895
Sep 23 13:13:32.079729 dv-cinder-809201-2-smb devstack@n-api.service[108405]: [pid: 108405|app: 0|req: 2/2] 10.222.0.20 () {60 vars in 1156 bytes} [Thu Sep 23 13:13:32 2021] POST /compute/v2.1/os-volumes => generated 125 bytes in 8 msecs (HTTP/1.1 400) 9 headers in 381 bytes (2 switches on core 0)
Sep 23 13:13:32.088355 dv-cinder-809201-2-smb devstack@n-api.service[108405]: DEBUG nova.api.openstack.wsgi [None req-019a458d-fe3a-4352-885c-b571b9da49e6 tempest-VolumesNegativeTest-1639608868 tempest-VolumesNegativeTest-1639608868-project] Action: 'create', calling method: .version_select at 0x7f1e240f5a60>, body: {"volume": {"size": "", "display_name": "tempest-VolumesNegativeTest-Volume-193757763", "metadata": {"Type": "work"}}} {{(pid=108405) _process_stack /opt/stack/nova/nova/api/openstack/wsgi.py:511}}
Sep 23 13:13:32.089967 dv-cinder-809201-2-smb devstack@n-api.service[108405]: DEBUG nova.api.openstack.wsgi [None req-019a458d-fe3a-4352-885c-b571b9da49e6 tempest-VolumesNegativeTest-1639608868 tempest-VolumesNegativeTest-1639608868-project] Returning 400 to user: Invalid input for field/attribute size. Value: . '' does not match '^[0-9]+$' {{(pid=108405) __call__ /opt/stack/nova/nova/api/openstack/wsgi.py:936}}
Sep 23 13:13:32.096903 dv-cinder-809201-2-smb devstack@n-api.service[108405]: INFO nova.api.openstack.requestlog [None req-019a458d-fe3a-4352-885c-b571b9da49e6 tempest-VolumesNegativeTest-1639608868 tempest-VolumesNegativeTest-1639608868-project] 10.222.0.20 "POST /compute/v2.1/os-volumes" status: 400 len: 121 microversion: 2.1 time: 0.011968
Sep 23 13:13:32.098218 dv-cinder-809201-2-smb devstack@n-api.service[108405]: [pid: 108405|app: 0|req: 3/3] 10.222.0.20 () {60 vars in 1156 bytes} [Thu Sep 23 13:13:32 2021] POST /compute/v2.1/os-volumes => generated 121 bytes in 14 msecs (HTTP/1.1 400) 9 headers in 381 bytes (2 switches on core 0)
Sep 23 13:13:32.107383 dv-cinder-809201-2-smb devstack@n-api.service[108405]: DEBUG nova.api.openstack.wsgi [None req-3859a21f-82ec-4e29-8a8a-363a4de491e5 tempest-VolumesNegativeTest-1639608868 tempest-VolumesNegativeTest-1639608868-project] Calling method '.version_select at 0x7f1e2406f550>' {{(pid=108405) _process_stack /opt/stack/nova/nova/api/openstack/wsgi.py:513}}
Sep 23 13:13:32.333420 dv-cinder-809201-2-smb devstack@n-api.service[108404]: INFO nova.api.openstack.requestlog [None req-6acba3a6-93eb-496b-be4e-51cab4cefb10 tempest-VolumesSnapshotsTestJSON-1285096027 tempest-VolumesSnapshotsTestJSON-1285096027-project] 10.222.0.20 "POST /compute/v2.1/os-volumes" status: 200 len: 344 microversion: 2.1 time: 2.687074
Sep 23 13:13:32.334054 dv-cinder-809201-2-smb devstack@n-api.service[108404]: [pid: 108404|app: 0|req: 1/4] 10.222.0.20 () {60 vars in 1155 bytes} [Thu Sep 23 13:13:29 2021] POST /compute/v2.1/os-volumes => generated 344 bytes in 2690 msecs (HTTP/1.1 200) 10 headers in 448 bytes (1 switches on core 0)
Sep 23 13:13:32.351009 dv-cinder-809201-2-smb devstack@n-api.service[108404]: DEBUG nova.api.openstack.wsgi [None req-5fc7dcc3-2c18-4e2a-91d3-dc041a78cfcb tempest-VolumesSnapshotsTestJSON-1285096027 tempest-VolumesSnapshotsTestJSON-1285096027-project] Calling method '.version_select at 0x7f1e23fbe550>' {{(pid=108404) _process_stack /opt/stack/nova/nova/api/openstack/wsgi.py:513}}
Sep 23 13:13:32.500385 dv-cinder-809201-2-smb devstack@n-api.service[108404]: INFO nova.api.openstack.requestlog [None req-5fc7dcc3-2c18-4e2a-91d3-dc041a78cfcb tempest-VolumesSnapshotsTestJSON-1285096027 tempest-VolumesSnapshotsTestJSON-1285096027-project] 10.222.0.20 "GET /compute/v2.1/os-volumes/15edbeea-4127-4a41-a702-2624c8a2c9ce" status: 200 len: 344 microversion: 2.1 time: 0.156734
Sep 23 13:13:32.501215 dv-cinder-809201-2-smb devstack@n-api.service[108404]: [pid: 108404|app: 0|req: 2/5] 10.222.0.20 () {58 vars in 1245 bytes} [Thu Sep 23 13:13:32 2021] GET /compute/v2.1/os-volumes/15edbeea-4127-4a41-a702-2624c8a2c9ce => generated 344 bytes in 159 msecs (HTTP/1.1 200) 9 headers in 357 bytes (1 switches on core 0)
Sep 23 13:13:32.739387 dv-cinder-809201-2-smb devstack@n-api.service[108405]: INFO nova.api.openstack.wsgi [None req-3859a21f-82ec-4e29-8a8a-363a4de491e5 tempest-VolumesNegativeTest-1639608868 tempest-VolumesNegativeTest-1639608868-project] HTTP exception thrown: Volume tempest-invalid-992638905 could not be found.
Sep 23 13:13:32.740609 dv-cinder-809201-2-smb devstack@n-api.service[108405]: DEBUG nova.api.openstack.wsgi [None req-3859a21f-82ec-4e29-8a8a-363a4de491e5 tempest-VolumesNegativeTest-1639608868 tempest-VolumesNegativeTest-1639608868-project] Returning 404 to user: Volume tempest-invalid-992638905 could not be found. {{(pid=108405) __call__ /opt/stack/nova/nova/api/openstack/wsgi.py:936}}
Sep 23 13:13:32.741922 dv-cinder-809201-2-smb devstack@n-api.service[108405]: INFO nova.api.openstack.requestlog [None req-3859a21f-82ec-4e29-8a8a-363a4de491e5 tempest-VolumesNegativeTest-1639608868 tempest-VolumesNegativeTest-1639608868-project] 10.222.0.20 "DELETE /compute/v2.1/os-volumes/tempest-invalid-992638905" status: 404 len: 98 microversion: 2.1 time: 0.638326
Sep 23 13:13:32.743575 dv-cinder-809201-2-smb devstack@n-api.service[108405]: [pid: 108405|app: 0|req: 4/6] 10.222.0.20 () {58 vars in 1215 bytes} [Thu Sep 23 13:13:32 2021] DELETE /compute/v2.1/os-volumes/tempest-invalid-992638905 => generated 98 bytes in 640 msecs (HTTP/1.1 404) 9 headers in 378 bytes (2 switches on core 0)
Sep 23 13:13:32.755108 dv-cinder-809201-2-smb devstack@n-api.service[108404]: INFO nova.api.openstack.requestlog [None req-ec552ba7-5ecd-4582-bf24-a49081bca00f tempest-VolumesNegativeTest-1639608868 tempest-VolumesNegativeTest-1639608868-project] 10.222.0.20 "DELETE /compute/v2.1/os-volumes/" status: 404 len: 112 microversion: - time: 0.004807
Sep 23 13:13:32.755585 dv-cinder-809201-2-smb devstack@n-api.service[108404]: [pid: 108404|app: 0|req: 3/7] 10.222.0.20 () {58 vars in 1140 bytes} [Thu Sep 23 13:13:32 2021] DELETE /compute/v2.1/os-volumes/ => generated 112 bytes in 6 msecs (HTTP/1.1 404) 5 headers in 228 bytes (1 switches on core 0)
Sep 23 13:13:32.775818 dv-cinder-809201-2-smb devstack@n-api.service[108405]: INFO nova.api.openstack.requestlog [None req-04a4a505-58ce-4dfc-89d3-d306cb82dca0 tempest-VolumesNegativeTest-1639608868 tempest-VolumesNegativeTest-1639608868-project] 10.222.0.20 "GET /compute/v2.1/os-volumes/" status: 404 len: 112 microversion: - time: 0.009243
Sep 23 13:13:32.777938 dv-cinder-809201-2-smb devstack@n-api.service[108405]: [pid: 108405|app: 0|req: 5/8] 10.222.0.20 () {58 vars in 1137 bytes} [Thu Sep 23 13:13:32 2021] GET /compute/v2.1/os-volumes/ => generated 112 bytes in 16 msecs (HTTP/1.1 404) 5 headers in 228 bytes (2 switches on core 0)
Sep 23 13:13:32.796362 dv-cinder-809201-2-smb devstack@n-api.service[108404]: DEBUG nova.api.openstack.wsgi [None req-23b0a181-91f7-425e-85c4-998b5bf2055b tempest-VolumesNegativeTest-1639608868 tempest-VolumesNegativeTest-1639608868-project] Calling method '.version_select at 0x7f1e23fbedc0>' {{(pid=108404) _process_stack /opt/stack/nova/nova/api/openstack/wsgi.py:513}}
Sep 23 13:13:32.871567 dv-cinder-809201-2-smb devstack@n-api.service[108404]: INFO nova.api.openstack.wsgi [None req-23b0a181-91f7-425e-85c4-998b5bf2055b tempest-VolumesNegativeTest-1639608868 tempest-VolumesNegativeTest-1639608868-project] HTTP exception thrown: Volume 7f2c92e0-e38f-48be-8a0c-699251e96f14 could not be found.
Sep 23 13:13:32.872932 dv-cinder-809201-2-smb devstack@n-api.service[108404]: DEBUG nova.api.openstack.wsgi [None req-23b0a181-91f7-425e-85c4-998b5bf2055b tempest-VolumesNegativeTest-1639608868 tempest-VolumesNegativeTest-1639608868-project] Returning 404 to user: Volume 7f2c92e0-e38f-48be-8a0c-699251e96f14 could not be found. {{(pid=108404) __call__ /opt/stack/nova/nova/api/openstack/wsgi.py:936}}
Sep 23 13:13:32.873995 dv-cinder-809201-2-smb devstack@n-api.service[108404]: INFO nova.api.openstack.requestlog [None req-23b0a181-91f7-425e-85c4-998b5bf2055b tempest-VolumesNegativeTest-1639608868 tempest-VolumesNegativeTest-1639608868-project] 10.222.0.20 "DELETE /compute/v2.1/os-volumes/7f2c92e0-e38f-48be-8a0c-699251e96f14" status: 404 len: 109 microversion: 2.1 time: 0.091580
Sep 23 13:13:32.875107 dv-cinder-809201-2-smb devstack@n-api.service[108404]: [pid: 108404|app: 0|req: 4/9] 10.222.0.20 () {58 vars in 1248 bytes} [Thu Sep 23 13:13:32 2021] DELETE /compute/v2.1/os-volumes/7f2c92e0-e38f-48be-8a0c-699251e96f14 => generated 109 bytes in 93 msecs (HTTP/1.1 404) 9 headers in 379 bytes (1 switches on core 0)
Sep 23 13:13:32.884976 dv-cinder-809201-2-smb devstack@n-api.service[108405]: DEBUG nova.api.openstack.wsgi [None req-d80ff1f0-a5b5-4f18-a512-a7db1ce5f715 tempest-VolumesNegativeTest-1639608868 tempest-VolumesNegativeTest-1639608868-project] Calling method '.version_select at 0x7f1e23fc3af0>' {{(pid=108405) _process_stack /opt/stack/nova/nova/api/openstack/wsgi.py:513}}
Sep 23 13:13:32.935505 dv-cinder-809201-2-smb devstack@n-api.service[108405]: INFO nova.api.openstack.wsgi [None req-d80ff1f0-a5b5-4f18-a512-a7db1ce5f715 tempest-VolumesNegativeTest-1639608868 tempest-VolumesNegativeTest-1639608868-project] HTTP exception thrown: Volume 9d8c0121-f519-46c8-8a90-f51f0fd2626c could not be found.
Sep 23 13:13:32.936044 dv-cinder-809201-2-smb devstack@n-api.service[108405]: DEBUG nova.api.openstack.wsgi [None req-d80ff1f0-a5b5-4f18-a512-a7db1ce5f715 tempest-VolumesNegativeTest-1639608868 tempest-VolumesNegativeTest-1639608868-project] Returning 404 to user: Volume 9d8c0121-f519-46c8-8a90-f51f0fd2626c could not be found. {{(pid=108405) __call__ /opt/stack/nova/nova/api/openstack/wsgi.py:936}}
Sep 23 13:13:32.936956 dv-cinder-809201-2-smb devstack@n-api.service[108405]: INFO nova.api.openstack.requestlog [None req-d80ff1f0-a5b5-4f18-a512-a7db1ce5f715 tempest-VolumesNegativeTest-1639608868 tempest-VolumesNegativeTest-1639608868-project] 10.222.0.20 "GET /compute/v2.1/os-volumes/9d8c0121-f519-46c8-8a90-f51f0fd2626c" status: 404 len: 109 microversion: 2.1 time: 0.056154
Sep 23 13:13:32.937562 dv-cinder-809201-2-smb devstack@n-api.service[108405]: [pid: 108405|app: 0|req: 6/10] 10.222.0.20 () {58 vars in 1245 bytes} [Thu Sep 23 13:13:32 2021] GET /compute/v2.1/os-volumes/9d8c0121-f519-46c8-8a90-f51f0fd2626c => generated 109 bytes in 57 msecs (HTTP/1.1 404) 9 headers in 379 bytes (1 switches on core 0)
Sep 23 13:13:33.514539 dv-cinder-809201-2-smb devstack@n-api.service[108404]: DEBUG nova.api.openstack.wsgi [None req-f53f5f7b-819e-4339-8f2a-60aa83c864bf tempest-VolumesSnapshotsTestJSON-1285096027 tempest-VolumesSnapshotsTestJSON-1285096027-project] Calling method '.version_select at 0x7f1e2499fee0>' {{(pid=108404) _process_stack /opt/stack/nova/nova/api/openstack/wsgi.py:513}}
Sep 23 13:13:33.704519 dv-cinder-809201-2-smb devstack@n-api.service[108404]: INFO nova.api.openstack.requestlog [None req-f53f5f7b-819e-4339-8f2a-60aa83c864bf tempest-VolumesSnapshotsTestJSON-1285096027 tempest-VolumesSnapshotsTestJSON-1285096027-project] 10.222.0.20 "GET /compute/v2.1/os-volumes/15edbeea-4127-4a41-a702-2624c8a2c9ce" status: 200 len: 345 microversion: 2.1 time: 0.195414
Sep 23 13:13:33.705275 dv-cinder-809201-2-smb devstack@n-api.service[108404]: [pid: 108404|app: 0|req: 5/11] 10.222.0.20 () {58 vars in 1245 bytes} [Thu Sep 23 13:13:33 2021] GET /compute/v2.1/os-volumes/15edbeea-4127-4a41-a702-2624c8a2c9ce => generated 345 bytes in 197 msecs (HTTP/1.1 200) 9 headers in 357 bytes (1 switches on core 0)
Sep 23 13:13:33.721969 dv-cinder-809201-2-smb devstack@n-api.service[108405]: DEBUG nova.api.openstack.wsgi [None req-28eb36c1-77de-42e9-8286-5fd38eb2e1f6 tempest-VolumesSnapshotsTestJSON-1285096027 tempest-VolumesSnapshotsTestJSON-1285096027-project] Action: 'create', calling method: .version_select at 0x7f1e23fc3670>, body: {"snapshot": {"volume_id": "15edbeea-4127-4a41-a702-2624c8a2c9ce", "display_name": "tempest-VolumesSnapshotsTestJSON-Snapshot-2142418415"}} {{(pid=108405) _process_stack /opt/stack/nova/nova/api/openstack/wsgi.py:511}}
Sep 23 13:13:34.098581 dv-cinder-809201-2-smb devstack@n-api.service[108404]: DEBUG nova.api.openstack.wsgi [None req-f880d91c-cf55-4190-a097-a91aba5b95b2 tempest-VolumesTestJSON-1296750919 tempest-VolumesTestJSON-1296750919-project] Calling method '.version_select at 0x7f1e240ec550>' {{(pid=108404) _process_stack /opt/stack/nova/nova/api/openstack/wsgi.py:513}}
Sep 23 13:13:34.187945 dv-cinder-809201-2-smb devstack@n-api.service[108405]: INFO nova.api.openstack.requestlog [None req-28eb36c1-77de-42e9-8286-5fd38eb2e1f6 tempest-VolumesSnapshotsTestJSON-1285096027 tempest-VolumesSnapshotsTestJSON-1285096027-project] 10.222.0.20 "POST /compute/v2.1/os-snapshots" status: 200 len: 287 microversion: 2.1 time: 0.472969
Sep 23 13:13:34.189676 dv-cinder-809201-2-smb devstack@n-api.service[108405]: [pid: 108405|app: 0|req: 7/12] 10.222.0.20 () {60 vars in 1162 bytes} [Thu Sep 23 13:13:33 2021] POST /compute/v2.1/os-snapshots => generated 287 bytes in 475 msecs (HTTP/1.1 200) 9 headers in 357 bytes (1 switches on core 0)
Sep 23 13:13:34.204156 dv-cinder-809201-2-smb devstack@n-api.service[108405]: DEBUG nova.api.openstack.wsgi [None req-a18fce40-e936-4edc-b531-b5886cf3e539 tempest-VolumesSnapshotsTestJSON-1285096027 tempest-VolumesSnapshotsTestJSON-1285096027-project] Calling method '.version_select at 0x7f1e23fdf1f0>' {{(pid=108405) _process_stack /opt/stack/nova/nova/api/openstack/wsgi.py:513}}
Sep 23 13:13:34.263543 dv-cinder-809201-2-smb devstack@n-api.service[108404]: INFO nova.api.openstack.requestlog [None req-f880d91c-cf55-4190-a097-a91aba5b95b2 tempest-VolumesTestJSON-1296750919 tempest-VolumesTestJSON-1296750919-project] 10.222.0.20 "GET /compute/v2.1/os-volumes/2917bd47-d1d4-416c-a3c6-245ea66062c6" status: 200 len: 351 microversion: 2.1 time: 0.166602
Sep 23 13:13:34.265409 dv-cinder-809201-2-smb devstack@n-api.service[108404]: [pid: 108404|app: 0|req: 6/13] 10.222.0.20 () {58 vars in 1245 bytes} [Thu Sep 23 13:13:34 2021] GET /compute/v2.1/os-volumes/2917bd47-d1d4-416c-a3c6-245ea66062c6 => generated 351 bytes in 171 msecs (HTTP/1.1 200) 9 headers in 357 bytes (1 switches on core 0)
Sep 23 13:13:34.312590 dv-cinder-809201-2-smb devstack@n-api.service[108405]: INFO nova.api.openstack.requestlog [None req-a18fce40-e936-4edc-b531-b5886cf3e539 tempest-VolumesSnapshotsTestJSON-1285096027 tempest-VolumesSnapshotsTestJSON-1285096027-project] 10.222.0.20 "GET /compute/v2.1/os-snapshots/08744e26-0231-4761-a587-9cbd795c07a1" status: 200 len: 287 microversion: 2.1 time: 0.116792
Sep 23 13:13:34.313188 dv-cinder-809201-2-smb devstack@n-api.service[108405]: [pid: 108405|app: 0|req: 8/14] 10.222.0.20 () {58 vars in 1251 bytes} [Thu Sep 23 13:13:34 2021] GET /compute/v2.1/os-snapshots/08744e26-0231-4761-a587-9cbd795c07a1 => generated 287 bytes in 118 msecs (HTTP/1.1 200) 9 headers in 357 bytes (1 switches on core 0)
Sep 23 13:13:34.327088 dv-cinder-809201-2-smb devstack@n-api.service[108404]: DEBUG nova.api.openstack.wsgi [None req-1e918c17-4429-49bf-97ca-9d7fcbbc6897 tempest-VolumesSnapshotsTestJSON-1285096027 tempest-VolumesSnapshotsTestJSON-1285096027-project] Calling method '.version_select at 0x7f1e23fe5940>' {{(pid=108404) _process_stack /opt/stack/nova/nova/api/openstack/wsgi.py:513}}
Sep 23 13:13:34.595039 dv-cinder-809201-2-smb devstack@n-api.service[108405]: DEBUG nova.api.openstack.wsgi [None req-efc70d92-70b7-4c26-93eb-a1a862ca8652 tempest-DeleteServersTestJSON-1035175675 tempest-DeleteServersTestJSON-1035175675-project] Action: 'create', calling method: >, body: {"server": {"name": "tempest-DeleteServersTestJSON-server-1754079912", "imageRef": "0b4dfae7-b158-4e33-bb6f-4a518636f23d", "flavorRef": "452", "networks": [{"uuid": "e364f6b9-b1c5-455e-a9ab-441d70a941cc"}]}} {{(pid=108405) _process_stack /opt/stack/nova/nova/api/openstack/wsgi.py:511}}
Sep 23 13:13:34.640314 dv-cinder-809201-2-smb devstack@n-api.service[108404]: INFO nova.api.openstack.requestlog [None req-1e918c17-4429-49bf-97ca-9d7fcbbc6897 tempest-VolumesSnapshotsTestJSON-1285096027 tempest-VolumesSnapshotsTestJSON-1285096027-project] 10.222.0.20 "GET /compute/v2.1/os-snapshots" status: 200 len: 291 microversion: 2.1 time: 0.321044
Sep 23 13:13:34.641482 dv-cinder-809201-2-smb devstack@n-api.service[108404]: [pid: 108404|app: 0|req: 7/15] 10.222.0.20 () {58 vars in 1140 bytes} [Thu Sep 23 13:13:34 2021] GET /compute/v2.1/os-snapshots => generated 291 bytes in 323 msecs (HTTP/1.1 200) 9 headers in 357 bytes (1 switches on core 0)
Sep 23 13:13:34.654839 dv-cinder-809201-2-smb devstack@n-api.service[108404]: DEBUG nova.api.openstack.wsgi [None req-d8c1788b-ba6c-428e-a028-dcd94eaf6494 tempest-VolumesSnapshotsTestJSON-1285096027 tempest-VolumesSnapshotsTestJSON-1285096027-project] Calling method '.version_select at 0x7f1e23fe3820>' {{(pid=108404) _process_stack /opt/stack/nova/nova/api/openstack/wsgi.py:513}}
