Sep 23 13:13:43.943483 dv-cinder-809201-2-smb devstack@n-api.service[108404]: DEBUG nova.compute.api [None req-e76a6053-a547-4ab1-8960-7661634bf313 tempest-ServerRescueNegativeTestJSON-931692903 tempest-ServerRescueNegativeTestJSON-931692903-project] [instance: 9a99ec36-8881-4dc2-b70a-722d729e5548] block_device_mapping [BlockDeviceMapping(attachment_id=,boot_index=0,connection_info=None,created_at=,delete_on_termination=True,deleted=,deleted_at=,destination_type='local',device_name=None,device_type='disk',disk_bus=None,guest_format=None,id=,image_id='0b4dfae7-b158-4e33-bb6f-4a518636f23d',instance=,instance_uuid=,no_device=False,snapshot_id=None,source_type='image',tag=None,updated_at=,uuid=,volume_id=None,volume_size=None,volume_type=None)] {{(pid=108404) _bdm_validate_set_size_and_instance /opt/stack/nova/nova/compute/api.py:1757}}
Sep 23 13:13:43.968569 dv-cinder-809201-2-smb devstack@n-api.service[108405]: INFO nova.api.openstack.requestlog [None req-ed3c9e67-039e-447b-a4f0-728e44ccb7e0 tempest-VolumesGetTestJSON-501917065 tempest-VolumesGetTestJSON-501917065-project] 10.222.0.20 "GET /compute/v2.1/os-volumes/8289b299-92bd-4a74-ac21-011d17cd4372" status: 200 len: 354 microversion: 2.1 time: 0.258837
Sep 23 13:13:43.975355 dv-cinder-809201-2-smb devstack@n-api.service[108405]: [pid: 108405|app: 0|req: 18/40] 10.222.0.20 () {58 vars in 1245 bytes} [Thu Sep 23 13:13:43 2021] GET /compute/v2.1/os-volumes/8289b299-92bd-4a74-ac21-011d17cd4372 => generated 354 bytes in 261 msecs (HTTP/1.1 200) 9 headers in 357 bytes (1 switches on core 0)
Sep 23 13:13:43.988548 dv-cinder-809201-2-smb devstack@n-api.service[108405]: DEBUG nova.api.openstack.wsgi [None req-44bdcc71-fde1-4d1b-848e-1722c81fcff9 tempest-VolumesGetTestJSON-501917065 tempest-VolumesGetTestJSON-501917065-project] Calling method '.version_select at 0x7f1e22dd4550>' {{(pid=108405) _process_stack /opt/stack/nova/nova/api/openstack/wsgi.py:513}}
Sep 23 13:13:44.172976 dv-cinder-809201-2-smb devstack@n-api.service[108405]: INFO nova.api.openstack.requestlog [None req-44bdcc71-fde1-4d1b-848e-1722c81fcff9 tempest-VolumesGetTestJSON-501917065 tempest-VolumesGetTestJSON-501917065-project] 10.222.0.20 "GET /compute/v2.1/os-volumes/8289b299-92bd-4a74-ac21-011d17cd4372" status: 200 len: 354 microversion: 2.1 time: 0.195701
Sep 23 13:13:44.174695 dv-cinder-809201-2-smb devstack@n-api.service[108405]: [pid: 108405|app: 0|req: 19/41] 10.222.0.20 () {58 vars in 1245 bytes} [Thu Sep 23 13:13:43 2021] GET /compute/v2.1/os-volumes/8289b299-92bd-4a74-ac21-011d17cd4372 => generated 354 bytes in 198 msecs (HTTP/1.1 200) 9 headers in 357 bytes (1 switches on core 0)
Sep 23 13:13:44.189617 dv-cinder-809201-2-smb devstack@n-api.service[108405]: DEBUG nova.api.openstack.wsgi [None req-455edf2c-837c-495f-83af-067aae5c9447 tempest-VolumesGetTestJSON-501917065 tempest-VolumesGetTestJSON-501917065-project] Calling method '.version_select at 0x7f1e22dd4ee0>' {{(pid=108405) _process_stack /opt/stack/nova/nova/api/openstack/wsgi.py:513}}
Sep 23 13:13:44.194838 dv-cinder-809201-2-smb devstack@n-api.service[108404]: INFO nova.api.openstack.requestlog [None req-e76a6053-a547-4ab1-8960-7661634bf313 tempest-ServerRescueNegativeTestJSON-931692903 tempest-ServerRescueNegativeTestJSON-931692903-project] 10.222.0.20 "POST /compute/v2.1/servers" status: 202 len: 383 microversion: 2.1 time: 3.270655
Sep 23 13:13:44.195487 dv-cinder-809201-2-smb devstack@n-api.service[108404]: [pid: 108404|app: 0|req: 23/42] 10.222.0.20 () {60 vars in 1147 bytes} [Thu Sep 23 13:13:40 2021] POST /compute/v2.1/servers => generated 383 bytes in 3272 msecs (HTTP/1.1 202) 10 headers in 451 bytes (1 switches on core 0)
Sep 23 13:13:44.212903 dv-cinder-809201-2-smb devstack@n-api.service[108404]: DEBUG nova.api.openstack.wsgi [None req-60534136-931f-4f06-a75b-03bcc8f7736c tempest-ServerRescueNegativeTestJSON-931692903 tempest-ServerRescueNegativeTestJSON-931692903-project] Calling method '>' {{(pid=108404) _process_stack /opt/stack/nova/nova/api/openstack/wsgi.py:513}}
Sep 23 13:13:44.214257 dv-cinder-809201-2-smb devstack@n-api.service[108404]: DEBUG nova.compute.api [None req-60534136-931f-4f06-a75b-03bcc8f7736c tempest-ServerRescueNegativeTestJSON-931692903 tempest-ServerRescueNegativeTestJSON-931692903-project] [instance: 9a99ec36-8881-4dc2-b70a-722d729e5548] Fetching instance by UUID {{(pid=108404) get /opt/stack/nova/nova/compute/api.py:2863}}
Sep 23 13:13:44.341107 dv-cinder-809201-2-smb devstack@n-api.service[108405]: INFO nova.api.openstack.requestlog [None req-455edf2c-837c-495f-83af-067aae5c9447 tempest-VolumesGetTestJSON-501917065 tempest-VolumesGetTestJSON-501917065-project] 10.222.0.20 "DELETE /compute/v2.1/os-volumes/8289b299-92bd-4a74-ac21-011d17cd4372" status: 202 len: 0 microversion: 2.1 time: 0.155083
Sep 23 13:13:44.341884 dv-cinder-809201-2-smb devstack@n-api.service[108405]: [pid: 108405|app: 0|req: 20/43] 10.222.0.20 () {58 vars in 1248 bytes} [Thu Sep 23 13:13:44 2021] DELETE /compute/v2.1/os-volumes/8289b299-92bd-4a74-ac21-011d17cd4372 => generated 0 bytes in 157 msecs (HTTP/1.1 202) 9 headers in 361 bytes (2 switches on core 0)
Sep 23 13:13:44.349505 dv-cinder-809201-2-smb devstack@n-api.service[108405]: DEBUG nova.api.openstack.wsgi [None req-4b528b0a-2b13-4daf-8e94-bdb0e520ba11 tempest-VolumesGetTestJSON-501917065 tempest-VolumesGetTestJSON-501917065-project] Calling method '.version_select at 0x7f1e22dd4d30>' {{(pid=108405) _process_stack /opt/stack/nova/nova/api/openstack/wsgi.py:513}}
Sep 23 13:13:44.519450 dv-cinder-809201-2-smb devstack@n-api.service[108405]: INFO nova.api.openstack.requestlog [None req-4b528b0a-2b13-4daf-8e94-bdb0e520ba11 tempest-VolumesGetTestJSON-501917065 tempest-VolumesGetTestJSON-501917065-project] 10.222.0.20 "GET /compute/v2.1/os-volumes/8289b299-92bd-4a74-ac21-011d17cd4372" status: 200 len: 353 microversion: 2.1 time: 0.173443
Sep 23 13:13:44.521158 dv-cinder-809201-2-smb devstack@n-api.service[108405]: [pid: 108405|app: 0|req: 21/44] 10.222.0.20 () {58 vars in 1245 bytes} [Thu Sep 23 13:13:44 2021] GET /compute/v2.1/os-volumes/8289b299-92bd-4a74-ac21-011d17cd4372 => generated 353 bytes in 176 msecs (HTTP/1.1 200) 9 headers in 357 bytes (2 switches on core 0)
Sep 23 13:13:44.739229 dv-cinder-809201-2-smb devstack@n-api.service[108405]: DEBUG nova.api.openstack.wsgi [None req-e2f1d078-412e-4098-8e6e-7512bea76742 tempest-DeleteServersTestJSON-1035175675 tempest-DeleteServersTestJSON-1035175675-project] Calling method '>' {{(pid=108405) _process_stack /opt/stack/nova/nova/api/openstack/wsgi.py:513}}
Sep 23 13:13:44.740332 dv-cinder-809201-2-smb devstack@n-api.service[108405]: DEBUG nova.compute.api [None req-e2f1d078-412e-4098-8e6e-7512bea76742 tempest-DeleteServersTestJSON-1035175675 tempest-DeleteServersTestJSON-1035175675-project] [instance: 0bacad4d-d6b8-4b9f-a7b0-05511bcbdf44] Fetching instance by UUID {{(pid=108405) get /opt/stack/nova/nova/compute/api.py:2863}}
Sep 23 13:13:44.760731 dv-cinder-809201-2-smb devstack@n-api.service[108405]: DEBUG oslo_concurrency.lockutils [None req-e2f1d078-412e-4098-8e6e-7512bea76742 tempest-DeleteServersTestJSON-1035175675 tempest-DeleteServersTestJSON-1035175675-project] Lock "f3be5838-3a92-424d-a9ae-6e438f37ce6e" acquired by "nova.context.set_target_cell..get_or_set_cached_cell_and_set_connections" :: waited 0.000s {{(pid=108405) inner /usr/local/lib/python3.8/dist-packages/oslo_concurrency/lockutils.py:355}}
Sep 23 13:13:44.761228 dv-cinder-809201-2-smb devstack@n-api.service[108405]: DEBUG oslo_concurrency.lockutils [None req-e2f1d078-412e-4098-8e6e-7512bea76742 tempest-DeleteServersTestJSON-1035175675 tempest-DeleteServersTestJSON-1035175675-project] Lock "f3be5838-3a92-424d-a9ae-6e438f37ce6e" released by "nova.context.set_target_cell..get_or_set_cached_cell_and_set_connections" :: held 0.001s {{(pid=108405) inner /usr/local/lib/python3.8/dist-packages/oslo_concurrency/lockutils.py:367}}
Sep 23 13:13:44.762021 dv-cinder-809201-2-smb devstack@n-api.service[108405]: DEBUG oslo_concurrency.lockutils [None req-e2f1d078-412e-4098-8e6e-7512bea76742 tempest-DeleteServersTestJSON-1035175675 tempest-DeleteServersTestJSON-1035175675-project] Lock "f3be5838-3a92-424d-a9ae-6e438f37ce6e" acquired by "nova.context.set_target_cell..get_or_set_cached_cell_and_set_connections" :: waited 0.000s {{(pid=108405) inner /usr/local/lib/python3.8/dist-packages/oslo_concurrency/lockutils.py:355}}
Sep 23 13:13:44.762460 dv-cinder-809201-2-smb devstack@n-api.service[108405]: DEBUG oslo_concurrency.lockutils [None req-e2f1d078-412e-4098-8e6e-7512bea76742 tempest-DeleteServersTestJSON-1035175675 tempest-DeleteServersTestJSON-1035175675-project] Lock "f3be5838-3a92-424d-a9ae-6e438f37ce6e" released by "nova.context.set_target_cell..get_or_set_cached_cell_and_set_connections" :: held 0.000s {{(pid=108405) inner /usr/local/lib/python3.8/dist-packages/oslo_concurrency/lockutils.py:367}}
Sep 23 13:13:44.955130 dv-cinder-809201-2-smb devstack@n-api.service[108405]: DEBUG nova.policy [None req-e2f1d078-412e-4098-8e6e-7512bea76742 tempest-DeleteServersTestJSON-1035175675 tempest-DeleteServersTestJSON-1035175675-project] Policy check for os_compute_api:os-extended-server-attributes failed with credentials {'is_admin': False, 'user_id': '7872a8e83d354c4fa8d19b4bf17c1ff5', 'user_domain_id': 'default', 'system_scope': None, 'domain_id': None, 'project_id': 'e49d1d486b8e4a939af46639dc650f48', 'project_domain_id': 'default', 'roles': ['member', 'reader'], 'is_admin_project': True, 'service_user_id': None, 'service_user_domain_id': None, 'service_project_id': None, 'service_project_domain_id': None, 'service_roles': []} {{(pid=108405) authorize /opt/stack/nova/nova/policy.py:199}}
Sep 23 13:13:44.969272 dv-cinder-809201-2-smb devstack@n-api.service[108405]: INFO nova.api.openstack.requestlog [None req-e2f1d078-412e-4098-8e6e-7512bea76742 tempest-DeleteServersTestJSON-1035175675 tempest-DeleteServersTestJSON-1035175675-project] 10.222.0.20 "GET /compute/v2.1/servers/0bacad4d-d6b8-4b9f-a7b0-05511bcbdf44" status: 200 len: 1273 microversion: 2.1 time: 0.251651
Sep 23 13:13:44.972912 dv-cinder-809201-2-smb devstack@n-api.service[108405]: [pid: 108405|app: 0|req: 22/45] 10.222.0.20 () {58 vars in 1236 bytes} [Thu Sep 23 13:13:44 2021] GET /compute/v2.1/servers/0bacad4d-d6b8-4b9f-a7b0-05511bcbdf44 => generated 1273 bytes in 256 msecs (HTTP/1.1 200) 9 headers in 358 bytes (1 switches on core 0)
Sep 23 13:13:44.994486 dv-cinder-809201-2-smb devstack@n-api.service[108404]: DEBUG nova.policy [None req-60534136-931f-4f06-a75b-03bcc8f7736c tempest-ServerRescueNegativeTestJSON-931692903 tempest-ServerRescueNegativeTestJSON-931692903-project] Policy check for os_compute_api:os-extended-server-attributes failed with credentials {'is_admin': False, 'user_id': '0245546af09e4bcbb26b8cd2ad17a57c', 'user_domain_id': 'default', 'system_scope': None, 'domain_id': None, 'project_id': '1d25d0791d2a4acabe07f65d1743a904', 'project_domain_id': 'default', 'roles': ['member', 'reader'], 'is_admin_project': True, 'service_user_id': None, 'service_user_domain_id': None, 'service_project_id': None, 'service_project_domain_id': None, 'service_roles': []} {{(pid=108404) authorize /opt/stack/nova/nova/policy.py:199}}
Sep 23 13:13:45.054335 dv-cinder-809201-2-smb devstack@n-api.service[108404]: INFO nova.api.openstack.requestlog [None req-60534136-931f-4f06-a75b-03bcc8f7736c tempest-ServerRescueNegativeTestJSON-931692903 tempest-ServerRescueNegativeTestJSON-931692903-project] 10.222.0.20 "GET /compute/v2.1/servers/9a99ec36-8881-4dc2-b70a-722d729e5548" status: 200 len: 1222 microversion: 2.1 time: 0.852244
Sep 23 13:13:45.057397 dv-cinder-809201-2-smb devstack@n-api.service[108404]: [pid: 108404|app: 0|req: 24/46] 10.222.0.20 () {58 vars in 1236 bytes} [Thu Sep 23 13:13:44 2021] GET /compute/v2.1/servers/9a99ec36-8881-4dc2-b70a-722d729e5548 => generated 1222 bytes in 856 msecs (HTTP/1.1 200) 9 headers in 358 bytes (1 switches on core 0)
Sep 23 13:13:45.438847 dv-cinder-809201-2-smb devstack@n-api.service[108405]: DEBUG nova.api.openstack.wsgi [None req-b73f88c2-1089-4b12-9c6e-10dc3ec44ca0 tempest-AttachVolumeTestJSON-496292455 tempest-AttachVolumeTestJSON-496292455-project] Action: 'create', calling method: .version_select at 0x7f1e22e96e50>, body: {"keypair": {"name": "tempest-keypair-1135145864"}} {{(pid=108405) _process_stack /opt/stack/nova/nova/api/openstack/wsgi.py:511}}
Sep 23 13:13:45.533293 dv-cinder-809201-2-smb devstack@n-api.service[108404]: DEBUG nova.api.openstack.wsgi [None req-aced2071-f5b7-4bc6-878b-6accc76adc94 tempest-VolumesGetTestJSON-501917065 tempest-VolumesGetTestJSON-501917065-project] Calling method '.version_select at 0x7f1e22e7d790>' {{(pid=108404) _process_stack /opt/stack/nova/nova/api/openstack/wsgi.py:513}}
Sep 23 13:13:45.600942 dv-cinder-809201-2-smb devstack@n-api.service[108404]: INFO nova.api.openstack.wsgi [None req-aced2071-f5b7-4bc6-878b-6accc76adc94 tempest-VolumesGetTestJSON-501917065 tempest-VolumesGetTestJSON-501917065-project] HTTP exception thrown: Volume 8289b299-92bd-4a74-ac21-011d17cd4372 could not be found.
Sep 23 13:13:45.601769 dv-cinder-809201-2-smb devstack@n-api.service[108404]: DEBUG nova.api.openstack.wsgi [None req-aced2071-f5b7-4bc6-878b-6accc76adc94 tempest-VolumesGetTestJSON-501917065 tempest-VolumesGetTestJSON-501917065-project] Returning 404 to user: Volume 8289b299-92bd-4a74-ac21-011d17cd4372 could not be found. {{(pid=108404) __call__ /opt/stack/nova/nova/api/openstack/wsgi.py:936}}
Sep 23 13:13:45.603618 dv-cinder-809201-2-smb devstack@n-api.service[108404]: INFO nova.api.openstack.requestlog [None req-aced2071-f5b7-4bc6-878b-6accc76adc94 tempest-VolumesGetTestJSON-501917065 tempest-VolumesGetTestJSON-501917065-project] 10.222.0.20 "GET /compute/v2.1/os-volumes/8289b299-92bd-4a74-ac21-011d17cd4372" status: 404 len: 109 microversion: 2.1 time: 0.074055
Sep 23 13:13:45.604730 dv-cinder-809201-2-smb devstack@n-api.service[108404]: [pid: 108404|app: 0|req: 25/47] 10.222.0.20 () {58 vars in 1245 bytes} [Thu Sep 23 13:13:45 2021] GET /compute/v2.1/os-volumes/8289b299-92bd-4a74-ac21-011d17cd4372 => generated 109 bytes in 76 msecs (HTTP/1.1 404) 9 headers in 379 bytes (1 switches on core 0)
Sep 23 13:13:45.628731 dv-cinder-809201-2-smb devstack@n-api.service[108405]: DEBUG nova.quota [None req-b73f88c2-1089-4b12-9c6e-10dc3ec44ca0 tempest-AttachVolumeTestJSON-496292455 tempest-AttachVolumeTestJSON-496292455-project] Getting quotas for project eb285d4c88b140289fbb363cbbf662a1. Resources: {'key_pairs'} {{(pid=108405) _get_quotas /opt/stack/nova/nova/quota.py:387}}
Sep 23 13:13:45.650926 dv-cinder-809201-2-smb devstack@n-api.service[108405]: DEBUG nova.quota [None req-b73f88c2-1089-4b12-9c6e-10dc3ec44ca0 tempest-AttachVolumeTestJSON-496292455 tempest-AttachVolumeTestJSON-496292455-project] Getting quotas for user a9880692b3d24907b1796d0d565d5729 and project eb285d4c88b140289fbb363cbbf662a1. Resources: {'key_pairs'} {{(pid=108405) _get_quotas /opt/stack/nova/nova/quota.py:377}}
Sep 23 13:13:45.701601 dv-cinder-809201-2-smb devstack@n-api.service[108404]: DEBUG nova.api.openstack.wsgi [None req-21ef33bf-6f3c-4f25-a0b0-40ee34489799 tempest-ServerRescueNegativeTestJSON-931692903 tempest-ServerRescueNegativeTestJSON-931692903-project] Action: 'create', calling method: >, body: {"server": {"name": "tempest-ServerRescueNegativeTestJSON-server-1195298345", "imageRef": "0b4dfae7-b158-4e33-bb6f-4a518636f23d", "flavorRef": "452", "adminPass": "***", "networks": [{"uuid": "7fbe81c3-a678-417a-82af-6fc8233beff4"}]}} {{(pid=108404) _process_stack /opt/stack/nova/nova/api/openstack/wsgi.py:511}}
Sep 23 13:13:45.904046 dv-cinder-809201-2-smb devstack@n-api.service[108404]: DEBUG nova.network.neutron [None req-21ef33bf-6f3c-4f25-a0b0-40ee34489799 tempest-ServerRescueNegativeTestJSON-931692903 tempest-ServerRescueNegativeTestJSON-931692903-project] validate_networks() for [('7fbe81c3-a678-417a-82af-6fc8233beff4', None, None, None, None, None)] {{(pid=108404) validate_networks /opt/stack/nova/nova/network/neutron.py:2475}}
Sep 23 13:13:46.733497 dv-cinder-809201-2-smb devstack@n-api.service[108405]: DEBUG nova.quota [None req-b73f88c2-1089-4b12-9c6e-10dc3ec44ca0 tempest-AttachVolumeTestJSON-496292455 tempest-AttachVolumeTestJSON-496292455-project] Getting quotas for project eb285d4c88b140289fbb363cbbf662a1. Resources: {'key_pairs'} {{(pid=108405) _get_quotas /opt/stack/nova/nova/quota.py:387}}
Sep 23 13:13:46.743726 dv-cinder-809201-2-smb devstack@n-api.service[108405]: DEBUG nova.quota [None req-b73f88c2-1089-4b12-9c6e-10dc3ec44ca0 tempest-AttachVolumeTestJSON-496292455 tempest-AttachVolumeTestJSON-496292455-project] Getting quotas for user a9880692b3d24907b1796d0d565d5729 and project eb285d4c88b140289fbb363cbbf662a1. Resources: {'key_pairs'} {{(pid=108405) _get_quotas /opt/stack/nova/nova/quota.py:377}}
Sep 23 13:13:46.780317 dv-cinder-809201-2-smb devstack@n-api.service[108405]: INFO nova.api.openstack.requestlog [None req-b73f88c2-1089-4b12-9c6e-10dc3ec44ca0 tempest-AttachVolumeTestJSON-496292455 tempest-AttachVolumeTestJSON-496292455-project] 10.222.0.20 "POST /compute/v2.1/os-keypairs" status: 200 len: 2305 microversion: 2.1 time: 1.805751
Sep 23 13:13:46.797688 dv-cinder-809201-2-smb devstack@n-api.service[108405]: [pid: 108405|app: 0|req: 23/48] 10.222.0.20 () {60 vars in 1158 bytes} [Thu Sep 23 13:13:44 2021] POST /compute/v2.1/os-keypairs => generated 2305 bytes in 1824 msecs (HTTP/1.1 200) 9 headers in 358 bytes (1 switches on core 0)
Sep 23 13:13:46.811694 dv-cinder-809201-2-smb devstack@n-api.service[108405]: DEBUG nova.api.openstack.wsgi [None req-0bdf502b-52e8-4d6b-8f8c-ce82fc84d5a9 tempest-DeleteServersTestJSON-1035175675 tempest-DeleteServersTestJSON-1035175675-project] Calling method '>' {{(pid=108405) _process_stack /opt/stack/nova/nova/api/openstack/wsgi.py:513}}
Sep 23 13:13:46.813197 dv-cinder-809201-2-smb devstack@n-api.service[108405]: DEBUG nova.compute.api [None req-0bdf502b-52e8-4d6b-8f8c-ce82fc84d5a9 tempest-DeleteServersTestJSON-1035175675 tempest-DeleteServersTestJSON-1035175675-project] [instance: 0bacad4d-d6b8-4b9f-a7b0-05511bcbdf44] Fetching instance by UUID {{(pid=108405) get /opt/stack/nova/nova/compute/api.py:2863}}
Sep 23 13:13:46.832047 dv-cinder-809201-2-smb devstack@n-api.service[108405]: DEBUG oslo_concurrency.lockutils [None req-0bdf502b-52e8-4d6b-8f8c-ce82fc84d5a9 tempest-DeleteServersTestJSON-1035175675 tempest-DeleteServersTestJSON-1035175675-project] Lock "f3be5838-3a92-424d-a9ae-6e438f37ce6e" acquired by "nova.context.set_target_cell..get_or_set_cached_cell_and_set_connections" :: waited 0.000s {{(pid=108405) inner /usr/local/lib/python3.8/dist-packages/oslo_concurrency/lockutils.py:355}}
Sep 23 13:13:46.833135 dv-cinder-809201-2-smb devstack@n-api.service[108405]: DEBUG oslo_concurrency.lockutils [None req-0bdf502b-52e8-4d6b-8f8c-ce82fc84d5a9 tempest-DeleteServersTestJSON-1035175675 tempest-DeleteServersTestJSON-1035175675-project] Lock "f3be5838-3a92-424d-a9ae-6e438f37ce6e" released by "nova.context.set_target_cell..get_or_set_cached_cell_and_set_connections" :: held 0.003s {{(pid=108405) inner /usr/local/lib/python3.8/dist-packages/oslo_concurrency/lockutils.py:367}}
Sep 23 13:13:46.836609 dv-cinder-809201-2-smb devstack@n-api.service[108405]: DEBUG oslo_concurrency.lockutils [None req-0bdf502b-52e8-4d6b-8f8c-ce82fc84d5a9 tempest-DeleteServersTestJSON-1035175675 tempest-DeleteServersTestJSON-1035175675-project] Lock "f3be5838-3a92-424d-a9ae-6e438f37ce6e" acquired by "nova.context.set_target_cell..get_or_set_cached_cell_and_set_connections" :: waited 0.000s {{(pid=108405) inner /usr/local/lib/python3.8/dist-packages/oslo_concurrency/lockutils.py:355}}
Sep 23 13:13:46.838103 dv-cinder-809201-2-smb devstack@n-api.service[108405]: DEBUG oslo_concurrency.lockutils [None req-0bdf502b-52e8-4d6b-8f8c-ce82fc84d5a9 tempest-DeleteServersTestJSON-1035175675 tempest-DeleteServersTestJSON-1035175675-project] Lock "f3be5838-3a92-424d-a9ae-6e438f37ce6e" released by "nova.context.set_target_cell..get_or_set_cached_cell_and_set_connections" :: held 0.003s {{(pid=108405) inner /usr/local/lib/python3.8/dist-packages/oslo_concurrency/lockutils.py:367}}
Sep 23 13:13:47.514045 dv-cinder-809201-2-smb devstack@n-api.service[108405]: DEBUG nova.policy [None req-0bdf502b-52e8-4d6b-8f8c-ce82fc84d5a9 tempest-DeleteServersTestJSON-1035175675 tempest-DeleteServersTestJSON-1035175675-project] Policy check for os_compute_api:os-extended-server-attributes failed with credentials {'is_admin': False, 'user_id': '7872a8e83d354c4fa8d19b4bf17c1ff5', 'user_domain_id': 'default', 'system_scope': None, 'domain_id': None, 'project_id': 'e49d1d486b8e4a939af46639dc650f48', 'project_domain_id': 'default', 'roles': ['member', 'reader'], 'is_admin_project': True, 'service_user_id': None, 'service_user_domain_id': None, 'service_project_id': None, 'service_project_domain_id': None, 'service_roles': []} {{(pid=108405) authorize /opt/stack/nova/nova/policy.py:199}}
Sep 23 13:13:47.549625 dv-cinder-809201-2-smb devstack@n-api.service[108405]: INFO nova.api.openstack.requestlog [None req-0bdf502b-52e8-4d6b-8f8c-ce82fc84d5a9 tempest-DeleteServersTestJSON-1035175675 tempest-DeleteServersTestJSON-1035175675-project] 10.222.0.20 "GET /compute/v2.1/servers/0bacad4d-d6b8-4b9f-a7b0-05511bcbdf44" status: 200 len: 1315 microversion: 2.1 time: 0.748837
Sep 23 13:13:47.551261 dv-cinder-809201-2-smb devstack@n-api.service[108405]: [pid: 108405|app: 0|req: 24/49] 10.222.0.20 () {58 vars in 1236 bytes} [Thu Sep 23 13:13:46 2021] GET /compute/v2.1/servers/0bacad4d-d6b8-4b9f-a7b0-05511bcbdf44 => generated 1315 bytes in 753 msecs (HTTP/1.1 200) 9 headers in 358 bytes (1 switches on core 0)
Sep 23 13:13:47.683393 dv-cinder-809201-2-smb devstack@n-api.service[108404]: DEBUG nova.virt.hardware [None req-21ef33bf-6f3c-4f25-a0b0-40ee34489799 tempest-ServerRescueNegativeTestJSON-931692903 tempest-ServerRescueNegativeTestJSON-931692903-project] Flavor limits 0:0:0 {{(pid=108404) get_cpu_topology_constraints /opt/stack/nova/nova/virt/hardware.py:343}}
Sep 23 13:13:47.684579 dv-cinder-809201-2-smb devstack@n-api.service[108404]: DEBUG nova.virt.hardware [None req-21ef33bf-6f3c-4f25-a0b0-40ee34489799 tempest-ServerRescueNegativeTestJSON-931692903 tempest-ServerRescueNegativeTestJSON-931692903-project] Image limits 0:0:0 {{(pid=108404) get_cpu_topology_constraints /opt/stack/nova/nova/virt/hardware.py:347}}
Sep 23 13:13:47.685305 dv-cinder-809201-2-smb devstack@n-api.service[108404]: DEBUG nova.virt.hardware [None req-21ef33bf-6f3c-4f25-a0b0-40ee34489799 tempest-ServerRescueNegativeTestJSON-931692903 tempest-ServerRescueNegativeTestJSON-931692903-project] Flavor pref 0:0:0 {{(pid=108404) get_cpu_topology_constraints /opt/stack/nova/nova/virt/hardware.py:383}}
Sep 23 13:13:47.686103 dv-cinder-809201-2-smb devstack@n-api.service[108404]: DEBUG nova.virt.hardware [None req-21ef33bf-6f3c-4f25-a0b0-40ee34489799 tempest-ServerRescueNegativeTestJSON-931692903 tempest-ServerRescueNegativeTestJSON-931692903-project] Image pref 0:0:0 {{(pid=108404) get_cpu_topology_constraints /opt/stack/nova/nova/virt/hardware.py:387}}
Sep 23 13:13:47.686969 dv-cinder-809201-2-smb devstack@n-api.service[108404]: DEBUG nova.virt.hardware [None req-21ef33bf-6f3c-4f25-a0b0-40ee34489799 tempest-ServerRescueNegativeTestJSON-931692903 tempest-ServerRescueNegativeTestJSON-931692903-project] Chose sockets=0, cores=0, threads=0; limits were sockets=65536, cores=65536, threads=65536 {{(pid=108404) get_cpu_topology_constraints /opt/stack/nova/nova/virt/hardware.py:425}}
Sep 23 13:13:47.704051 dv-cinder-809201-2-smb devstack@n-api.service[108404]: DEBUG oslo_concurrency.lockutils [None req-21ef33bf-6f3c-4f25-a0b0-40ee34489799 tempest-ServerRescueNegativeTestJSON-931692903 tempest-ServerRescueNegativeTestJSON-931692903-project] Lock "00000000-0000-0000-0000-000000000000" acquired by "nova.context.set_target_cell..get_or_set_cached_cell_and_set_connections" :: waited 0.000s {{(pid=108404) inner /usr/local/lib/python3.8/dist-packages/oslo_concurrency/lockutils.py:355}}
Sep 23 13:13:47.704535 dv-cinder-809201-2-smb devstack@n-api.service[108404]: DEBUG oslo_concurrency.lockutils [None req-21ef33bf-6f3c-4f25-a0b0-40ee34489799 tempest-ServerRescueNegativeTestJSON-931692903 tempest-ServerRescueNegativeTestJSON-931692903-project] Lock "00000000-0000-0000-0000-000000000000" released by "nova.context.set_target_cell..get_or_set_cached_cell_and_set_connections" :: held 0.002s {{(pid=108404) inner /usr/local/lib/python3.8/dist-packages/oslo_concurrency/lockutils.py:367}}
Sep 23 13:13:47.707716 dv-cinder-809201-2-smb devstack@n-api.service[108404]: DEBUG oslo_concurrency.lockutils [None req-21ef33bf-6f3c-4f25-a0b0-40ee34489799 tempest-ServerRescueNegativeTestJSON-931692903 tempest-ServerRescueNegativeTestJSON-931692903-project] Lock "f3be5838-3a92-424d-a9ae-6e438f37ce6e" acquired by "nova.context.set_target_cell..get_or_set_cached_cell_and_set_connections" :: waited 0.000s {{(pid=108404) inner /usr/local/lib/python3.8/dist-packages/oslo_concurrency/lockutils.py:355}}
Sep 23 13:13:47.708177 dv-cinder-809201-2-smb devstack@n-api.service[108404]: DEBUG oslo_concurrency.lockutils [None req-21ef33bf-6f3c-4f25-a0b0-40ee34489799 tempest-ServerRescueNegativeTestJSON-931692903 tempest-ServerRescueNegativeTestJSON-931692903-project] Lock "f3be5838-3a92-424d-a9ae-6e438f37ce6e" released by "nova.context.set_target_cell..get_or_set_cached_cell_and_set_connections" :: held 0.002s {{(pid=108404) inner /usr/local/lib/python3.8/dist-packages/oslo_concurrency/lockutils.py:367}}
Sep 23 13:13:47.762647 dv-cinder-809201-2-smb devstack@n-api.service[108404]: DEBUG nova.quota [None req-21ef33bf-6f3c-4f25-a0b0-40ee34489799 tempest-ServerRescueNegativeTestJSON-931692903 tempest-ServerRescueNegativeTestJSON-931692903-project] Getting quotas for project 1d25d0791d2a4acabe07f65d1743a904. Resources: {'instances', 'cores', 'ram'} {{(pid=108404) _get_quotas /opt/stack/nova/nova/quota.py:387}}
Sep 23 13:13:47.774409 dv-cinder-809201-2-smb devstack@n-api.service[108404]: DEBUG nova.quota [None req-21ef33bf-6f3c-4f25-a0b0-40ee34489799 tempest-ServerRescueNegativeTestJSON-931692903 tempest-ServerRescueNegativeTestJSON-931692903-project] Getting quotas for user 0245546af09e4bcbb26b8cd2ad17a57c and project 1d25d0791d2a4acabe07f65d1743a904. Resources: {'instances', 'cores', 'ram'} {{(pid=108404) _get_quotas /opt/stack/nova/nova/quota.py:377}}
Sep 23 13:13:47.798169 dv-cinder-809201-2-smb devstack@n-api.service[108404]: DEBUG nova.compute.api [None req-21ef33bf-6f3c-4f25-a0b0-40ee34489799 tempest-ServerRescueNegativeTestJSON-931692903 tempest-ServerRescueNegativeTestJSON-931692903-project] Going to run 1 instances... {{(pid=108404) _provision_instances /opt/stack/nova/nova/compute/api.py:1350}}
Sep 23 13:13:47.801010 dv-cinder-809201-2-smb devstack@n-api.service[108404]: DEBUG nova.compute.api [None req-21ef33bf-6f3c-4f25-a0b0-40ee34489799 tempest-ServerRescueNegativeTestJSON-931692903 tempest-ServerRescueNegativeTestJSON-931692903-project] [instance: d6551abe-fe76-4962-a875-d3774a1db49a] block_device_mapping [BlockDeviceMapping(attachment_id=,boot_index=0,connection_info=None,created_at=,delete_on_termination=True,deleted=,deleted_at=,destination_type='local',device_name=None,device_type='disk',disk_bus=None,guest_format=None,id=,image_id='0b4dfae7-b158-4e33-bb6f-4a518636f23d',instance=,instance_uuid=,no_device=False,snapshot_id=None,source_type='image',tag=None,updated_at=,uuid=,volume_id=None,volume_size=None,volume_type=None)] {{(pid=108404) _bdm_validate_set_size_and_instance /opt/stack/nova/nova/compute/api.py:1757}}
Sep 23 13:13:47.979215 dv-cinder-809201-2-smb devstack@n-api.service[108404]: INFO nova.api.openstack.requestlog [None req-21ef33bf-6f3c-4f25-a0b0-40ee34489799 tempest-ServerRescueNegativeTestJSON-931692903 tempest-ServerRescueNegativeTestJSON-931692903-project] 10.222.0.20 "POST /compute/v2.1/servers" status: 202 len: 383 microversion: 2.1 time: 2.281009
Sep 23 13:13:47.981390 dv-cinder-809201-2-smb devstack@n-api.service[108404]: [pid: 108404|app: 0|req: 26/50] 10.222.0.20 () {60 vars in 1147 bytes} [Thu Sep 23 13:13:45 2021] POST /compute/v2.1/servers => generated 383 bytes in 2286 msecs (HTTP/1.1 202) 10 headers in 451 bytes (2 switches on core 0)
Sep 23 13:13:47.992150 dv-cinder-809201-2-smb devstack@n-api.service[108405]: DEBUG nova.api.openstack.wsgi [None req-bc5037d6-af85-4e37-bb1a-07e86f04cb53 tempest-ServerRescueNegativeTestJSON-931692903 tempest-ServerRescueNegativeTestJSON-931692903-project] Calling method '>' {{(pid=108405) _process_stack /opt/stack/nova/nova/api/openstack/wsgi.py:513}}
Sep 23 13:13:47.993538 dv-cinder-809201-2-smb devstack@n-api.service[108405]: DEBUG nova.compute.api [None req-bc5037d6-af85-4e37-bb1a-07e86f04cb53 tempest-ServerRescueNegativeTestJSON-931692903 tempest-ServerRescueNegativeTestJSON-931692903-project] [instance: d6551abe-fe76-4962-a875-d3774a1db49a] Fetching instance by UUID {{(pid=108405) get /opt/stack/nova/nova/compute/api.py:2863}}
Sep 23 13:13:48.361419 dv-cinder-809201-2-smb devstack@n-api.service[108405]: DEBUG nova.policy [None req-bc5037d6-af85-4e37-bb1a-07e86f04cb53 tempest-ServerRescueNegativeTestJSON-931692903 tempest-ServerRescueNegativeTestJSON-931692903-project] Policy check for os_compute_api:os-extended-server-attributes failed with credentials {'is_admin': False, 'user_id': '0245546af09e4bcbb26b8cd2ad17a57c', 'user_domain_id': 'default', 'system_scope': None, 'domain_id': None, 'project_id': '1d25d0791d2a4acabe07f65d1743a904', 'project_domain_id': 'default', 'roles': ['member', 'reader'], 'is_admin_project': True, 'service_user_id': None, 'service_user_domain_id': None, 'service_project_id': None, 'service_project_domain_id': None, 'service_roles': []} {{(pid=108405) authorize /opt/stack/nova/nova/policy.py:199}}
Sep 23 13:13:48.370142 dv-cinder-809201-2-smb devstack@n-api.service[108405]: INFO nova.api.openstack.requestlog [None req-bc5037d6-af85-4e37-bb1a-07e86f04cb53 tempest-ServerRescueNegativeTestJSON-931692903 tempest-ServerRescueNegativeTestJSON-931692903-project] 10.222.0.20 "GET /compute/v2.1/servers/d6551abe-fe76-4962-a875-d3774a1db49a" status: 200 len: 1222 microversion: 2.1 time: 0.382619
Sep 23 13:13:48.370785 dv-cinder-809201-2-smb devstack@n-api.service[108405]: [pid: 108405|app: 0|req: 25/51] 10.222.0.20 () {58 vars in 1236 bytes} [Thu Sep 23 13:13:47 2021] GET /compute/v2.1/servers/d6551abe-fe76-4962-a875-d3774a1db49a => generated 1222 bytes in 384 msecs (HTTP/1.1 200) 9 headers in 358 bytes (2 switches on core 0)
Sep 23 13:13:48.568174 dv-cinder-809201-2-smb devstack@n-api.service[108404]: DEBUG nova.api.openstack.wsgi [None req-55f9d27f-65bd-4173-8b93-700fd6f6f525 tempest-DeleteServersTestJSON-1035175675 tempest-DeleteServersTestJSON-1035175675-project] Calling method '>' {{(pid=108404) _process_stack /opt/stack/nova/nova/api/openstack/wsgi.py:513}}
Sep 23 13:13:48.568738 dv-cinder-809201-2-smb devstack@n-api.service[108404]: DEBUG nova.compute.api [None req-55f9d27f-65bd-4173-8b93-700fd6f6f525 tempest-DeleteServersTestJSON-1035175675 tempest-DeleteServersTestJSON-1035175675-project] [instance: 0bacad4d-d6b8-4b9f-a7b0-05511bcbdf44] Fetching instance by UUID {{(pid=108404) get /opt/stack/nova/nova/compute/api.py:2863}}
Sep 23 13:13:48.583779 dv-cinder-809201-2-smb devstack@n-api.service[108404]: DEBUG oslo_concurrency.lockutils [None req-55f9d27f-65bd-4173-8b93-700fd6f6f525 tempest-DeleteServersTestJSON-1035175675 tempest-DeleteServersTestJSON-1035175675-project] Lock "f3be5838-3a92-424d-a9ae-6e438f37ce6e" acquired by "nova.context.set_target_cell..get_or_set_cached_cell_and_set_connections" :: waited 0.000s {{(pid=108404) inner /usr/local/lib/python3.8/dist-packages/oslo_concurrency/lockutils.py:355}}
Sep 23 13:13:48.590333 dv-cinder-809201-2-smb devstack@n-api.service[108404]: DEBUG oslo_concurrency.lockutils [None req-55f9d27f-65bd-4173-8b93-700fd6f6f525 tempest-DeleteServersTestJSON-1035175675 tempest-DeleteServersTestJSON-1035175675-project] Lock "f3be5838-3a92-424d-a9ae-6e438f37ce6e" released by "nova.context.set_target_cell..get_or_set_cached_cell_and_set_connections" :: held 0.007s {{(pid=108404) inner /usr/local/lib/python3.8/dist-packages/oslo_concurrency/lockutils.py:367}}
Sep 23 13:13:48.597241 dv-cinder-809201-2-smb devstack@n-api.service[108404]: DEBUG oslo_concurrency.lockutils [None req-55f9d27f-65bd-4173-8b93-700fd6f6f525 tempest-DeleteServersTestJSON-1035175675 tempest-DeleteServersTestJSON-1035175675-project] Lock "f3be5838-3a92-424d-a9ae-6e438f37ce6e" acquired by "nova.context.set_target_cell..get_or_set_cached_cell_and_set_connections" :: waited 0.000s {{(pid=108404) inner /usr/local/lib/python3.8/dist-packages/oslo_concurrency/lockutils.py:355}}
Sep 23 13:13:48.598488 dv-cinder-809201-2-smb devstack@n-api.service[108404]: DEBUG oslo_concurrency.lockutils [None req-55f9d27f-65bd-4173-8b93-700fd6f6f525 tempest-DeleteServersTestJSON-1035175675 tempest-DeleteServersTestJSON-1035175675-project] Lock "f3be5838-3a92-424d-a9ae-6e438f37ce6e" released by "nova.context.set_target_cell..get_or_set_cached_cell_and_set_connections" :: held 0.005s {{(pid=108404) inner /usr/local/lib/python3.8/dist-packages/oslo_concurrency/lockutils.py:367}}
Sep 23 13:13:49.403091 dv-cinder-809201-2-smb devstack@n-api.service[108405]: DEBUG nova.api.openstack.wsgi [None req-a9895c34-ae68-4bfa-8b63-9f774cdb51aa tempest-ServerRescueNegativeTestJSON-931692903 tempest-ServerRescueNegativeTestJSON-931692903-project] Calling method '>' {{(pid=108405) _process_stack /opt/stack/nova/nova/api/openstack/wsgi.py:513}}
Sep 23 13:13:49.403914 dv-cinder-809201-2-smb devstack@n-api.service[108405]: DEBUG nova.compute.api [None req-a9895c34-ae68-4bfa-8b63-9f774cdb51aa tempest-ServerRescueNegativeTestJSON-931692903 tempest-ServerRescueNegativeTestJSON-931692903-project] [instance: d6551abe-fe76-4962-a875-d3774a1db49a] Fetching instance by UUID {{(pid=108405) get /opt/stack/nova/nova/compute/api.py:2863}}
Sep 23 13:13:49.436932 dv-cinder-809201-2-smb devstack@n-api.service[108405]: DEBUG oslo_concurrency.lockutils [None req-a9895c34-ae68-4bfa-8b63-9f774cdb51aa tempest-ServerRescueNegativeTestJSON-931692903 tempest-ServerRescueNegativeTestJSON-931692903-project] Lock "f3be5838-3a92-424d-a9ae-6e438f37ce6e" acquired by "nova.context.set_target_cell..get_or_set_cached_cell_and_set_connections" :: waited 0.000s {{(pid=108405) inner /usr/local/lib/python3.8/dist-packages/oslo_concurrency/lockutils.py:355}}
Sep 23 13:13:49.441250 dv-cinder-809201-2-smb devstack@n-api.service[108405]: DEBUG oslo_concurrency.lockutils [None req-a9895c34-ae68-4bfa-8b63-9f774cdb51aa tempest-ServerRescueNegativeTestJSON-931692903 tempest-ServerRescueNegativeTestJSON-931692903-project] Lock "f3be5838-3a92-424d-a9ae-6e438f37ce6e" released by "nova.context.set_target_cell..get_or_set_cached_cell_and_set_connections" :: held 0.021s {{(pid=108405) inner /usr/local/lib/python3.8/dist-packages/oslo_concurrency/lockutils.py:367}}
Sep 23 13:13:49.442168 dv-cinder-809201-2-smb devstack@n-api.service[108405]: DEBUG oslo_concurrency.lockutils [None req-a9895c34-ae68-4bfa-8b63-9f774cdb51aa tempest-ServerRescueNegativeTestJSON-931692903 tempest-ServerRescueNegativeTestJSON-931692903-project] Lock "f3be5838-3a92-424d-a9ae-6e438f37ce6e" acquired by "nova.context.set_target_cell..get_or_set_cached_cell_and_set_connections" :: waited 0.000s {{(pid=108405) inner /usr/local/lib/python3.8/dist-packages/oslo_concurrency/lockutils.py:355}}
Sep 23 13:13:49.442611 dv-cinder-809201-2-smb devstack@n-api.service[108405]: DEBUG oslo_concurrency.lockutils [None req-a9895c34-ae68-4bfa-8b63-9f774cdb51aa tempest-ServerRescueNegativeTestJSON-931692903 tempest-ServerRescueNegativeTestJSON-931692903-project] Lock "f3be5838-3a92-424d-a9ae-6e438f37ce6e" released by "nova.context.set_target_cell..get_or_set_cached_cell_and_set_connections" :: held 0.000s {{(pid=108405) inner /usr/local/lib/python3.8/dist-packages/oslo_concurrency/lockutils.py:367}}
Sep 23 13:13:49.728558 dv-cinder-809201-2-smb devstack@n-api.service[108404]: DEBUG nova.policy [None req-55f9d27f-65bd-4173-8b93-700fd6f6f525 tempest-DeleteServersTestJSON-1035175675 tempest-DeleteServersTestJSON-1035175675-project] Policy check for os_compute_api:os-extended-server-attributes failed with credentials {'is_admin': False, 'user_id': '7872a8e83d354c4fa8d19b4bf17c1ff5', 'user_domain_id': 'default', 'system_scope': None, 'domain_id': None, 'project_id': 'e49d1d486b8e4a939af46639dc650f48', 'project_domain_id': 'default', 'roles': ['member', 'reader'], 'is_admin_project': True, 'service_user_id': None, 'service_user_domain_id': None, 'service_project_id': None, 'service_project_domain_id': None, 'service_roles': []} {{(pid=108404) authorize /opt/stack/nova/nova/policy.py:199}}
Sep 23 13:13:49.765057 dv-cinder-809201-2-smb devstack@n-api.service[108404]: INFO nova.api.openstack.requestlog [None req-55f9d27f-65bd-4173-8b93-700fd6f6f525 tempest-DeleteServersTestJSON-1035175675 tempest-DeleteServersTestJSON-1035175675-project] 10.222.0.20 "GET /compute/v2.1/servers/0bacad4d-d6b8-4b9f-a7b0-05511bcbdf44" status: 200 len: 1315 microversion: 2.1 time: 1.200688
Sep 23 13:13:49.775166 dv-cinder-809201-2-smb devstack@n-api.service[108404]: [pid: 108404|app: 0|req: 27/52] 10.222.0.20 () {58 vars in 1236 bytes} [Thu Sep 23 13:13:48 2021] GET /compute/v2.1/servers/0bacad4d-d6b8-4b9f-a7b0-05511bcbdf44 => generated 1315 bytes in 1202 msecs (HTTP/1.1 200) 9 headers in 358 bytes (1 switches on core 0)
Sep 23 13:13:50.056869 dv-cinder-809201-2-smb devstack@n-api.service[108405]: DEBUG nova.policy [None req-a9895c34-ae68-4bfa-8b63-9f774cdb51aa tempest-ServerRescueNegativeTestJSON-931692903 tempest-ServerRescueNegativeTestJSON-931692903-project] Policy check for os_compute_api:os-extended-server-attributes failed with credentials {'is_admin': False, 'user_id': '0245546af09e4bcbb26b8cd2ad17a57c', 'user_domain_id': 'default', 'system_scope': None, 'domain_id': None, 'project_id': '1d25d0791d2a4acabe07f65d1743a904', 'project_domain_id': 'default', 'roles': ['member', 'reader'], 'is_admin_project': True, 'service_user_id': None, 'service_user_domain_id': None, 'service_project_id': None, 'service_project_domain_id': None, 'service_roles': []} {{(pid=108405) authorize /opt/stack/nova/nova/policy.py:199}}
Sep 23 13:13:50.075588 dv-cinder-809201-2-smb devstack@n-api.service[108405]: INFO nova.api.openstack.requestlog [None req-a9895c34-ae68-4bfa-8b63-9f774cdb51aa tempest-ServerRescueNegativeTestJSON-931692903 tempest-ServerRescueNegativeTestJSON-931692903-project] 10.222.0.20 "GET /compute/v2.1/servers/d6551abe-fe76-4962-a875-d3774a1db49a" status: 200 len: 1218 microversion: 2.1 time: 0.688886
Sep 23 13:13:50.082149 dv-cinder-809201-2-smb devstack@n-api.service[108405]: [pid: 108405|app: 0|req: 26/53] 10.222.0.20 () {58 vars in 1236 bytes} [Thu Sep 23 13:13:49 2021] GET /compute/v2.1/servers/d6551abe-fe76-4962-a875-d3774a1db49a => generated 1218 bytes in 699 msecs (HTTP/1.1 200) 9 headers in 358 bytes (1 switches on core 0)
Sep 23 13:13:50.782515 dv-cinder-809201-2-smb devstack@n-api.service[108404]: DEBUG nova.api.openstack.wsgi [None req-910d0fba-df0a-4e4b-97ba-c6bc6502bfc2 tempest-DeleteServersTestJSON-1035175675 tempest-DeleteServersTestJSON-1035175675-project] Calling method '>' {{(pid=108404) _process_stack /opt/stack/nova/nova/api/openstack/wsgi.py:513}}
Sep 23 13:13:50.783827 dv-cinder-809201-2-smb devstack@n-api.service[108404]: DEBUG nova.compute.api [None req-910d0fba-df0a-4e4b-97ba-c6bc6502bfc2 tempest-DeleteServersTestJSON-1035175675 tempest-DeleteServersTestJSON-1035175675-project] [instance: 0bacad4d-d6b8-4b9f-a7b0-05511bcbdf44] Fetching instance by UUID {{(pid=108404) get /opt/stack/nova/nova/compute/api.py:2863}}
Sep 23 13:13:50.794398 dv-cinder-809201-2-smb devstack@n-api.service[108404]: DEBUG oslo_concurrency.lockutils [None req-910d0fba-df0a-4e4b-97ba-c6bc6502bfc2 tempest-DeleteServersTestJSON-1035175675 tempest-DeleteServersTestJSON-1035175675-project] Lock "f3be5838-3a92-424d-a9ae-6e438f37ce6e" acquired by "nova.context.set_target_cell..get_or_set_cached_cell_and_set_connections" :: waited 0.000s {{(pid=108404) inner /usr/local/lib/python3.8/dist-packages/oslo_concurrency/lockutils.py:355}}
Sep 23 13:13:50.796685 dv-cinder-809201-2-smb devstack@n-api.service[108404]: DEBUG oslo_concurrency.lockutils [None req-910d0fba-df0a-4e4b-97ba-c6bc6502bfc2 tempest-DeleteServersTestJSON-1035175675 tempest-DeleteServersTestJSON-1035175675-project] Lock "f3be5838-3a92-424d-a9ae-6e438f37ce6e" released by "nova.context.set_target_cell..get_or_set_cached_cell_and_set_connections" :: held 0.002s {{(pid=108404) inner /usr/local/lib/python3.8/dist-packages/oslo_concurrency/lockutils.py:367}}
Sep 23 13:13:50.807570 dv-cinder-809201-2-smb devstack@n-api.service[108404]: DEBUG oslo_concurrency.lockutils [None req-910d0fba-df0a-4e4b-97ba-c6bc6502bfc2 tempest-DeleteServersTestJSON-1035175675 tempest-DeleteServersTestJSON-1035175675-project] Lock "f3be5838-3a92-424d-a9ae-6e438f37ce6e" acquired by "nova.context.set_target_cell..get_or_set_cached_cell_and_set_connections" :: waited 0.000s {{(pid=108404) inner /usr/local/lib/python3.8/dist-packages/oslo_concurrency/lockutils.py:355}}
Sep 23 13:13:50.808119 dv-cinder-809201-2-smb devstack@n-api.service[108404]: DEBUG oslo_concurrency.lockutils [None req-910d0fba-df0a-4e4b-97ba-c6bc6502bfc2 tempest-DeleteServersTestJSON-1035175675 tempest-DeleteServersTestJSON-1035175675-project] Lock "f3be5838-3a92-424d-a9ae-6e438f37ce6e" released by "nova.context.set_target_cell..get_or_set_cached_cell_and_set_connections" :: held 0.008s {{(pid=108404) inner /usr/local/lib/python3.8/dist-packages/oslo_concurrency/lockutils.py:367}}
Sep 23 13:13:51.101696 dv-cinder-809201-2-smb devstack@n-api.service[108405]: DEBUG nova.api.openstack.wsgi [None req-d3890be9-e867-4621-b11a-410c897cd178 tempest-ServerRescueNegativeTestJSON-931692903 tempest-ServerRescueNegativeTestJSON-931692903-project] Calling method '>' {{(pid=108405) _process_stack /opt/stack/nova/nova/api/openstack/wsgi.py:513}}
Sep 23 13:13:51.103039 dv-cinder-809201-2-smb devstack@n-api.service[108405]: DEBUG nova.compute.api [None req-d3890be9-e867-4621-b11a-410c897cd178 tempest-ServerRescueNegativeTestJSON-931692903 tempest-ServerRescueNegativeTestJSON-931692903-project] [instance: d6551abe-fe76-4962-a875-d3774a1db49a] Fetching instance by UUID {{(pid=108405) get /opt/stack/nova/nova/compute/api.py:2863}}
Sep 23 13:13:51.116469 dv-cinder-809201-2-smb devstack@n-api.service[108405]: DEBUG oslo_concurrency.lockutils [None req-d3890be9-e867-4621-b11a-410c897cd178 tempest-ServerRescueNegativeTestJSON-931692903 tempest-ServerRescueNegativeTestJSON-931692903-project] Lock "f3be5838-3a92-424d-a9ae-6e438f37ce6e" acquired by "nova.context.set_target_cell..get_or_set_cached_cell_and_set_connections" :: waited 0.000s {{(pid=108405) inner /usr/local/lib/python3.8/dist-packages/oslo_concurrency/lockutils.py:355}}
Sep 23 13:13:51.116997 dv-cinder-809201-2-smb devstack@n-api.service[108405]: DEBUG oslo_concurrency.lockutils [None req-d3890be9-e867-4621-b11a-410c897cd178 tempest-ServerRescueNegativeTestJSON-931692903 tempest-ServerRescueNegativeTestJSON-931692903-project] Lock "f3be5838-3a92-424d-a9ae-6e438f37ce6e" released by "nova.context.set_target_cell..get_or_set_cached_cell_and_set_connections" :: held 0.001s {{(pid=108405) inner /usr/local/lib/python3.8/dist-packages/oslo_concurrency/lockutils.py:367}}
Sep 23 13:13:51.123998 dv-cinder-809201-2-smb devstack@n-api.service[108405]: DEBUG oslo_concurrency.lockutils [None req-d3890be9-e867-4621-b11a-410c897cd178 tempest-ServerRescueNegativeTestJSON-931692903 tempest-ServerRescueNegativeTestJSON-931692903-project] Lock "f3be5838-3a92-424d-a9ae-6e438f37ce6e" acquired by "nova.context.set_target_cell..get_or_set_cached_cell_and_set_connections" :: waited 0.000s {{(pid=108405) inner /usr/local/lib/python3.8/dist-packages/oslo_concurrency/lockutils.py:355}}
Sep 23 13:13:51.124770 dv-cinder-809201-2-smb devstack@n-api.service[108405]: DEBUG oslo_concurrency.lockutils [None req-d3890be9-e867-4621-b11a-410c897cd178 tempest-ServerRescueNegativeTestJSON-931692903 tempest-ServerRescueNegativeTestJSON-931692903-project] Lock "f3be5838-3a92-424d-a9ae-6e438f37ce6e" released by "nova.context.set_target_cell..get_or_set_cached_cell_and_set_connections" :: held 0.007s {{(pid=108405) inner /usr/local/lib/python3.8/dist-packages/oslo_concurrency/lockutils.py:367}}
Sep 23 13:13:51.489844 dv-cinder-809201-2-smb devstack@n-api.service[108404]: DEBUG nova.policy [None req-910d0fba-df0a-4e4b-97ba-c6bc6502bfc2 tempest-DeleteServersTestJSON-1035175675 tempest-DeleteServersTestJSON-1035175675-project] Policy check for os_compute_api:os-extended-server-attributes failed with credentials {'is_admin': False, 'user_id': '7872a8e83d354c4fa8d19b4bf17c1ff5', 'user_domain_id': 'default', 'system_scope': None, 'domain_id': None, 'project_id': 'e49d1d486b8e4a939af46639dc650f48', 'project_domain_id': 'default', 'roles': ['member', 'reader'], 'is_admin_project': True, 'service_user_id': None, 'service_user_domain_id': None, 'service_project_id': None, 'service_project_domain_id': None, 'service_roles': []} {{(pid=108404) authorize /opt/stack/nova/nova/policy.py:199}}
Sep 23 13:13:51.503743 dv-cinder-809201-2-smb devstack@n-api.service[108404]: INFO nova.api.openstack.requestlog [None req-910d0fba-df0a-4e4b-97ba-c6bc6502bfc2 tempest-DeleteServersTestJSON-1035175675 tempest-DeleteServersTestJSON-1035175675-project] 10.222.0.20 "GET /compute/v2.1/servers/0bacad4d-d6b8-4b9f-a7b0-05511bcbdf44" status: 200 len: 1315 microversion: 2.1 time: 0.724844
Sep 23 13:13:51.506172 dv-cinder-809201-2-smb devstack@n-api.service[108404]: [pid: 108404|app: 0|req: 28/54] 10.222.0.20 () {58 vars in 1236 bytes} [Thu Sep 23 13:13:50 2021] GET /compute/v2.1/servers/0bacad4d-d6b8-4b9f-a7b0-05511bcbdf44 => generated 1315 bytes in 728 msecs (HTTP/1.1 200) 9 headers in 358 bytes (1 switches on core 0)
Sep 23 13:13:51.776284 dv-cinder-809201-2-smb devstack@n-api.service[108405]: DEBUG nova.policy [None req-d3890be9-e867-4621-b11a-410c897cd178 tempest-ServerRescueNegativeTestJSON-931692903 tempest-ServerRescueNegativeTestJSON-931692903-project] Policy check for os_compute_api:os-extended-server-attributes failed with credentials {'is_admin': False, 'user_id': '0245546af09e4bcbb26b8cd2ad17a57c', 'user_domain_id': 'default', 'system_scope': None, 'domain_id': None, 'project_id': '1d25d0791d2a4acabe07f65d1743a904', 'project_domain_id': 'default', 'roles': ['member', 'reader'], 'is_admin_project': True, 'service_user_id': None, 'service_user_domain_id': None, 'service_project_id': None, 'service_project_domain_id': None, 'service_roles': []} {{(pid=108405) authorize /opt/stack/nova/nova/policy.py:199}}
Sep 23 13:13:51.822921 dv-cinder-809201-2-smb devstack@n-api.service[108405]: INFO nova.api.openstack.requestlog [None req-d3890be9-e867-4621-b11a-410c897cd178 tempest-ServerRescueNegativeTestJSON-931692903 tempest-ServerRescueNegativeTestJSON-931692903-project] 10.222.0.20 "GET /compute/v2.1/servers/d6551abe-fe76-4962-a875-d3774a1db49a" status: 200 len: 1280 microversion: 2.1 time: 0.725938
Sep 23 13:13:51.827647 dv-cinder-809201-2-smb devstack@n-api.service[108405]: [pid: 108405|app: 0|req: 27/55] 10.222.0.20 () {58 vars in 1236 bytes} [Thu Sep 23 13:13:51 2021] GET /compute/v2.1/servers/d6551abe-fe76-4962-a875-d3774a1db49a => generated 1280 bytes in 734 msecs (HTTP/1.1 200) 9 headers in 358 bytes (1 switches on core 0)
Sep 23 13:13:52.526612 dv-cinder-809201-2-smb devstack@n-api.service[108405]: DEBUG nova.api.openstack.wsgi [None req-a14ad9f0-b833-4f0f-8dfa-8a63436add36 tempest-DeleteServersTestJSON-1035175675 tempest-DeleteServersTestJSON-1035175675-project] Calling method '>' {{(pid=108405) _process_stack /opt/stack/nova/nova/api/openstack/wsgi.py:513}}
Sep 23 13:13:52.528376 dv-cinder-809201-2-smb devstack@n-api.service[108405]: DEBUG nova.compute.api [None req-a14ad9f0-b833-4f0f-8dfa-8a63436add36 tempest-DeleteServersTestJSON-1035175675 tempest-DeleteServersTestJSON-1035175675-project] [instance: 0bacad4d-d6b8-4b9f-a7b0-05511bcbdf44] Fetching instance by UUID {{(pid=108405) get /opt/stack/nova/nova/compute/api.py:2863}}
Sep 23 13:13:52.544434 dv-cinder-809201-2-smb devstack@n-api.service[108405]: DEBUG oslo_concurrency.lockutils [None req-a14ad9f0-b833-4f0f-8dfa-8a63436add36 tempest-DeleteServersTestJSON-1035175675 tempest-DeleteServersTestJSON-1035175675-project] Lock "f3be5838-3a92-424d-a9ae-6e438f37ce6e" acquired by "nova.context.set_target_cell..get_or_set_cached_cell_and_set_connections" :: waited 0.000s {{(pid=108405) inner /usr/local/lib/python3.8/dist-packages/oslo_concurrency/lockutils.py:355}}
Sep 23 13:13:52.546304 dv-cinder-809201-2-smb devstack@n-api.service[108405]: DEBUG oslo_concurrency.lockutils [None req-a14ad9f0-b833-4f0f-8dfa-8a63436add36 tempest-DeleteServersTestJSON-1035175675 tempest-DeleteServersTestJSON-1035175675-project] Lock "f3be5838-3a92-424d-a9ae-6e438f37ce6e" released by "nova.context.set_target_cell..get_or_set_cached_cell_and_set_connections" :: held 0.002s {{(pid=108405) inner /usr/local/lib/python3.8/dist-packages/oslo_concurrency/lockutils.py:367}}
Sep 23 13:13:52.547284 dv-cinder-809201-2-smb devstack@n-api.service[108405]: DEBUG oslo_concurrency.lockutils [None req-a14ad9f0-b833-4f0f-8dfa-8a63436add36 tempest-DeleteServersTestJSON-1035175675 tempest-DeleteServersTestJSON-1035175675-project] Lock "f3be5838-3a92-424d-a9ae-6e438f37ce6e" acquired by "nova.context.set_target_cell..get_or_set_cached_cell_and_set_connections" :: waited 0.000s {{(pid=108405) inner /usr/local/lib/python3.8/dist-packages/oslo_concurrency/lockutils.py:355}}
