Sep 23 13:14:21.510017 dv-cinder-809201-2-smb devstack@c-api.service[100992]: /usr/local/lib/python3.8/dist-packages/webob/acceptparse.py:1047: DeprecationWarning: The behavior of AcceptValidHeader.best_match is currently being maintained for backward compatibility, but it will be deprecated in the future, as it does not conform to the RFC.
Sep 23 13:14:21.510017 dv-cinder-809201-2-smb devstack@c-api.service[100992]: warnings.warn(
Sep 23 13:14:21.510334 dv-cinder-809201-2-smb devstack@c-api.service[100992]: DEBUG cinder.api.openstack.wsgi [None req-88c73df8-a4b2-4585-aaf4-946464db92fc tempest-QosSpecsTestJSON-327191952 tempest-QosSpecsTestJSON-327191952-project-admin] Action: 'create', calling method: _create, body: {"volume_type": {"name": "tempest-QosSpecsTestJSON-volume-type-1307204215"}} {{(pid=100992) _process_stack /opt/stack/cinder/cinder/api/openstack/wsgi.py:854}}
Sep 23 13:14:21.526963 dv-cinder-809201-2-smb devstack@c-api.service[100991]: INFO cinder.volume.api [None req-f284902b-8f2f-4431-94a6-555a2a8e5692 tempest-SnapshotsActionsTest-888981986 tempest-SnapshotsActionsTest-888981986-project] Snapshot create request issued successfully.
Sep 23 13:14:21.531242 dv-cinder-809201-2-smb devstack@c-api.service[100991]: INFO cinder.api.openstack.wsgi [None req-f284902b-8f2f-4431-94a6-555a2a8e5692 tempest-SnapshotsActionsTest-888981986 tempest-SnapshotsActionsTest-888981986-project] http://10.222.0.20/volume/v3/5bba12e5e82a4802be67ccc3365c9196/snapshots returned with HTTP 202
Sep 23 13:14:21.537588 dv-cinder-809201-2-smb devstack@c-api.service[100991]: [pid: 100991|app: 0|req: 188/373] 10.222.0.20 () {60 vars in 1242 bytes} [Thu Sep 23 13:14:21 2021] POST /volume/v3/5bba12e5e82a4802be67ccc3365c9196/snapshots => generated 307 bytes in 185 msecs (HTTP/1.1 202) 7 headers in 291 bytes (1 switches on core 0)
Sep 23 13:14:21.538415 dv-cinder-809201-2-smb devstack@c-api.service[100991]: INFO cinder.api.openstack.wsgi [None req-9ee4ba4b-3192-40eb-8bdf-1c91bd74a60f tempest-SnapshotMetadataTestJSON-2074134265 tempest-SnapshotMetadataTestJSON-2074134265-project] GET http://10.222.0.20/volume/v3/5ea92cab97514ba6b5de8c22272474ea/snapshots/8d843894-ed54-4819-ab1c-54e97217604c/metadata
Sep 23 13:14:21.538415 dv-cinder-809201-2-smb devstack@c-api.service[100991]: DEBUG cinder.api.openstack.wsgi [None req-9ee4ba4b-3192-40eb-8bdf-1c91bd74a60f tempest-SnapshotMetadataTestJSON-2074134265 tempest-SnapshotMetadataTestJSON-2074134265-project] Empty body provided in request {{(pid=100991) get_body /opt/stack/cinder/cinder/api/openstack/wsgi.py:703}}
Sep 23 13:14:21.538415 dv-cinder-809201-2-smb devstack@c-api.service[100991]: /usr/local/lib/python3.8/dist-packages/webob/acceptparse.py:1047: DeprecationWarning: The behavior of AcceptValidHeader.best_match is currently being maintained for backward compatibility, but it will be deprecated in the future, as it does not conform to the RFC.
Sep 23 13:14:21.538415 dv-cinder-809201-2-smb devstack@c-api.service[100991]: warnings.warn(
Sep 23 13:14:21.538849 dv-cinder-809201-2-smb devstack@c-api.service[100991]: DEBUG cinder.api.openstack.wsgi [None req-9ee4ba4b-3192-40eb-8bdf-1c91bd74a60f tempest-SnapshotMetadataTestJSON-2074134265 tempest-SnapshotMetadataTestJSON-2074134265-project] Calling method 'index' {{(pid=100991) _process_stack /opt/stack/cinder/cinder/api/openstack/wsgi.py:856}}
Sep 23 13:14:21.545021 dv-cinder-809201-2-smb devstack@c-api.service[100992]: INFO cinder.api.openstack.wsgi [None req-88c73df8-a4b2-4585-aaf4-946464db92fc tempest-QosSpecsTestJSON-327191952 tempest-QosSpecsTestJSON-327191952-project-admin] http://10.222.0.20/volume/v3/910a4ab8319c4d988b0025e35ae17090/types returned with HTTP 200
Sep 23 13:14:21.545761 dv-cinder-809201-2-smb devstack@c-api.service[100992]: [pid: 100992|app: 0|req: 186/374] 10.222.0.20 () {60 vars in 1229 bytes} [Thu Sep 23 13:14:21 2021] POST /volume/v3/910a4ab8319c4d988b0025e35ae17090/types => generated 222 bytes in 40 msecs (HTTP/1.1 200) 7 headers in 285 bytes (1 switches on core 0)
Sep 23 13:14:21.549660 dv-cinder-809201-2-smb devstack@c-api.service[100991]: /usr/local/lib/python3.8/dist-packages/oslo_context/context.py:105: DeprecationWarning: Policy enforcement is depending on the value of is_admin. This key is deprecated. Please update your policy file to use the standard policy values.
Sep 23 13:14:21.549660 dv-cinder-809201-2-smb devstack@c-api.service[100991]: warnings.warn('Policy enforcement is depending on the value of '
Sep 23 13:14:21.550619 dv-cinder-809201-2-smb devstack@c-api.service[100991]: INFO cinder.volume.api [None req-9ee4ba4b-3192-40eb-8bdf-1c91bd74a60f tempest-SnapshotMetadataTestJSON-2074134265 tempest-SnapshotMetadataTestJSON-2074134265-project] Snapshot retrieved successfully.
Sep 23 13:14:21.552841 dv-cinder-809201-2-smb devstack@c-api.service[100991]: INFO cinder.volume.api [None req-9ee4ba4b-3192-40eb-8bdf-1c91bd74a60f tempest-SnapshotMetadataTestJSON-2074134265 tempest-SnapshotMetadataTestJSON-2074134265-project] Get snapshot metadata completed successfully.
Sep 23 13:14:21.552971 dv-cinder-809201-2-smb devstack@c-api.service[100991]: INFO cinder.api.openstack.wsgi [None req-9ee4ba4b-3192-40eb-8bdf-1c91bd74a60f tempest-SnapshotMetadataTestJSON-2074134265 tempest-SnapshotMetadataTestJSON-2074134265-project] http://10.222.0.20/volume/v3/5ea92cab97514ba6b5de8c22272474ea/snapshots/8d843894-ed54-4819-ab1c-54e97217604c/metadata returned with HTTP 200
Sep 23 13:14:21.557771 dv-cinder-809201-2-smb devstack@c-api.service[100991]: [pid: 100991|app: 0|req: 189/375] 10.222.0.20 () {58 vars in 1358 bytes} [Thu Sep 23 13:14:21 2021] GET /volume/v3/5ea92cab97514ba6b5de8c22272474ea/snapshots/8d843894-ed54-4819-ab1c-54e97217604c/metadata => generated 68 bytes in 21 msecs (HTTP/1.1 200) 7 headers in 284 bytes (1 switches on core 0)
Sep 23 13:14:21.562331 dv-cinder-809201-2-smb devstack@c-api.service[100992]: INFO cinder.api.openstack.wsgi [None req-6d7bd982-333b-47dd-952d-ae301c4196f7 tempest-SnapshotsActionsTest-888981986 tempest-SnapshotsActionsTest-888981986-project] GET http://10.222.0.20/volume/v3/5bba12e5e82a4802be67ccc3365c9196/snapshots/898d1d49-d252-47aa-995b-c09304a4fc57
Sep 23 13:14:21.562592 dv-cinder-809201-2-smb devstack@c-api.service[100991]: INFO cinder.api.openstack.wsgi [None req-864987a9-7fd2-4163-a37f-b4dce80de9d5 tempest-QosSpecsTestJSON-327191952 tempest-QosSpecsTestJSON-327191952-project-admin] GET http://10.222.0.20/volume/v3/910a4ab8319c4d988b0025e35ae17090/qos-specs/decd8823-e7ad-4895-9b3b-8e23ea613a32/associate?vol_type_id=3959ea2e-aa14-4a9d-8139-1aac3ce0ea3a
Sep 23 13:14:21.562862 dv-cinder-809201-2-smb devstack@c-api.service[100992]: DEBUG cinder.api.openstack.wsgi [None req-6d7bd982-333b-47dd-952d-ae301c4196f7 tempest-SnapshotsActionsTest-888981986 tempest-SnapshotsActionsTest-888981986-project] Empty body provided in request {{(pid=100992) get_body /opt/stack/cinder/cinder/api/openstack/wsgi.py:703}}
Sep 23 13:14:21.563059 dv-cinder-809201-2-smb devstack@c-api.service[100991]: DEBUG cinder.api.openstack.wsgi [None req-864987a9-7fd2-4163-a37f-b4dce80de9d5 tempest-QosSpecsTestJSON-327191952 tempest-QosSpecsTestJSON-327191952-project-admin] Empty body provided in request {{(pid=100991) get_body /opt/stack/cinder/cinder/api/openstack/wsgi.py:703}}
Sep 23 13:14:21.563186 dv-cinder-809201-2-smb devstack@c-api.service[100991]: /usr/local/lib/python3.8/dist-packages/webob/acceptparse.py:1047: DeprecationWarning: The behavior of AcceptValidHeader.best_match is currently being maintained for backward compatibility, but it will be deprecated in the future, as it does not conform to the RFC.
Sep 23 13:14:21.563186 dv-cinder-809201-2-smb devstack@c-api.service[100991]: warnings.warn(
Sep 23 13:14:21.563316 dv-cinder-809201-2-smb devstack@c-api.service[100992]: DEBUG cinder.api.openstack.wsgi [None req-6d7bd982-333b-47dd-952d-ae301c4196f7 tempest-SnapshotsActionsTest-888981986 tempest-SnapshotsActionsTest-888981986-project] Calling method 'show' {{(pid=100992) _process_stack /opt/stack/cinder/cinder/api/openstack/wsgi.py:856}}
Sep 23 13:14:21.563485 dv-cinder-809201-2-smb devstack@c-api.service[100991]: DEBUG cinder.api.openstack.wsgi [None req-864987a9-7fd2-4163-a37f-b4dce80de9d5 tempest-QosSpecsTestJSON-327191952 tempest-QosSpecsTestJSON-327191952-project-admin] Calling method 'associate' {{(pid=100991) _process_stack /opt/stack/cinder/cinder/api/openstack/wsgi.py:856}}
Sep 23 13:14:21.564818 dv-cinder-809201-2-smb devstack@c-api.service[100991]: DEBUG cinder.api.contrib.qos_specs_manage [None req-864987a9-7fd2-4163-a37f-b4dce80de9d5 tempest-QosSpecsTestJSON-327191952 tempest-QosSpecsTestJSON-327191952-project-admin] Associate qos_spec: decd8823-e7ad-4895-9b3b-8e23ea613a32 with type: 3959ea2e-aa14-4a9d-8139-1aac3ce0ea3a {{(pid=100991) associate /opt/stack/cinder/cinder/api/contrib/qos_specs_manage.py:275}}
Sep 23 13:14:21.579839 dv-cinder-809201-2-smb devstack@c-api.service[100992]: /usr/local/lib/python3.8/dist-packages/oslo_context/context.py:105: DeprecationWarning: Policy enforcement is depending on the value of is_admin. This key is deprecated. Please update your policy file to use the standard policy values.
Sep 23 13:14:21.579839 dv-cinder-809201-2-smb devstack@c-api.service[100992]: warnings.warn('Policy enforcement is depending on the value of '
Sep 23 13:14:21.581390 dv-cinder-809201-2-smb devstack@c-api.service[100992]: INFO cinder.volume.api [None req-6d7bd982-333b-47dd-952d-ae301c4196f7 tempest-SnapshotsActionsTest-888981986 tempest-SnapshotsActionsTest-888981986-project] Snapshot retrieved successfully.
Sep 23 13:14:21.583747 dv-cinder-809201-2-smb devstack@c-api.service[100992]: INFO cinder.api.openstack.wsgi [None req-6d7bd982-333b-47dd-952d-ae301c4196f7 tempest-SnapshotsActionsTest-888981986 tempest-SnapshotsActionsTest-888981986-project] http://10.222.0.20/volume/v3/5bba12e5e82a4802be67ccc3365c9196/snapshots/898d1d49-d252-47aa-995b-c09304a4fc57 returned with HTTP 200
Sep 23 13:14:21.585443 dv-cinder-809201-2-smb devstack@c-api.service[100992]: [pid: 100992|app: 0|req: 187/376] 10.222.0.20 () {58 vars in 1331 bytes} [Thu Sep 23 13:14:21 2021] GET /volume/v3/5bba12e5e82a4802be67ccc3365c9196/snapshots/898d1d49-d252-47aa-995b-c09304a4fc57 => generated 439 bytes in 39 msecs (HTTP/1.1 200) 7 headers in 285 bytes (1 switches on core 0)
Sep 23 13:14:21.590141 dv-cinder-809201-2-smb devstack@c-api.service[100992]: INFO cinder.api.openstack.wsgi [None req-72a1e733-57f5-4c13-8c03-b91d3e5bb8b8 tempest-SnapshotMetadataTestJSON-2074134265 tempest-SnapshotMetadataTestJSON-2074134265-project] PUT http://10.222.0.20/volume/v3/5ea92cab97514ba6b5de8c22272474ea/snapshots/8d843894-ed54-4819-ab1c-54e97217604c/metadata/key3
Sep 23 13:14:21.590745 dv-cinder-809201-2-smb devstack@c-api.service[100992]: /usr/local/lib/python3.8/dist-packages/webob/acceptparse.py:1047: DeprecationWarning: The behavior of AcceptValidHeader.best_match is currently being maintained for backward compatibility, but it will be deprecated in the future, as it does not conform to the RFC.
Sep 23 13:14:21.590745 dv-cinder-809201-2-smb devstack@c-api.service[100992]: warnings.warn(
Sep 23 13:14:21.591971 dv-cinder-809201-2-smb devstack@c-api.service[100992]: DEBUG cinder.api.openstack.wsgi [None req-72a1e733-57f5-4c13-8c03-b91d3e5bb8b8 tempest-SnapshotMetadataTestJSON-2074134265 tempest-SnapshotMetadataTestJSON-2074134265-project] Action: 'update', calling method: update, body: {"meta": {"key3": "value3_update"}} {{(pid=100992) _process_stack /opt/stack/cinder/cinder/api/openstack/wsgi.py:854}}
Sep 23 13:14:21.599276 dv-cinder-809201-2-smb devstack@c-api.service[100991]: INFO cinder.api.openstack.wsgi [None req-864987a9-7fd2-4163-a37f-b4dce80de9d5 tempest-QosSpecsTestJSON-327191952 tempest-QosSpecsTestJSON-327191952-project-admin] http://10.222.0.20/volume/v3/910a4ab8319c4d988b0025e35ae17090/qos-specs/decd8823-e7ad-4895-9b3b-8e23ea613a32/associate?vol_type_id=3959ea2e-aa14-4a9d-8139-1aac3ce0ea3a returned with HTTP 202
Sep 23 13:14:21.600211 dv-cinder-809201-2-smb devstack@c-api.service[100991]: [pid: 100991|app: 0|req: 190/377] 10.222.0.20 () {58 vars in 1458 bytes} [Thu Sep 23 13:14:21 2021] GET /volume/v3/910a4ab8319c4d988b0025e35ae17090/qos-specs/decd8823-e7ad-4895-9b3b-8e23ea613a32/associate?vol_type_id=3959ea2e-aa14-4a9d-8139-1aac3ce0ea3a => generated 0 bytes in 46 msecs (HTTP/1.1 202) 6 headers in 233 bytes (1 switches on core 0)
Sep 23 13:14:21.608313 dv-cinder-809201-2-smb devstack@c-api.service[100992]: /usr/local/lib/python3.8/dist-packages/oslo_context/context.py:105: DeprecationWarning: Policy enforcement is depending on the value of is_admin. This key is deprecated. Please update your policy file to use the standard policy values.
Sep 23 13:14:21.608313 dv-cinder-809201-2-smb devstack@c-api.service[100992]: warnings.warn('Policy enforcement is depending on the value of '
Sep 23 13:14:21.612584 dv-cinder-809201-2-smb devstack@c-api.service[100992]: INFO cinder.volume.api [None req-72a1e733-57f5-4c13-8c03-b91d3e5bb8b8 tempest-SnapshotMetadataTestJSON-2074134265 tempest-SnapshotMetadataTestJSON-2074134265-project] Snapshot retrieved successfully.
Sep 23 13:14:21.612848 dv-cinder-809201-2-smb devstack@c-api.service[100991]: INFO cinder.api.openstack.wsgi [None req-9f757008-584b-4f2e-9854-0896a4ea1658 tempest-QosSpecsTestJSON-327191952 tempest-QosSpecsTestJSON-327191952-project-admin] GET http://10.222.0.20/volume/v3/910a4ab8319c4d988b0025e35ae17090/qos-specs/decd8823-e7ad-4895-9b3b-8e23ea613a32/associate?vol_type_id=6a3dd609-69ea-40e0-a1d6-97d88b6ee39d
Sep 23 13:14:21.612848 dv-cinder-809201-2-smb devstack@c-api.service[100991]: DEBUG cinder.api.openstack.wsgi [None req-9f757008-584b-4f2e-9854-0896a4ea1658 tempest-QosSpecsTestJSON-327191952 tempest-QosSpecsTestJSON-327191952-project-admin] Empty body provided in request {{(pid=100991) get_body /opt/stack/cinder/cinder/api/openstack/wsgi.py:703}}
Sep 23 13:14:21.612848 dv-cinder-809201-2-smb devstack@c-api.service[100991]: /usr/local/lib/python3.8/dist-packages/webob/acceptparse.py:1047: DeprecationWarning: The behavior of AcceptValidHeader.best_match is currently being maintained for backward compatibility, but it will be deprecated in the future, as it does not conform to the RFC.
Sep 23 13:14:21.612848 dv-cinder-809201-2-smb devstack@c-api.service[100991]: warnings.warn(
Sep 23 13:14:21.612848 dv-cinder-809201-2-smb devstack@c-api.service[100991]: DEBUG cinder.api.openstack.wsgi [None req-9f757008-584b-4f2e-9854-0896a4ea1658 tempest-QosSpecsTestJSON-327191952 tempest-QosSpecsTestJSON-327191952-project-admin] Calling method 'associate' {{(pid=100991) _process_stack /opt/stack/cinder/cinder/api/openstack/wsgi.py:856}}
Sep 23 13:14:21.612848 dv-cinder-809201-2-smb devstack@c-api.service[100991]: /usr/local/lib/python3.8/dist-packages/oslo_context/context.py:105: DeprecationWarning: Policy enforcement is depending on the value of is_admin. This key is deprecated. Please update your policy file to use the standard policy values.
Sep 23 13:14:21.612848 dv-cinder-809201-2-smb devstack@c-api.service[100991]: warnings.warn('Policy enforcement is depending on the value of '
Sep 23 13:14:21.613270 dv-cinder-809201-2-smb devstack@c-api.service[100991]: DEBUG cinder.api.contrib.qos_specs_manage [None req-9f757008-584b-4f2e-9854-0896a4ea1658 tempest-QosSpecsTestJSON-327191952 tempest-QosSpecsTestJSON-327191952-project-admin] Associate qos_spec: decd8823-e7ad-4895-9b3b-8e23ea613a32 with type: 6a3dd609-69ea-40e0-a1d6-97d88b6ee39d {{(pid=100991) associate /opt/stack/cinder/cinder/api/contrib/qos_specs_manage.py:275}}
Sep 23 13:14:21.650987 dv-cinder-809201-2-smb devstack@c-api.service[100991]: INFO cinder.api.openstack.wsgi [None req-9f757008-584b-4f2e-9854-0896a4ea1658 tempest-QosSpecsTestJSON-327191952 tempest-QosSpecsTestJSON-327191952-project-admin] http://10.222.0.20/volume/v3/910a4ab8319c4d988b0025e35ae17090/qos-specs/decd8823-e7ad-4895-9b3b-8e23ea613a32/associate?vol_type_id=6a3dd609-69ea-40e0-a1d6-97d88b6ee39d returned with HTTP 202
Sep 23 13:14:21.652459 dv-cinder-809201-2-smb devstack@c-api.service[100991]: [pid: 100991|app: 0|req: 191/378] 10.222.0.20 () {58 vars in 1458 bytes} [Thu Sep 23 13:14:21 2021] GET /volume/v3/910a4ab8319c4d988b0025e35ae17090/qos-specs/decd8823-e7ad-4895-9b3b-8e23ea613a32/associate?vol_type_id=6a3dd609-69ea-40e0-a1d6-97d88b6ee39d => generated 0 bytes in 48 msecs (HTTP/1.1 202) 6 headers in 233 bytes (2 switches on core 0)
Sep 23 13:14:21.663663 dv-cinder-809201-2-smb devstack@c-api.service[100991]: INFO cinder.api.openstack.wsgi [None req-d80a2967-91e4-4a7e-a460-2510716414fe tempest-QosSpecsTestJSON-327191952 tempest-QosSpecsTestJSON-327191952-project-admin] GET http://10.222.0.20/volume/v3/910a4ab8319c4d988b0025e35ae17090/qos-specs/decd8823-e7ad-4895-9b3b-8e23ea613a32/associate?vol_type_id=6b550f44-434b-457f-bf56-f938aba29986
Sep 23 13:14:21.665017 dv-cinder-809201-2-smb devstack@c-api.service[100991]: DEBUG cinder.api.openstack.wsgi [None req-d80a2967-91e4-4a7e-a460-2510716414fe tempest-QosSpecsTestJSON-327191952 tempest-QosSpecsTestJSON-327191952-project-admin] Empty body provided in request {{(pid=100991) get_body /opt/stack/cinder/cinder/api/openstack/wsgi.py:703}}
Sep 23 13:14:21.665449 dv-cinder-809201-2-smb devstack@c-api.service[100991]: /usr/local/lib/python3.8/dist-packages/webob/acceptparse.py:1047: DeprecationWarning: The behavior of AcceptValidHeader.best_match is currently being maintained for backward compatibility, but it will be deprecated in the future, as it does not conform to the RFC.
Sep 23 13:14:21.665449 dv-cinder-809201-2-smb devstack@c-api.service[100991]: warnings.warn(
Sep 23 13:14:21.666125 dv-cinder-809201-2-smb devstack@c-api.service[100991]: DEBUG cinder.api.openstack.wsgi [None req-d80a2967-91e4-4a7e-a460-2510716414fe tempest-QosSpecsTestJSON-327191952 tempest-QosSpecsTestJSON-327191952-project-admin] Calling method 'associate' {{(pid=100991) _process_stack /opt/stack/cinder/cinder/api/openstack/wsgi.py:856}}
Sep 23 13:14:21.666947 dv-cinder-809201-2-smb devstack@c-api.service[100991]: /usr/local/lib/python3.8/dist-packages/oslo_context/context.py:105: DeprecationWarning: Policy enforcement is depending on the value of is_admin. This key is deprecated. Please update your policy file to use the standard policy values.
Sep 23 13:14:21.666947 dv-cinder-809201-2-smb devstack@c-api.service[100991]: warnings.warn('Policy enforcement is depending on the value of '
Sep 23 13:14:21.667860 dv-cinder-809201-2-smb devstack@c-api.service[100991]: DEBUG cinder.api.contrib.qos_specs_manage [None req-d80a2967-91e4-4a7e-a460-2510716414fe tempest-QosSpecsTestJSON-327191952 tempest-QosSpecsTestJSON-327191952-project-admin] Associate qos_spec: decd8823-e7ad-4895-9b3b-8e23ea613a32 with type: 6b550f44-434b-457f-bf56-f938aba29986 {{(pid=100991) associate /opt/stack/cinder/cinder/api/contrib/qos_specs_manage.py:275}}
Sep 23 13:14:21.680963 dv-cinder-809201-2-smb devstack@c-api.service[100992]: INFO cinder.volume.api [None req-72a1e733-57f5-4c13-8c03-b91d3e5bb8b8 tempest-SnapshotMetadataTestJSON-2074134265 tempest-SnapshotMetadataTestJSON-2074134265-project] Update snapshot metadata completed successfully.
Sep 23 13:14:21.681571 dv-cinder-809201-2-smb devstack@c-api.service[100992]: INFO cinder.api.openstack.wsgi [None req-72a1e733-57f5-4c13-8c03-b91d3e5bb8b8 tempest-SnapshotMetadataTestJSON-2074134265 tempest-SnapshotMetadataTestJSON-2074134265-project] http://10.222.0.20/volume/v3/5ea92cab97514ba6b5de8c22272474ea/snapshots/8d843894-ed54-4819-ab1c-54e97217604c/metadata/key3 returned with HTTP 200
Sep 23 13:14:21.686794 dv-cinder-809201-2-smb devstack@c-api.service[100992]: [pid: 100992|app: 0|req: 188/379] 10.222.0.20 () {60 vars in 1393 bytes} [Thu Sep 23 13:14:21 2021] PUT /volume/v3/5ea92cab97514ba6b5de8c22272474ea/snapshots/8d843894-ed54-4819-ab1c-54e97217604c/metadata/key3 => generated 35 bytes in 97 msecs (HTTP/1.1 200) 7 headers in 284 bytes (1 switches on core 0)
Sep 23 13:14:21.694450 dv-cinder-809201-2-smb devstack@c-api.service[100992]: INFO cinder.api.openstack.wsgi [None req-4b7508a9-86d2-49e6-9c5d-1d4656537ee0 tempest-SnapshotMetadataTestJSON-2074134265 tempest-SnapshotMetadataTestJSON-2074134265-project] GET http://10.222.0.20/volume/v3/5ea92cab97514ba6b5de8c22272474ea/snapshots/8d843894-ed54-4819-ab1c-54e97217604c/metadata/key3
Sep 23 13:14:21.695487 dv-cinder-809201-2-smb devstack@c-api.service[100992]: DEBUG cinder.api.openstack.wsgi [None req-4b7508a9-86d2-49e6-9c5d-1d4656537ee0 tempest-SnapshotMetadataTestJSON-2074134265 tempest-SnapshotMetadataTestJSON-2074134265-project] Empty body provided in request {{(pid=100992) get_body /opt/stack/cinder/cinder/api/openstack/wsgi.py:703}}
Sep 23 13:14:21.695665 dv-cinder-809201-2-smb devstack@c-api.service[100992]: /usr/local/lib/python3.8/dist-packages/webob/acceptparse.py:1047: DeprecationWarning: The behavior of AcceptValidHeader.best_match is currently being maintained for backward compatibility, but it will be deprecated in the future, as it does not conform to the RFC.
Sep 23 13:14:21.695665 dv-cinder-809201-2-smb devstack@c-api.service[100992]: warnings.warn(
Sep 23 13:14:21.695977 dv-cinder-809201-2-smb devstack@c-api.service[100992]: DEBUG cinder.api.openstack.wsgi [None req-4b7508a9-86d2-49e6-9c5d-1d4656537ee0 tempest-SnapshotMetadataTestJSON-2074134265 tempest-SnapshotMetadataTestJSON-2074134265-project] Calling method 'show' {{(pid=100992) _process_stack /opt/stack/cinder/cinder/api/openstack/wsgi.py:856}}
Sep 23 13:14:21.706429 dv-cinder-809201-2-smb devstack@c-api.service[100991]: INFO cinder.api.openstack.wsgi [None req-d80a2967-91e4-4a7e-a460-2510716414fe tempest-QosSpecsTestJSON-327191952 tempest-QosSpecsTestJSON-327191952-project-admin] http://10.222.0.20/volume/v3/910a4ab8319c4d988b0025e35ae17090/qos-specs/decd8823-e7ad-4895-9b3b-8e23ea613a32/associate?vol_type_id=6b550f44-434b-457f-bf56-f938aba29986 returned with HTTP 202
Sep 23 13:14:21.707847 dv-cinder-809201-2-smb devstack@c-api.service[100991]: [pid: 100991|app: 0|req: 192/380] 10.222.0.20 () {58 vars in 1458 bytes} [Thu Sep 23 13:14:21 2021] GET /volume/v3/910a4ab8319c4d988b0025e35ae17090/qos-specs/decd8823-e7ad-4895-9b3b-8e23ea613a32/associate?vol_type_id=6b550f44-434b-457f-bf56-f938aba29986 => generated 0 bytes in 51 msecs (HTTP/1.1 202) 6 headers in 233 bytes (2 switches on core 0)
Sep 23 13:14:21.713906 dv-cinder-809201-2-smb devstack@c-api.service[100992]: /usr/local/lib/python3.8/dist-packages/oslo_context/context.py:105: DeprecationWarning: Policy enforcement is depending on the value of is_admin. This key is deprecated. Please update your policy file to use the standard policy values.
Sep 23 13:14:21.713906 dv-cinder-809201-2-smb devstack@c-api.service[100992]: warnings.warn('Policy enforcement is depending on the value of '
Sep 23 13:14:21.714997 dv-cinder-809201-2-smb devstack@c-api.service[100992]: INFO cinder.volume.api [None req-4b7508a9-86d2-49e6-9c5d-1d4656537ee0 tempest-SnapshotMetadataTestJSON-2074134265 tempest-SnapshotMetadataTestJSON-2074134265-project] Snapshot retrieved successfully.
Sep 23 13:14:21.716920 dv-cinder-809201-2-smb devstack@c-api.service[100992]: INFO cinder.volume.api [None req-4b7508a9-86d2-49e6-9c5d-1d4656537ee0 tempest-SnapshotMetadataTestJSON-2074134265 tempest-SnapshotMetadataTestJSON-2074134265-project] Get snapshot metadata completed successfully.
Sep 23 13:14:21.717047 dv-cinder-809201-2-smb devstack@c-api.service[100991]: INFO cinder.api.openstack.wsgi [None req-c3b4b363-051d-4d04-b0fe-e629d571bcde tempest-QosSpecsTestJSON-327191952 tempest-QosSpecsTestJSON-327191952-project-admin] GET http://10.222.0.20/volume/v3/910a4ab8319c4d988b0025e35ae17090/qos-specs/decd8823-e7ad-4895-9b3b-8e23ea613a32/associations
Sep 23 13:14:21.717366 dv-cinder-809201-2-smb devstack@c-api.service[100991]: DEBUG cinder.api.openstack.wsgi [None req-c3b4b363-051d-4d04-b0fe-e629d571bcde tempest-QosSpecsTestJSON-327191952 tempest-QosSpecsTestJSON-327191952-project-admin] Empty body provided in request {{(pid=100991) get_body /opt/stack/cinder/cinder/api/openstack/wsgi.py:703}}
Sep 23 13:14:21.717543 dv-cinder-809201-2-smb devstack@c-api.service[100991]: /usr/local/lib/python3.8/dist-packages/webob/acceptparse.py:1047: DeprecationWarning: The behavior of AcceptValidHeader.best_match is currently being maintained for backward compatibility, but it will be deprecated in the future, as it does not conform to the RFC.
Sep 23 13:14:21.717543 dv-cinder-809201-2-smb devstack@c-api.service[100991]: warnings.warn(
Sep 23 13:14:21.717700 dv-cinder-809201-2-smb devstack@c-api.service[100992]: INFO cinder.api.openstack.wsgi [None req-4b7508a9-86d2-49e6-9c5d-1d4656537ee0 tempest-SnapshotMetadataTestJSON-2074134265 tempest-SnapshotMetadataTestJSON-2074134265-project] http://10.222.0.20/volume/v3/5ea92cab97514ba6b5de8c22272474ea/snapshots/8d843894-ed54-4819-ab1c-54e97217604c/metadata/key3 returned with HTTP 200
Sep 23 13:14:21.717953 dv-cinder-809201-2-smb devstack@c-api.service[100991]: DEBUG cinder.api.openstack.wsgi [None req-c3b4b363-051d-4d04-b0fe-e629d571bcde tempest-QosSpecsTestJSON-327191952 tempest-QosSpecsTestJSON-327191952-project-admin] Calling method 'associations' {{(pid=100991) _process_stack /opt/stack/cinder/cinder/api/openstack/wsgi.py:856}}
Sep 23 13:14:21.718864 dv-cinder-809201-2-smb devstack@c-api.service[100992]: [pid: 100992|app: 0|req: 189/381] 10.222.0.20 () {58 vars in 1373 bytes} [Thu Sep 23 13:14:21 2021] GET /volume/v3/5ea92cab97514ba6b5de8c22272474ea/snapshots/8d843894-ed54-4819-ab1c-54e97217604c/metadata/key3 => generated 35 bytes in 31 msecs (HTTP/1.1 200) 7 headers in 284 bytes (1 switches on core 0)
Sep 23 13:14:21.718977 dv-cinder-809201-2-smb devstack@c-api.service[100991]: /usr/local/lib/python3.8/dist-packages/oslo_context/context.py:105: DeprecationWarning: Policy enforcement is depending on the value of is_admin. This key is deprecated. Please update your policy file to use the standard policy values.
Sep 23 13:14:21.718977 dv-cinder-809201-2-smb devstack@c-api.service[100991]: warnings.warn('Policy enforcement is depending on the value of '
Sep 23 13:14:21.722084 dv-cinder-809201-2-smb devstack@c-api.service[100991]: DEBUG cinder.api.contrib.qos_specs_manage [None req-c3b4b363-051d-4d04-b0fe-e629d571bcde tempest-QosSpecsTestJSON-327191952 tempest-QosSpecsTestJSON-327191952-project-admin] Get associations for qos_spec id: decd8823-e7ad-4895-9b3b-8e23ea613a32 {{(pid=100991) associations /opt/stack/cinder/cinder/api/contrib/qos_specs_manage.py:233}}
Sep 23 13:14:21.728679 dv-cinder-809201-2-smb devstack@c-api.service[100992]: INFO cinder.api.openstack.wsgi [None req-ea89afa2-09b8-49e4-b166-30b7e7dcd71f tempest-SnapshotMetadataTestJSON-2074134265 tempest-SnapshotMetadataTestJSON-2074134265-project] GET http://10.222.0.20/volume/v3/5ea92cab97514ba6b5de8c22272474ea/snapshots/8d843894-ed54-4819-ab1c-54e97217604c/metadata
Sep 23 13:14:21.729603 dv-cinder-809201-2-smb devstack@c-api.service[100992]: DEBUG cinder.api.openstack.wsgi [None req-ea89afa2-09b8-49e4-b166-30b7e7dcd71f tempest-SnapshotMetadataTestJSON-2074134265 tempest-SnapshotMetadataTestJSON-2074134265-project] Empty body provided in request {{(pid=100992) get_body /opt/stack/cinder/cinder/api/openstack/wsgi.py:703}}
Sep 23 13:14:21.729960 dv-cinder-809201-2-smb devstack@c-api.service[100992]: /usr/local/lib/python3.8/dist-packages/webob/acceptparse.py:1047: DeprecationWarning: The behavior of AcceptValidHeader.best_match is currently being maintained for backward compatibility, but it will be deprecated in the future, as it does not conform to the RFC.
Sep 23 13:14:21.729960 dv-cinder-809201-2-smb devstack@c-api.service[100992]: warnings.warn(
Sep 23 13:14:21.730491 dv-cinder-809201-2-smb devstack@c-api.service[100992]: DEBUG cinder.api.openstack.wsgi [None req-ea89afa2-09b8-49e4-b166-30b7e7dcd71f tempest-SnapshotMetadataTestJSON-2074134265 tempest-SnapshotMetadataTestJSON-2074134265-project] Calling method 'index' {{(pid=100992) _process_stack /opt/stack/cinder/cinder/api/openstack/wsgi.py:856}}
Sep 23 13:14:21.743493 dv-cinder-809201-2-smb devstack@c-api.service[100992]: /usr/local/lib/python3.8/dist-packages/oslo_context/context.py:105: DeprecationWarning: Policy enforcement is depending on the value of is_admin. This key is deprecated. Please update your policy file to use the standard policy values.
Sep 23 13:14:21.743493 dv-cinder-809201-2-smb devstack@c-api.service[100992]: warnings.warn('Policy enforcement is depending on the value of '
Sep 23 13:14:21.744547 dv-cinder-809201-2-smb devstack@c-api.service[100992]: INFO cinder.volume.api [None req-ea89afa2-09b8-49e4-b166-30b7e7dcd71f tempest-SnapshotMetadataTestJSON-2074134265 tempest-SnapshotMetadataTestJSON-2074134265-project] Snapshot retrieved successfully.
Sep 23 13:14:21.747841 dv-cinder-809201-2-smb devstack@c-api.service[100992]: INFO cinder.volume.api [None req-ea89afa2-09b8-49e4-b166-30b7e7dcd71f tempest-SnapshotMetadataTestJSON-2074134265 tempest-SnapshotMetadataTestJSON-2074134265-project] Get snapshot metadata completed successfully.
Sep 23 13:14:21.748383 dv-cinder-809201-2-smb devstack@c-api.service[100992]: INFO cinder.api.openstack.wsgi [None req-ea89afa2-09b8-49e4-b166-30b7e7dcd71f tempest-SnapshotMetadataTestJSON-2074134265 tempest-SnapshotMetadataTestJSON-2074134265-project] http://10.222.0.20/volume/v3/5ea92cab97514ba6b5de8c22272474ea/snapshots/8d843894-ed54-4819-ab1c-54e97217604c/metadata returned with HTTP 200
Sep 23 13:14:21.753725 dv-cinder-809201-2-smb devstack@c-api.service[100992]: [pid: 100992|app: 0|req: 190/382] 10.222.0.20 () {58 vars in 1358 bytes} [Thu Sep 23 13:14:21 2021] GET /volume/v3/5ea92cab97514ba6b5de8c22272474ea/snapshots/8d843894-ed54-4819-ab1c-54e97217604c/metadata => generated 75 bytes in 26 msecs (HTTP/1.1 200) 7 headers in 284 bytes (1 switches on core 0)
Sep 23 13:14:21.763558 dv-cinder-809201-2-smb devstack@c-api.service[100992]: INFO cinder.api.openstack.wsgi [None req-b0dc90e9-e719-4d91-8cbd-7181c1ed8f78 tempest-SnapshotMetadataTestJSON-2074134265 tempest-SnapshotMetadataTestJSON-2074134265-project] PUT http://10.222.0.20/volume/v3/5ea92cab97514ba6b5de8c22272474ea/snapshots/8d843894-ed54-4819-ab1c-54e97217604c/metadata
Sep 23 13:14:21.763944 dv-cinder-809201-2-smb devstack@c-api.service[100992]: /usr/local/lib/python3.8/dist-packages/webob/acceptparse.py:1047: DeprecationWarning: The behavior of AcceptValidHeader.best_match is currently being maintained for backward compatibility, but it will be deprecated in the future, as it does not conform to the RFC.
Sep 23 13:14:21.763944 dv-cinder-809201-2-smb devstack@c-api.service[100992]: warnings.warn(
Sep 23 13:14:21.765433 dv-cinder-809201-2-smb devstack@c-api.service[100992]: DEBUG cinder.api.openstack.wsgi [None req-b0dc90e9-e719-4d91-8cbd-7181c1ed8f78 tempest-SnapshotMetadataTestJSON-2074134265 tempest-SnapshotMetadataTestJSON-2074134265-project] Action: 'update_all', calling method: update_all, body: {"metadata": {}} {{(pid=100992) _process_stack /opt/stack/cinder/cinder/api/openstack/wsgi.py:854}}
Sep 23 13:14:21.774903 dv-cinder-809201-2-smb devstack@c-api.service[100991]: INFO cinder.api.openstack.wsgi [None req-c3b4b363-051d-4d04-b0fe-e629d571bcde tempest-QosSpecsTestJSON-327191952 tempest-QosSpecsTestJSON-327191952-project-admin] http://10.222.0.20/volume/v3/910a4ab8319c4d988b0025e35ae17090/qos-specs/decd8823-e7ad-4895-9b3b-8e23ea613a32/associations returned with HTTP 200
Sep 23 13:14:21.780852 dv-cinder-809201-2-smb devstack@c-api.service[100991]: [pid: 100991|app: 0|req: 193/383] 10.222.0.20 () {58 vars in 1370 bytes} [Thu Sep 23 13:14:21 2021] GET /volume/v3/910a4ab8319c4d988b0025e35ae17090/qos-specs/decd8823-e7ad-4895-9b3b-8e23ea613a32/associations => generated 446 bytes in 65 msecs (HTTP/1.1 200) 7 headers in 285 bytes (1 switches on core 0)
Sep 23 13:14:21.787204 dv-cinder-809201-2-smb devstack@c-api.service[100992]: /usr/local/lib/python3.8/dist-packages/oslo_context/context.py:105: DeprecationWarning: Policy enforcement is depending on the value of is_admin. This key is deprecated. Please update your policy file to use the standard policy values.
Sep 23 13:14:21.787204 dv-cinder-809201-2-smb devstack@c-api.service[100992]: warnings.warn('Policy enforcement is depending on the value of '
Sep 23 13:14:21.788205 dv-cinder-809201-2-smb devstack@c-api.service[100992]: INFO cinder.volume.api [None req-b0dc90e9-e719-4d91-8cbd-7181c1ed8f78 tempest-SnapshotMetadataTestJSON-2074134265 tempest-SnapshotMetadataTestJSON-2074134265-project] Snapshot retrieved successfully.
Sep 23 13:14:21.789322 dv-cinder-809201-2-smb devstack@c-api.service[100991]: INFO cinder.api.openstack.wsgi [None req-b6369490-69f6-49b0-a087-e91f9410f3ab tempest-QosSpecsTestJSON-327191952 tempest-QosSpecsTestJSON-327191952-project-admin] GET http://10.222.0.20/volume/v3/910a4ab8319c4d988b0025e35ae17090/qos-specs/decd8823-e7ad-4895-9b3b-8e23ea613a32/disassociate?vol_type_id=3959ea2e-aa14-4a9d-8139-1aac3ce0ea3a
Sep 23 13:14:21.789960 dv-cinder-809201-2-smb devstack@c-api.service[100991]: DEBUG cinder.api.openstack.wsgi [None req-b6369490-69f6-49b0-a087-e91f9410f3ab tempest-QosSpecsTestJSON-327191952 tempest-QosSpecsTestJSON-327191952-project-admin] Empty body provided in request {{(pid=100991) get_body /opt/stack/cinder/cinder/api/openstack/wsgi.py:703}}
Sep 23 13:14:21.790329 dv-cinder-809201-2-smb devstack@c-api.service[100991]: /usr/local/lib/python3.8/dist-packages/webob/acceptparse.py:1047: DeprecationWarning: The behavior of AcceptValidHeader.best_match is currently being maintained for backward compatibility, but it will be deprecated in the future, as it does not conform to the RFC.
Sep 23 13:14:21.790329 dv-cinder-809201-2-smb devstack@c-api.service[100991]: warnings.warn(
Sep 23 13:14:21.790881 dv-cinder-809201-2-smb devstack@c-api.service[100991]: DEBUG cinder.api.openstack.wsgi [None req-b6369490-69f6-49b0-a087-e91f9410f3ab tempest-QosSpecsTestJSON-327191952 tempest-QosSpecsTestJSON-327191952-project-admin] Calling method 'disassociate' {{(pid=100991) _process_stack /opt/stack/cinder/cinder/api/openstack/wsgi.py:856}}
Sep 23 13:14:21.791981 dv-cinder-809201-2-smb devstack@c-api.service[100991]: /usr/local/lib/python3.8/dist-packages/oslo_context/context.py:105: DeprecationWarning: Policy enforcement is depending on the value of is_admin. This key is deprecated. Please update your policy file to use the standard policy values.
Sep 23 13:14:21.791981 dv-cinder-809201-2-smb devstack@c-api.service[100991]: warnings.warn('Policy enforcement is depending on the value of '
Sep 23 13:14:21.793055 dv-cinder-809201-2-smb devstack@c-api.service[100991]: DEBUG cinder.api.contrib.qos_specs_manage [None req-b6369490-69f6-49b0-a087-e91f9410f3ab tempest-QosSpecsTestJSON-327191952 tempest-QosSpecsTestJSON-327191952-project-admin] Disassociate qos_spec: decd8823-e7ad-4895-9b3b-8e23ea613a32 from type: 3959ea2e-aa14-4a9d-8139-1aac3ce0ea3a {{(pid=100991) disassociate /opt/stack/cinder/cinder/api/contrib/qos_specs_manage.py:327}}
Sep 23 13:14:21.824010 dv-cinder-809201-2-smb devstack@c-api.service[100991]: INFO cinder.api.openstack.wsgi [None req-b6369490-69f6-49b0-a087-e91f9410f3ab tempest-QosSpecsTestJSON-327191952 tempest-QosSpecsTestJSON-327191952-project-admin] http://10.222.0.20/volume/v3/910a4ab8319c4d988b0025e35ae17090/qos-specs/decd8823-e7ad-4895-9b3b-8e23ea613a32/disassociate?vol_type_id=3959ea2e-aa14-4a9d-8139-1aac3ce0ea3a returned with HTTP 202
Sep 23 13:14:21.825009 dv-cinder-809201-2-smb devstack@c-api.service[100991]: [pid: 100991|app: 0|req: 194/384] 10.222.0.20 () {58 vars in 1467 bytes} [Thu Sep 23 13:14:21 2021] GET /volume/v3/910a4ab8319c4d988b0025e35ae17090/qos-specs/decd8823-e7ad-4895-9b3b-8e23ea613a32/disassociate?vol_type_id=3959ea2e-aa14-4a9d-8139-1aac3ce0ea3a => generated 0 bytes in 43 msecs (HTTP/1.1 202) 6 headers in 233 bytes (1 switches on core 0)
Sep 23 13:14:21.836416 dv-cinder-809201-2-smb devstack@c-api.service[100991]: INFO cinder.api.openstack.wsgi [None req-41987b94-28d6-4b38-9879-25679021f36e tempest-QosSpecsTestJSON-327191952 tempest-QosSpecsTestJSON-327191952-project-admin] GET http://10.222.0.20/volume/v3/910a4ab8319c4d988b0025e35ae17090/qos-specs/decd8823-e7ad-4895-9b3b-8e23ea613a32/associations
Sep 23 13:14:21.837143 dv-cinder-809201-2-smb devstack@c-api.service[100991]: DEBUG cinder.api.openstack.wsgi [None req-41987b94-28d6-4b38-9879-25679021f36e tempest-QosSpecsTestJSON-327191952 tempest-QosSpecsTestJSON-327191952-project-admin] Empty body provided in request {{(pid=100991) get_body /opt/stack/cinder/cinder/api/openstack/wsgi.py:703}}
Sep 23 13:14:21.837505 dv-cinder-809201-2-smb devstack@c-api.service[100991]: /usr/local/lib/python3.8/dist-packages/webob/acceptparse.py:1047: DeprecationWarning: The behavior of AcceptValidHeader.best_match is currently being maintained for backward compatibility, but it will be deprecated in the future, as it does not conform to the RFC.
Sep 23 13:14:21.837505 dv-cinder-809201-2-smb devstack@c-api.service[100991]: warnings.warn(
Sep 23 13:14:21.838371 dv-cinder-809201-2-smb devstack@c-api.service[100991]: DEBUG cinder.api.openstack.wsgi [None req-41987b94-28d6-4b38-9879-25679021f36e tempest-QosSpecsTestJSON-327191952 tempest-QosSpecsTestJSON-327191952-project-admin] Calling method 'associations' {{(pid=100991) _process_stack /opt/stack/cinder/cinder/api/openstack/wsgi.py:856}}
Sep 23 13:14:21.839026 dv-cinder-809201-2-smb devstack@c-api.service[100992]: INFO cinder.volume.api [None req-b0dc90e9-e719-4d91-8cbd-7181c1ed8f78 tempest-SnapshotMetadataTestJSON-2074134265 tempest-SnapshotMetadataTestJSON-2074134265-project] Update snapshot metadata completed successfully.
Sep 23 13:14:21.839571 dv-cinder-809201-2-smb devstack@c-api.service[100992]: INFO cinder.api.openstack.wsgi [None req-b0dc90e9-e719-4d91-8cbd-7181c1ed8f78 tempest-SnapshotMetadataTestJSON-2074134265 tempest-SnapshotMetadataTestJSON-2074134265-project] http://10.222.0.20/volume/v3/5ea92cab97514ba6b5de8c22272474ea/snapshots/8d843894-ed54-4819-ab1c-54e97217604c/metadata returned with HTTP 200
Sep 23 13:14:21.839691 dv-cinder-809201-2-smb devstack@c-api.service[100991]: /usr/local/lib/python3.8/dist-packages/oslo_context/context.py:105: DeprecationWarning: Policy enforcement is depending on the value of is_admin. This key is deprecated. Please update your policy file to use the standard policy values.
Sep 23 13:14:21.839691 dv-cinder-809201-2-smb devstack@c-api.service[100991]: warnings.warn('Policy enforcement is depending on the value of '
Sep 23 13:14:21.840569 dv-cinder-809201-2-smb devstack@c-api.service[100991]: DEBUG cinder.api.contrib.qos_specs_manage [None req-41987b94-28d6-4b38-9879-25679021f36e tempest-QosSpecsTestJSON-327191952 tempest-QosSpecsTestJSON-327191952-project-admin] Get associations for qos_spec id: decd8823-e7ad-4895-9b3b-8e23ea613a32 {{(pid=100991) associations /opt/stack/cinder/cinder/api/contrib/qos_specs_manage.py:233}}
Sep 23 13:14:21.840674 dv-cinder-809201-2-smb devstack@c-api.service[100992]: [pid: 100992|app: 0|req: 191/385] 10.222.0.20 () {60 vars in 1378 bytes} [Thu Sep 23 13:14:21 2021] PUT /volume/v3/5ea92cab97514ba6b5de8c22272474ea/snapshots/8d843894-ed54-4819-ab1c-54e97217604c/metadata => generated 16 bytes in 86 msecs (HTTP/1.1 200) 7 headers in 284 bytes (1 switches on core 0)
Sep 23 13:14:21.852441 dv-cinder-809201-2-smb devstack@c-api.service[100992]: INFO cinder.api.openstack.wsgi [None req-bc03402a-f022-4a17-bdfa-c8b53129dc86 tempest-SnapshotMetadataTestJSON-2074134265 tempest-SnapshotMetadataTestJSON-2074134265-project] DELETE http://10.222.0.20/volume/v3/5ea92cab97514ba6b5de8c22272474ea/snapshots/8d843894-ed54-4819-ab1c-54e97217604c
Sep 23 13:14:21.852938 dv-cinder-809201-2-smb devstack@c-api.service[100992]: DEBUG cinder.api.openstack.wsgi [None req-bc03402a-f022-4a17-bdfa-c8b53129dc86 tempest-SnapshotMetadataTestJSON-2074134265 tempest-SnapshotMetadataTestJSON-2074134265-project] Empty body provided in request {{(pid=100992) get_body /opt/stack/cinder/cinder/api/openstack/wsgi.py:703}}
Sep 23 13:14:21.853132 dv-cinder-809201-2-smb devstack@c-api.service[100992]: /usr/local/lib/python3.8/dist-packages/webob/acceptparse.py:1047: DeprecationWarning: The behavior of AcceptValidHeader.best_match is currently being maintained for backward compatibility, but it will be deprecated in the future, as it does not conform to the RFC.
Sep 23 13:14:21.853132 dv-cinder-809201-2-smb devstack@c-api.service[100992]: warnings.warn(
Sep 23 13:14:21.853459 dv-cinder-809201-2-smb devstack@c-api.service[100992]: DEBUG cinder.api.openstack.wsgi [None req-bc03402a-f022-4a17-bdfa-c8b53129dc86 tempest-SnapshotMetadataTestJSON-2074134265 tempest-SnapshotMetadataTestJSON-2074134265-project] Calling method 'delete' {{(pid=100992) _process_stack /opt/stack/cinder/cinder/api/openstack/wsgi.py:856}}
Sep 23 13:14:21.853911 dv-cinder-809201-2-smb devstack@c-api.service[100992]: INFO cinder.api.v2.snapshots [None req-bc03402a-f022-4a17-bdfa-c8b53129dc86 tempest-SnapshotMetadataTestJSON-2074134265 tempest-SnapshotMetadataTestJSON-2074134265-project] Delete snapshot with id: 8d843894-ed54-4819-ab1c-54e97217604c
Sep 23 13:14:21.871097 dv-cinder-809201-2-smb devstack@c-api.service[100991]: INFO cinder.api.openstack.wsgi [None req-41987b94-28d6-4b38-9879-25679021f36e tempest-QosSpecsTestJSON-327191952 tempest-QosSpecsTestJSON-327191952-project-admin] http://10.222.0.20/volume/v3/910a4ab8319c4d988b0025e35ae17090/qos-specs/decd8823-e7ad-4895-9b3b-8e23ea613a32/associations returned with HTTP 200
Sep 23 13:14:21.872245 dv-cinder-809201-2-smb devstack@c-api.service[100991]: [pid: 100991|app: 0|req: 195/386] 10.222.0.20 () {58 vars in 1370 bytes} [Thu Sep 23 13:14:21 2021] GET /volume/v3/910a4ab8319c4d988b0025e35ae17090/qos-specs/decd8823-e7ad-4895-9b3b-8e23ea613a32/associations => generated 305 bytes in 43 msecs (HTTP/1.1 200) 7 headers in 285 bytes (1 switches on core 0)
Sep 23 13:14:21.872374 dv-cinder-809201-2-smb devstack@c-api.service[100992]: /usr/local/lib/python3.8/dist-packages/oslo_context/context.py:105: DeprecationWarning: Policy enforcement is depending on the value of is_admin. This key is deprecated. Please update your policy file to use the standard policy values.
Sep 23 13:14:21.872374 dv-cinder-809201-2-smb devstack@c-api.service[100992]: warnings.warn('Policy enforcement is depending on the value of '
Sep 23 13:14:21.873172 dv-cinder-809201-2-smb devstack@c-api.service[100992]: INFO cinder.volume.api [None req-bc03402a-f022-4a17-bdfa-c8b53129dc86 tempest-SnapshotMetadataTestJSON-2074134265 tempest-SnapshotMetadataTestJSON-2074134265-project] Snapshot retrieved successfully.
Sep 23 13:14:21.884627 dv-cinder-809201-2-smb devstack@c-api.service[100991]: INFO cinder.api.openstack.wsgi [None req-e453a447-5a19-475b-a8cc-cc60a5cb38c1 tempest-QosSpecsTestJSON-327191952 tempest-QosSpecsTestJSON-327191952-project-admin] GET http://10.222.0.20/volume/v3/910a4ab8319c4d988b0025e35ae17090/qos-specs/decd8823-e7ad-4895-9b3b-8e23ea613a32/disassociate_all
Sep 23 13:14:21.885196 dv-cinder-809201-2-smb devstack@c-api.service[100991]: DEBUG cinder.api.openstack.wsgi [None req-e453a447-5a19-475b-a8cc-cc60a5cb38c1 tempest-QosSpecsTestJSON-327191952 tempest-QosSpecsTestJSON-327191952-project-admin] Empty body provided in request {{(pid=100991) get_body /opt/stack/cinder/cinder/api/openstack/wsgi.py:703}}
Sep 23 13:14:21.885370 dv-cinder-809201-2-smb devstack@c-api.service[100991]: /usr/local/lib/python3.8/dist-packages/webob/acceptparse.py:1047: DeprecationWarning: The behavior of AcceptValidHeader.best_match is currently being maintained for backward compatibility, but it will be deprecated in the future, as it does not conform to the RFC.
Sep 23 13:14:21.885370 dv-cinder-809201-2-smb devstack@c-api.service[100991]: warnings.warn(
Sep 23 13:14:21.885690 dv-cinder-809201-2-smb devstack@c-api.service[100991]: DEBUG cinder.api.openstack.wsgi [None req-e453a447-5a19-475b-a8cc-cc60a5cb38c1 tempest-QosSpecsTestJSON-327191952 tempest-QosSpecsTestJSON-327191952-project-admin] Calling method 'disassociate_all' {{(pid=100991) _process_stack /opt/stack/cinder/cinder/api/openstack/wsgi.py:856}}
Sep 23 13:14:21.886391 dv-cinder-809201-2-smb devstack@c-api.service[100991]: /usr/local/lib/python3.8/dist-packages/oslo_context/context.py:105: DeprecationWarning: Policy enforcement is depending on the value of is_admin. This key is deprecated. Please update your policy file to use the standard policy values.
Sep 23 13:14:21.886391 dv-cinder-809201-2-smb devstack@c-api.service[100991]: warnings.warn('Policy enforcement is depending on the value of '
Sep 23 13:14:21.887029 dv-cinder-809201-2-smb devstack@c-api.service[100991]: DEBUG cinder.api.contrib.qos_specs_manage [None req-e453a447-5a19-475b-a8cc-cc60a5cb38c1 tempest-QosSpecsTestJSON-327191952 tempest-QosSpecsTestJSON-327191952-project-admin] Disassociate qos_spec: decd8823-e7ad-4895-9b3b-8e23ea613a32 from all. {{(pid=100991) disassociate_all /opt/stack/cinder/cinder/api/contrib/qos_specs_manage.py:361}}
Sep 23 13:14:21.914653 dv-cinder-809201-2-smb devstack@c-api.service[100992]: INFO cinder.volume.api [None req-bc03402a-f022-4a17-bdfa-c8b53129dc86 tempest-SnapshotMetadataTestJSON-2074134265 tempest-SnapshotMetadataTestJSON-2074134265-project] Snapshot delete request issued successfully.
Sep 23 13:14:21.916908 dv-cinder-809201-2-smb devstack@c-api.service[100991]: INFO cinder.api.openstack.wsgi [None req-e453a447-5a19-475b-a8cc-cc60a5cb38c1 tempest-QosSpecsTestJSON-327191952 tempest-QosSpecsTestJSON-327191952-project-admin] http://10.222.0.20/volume/v3/910a4ab8319c4d988b0025e35ae17090/qos-specs/decd8823-e7ad-4895-9b3b-8e23ea613a32/disassociate_all returned with HTTP 202
Sep 23 13:14:21.917129 dv-cinder-809201-2-smb devstack@c-api.service[100992]: INFO cinder.api.openstack.wsgi [None req-bc03402a-f022-4a17-bdfa-c8b53129dc86 tempest-SnapshotMetadataTestJSON-2074134265 tempest-SnapshotMetadataTestJSON-2074134265-project] http://10.222.0.20/volume/v3/5ea92cab97514ba6b5de8c22272474ea/snapshots/8d843894-ed54-4819-ab1c-54e97217604c returned with HTTP 202
Sep 23 13:14:21.918412 dv-cinder-809201-2-smb devstack@c-api.service[100991]: [pid: 100991|app: 0|req: 196/387] 10.222.0.20 () {58 vars in 1382 bytes} [Thu Sep 23 13:14:21 2021] GET /volume/v3/910a4ab8319c4d988b0025e35ae17090/qos-specs/decd8823-e7ad-4895-9b3b-8e23ea613a32/disassociate_all => generated 0 bytes in 41 msecs (HTTP/1.1 202) 6 headers in 233 bytes (1 switches on core 0)
Sep 23 13:14:21.922810 dv-cinder-809201-2-smb devstack@c-api.service[100992]: [pid: 100992|app: 0|req: 192/388] 10.222.0.20 () {58 vars in 1334 bytes} [Thu Sep 23 13:14:21 2021] DELETE /volume/v3/5ea92cab97514ba6b5de8c22272474ea/snapshots/8d843894-ed54-4819-ab1c-54e97217604c => generated 0 bytes in 76 msecs (HTTP/1.1 202) 6 headers in 233 bytes (1 switches on core 0)
Sep 23 13:14:21.928500 dv-cinder-809201-2-smb devstack@c-api.service[100991]: INFO cinder.api.openstack.wsgi [None req-977b4324-36d1-4edb-bce4-bd9159576ca1 tempest-QosSpecsTestJSON-327191952 tempest-QosSpecsTestJSON-327191952-project-admin] GET http://10.222.0.20/volume/v3/910a4ab8319c4d988b0025e35ae17090/qos-specs/decd8823-e7ad-4895-9b3b-8e23ea613a32/associations
Sep 23 13:14:21.929045 dv-cinder-809201-2-smb devstack@c-api.service[100991]: DEBUG cinder.api.openstack.wsgi [None req-977b4324-36d1-4edb-bce4-bd9159576ca1 tempest-QosSpecsTestJSON-327191952 tempest-QosSpecsTestJSON-327191952-project-admin] Empty body provided in request {{(pid=100991) get_body /opt/stack/cinder/cinder/api/openstack/wsgi.py:703}}
Sep 23 13:14:21.929224 dv-cinder-809201-2-smb devstack@c-api.service[100991]: /usr/local/lib/python3.8/dist-packages/webob/acceptparse.py:1047: DeprecationWarning: The behavior of AcceptValidHeader.best_match is currently being maintained for backward compatibility, but it will be deprecated in the future, as it does not conform to the RFC.
Sep 23 13:14:21.929224 dv-cinder-809201-2-smb devstack@c-api.service[100991]: warnings.warn(
Sep 23 13:14:21.929508 dv-cinder-809201-2-smb devstack@c-api.service[100991]: DEBUG cinder.api.openstack.wsgi [None req-977b4324-36d1-4edb-bce4-bd9159576ca1 tempest-QosSpecsTestJSON-327191952 tempest-QosSpecsTestJSON-327191952-project-admin] Calling method 'associations' {{(pid=100991) _process_stack /opt/stack/cinder/cinder/api/openstack/wsgi.py:856}}
Sep 23 13:14:21.930351 dv-cinder-809201-2-smb devstack@c-api.service[100991]: /usr/local/lib/python3.8/dist-packages/oslo_context/context.py:105: DeprecationWarning: Policy enforcement is depending on the value of is_admin. This key is deprecated. Please update your policy file to use the standard policy values.
Sep 23 13:14:21.930351 dv-cinder-809201-2-smb devstack@c-api.service[100991]: warnings.warn('Policy enforcement is depending on the value of '
Sep 23 13:14:21.931187 dv-cinder-809201-2-smb devstack@c-api.service[100991]: DEBUG cinder.api.contrib.qos_specs_manage [None req-977b4324-36d1-4edb-bce4-bd9159576ca1 tempest-QosSpecsTestJSON-327191952 tempest-QosSpecsTestJSON-327191952-project-admin] Get associations for qos_spec id: decd8823-e7ad-4895-9b3b-8e23ea613a32 {{(pid=100991) associations /opt/stack/cinder/cinder/api/contrib/qos_specs_manage.py:233}}
Sep 23 13:14:21.933584 dv-cinder-809201-2-smb devstack@c-api.service[100992]: INFO cinder.api.openstack.wsgi [None req-94258e47-a2bf-4973-9254-7019d9127648 tempest-SnapshotMetadataTestJSON-2074134265 tempest-SnapshotMetadataTestJSON-2074134265-project] GET http://10.222.0.20/volume/v3/5ea92cab97514ba6b5de8c22272474ea/snapshots/8d843894-ed54-4819-ab1c-54e97217604c
