Sep 15 15:11:12.856013 dv-cinder-809201-1-smb neutron-server[94175]: from cryptography.utils import int_from_bytes
Sep 15 15:11:12.856013 dv-cinder-809201-1-smb neutron-server[94175]: /usr/lib/python3/dist-packages/secretstorage/util.py:19: CryptographyDeprecationWarning: int_from_bytes is deprecated, use int.from_bytes instead
Sep 15 15:11:12.856013 dv-cinder-809201-1-smb neutron-server[94175]: from cryptography.utils import int_from_bytes
Sep 15 15:11:12.856013 dv-cinder-809201-1-smb neutron-server[94175]: Traceback (most recent call last):
Sep 15 15:11:12.856013 dv-cinder-809201-1-smb neutron-server[94175]: File "/usr/local/lib/python3.8/dist-packages/eventlet/hubs/hub.py", line 476, in fire_timers
Sep 15 15:11:12.856013 dv-cinder-809201-1-smb neutron-server[94175]: timer()
Sep 15 15:11:12.856013 dv-cinder-809201-1-smb neutron-server[94175]: File "/usr/local/lib/python3.8/dist-packages/eventlet/hubs/timer.py", line 59, in __call__
Sep 15 15:11:12.856013 dv-cinder-809201-1-smb neutron-server[94175]: cb(*args, **kw)
Sep 15 15:11:12.856013 dv-cinder-809201-1-smb neutron-server[94175]: File "/opt/stack/neutron/neutron/common/utils.py", line 906, in wrapper
Sep 15 15:11:12.856013 dv-cinder-809201-1-smb neutron-server[94175]: return func(*args, **kwargs)
Sep 15 15:11:12.856013 dv-cinder-809201-1-smb neutron-server[94175]: File "/opt/stack/neutron/neutron/notifiers/batch_notifier.py", line 58, in synced_send
Sep 15 15:11:12.856013 dv-cinder-809201-1-smb neutron-server[94175]: self._notify()
Sep 15 15:11:12.856013 dv-cinder-809201-1-smb neutron-server[94175]: File "/opt/stack/neutron/neutron/notifiers/batch_notifier.py", line 69, in _notify
Sep 15 15:11:12.856013 dv-cinder-809201-1-smb neutron-server[94175]: self.callback(batched_events)
Sep 15 15:11:12.856013 dv-cinder-809201-1-smb neutron-server[94175]: File "/opt/stack/neutron/neutron/services/segments/plugin.py", line 211, in _send_notifications
Sep 15 15:11:12.856013 dv-cinder-809201-1-smb neutron-server[94175]: event.method(event)
Sep 15 15:11:12.856013 dv-cinder-809201-1-smb neutron-server[94175]: File "/opt/stack/neutron/neutron/services/segments/plugin.py", line 383, in _delete_nova_inventory
Sep 15 15:11:12.856013 dv-cinder-809201-1-smb neutron-server[94175]: aggregate_id = self._get_aggregate_id(event.segment_id)
Sep 15 15:11:12.856013 dv-cinder-809201-1-smb neutron-server[94175]: File "/opt/stack/neutron/neutron/services/segments/plugin.py", line 370, in _get_aggregate_id
Sep 15 15:11:12.856013 dv-cinder-809201-1-smb neutron-server[94175]: aggregate_uuid = self.p_client.list_aggregates(
Sep 15 15:11:12.856013 dv-cinder-809201-1-smb neutron-server[94175]: File "/usr/local/lib/python3.8/dist-packages/neutron_lib/placement/client.py", line 58, in wrapper
Sep 15 15:11:12.856013 dv-cinder-809201-1-smb neutron-server[94175]: return f(self, *a, **k)
Sep 15 15:11:12.856013 dv-cinder-809201-1-smb neutron-server[94175]: File "/usr/local/lib/python3.8/dist-packages/neutron_lib/placement/client.py", line 554, in list_aggregates
Sep 15 15:11:12.856013 dv-cinder-809201-1-smb neutron-server[94175]: return self._get(url).json()
Sep 15 15:11:12.856013 dv-cinder-809201-1-smb neutron-server[94175]: File "/usr/local/lib/python3.8/dist-packages/neutron_lib/placement/client.py", line 190, in _get
Sep 15 15:11:12.856013 dv-cinder-809201-1-smb neutron-server[94175]: return self._client.get(url, endpoint_filter=self._ks_filter,
Sep 15 15:11:12.856013 dv-cinder-809201-1-smb neutron-server[94175]: File "/usr/local/lib/python3.8/dist-packages/keystoneauth1/session.py", line 1141, in get
Sep 15 15:11:12.856013 dv-cinder-809201-1-smb neutron-server[94175]: return self.request(url, 'GET', **kwargs)
Sep 15 15:11:12.856013 dv-cinder-809201-1-smb neutron-server[94175]: File "/usr/local/lib/python3.8/dist-packages/keystoneauth1/session.py", line 811, in request
Sep 15 15:11:12.856013 dv-cinder-809201-1-smb neutron-server[94175]: base_url = self.get_endpoint(auth, allow=allow,
Sep 15 15:11:12.856013 dv-cinder-809201-1-smb neutron-server[94175]: File "/usr/local/lib/python3.8/dist-packages/keystoneauth1/session.py", line 1241, in get_endpoint
Sep 15 15:11:12.856013 dv-cinder-809201-1-smb neutron-server[94175]: auth = self._auth_required(auth, 'determine endpoint URL')
Sep 15 15:11:12.856013 dv-cinder-809201-1-smb neutron-server[94175]: File "/usr/local/lib/python3.8/dist-packages/keystoneauth1/session.py", line 1181, in _auth_required
Sep 15 15:11:12.856013 dv-cinder-809201-1-smb neutron-server[94175]: raise exceptions.MissingAuthPlugin(msg_fmt % msg)
Sep 15 15:11:12.856013 dv-cinder-809201-1-smb neutron-server[94175]: keystoneauth1.exceptions.auth_plugins.MissingAuthPlugin: An auth plugin is required to determine endpoint URL
Sep 15 15:11:12.928594 dv-cinder-809201-1-smb neutron-server[94175]: DEBUG neutron_lib.callbacks.manager [None req-0aac9832-ab05-49a3-b450-0d3f8b4f7684 admin admin] Notify callbacks ['neutron.plugins.ml2.plugin.Ml2Plugin._network_delete_after_delete_handler-3736118', 'neutron.plugins.ml2.ovo_rpc._ObjectChangeHandler.handle_event-802048', 'neutron.api.rpc.agentnotifiers.dhcp_rpc_agent_api.DhcpAgentNotifyAPI._native_event_send_dhcp_notification-609607', 'neutron.services.l3_router.l3_router_plugin.DVRResourceOperationHandler.delete_fip_namespaces_for_ext_net-650772'] for network, after_delete {{(pid=94175) _notify_loop /usr/local/lib/python3.8/dist-packages/neutron_lib/callbacks/manager.py:192}}
Sep 15 15:11:12.939056 dv-cinder-809201-1-smb neutron-server[94175]: DEBUG neutron_lib.callbacks.manager [None req-0aac9832-ab05-49a3-b450-0d3f8b4f7684 admin admin] Notify callbacks ['neutron.api.rpc.agentnotifiers.dhcp_rpc_agent_api.DhcpAgentNotifyAPI._send_dhcp_notification-609621'] for network, before_response {{(pid=94175) _notify_loop /usr/local/lib/python3.8/dist-packages/neutron_lib/callbacks/manager.py:192}}
Sep 15 15:11:12.944390 dv-cinder-809201-1-smb neutron-server[94175]: INFO neutron.wsgi [None req-0aac9832-ab05-49a3-b450-0d3f8b4f7684 admin admin] 10.222.0.57 "DELETE /v2.0/networks/fdc38a7a-36d3-4b39-a292-9d6639c51413 HTTP/1.1" status: 204 len: 168 time: 0.5136347
Sep 15 15:11:12.960475 dv-cinder-809201-1-smb neutron-server[94175]: DEBUG neutron.api.rpc.handlers.resources_rpc [None req-0aac9832-ab05-49a3-b450-0d3f8b4f7684 admin admin] Pushing event deleted for resources: {'Network': ['ID=fdc38a7a-36d3-4b39-a292-9d6639c51413,revision_number=None']} {{(pid=94175) push /opt/stack/neutron/neutron/api/rpc/handlers/resources_rpc.py:237}}
Sep 15 15:11:13.077185 dv-cinder-809201-1-smb neutron-server[94175]: DEBUG neutron.pecan_wsgi.hooks.policy_enforcement [req-cad20819-b545-4798-82f2-8341bf63475c req-809879cb-0d29-49eb-90c7-d9cf4afdb67e tempest-AttachVolumeNegativeTest-1353497473 tempest-AttachVolumeNegativeTest-1353497473-project] Attributes excluded by policy engine: ['standard_attr_id', 'binding:profile', 'binding:host_id', 'binding:vif_type', 'binding:vif_details'] {{(pid=94175) _exclude_attributes_by_policy /opt/stack/neutron/neutron/pecan_wsgi/hooks/policy_enforcement.py:255}}
Sep 15 15:11:13.078882 dv-cinder-809201-1-smb neutron-server[94175]: INFO neutron.wsgi [req-cad20819-b545-4798-82f2-8341bf63475c req-809879cb-0d29-49eb-90c7-d9cf4afdb67e tempest-AttachVolumeNegativeTest-1353497473 tempest-AttachVolumeNegativeTest-1353497473-project] 10.222.0.57 "GET /v2.0/ports?device_id=55a936cb-b97b-40c2-a78e-f5c773052496 HTTP/1.1" status: 200 len: 944 time: 0.0667160
Sep 15 15:11:13.127964 dv-cinder-809201-1-smb neutron-server[94175]: INFO neutron.wsgi [req-cad20819-b545-4798-82f2-8341bf63475c req-cb17eeda-ee44-4860-b086-04f3f65a0976 tempest-AttachVolumeNegativeTest-1353497473 tempest-AttachVolumeNegativeTest-1353497473-project] 10.222.0.57 "GET /v2.0/security-groups?id=faec3238-35f8-4245-b8c0-880898c5f6ea&fields=id&fields=name HTTP/1.1" status: 200 len: 286 time: 0.0405004
Sep 15 15:11:13.176958 dv-cinder-809201-1-smb neutron-server[94175]: DEBUG neutron.wsgi [-] (94175) accepted ('10.222.0.57', 39704) {{(pid=94175) server /usr/local/lib/python3.8/dist-packages/eventlet/wsgi.py:982}}
Sep 15 15:11:13.220658 dv-cinder-809201-1-smb neutron-server[94176]: DEBUG neutron.plugins.ml2.rpc [None req-c62120bb-59ff-490f-8348-4579cefc4fa1 None None] Device 34eab7e4-1486-4240-8adc-fab3143976e2 up at agent hyperv_hv-cinder-80920 {{(pid=94176) update_device_up /opt/stack/neutron/neutron/plugins/ml2/rpc.py:296}}
Sep 15 15:11:13.229216 dv-cinder-809201-1-smb neutron-server[94175]: INFO neutron.wsgi [None req-e21d4f56-8d77-4ce3-b14a-5e35d70bc295 admin admin] 10.222.0.57 "GET /v2.0/security-groups?tenant_id=87ef4104931447ca97dbaa4acbec60ba&name=default HTTP/1.1" status: 200 len: 2975 time: 0.0510306
Sep 15 15:11:13.231941 dv-cinder-809201-1-smb neutron-server[94175]: DEBUG neutron.wsgi [-] (94175) accepted ('10.222.0.57', 39712) {{(pid=94175) server /usr/local/lib/python3.8/dist-packages/eventlet/wsgi.py:982}}
Sep 15 15:11:13.285441 dv-cinder-809201-1-smb neutron-server[94176]: DEBUG neutron.db.provisioning_blocks [None req-c62120bb-59ff-490f-8348-4579cefc4fa1 None None] Provisioning for port 34eab7e4-1486-4240-8adc-fab3143976e2 completed by entity L2. {{(pid=94176) provisioning_complete /opt/stack/neutron/neutron/db/provisioning_blocks.py:133}}
Sep 15 15:11:13.289803 dv-cinder-809201-1-smb neutron-server[94175]: DEBUG neutron_lib.callbacks.manager [None req-b46921bc-89a6-445c-bd9e-7bd2722a5bd1 admin admin] Notify callbacks [] for security_group, before_delete {{(pid=94175) _notify_loop /usr/local/lib/python3.8/dist-packages/neutron_lib/callbacks/manager.py:192}}
Sep 15 15:11:13.290617 dv-cinder-809201-1-smb neutron-server[94176]: DEBUG neutron.db.provisioning_blocks [None req-c62120bb-59ff-490f-8348-4579cefc4fa1 None None] Provisioning complete for port 34eab7e4-1486-4240-8adc-fab3143976e2 triggered by entity L2. {{(pid=94176) provisioning_complete /opt/stack/neutron/neutron/db/provisioning_blocks.py:139}}
Sep 15 15:11:13.291190 dv-cinder-809201-1-smb neutron-server[94176]: DEBUG neutron_lib.callbacks.manager [None req-c62120bb-59ff-490f-8348-4579cefc4fa1 None None] Notify callbacks ['neutron.plugins.ml2.plugin.Ml2Plugin._port_provisioned-3738580'] for port, provisioning_complete {{(pid=94176) _notify_loop /usr/local/lib/python3.8/dist-packages/neutron_lib/callbacks/manager.py:192}}
Sep 15 15:11:13.323465 dv-cinder-809201-1-smb neutron-server[94175]: DEBUG neutron_lib.callbacks.manager [None req-b46921bc-89a6-445c-bd9e-7bd2722a5bd1 admin admin] Notify callbacks [] for security_group, precommit_delete {{(pid=94175) _notify_loop /usr/local/lib/python3.8/dist-packages/neutron_lib/callbacks/manager.py:192}}
Sep 15 15:11:13.376069 dv-cinder-809201-1-smb neutron-server[94175]: DEBUG neutron_lib.callbacks.manager [None req-b46921bc-89a6-445c-bd9e-7bd2722a5bd1 admin admin] Notify callbacks ['neutron.plugins.ml2.ovo_rpc._ObjectChangeHandler.handle_event-796883'] for security_group, after_delete {{(pid=94175) _notify_loop /usr/local/lib/python3.8/dist-packages/neutron_lib/callbacks/manager.py:192}}
Sep 15 15:11:13.379277 dv-cinder-809201-1-smb neutron-server[94175]: DEBUG neutron_lib.callbacks.manager [None req-b46921bc-89a6-445c-bd9e-7bd2722a5bd1 admin admin] Notify callbacks [] for security_group, before_response {{(pid=94175) _notify_loop /usr/local/lib/python3.8/dist-packages/neutron_lib/callbacks/manager.py:192}}
Sep 15 15:11:13.384014 dv-cinder-809201-1-smb neutron-server[94175]: INFO neutron.wsgi [None req-b46921bc-89a6-445c-bd9e-7bd2722a5bd1 admin admin] 10.222.0.57 "DELETE /v2.0/security-groups/c82a05aa-aaf6-49a9-af7b-620073b4b5c8 HTTP/1.1" status: 204 len: 168 time: 0.1510603
Sep 15 15:11:13.393848 dv-cinder-809201-1-smb neutron-server[94175]: DEBUG neutron.api.rpc.handlers.resources_rpc [None req-b46921bc-89a6-445c-bd9e-7bd2722a5bd1 admin admin] Pushing event deleted for resources: {'SecurityGroup': ['ID=c82a05aa-aaf6-49a9-af7b-620073b4b5c8,revision_number=None']} {{(pid=94175) push /opt/stack/neutron/neutron/api/rpc/handlers/resources_rpc.py:237}}
Sep 15 15:11:13.396253 dv-cinder-809201-1-smb neutron-server[94176]: DEBUG neutron_lib.callbacks.manager [None req-c62120bb-59ff-490f-8348-4579cefc4fa1 None None] Notify callbacks ['neutron.plugins.ml2.plugin.SecurityGroupDbMixin._ensure_default_security_group_handler-4122904'] for port, before_update {{(pid=94176) _notify_loop /usr/local/lib/python3.8/dist-packages/neutron_lib/callbacks/manager.py:192}}
Sep 15 15:11:13.451012 dv-cinder-809201-1-smb neutron-server[94176]: DEBUG neutron.notifiers.nova [-] Sending events: [{'server_uuid': '55a936cb-b97b-40c2-a78e-f5c773052496', 'name': 'network-vif-plugged', 'status': 'completed', 'tag': '34eab7e4-1486-4240-8adc-fab3143976e2'}] {{(pid=94176) send_events /opt/stack/neutron/neutron/notifiers/nova.py:262}}
Sep 15 15:11:13.453259 dv-cinder-809201-1-smb neutron-server[94176]: DEBUG novaclient.v2.client [-] REQ: curl -g -i --cacert "/opt/stack/data/ca-bundle.pem" -X POST http://10.222.0.57/compute/v2.1/os-server-external-events -H "Accept: application/json" -H "Content-Type: application/json" -H "User-Agent: python-novaclient" -H "X-Auth-Token: {SHA256}0a17288ccb39cd42bdf995d66a4dd5fb4789c706a9e731883f701447b6562f82" -H "X-OpenStack-Nova-API-Version: 2.1" -H "X-OpenStack-Request-ID: req-1a9be1b7-30b4-4cd6-a651-f5ae83d64793" -d '{"events": [{"server_uuid": "55a936cb-b97b-40c2-a78e-f5c773052496", "name": "network-vif-plugged", "status": "completed", "tag": "34eab7e4-1486-4240-8adc-fab3143976e2"}]}' {{(pid=94176) _http_log_request /usr/local/lib/python3.8/dist-packages/keystoneauth1/session.py:519}}
Sep 15 15:11:13.471607 dv-cinder-809201-1-smb neutron-server[94176]: DEBUG neutron.plugins.ml2.db [None req-c62120bb-59ff-490f-8348-4579cefc4fa1 None None] For port 34eab7e4-1486-4240-8adc-fab3143976e2, host hv-cinder-80920, got binding levels [PortBindingLevel(driver='hyperv',host='hv-cinder-80920',level=0,port_id=34eab7e4-1486-4240-8adc-fab3143976e2,segment=NetworkSegment(c3f2908d-c429-47e2-ad0b-3c74d0977ebb),segment_id=c3f2908d-c429-47e2-ad0b-3c74d0977ebb)] {{(pid=94176) get_binding_level_objs /opt/stack/neutron/neutron/plugins/ml2/db.py:74}}
Sep 15 15:11:13.477913 dv-cinder-809201-1-smb neutron-server[94176]: DEBUG neutron_lib.callbacks.manager [None req-c62120bb-59ff-490f-8348-4579cefc4fa1 None None] Notify callbacks ['neutron.plugins.ml2.plugin.SecurityGroupServerNotifierRpcMixin._notify_sg_on_port_change-4122969', 'neutron.plugins.ml2.ovo_rpc._ObjectChangeHandler.handle_event-131661', 'neutron.api.rpc.agentnotifiers.dhcp_rpc_agent_api.DhcpAgentNotifyAPI._native_event_send_dhcp_notification-609607', 'neutron.db.l3_db.L3RpcNotifierMixin._notify_gateway_port_ip_changed-8740637837837', 'neutron.db.l3_dvrscheduler_db._notify_l3_agent_port_update-8740637316298', 'neutron.db.l3_hascheduler_db._notify_l3_agent_ha_port_update-8740637316316'] for port, after_update {{(pid=94176) _notify_loop /usr/local/lib/python3.8/dist-packages/neutron_lib/callbacks/manager.py:192}}
Sep 15 15:11:13.528078 dv-cinder-809201-1-smb neutron-server[94176]: DEBUG novaclient.v2.client [-] RESP: [200] Connection: close Content-Length: 183 Content-Type: application/json Date: Wed, 15 Sep 2021 15:11:13 GMT OpenStack-API-Version: compute 2.1 Server: Apache/2.4.41 (Ubuntu) Vary: OpenStack-API-Version,X-OpenStack-Nova-API-Version X-OpenStack-Nova-API-Version: 2.1 x-compute-request-id: req-a430254a-2a5a-45fd-8949-555dfeb194c4 x-openstack-request-id: req-a430254a-2a5a-45fd-8949-555dfeb194c4 {{(pid=94176) _http_log_response /usr/local/lib/python3.8/dist-packages/keystoneauth1/session.py:550}}
Sep 15 15:11:13.528449 dv-cinder-809201-1-smb neutron-server[94176]: DEBUG novaclient.v2.client [-] RESP BODY: {"events": [{"server_uuid": "55a936cb-b97b-40c2-a78e-f5c773052496", "name": "network-vif-plugged", "status": "completed", "tag": "34eab7e4-1486-4240-8adc-fab3143976e2", "code": 200}]} {{(pid=94176) _http_log_response /usr/local/lib/python3.8/dist-packages/keystoneauth1/session.py:582}}
Sep 15 15:11:13.528824 dv-cinder-809201-1-smb neutron-server[94176]: DEBUG novaclient.v2.client [-] POST call to compute for http://10.222.0.57/compute/v2.1/os-server-external-events used request id req-a430254a-2a5a-45fd-8949-555dfeb194c4 {{(pid=94176) request /usr/local/lib/python3.8/dist-packages/keystoneauth1/session.py:954}}
Sep 15 15:11:13.529327 dv-cinder-809201-1-smb neutron-server[94176]: INFO neutron.notifiers.nova [-] Nova event response: {'server_uuid': '55a936cb-b97b-40c2-a78e-f5c773052496', 'name': 'network-vif-plugged', 'status': 'completed', 'tag': '34eab7e4-1486-4240-8adc-fab3143976e2', 'code': 200}
Sep 15 15:11:13.568240 dv-cinder-809201-1-smb neutron-server[94176]: DEBUG neutron.api.rpc.handlers.resources_rpc [None req-c62120bb-59ff-490f-8348-4579cefc4fa1 None None] Pushing event updated for resources: {'Port': ['ID=34eab7e4-1486-4240-8adc-fab3143976e2,revision_number=5']} {{(pid=94176) push /opt/stack/neutron/neutron/api/rpc/handlers/resources_rpc.py:237}}
Sep 15 15:11:13.770338 dv-cinder-809201-1-smb neutron-server[94175]: DEBUG neutron.pecan_wsgi.hooks.policy_enforcement [req-a48f7e29-80d7-4911-9313-00a1cec426b6 req-71475e67-21a5-4e41-8f79-569b98fe786e service neutron] Attributes excluded by policy engine: ['standard_attr_id'] {{(pid=94175) _exclude_attributes_by_policy /opt/stack/neutron/neutron/pecan_wsgi/hooks/policy_enforcement.py:255}}
Sep 15 15:11:13.772175 dv-cinder-809201-1-smb neutron-server[94175]: INFO neutron.wsgi [req-a48f7e29-80d7-4911-9313-00a1cec426b6 req-71475e67-21a5-4e41-8f79-569b98fe786e service neutron] 10.222.0.53 "GET /v2.0/ports?device_id=55a936cb-b97b-40c2-a78e-f5c773052496 HTTP/1.1" status: 200 len: 1098 time: 0.0447001
Sep 15 15:11:13.819633 dv-cinder-809201-1-smb neutron-server[94175]: INFO neutron.wsgi [req-a48f7e29-80d7-4911-9313-00a1cec426b6 req-8d97e389-baed-4762-ba87-e4aa57631269 service neutron] 10.222.0.53 "GET /v2.0/security-groups?id=faec3238-35f8-4245-b8c0-880898c5f6ea&fields=id&fields=name HTTP/1.1" status: 200 len: 286 time: 0.0389194
Sep 15 15:11:14.274333 dv-cinder-809201-1-smb neutron-server[94174]: DEBUG neutron.pecan_wsgi.hooks.policy_enforcement [req-13f36ddf-462b-4125-8274-8ae452226a87 req-6b03883d-e400-4e0d-b6a1-ac0cf10f7bb0 tempest-AttachVolumeNegativeTest-1353497473 tempest-AttachVolumeNegativeTest-1353497473-project] Attributes excluded by policy engine: ['standard_attr_id', 'binding:profile', 'binding:host_id', 'binding:vif_type', 'binding:vif_details'] {{(pid=94174) _exclude_attributes_by_policy /opt/stack/neutron/neutron/pecan_wsgi/hooks/policy_enforcement.py:255}}
Sep 15 15:11:14.276104 dv-cinder-809201-1-smb neutron-server[94174]: INFO neutron.wsgi [req-13f36ddf-462b-4125-8274-8ae452226a87 req-6b03883d-e400-4e0d-b6a1-ac0cf10f7bb0 tempest-AttachVolumeNegativeTest-1353497473 tempest-AttachVolumeNegativeTest-1353497473-project] 10.222.0.57 "GET /v2.0/ports?device_id=55a936cb-b97b-40c2-a78e-f5c773052496 HTTP/1.1" status: 200 len: 945 time: 0.0576954
Sep 15 15:11:14.306807 dv-cinder-809201-1-smb neutron-server[94175]: DEBUG neutron.wsgi [-] (94175) accepted ('10.222.0.57', 39802) {{(pid=94175) server /usr/local/lib/python3.8/dist-packages/eventlet/wsgi.py:982}}
Sep 15 15:11:14.325818 dv-cinder-809201-1-smb neutron-server[94174]: INFO neutron.wsgi [req-13f36ddf-462b-4125-8274-8ae452226a87 req-11973be6-6e99-4144-ac26-2bc82884a8ba tempest-AttachVolumeNegativeTest-1353497473 tempest-AttachVolumeNegativeTest-1353497473-project] 10.222.0.57 "GET /v2.0/security-groups?id=faec3238-35f8-4245-b8c0-880898c5f6ea&fields=id&fields=name HTTP/1.1" status: 200 len: 286 time: 0.0435238
Sep 15 15:11:14.423041 dv-cinder-809201-1-smb neutron-server[94175]: DEBUG neutron.api.v2.base [None req-0d5c0d04-c842-4261-8ccb-73e17099a763 admin admin] Request body: {'network': {'name': 'tempest-ServerRescueNegativeTestJSON-1088303793-network', 'tenant_id': '7f77cbe5181e471cb6ecae2a17289fbc'}} {{(pid=94175) prepare_request_body /opt/stack/neutron/neutron/api/v2/base.py:730}}
Sep 15 15:11:14.446172 dv-cinder-809201-1-smb neutron-server[94175]: DEBUG neutron.pecan_wsgi.hooks.quota_enforcement [None req-0d5c0d04-c842-4261-8ccb-73e17099a763 admin admin] Made reservation on behalf of 7f77cbe5181e471cb6ecae2a17289fbc for: {'network': 1} {{(pid=94175) before /opt/stack/neutron/neutron/pecan_wsgi/hooks/quota_enforcement.py:53}}
Sep 15 15:11:14.448564 dv-cinder-809201-1-smb neutron-server[94175]: DEBUG neutron_lib.callbacks.manager [None req-0d5c0d04-c842-4261-8ccb-73e17099a763 admin admin] Notify callbacks ['neutron.plugins.ml2.plugin.SecurityGroupDbMixin._ensure_default_security_group_handler-4122904'] for network, before_create {{(pid=94175) _notify_loop /usr/local/lib/python3.8/dist-packages/neutron_lib/callbacks/manager.py:192}}
Sep 15 15:11:14.460555 dv-cinder-809201-1-smb neutron-server[94175]: DEBUG neutron_lib.callbacks.manager [None req-0d5c0d04-c842-4261-8ccb-73e17099a763 admin admin] Notify callbacks [] for security_group, before_create {{(pid=94175) _notify_loop /usr/local/lib/python3.8/dist-packages/neutron_lib/callbacks/manager.py:192}}
Sep 15 15:11:14.549312 dv-cinder-809201-1-smb neutron-server[94175]: DEBUG neutron_lib.callbacks.manager [None req-0d5c0d04-c842-4261-8ccb-73e17099a763 admin admin] Notify callbacks [] for security_group, precommit_create {{(pid=94175) _notify_loop /usr/local/lib/python3.8/dist-packages/neutron_lib/callbacks/manager.py:192}}
Sep 15 15:11:14.553764 dv-cinder-809201-1-smb neutron-server[94175]: DEBUG neutron_lib.callbacks.manager [None req-0d5c0d04-c842-4261-8ccb-73e17099a763 admin admin] Notify callbacks ['neutron.plugins.ml2.ovo_rpc._ObjectChangeHandler.handle_event-796883'] for security_group, after_create {{(pid=94175) _notify_loop /usr/local/lib/python3.8/dist-packages/neutron_lib/callbacks/manager.py:192}}
Sep 15 15:11:14.582749 dv-cinder-809201-1-smb neutron-server[94175]: DEBUG neutron.plugins.ml2.drivers.helpers [None req-0d5c0d04-c842-4261-8ccb-73e17099a763 admin admin] vlan segment allocate from pool success with {'vlan_id': 729, 'physical_network': 'physnet1'} {{(pid=94175) allocate_partially_specified_segment /opt/stack/neutron/neutron/plugins/ml2/drivers/helpers.py:153}}
Sep 15 15:11:14.589336 dv-cinder-809201-1-smb neutron-server[94175]: DEBUG neutron.api.rpc.handlers.resources_rpc [None req-0d5c0d04-c842-4261-8ccb-73e17099a763 admin admin] Pushing event updated for resources: {'SecurityGroup': ['ID=2002e8e2-6517-4de8-8c92-bf38f827a13f,revision_number=1']} {{(pid=94175) push /opt/stack/neutron/neutron/api/rpc/handlers/resources_rpc.py:237}}
Sep 15 15:11:14.599542 dv-cinder-809201-1-smb neutron-server[94175]: DEBUG neutron_lib.callbacks.manager [None req-0d5c0d04-c842-4261-8ccb-73e17099a763 admin admin] Notify callbacks ['neutron.plugins.ml2.plugin.Ml2Plugin._handle_segment_change-3740221'] for segment, precommit_create {{(pid=94175) _notify_loop /usr/local/lib/python3.8/dist-packages/neutron_lib/callbacks/manager.py:192}}
Sep 15 15:11:14.599542 dv-cinder-809201-1-smb neutron-server[94175]: INFO neutron.db.segments_db [None req-0d5c0d04-c842-4261-8ccb-73e17099a763 admin admin] Added segment 68670e44-62ba-4898-bf50-7904fb4a0c05 of type vlan for network 93002cbf-eb78-4058-b572-0f11c7ff6601
Sep 15 15:11:14.646114 dv-cinder-809201-1-smb neutron-server[94175]: DEBUG neutron_lib.callbacks.manager [None req-0d5c0d04-c842-4261-8ccb-73e17099a763 admin admin] Notify callbacks ['neutron.services.auto_allocate.db._ensure_external_network_default_value_callback-8740637272607'] for network, precommit_create {{(pid=94175) _notify_loop /usr/local/lib/python3.8/dist-packages/neutron_lib/callbacks/manager.py:192}}
Sep 15 15:11:14.673869 dv-cinder-809201-1-smb neutron-server[94175]: DEBUG neutron_lib.callbacks.manager [None req-0d5c0d04-c842-4261-8ccb-73e17099a763 admin admin] Notify callbacks ['neutron.plugins.ml2.ovo_rpc._ObjectChangeHandler.handle_event-802048', 'neutron.api.rpc.agentnotifiers.dhcp_rpc_agent_api.DhcpAgentNotifyAPI._native_event_send_dhcp_notification-609607'] for network, after_create {{(pid=94175) _notify_loop /usr/local/lib/python3.8/dist-packages/neutron_lib/callbacks/manager.py:192}}
Sep 15 15:11:14.676375 dv-cinder-809201-1-smb neutron-server[94175]: DEBUG neutron.pecan_wsgi.hooks.policy_enforcement [None req-0d5c0d04-c842-4261-8ccb-73e17099a763 admin admin] Attributes excluded by policy engine: ['standard_attr_id', 'vlan_transparent'] {{(pid=94175) _exclude_attributes_by_policy /opt/stack/neutron/neutron/pecan_wsgi/hooks/policy_enforcement.py:255}}
Sep 15 15:11:14.677710 dv-cinder-809201-1-smb neutron-server[94175]: DEBUG neutron_lib.callbacks.manager [None req-0d5c0d04-c842-4261-8ccb-73e17099a763 admin admin] Notify callbacks ['neutron.api.rpc.agentnotifiers.dhcp_rpc_agent_api.DhcpAgentNotifyAPI._send_dhcp_notification-609621'] for network, before_response {{(pid=94175) _notify_loop /usr/local/lib/python3.8/dist-packages/neutron_lib/callbacks/manager.py:192}}
Sep 15 15:11:14.715529 dv-cinder-809201-1-smb neutron-server[94175]: INFO neutron.wsgi [None req-0d5c0d04-c842-4261-8ccb-73e17099a763 admin admin] 10.222.0.57 "POST /v2.0/networks HTTP/1.1" status: 201 len: 892 time: 0.4075813
Sep 15 15:11:14.716014 dv-cinder-809201-1-smb neutron-server[94174]: DEBUG neutron.wsgi [-] (94174) accepted ('10.222.0.57', 39822) {{(pid=94174) server /usr/local/lib/python3.8/dist-packages/eventlet/wsgi.py:982}}
Sep 15 15:11:14.721369 dv-cinder-809201-1-smb neutron-server[94174]: DEBUG neutron.api.v2.base [None req-63240e69-a684-444a-ba4f-9ba5dff3ed90 admin admin] Request body: {'subnet': {'network_id': '93002cbf-eb78-4058-b572-0f11c7ff6601', 'cidr': '172.20.0.0/28', 'name': 'tempest-ServerRescueNegativeTestJSON-1088303793-subnet', 'tenant_id': '7f77cbe5181e471cb6ecae2a17289fbc', 'enable_dhcp': False, 'ip_version': 4}} {{(pid=94174) prepare_request_body /opt/stack/neutron/neutron/api/v2/base.py:730}}
Sep 15 15:11:14.744513 dv-cinder-809201-1-smb neutron-server[94174]: DEBUG neutron.pecan_wsgi.hooks.quota_enforcement [None req-63240e69-a684-444a-ba4f-9ba5dff3ed90 admin admin] Made reservation on behalf of 7f77cbe5181e471cb6ecae2a17289fbc for: {'subnet': 1} {{(pid=94174) before /opt/stack/neutron/neutron/pecan_wsgi/hooks/quota_enforcement.py:53}}
Sep 15 15:11:14.747517 dv-cinder-809201-1-smb neutron-server[94174]: DEBUG neutron_lib.callbacks.manager [None req-63240e69-a684-444a-ba4f-9ba5dff3ed90 admin admin] Notify callbacks [] for subnet, before_create {{(pid=94174) _notify_loop /usr/local/lib/python3.8/dist-packages/neutron_lib/callbacks/manager.py:192}}
Sep 15 15:11:14.766878 dv-cinder-809201-1-smb neutron-server[94175]: DEBUG neutron.api.rpc.handlers.resources_rpc [None req-0d5c0d04-c842-4261-8ccb-73e17099a763 admin admin] Pushing event updated for resources: {'Network': ['ID=93002cbf-eb78-4058-b572-0f11c7ff6601,revision_number=1']} {{(pid=94175) push /opt/stack/neutron/neutron/api/rpc/handlers/resources_rpc.py:237}}
Sep 15 15:11:14.785556 dv-cinder-809201-1-smb neutron-server[94176]: DEBUG neutron.plugins.ml2.rpc [None req-7ff9c779-5568-478d-b5f3-1f38545f66a4 None None] Network 93002cbf-eb78-4058-b572-0f11c7ff6601 details requested by agent ovs-agent-dv-cinder-809201-1-smb with host dv-cinder-809201-1-smb {{(pid=94176) get_network_details /opt/stack/neutron/neutron/plugins/ml2/rpc.py:248}}
Sep 15 15:11:14.930320 dv-cinder-809201-1-smb neutron-server[94175]: DEBUG neutron.wsgi [-] (94175) accepted ('10.222.0.57', 39830) {{(pid=94175) server /usr/local/lib/python3.8/dist-packages/eventlet/wsgi.py:982}}
Sep 15 15:11:14.959139 dv-cinder-809201-1-smb neutron-server[94175]: DEBUG neutron.wsgi [-] (94175) accepted ('10.222.0.57', 39834) {{(pid=94175) server /usr/local/lib/python3.8/dist-packages/eventlet/wsgi.py:982}}
Sep 15 15:11:15.082216 dv-cinder-809201-1-smb neutron-server[94175]: DEBUG neutron_lib.callbacks.manager [None req-b65efd00-b735-4e3b-a77d-473353ee7b2e admin admin] Notify callbacks [] for security_group, before_create {{(pid=94175) _notify_loop /usr/local/lib/python3.8/dist-packages/neutron_lib/callbacks/manager.py:192}}
Sep 15 15:11:15.110222 dv-cinder-809201-1-smb neutron-server[94175]: DEBUG neutron_lib.callbacks.manager [None req-feca69bd-89b5-41ee-8516-f33932200c5d admin admin] Notify callbacks [] for security_group, before_create {{(pid=94175) _notify_loop /usr/local/lib/python3.8/dist-packages/neutron_lib/callbacks/manager.py:192}}
Sep 15 15:11:15.151271 dv-cinder-809201-1-smb neutron-server[94174]: DEBUG neutron_lib.callbacks.manager [None req-63240e69-a684-444a-ba4f-9ba5dff3ed90 admin admin] Notify callbacks ['neutron.plugins.ml2.ovo_rpc._ObjectChangeHandler.handle_event-802164', 'neutron.api.rpc.agentnotifiers.dhcp_rpc_agent_api.DhcpAgentNotifyAPI._native_event_send_dhcp_notification-609607'] for subnet, after_create {{(pid=94174) _notify_loop /usr/local/lib/python3.8/dist-packages/neutron_lib/callbacks/manager.py:192}}
Sep 15 15:11:15.207766 dv-cinder-809201-1-smb neutron-server[94175]: DEBUG neutron_lib.callbacks.manager [None req-b65efd00-b735-4e3b-a77d-473353ee7b2e admin admin] Notify callbacks [] for security_group, precommit_create {{(pid=94175) _notify_loop /usr/local/lib/python3.8/dist-packages/neutron_lib/callbacks/manager.py:192}}
Sep 15 15:11:15.215453 dv-cinder-809201-1-smb neutron-server[94174]: DEBUG neutron.api.rpc.handlers.resources_rpc [None req-63240e69-a684-444a-ba4f-9ba5dff3ed90 admin admin] Pushing event updated for resources: {'Subnet': ['ID=18317a39-bdd5-4641-8d4a-82489a7ba591,revision_number=0']} {{(pid=94174) push /opt/stack/neutron/neutron/api/rpc/handlers/resources_rpc.py:237}}
Sep 15 15:11:15.218205 dv-cinder-809201-1-smb neutron-server[94175]: DEBUG neutron_lib.callbacks.manager [None req-b65efd00-b735-4e3b-a77d-473353ee7b2e admin admin] Notify callbacks ['neutron.plugins.ml2.ovo_rpc._ObjectChangeHandler.handle_event-796883'] for security_group, after_create {{(pid=94175) _notify_loop /usr/local/lib/python3.8/dist-packages/neutron_lib/callbacks/manager.py:192}}
Sep 15 15:11:15.236315 dv-cinder-809201-1-smb neutron-server[94174]: DEBUG neutron.plugins.ml2.drivers.mech_agent [None req-63240e69-a684-444a-ba4f-9ba5dff3ed90 admin admin] Checking segment: {'id': '68670e44-62ba-4898-bf50-7904fb4a0c05', 'network_type': 'vlan', 'physical_network': 'physnet1', 'segmentation_id': 729, 'network_id': '93002cbf-eb78-4058-b572-0f11c7ff6601'} for mappings: {'physnet1': 'br-data'} with network types: ['local', 'flat', 'vlan'] {{(pid=94174) check_segment_for_agent /opt/stack/neutron/neutron/plugins/ml2/drivers/mech_agent.py:358}}
Sep 15 15:11:15.236677 dv-cinder-809201-1-smb neutron-server[94174]: DEBUG neutron.scheduler.dhcp_agent_scheduler [None req-63240e69-a684-444a-ba4f-9ba5dff3ed90 admin admin] Network hostable DHCP agents. Network: 93002cbf-eb78-4058-b572-0f11c7ff6601, hostable agents: ['b9576828-a9f9-4103-a95b-f48a917a02cd'], hosted agents: [] {{(pid=94174) _get_network_hostable_dhcp_agents /opt/stack/neutron/neutron/scheduler/dhcp_agent_scheduler.py:329}}
Sep 15 15:11:15.257425 dv-cinder-809201-1-smb neutron-server[94174]: DEBUG neutron.scheduler.dhcp_agent_scheduler [None req-63240e69-a684-444a-ba4f-9ba5dff3ed90 admin admin] Network 93002cbf-eb78-4058-b572-0f11c7ff6601 is scheduled to be hosted by DHCP agent b9576828-a9f9-4103-a95b-f48a917a02cd with binding_index 1 {{(pid=94174) bind /opt/stack/neutron/neutron/scheduler/dhcp_agent_scheduler.py:227}}
Sep 15 15:11:15.267549 dv-cinder-809201-1-smb neutron-server[94174]: DEBUG neutron.scheduler.base_scheduler [None req-63240e69-a684-444a-ba4f-9ba5dff3ed90 admin admin] Resources bound (agent type, host, resource id): (DHCP agent, dv-cinder-809201-1-smb, 93002cbf-eb78-4058-b572-0f11c7ff6601) {{(pid=94174) schedule /opt/stack/neutron/neutron/scheduler/base_scheduler.py:57}}
Sep 15 15:11:15.272862 dv-cinder-809201-1-smb neutron-server[94174]: DEBUG neutron.pecan_wsgi.hooks.policy_enforcement [None req-63240e69-a684-444a-ba4f-9ba5dff3ed90 admin admin] Attributes excluded by policy engine: ['standard_attr_id', 'shared', 'network'] {{(pid=94174) _exclude_attributes_by_policy /opt/stack/neutron/neutron/pecan_wsgi/hooks/policy_enforcement.py:255}}
Sep 15 15:11:15.273624 dv-cinder-809201-1-smb neutron-server[94174]: DEBUG neutron_lib.callbacks.manager [None req-63240e69-a684-444a-ba4f-9ba5dff3ed90 admin admin] Notify callbacks [] for subnet, before_response {{(pid=94174) _notify_loop /usr/local/lib/python3.8/dist-packages/neutron_lib/callbacks/manager.py:192}}
Sep 15 15:11:15.280980 dv-cinder-809201-1-smb neutron-server[94175]: DEBUG neutron.api.rpc.handlers.resources_rpc [None req-b65efd00-b735-4e3b-a77d-473353ee7b2e admin admin] Pushing event updated for resources: {'SecurityGroup': ['ID=56708757-7279-4eca-9c31-505f4a6740ea,revision_number=1']} {{(pid=94175) push /opt/stack/neutron/neutron/api/rpc/handlers/resources_rpc.py:237}}
Sep 15 15:11:15.282346 dv-cinder-809201-1-smb neutron-server[94176]: DEBUG neutron.api.rpc.handlers.dhcp_rpc [None req-a2432044-c965-402c-97f9-f2b416919585 None None] Network 93002cbf-eb78-4058-b572-0f11c7ff6601 requested from dv-cinder-809201-1-smb {{(pid=94176) get_network_info /opt/stack/neutron/neutron/api/rpc/handlers/dhcp_rpc.py:218}}
Sep 15 15:11:15.285827 dv-cinder-809201-1-smb neutron-server[94175]: INFO neutron.wsgi [None req-b65efd00-b735-4e3b-a77d-473353ee7b2e admin admin] 10.222.0.57 "GET /v2.0/security-groups?tenant_id=1f72c36c73354b69a9b24aa1e2ae00ed&name=default HTTP/1.1" status: 200 len: 2979 time: 0.3255589
Sep 15 15:11:15.289364 dv-cinder-809201-1-smb neutron-server[94175]: DEBUG neutron.wsgi [-] (94175) accepted ('10.222.0.57', 39842) {{(pid=94175) server /usr/local/lib/python3.8/dist-packages/eventlet/wsgi.py:982}}
Sep 15 15:11:15.354573 dv-cinder-809201-1-smb neutron-server[94175]: DEBUG neutron_lib.callbacks.manager [None req-6bfb6eac-e5cd-40ef-981e-1c71afca6fad admin admin] Notify callbacks [] for security_group, before_delete {{(pid=94175) _notify_loop /usr/local/lib/python3.8/dist-packages/neutron_lib/callbacks/manager.py:192}}
Sep 15 15:11:15.399116 dv-cinder-809201-1-smb neutron-server[94175]: DEBUG neutron_lib.callbacks.manager [None req-6bfb6eac-e5cd-40ef-981e-1c71afca6fad admin admin] Notify callbacks [] for security_group, precommit_delete {{(pid=94175) _notify_loop /usr/local/lib/python3.8/dist-packages/neutron_lib/callbacks/manager.py:192}}
Sep 15 15:11:15.423411 dv-cinder-809201-1-smb neutron-server[94175]: DEBUG neutron_lib.callbacks.manager [None req-feca69bd-89b5-41ee-8516-f33932200c5d admin admin] Notify callbacks [] for security_group, precommit_create {{(pid=94175) _notify_loop /usr/local/lib/python3.8/dist-packages/neutron_lib/callbacks/manager.py:192}}
Sep 15 15:11:15.449179 dv-cinder-809201-1-smb neutron-server[94174]: INFO neutron.wsgi [None req-63240e69-a684-444a-ba4f-9ba5dff3ed90 admin admin] 10.222.0.57 "POST /v2.0/subnets HTTP/1.1" status: 201 len: 856 time: 0.7244153
Sep 15 15:11:15.449656 dv-cinder-809201-1-smb neutron-server[94175]: DEBUG neutron_lib.callbacks.manager [None req-feca69bd-89b5-41ee-8516-f33932200c5d admin admin] Notify callbacks ['neutron.plugins.ml2.ovo_rpc._ObjectChangeHandler.handle_event-796883'] for security_group, after_create {{(pid=94175) _notify_loop /usr/local/lib/python3.8/dist-packages/neutron_lib/callbacks/manager.py:192}}
Sep 15 15:11:15.449957 dv-cinder-809201-1-smb neutron-server[94174]: DEBUG neutron.wsgi [-] (94174) accepted ('10.222.0.57', 39852) {{(pid=94174) server /usr/local/lib/python3.8/dist-packages/eventlet/wsgi.py:982}}
Sep 15 15:11:15.451376 dv-cinder-809201-1-smb neutron-server[94176]: DEBUG neutron.api.rpc.handlers.dhcp_rpc [None req-e38d04d1-3d47-4e10-9f3b-3eeb13f3a9ef None None] Network 93002cbf-eb78-4058-b572-0f11c7ff6601 requested from dv-cinder-809201-1-smb {{(pid=94176) get_network_info /opt/stack/neutron/neutron/api/rpc/handlers/dhcp_rpc.py:218}}
Sep 15 15:11:15.457926 dv-cinder-809201-1-smb neutron-server[94174]: DEBUG neutron.api.v2.base [None req-666597b1-dc5a-499e-b0db-9f3dc96182da admin admin] Request body: {'router': {'name': 'tempest-ServerRescueNegativeTestJSON-1088303793-router', 'tenant_id': '7f77cbe5181e471cb6ecae2a17289fbc', 'external_gateway_info': {'network_id': '4e3a682c-60be-40b5-96db-44007265047b'}}} {{(pid=94174) prepare_request_body /opt/stack/neutron/neutron/api/v2/base.py:730}}
Sep 15 15:11:15.485565 dv-cinder-809201-1-smb neutron-server[94174]: DEBUG neutron_lib.callbacks.manager [None req-666597b1-dc5a-499e-b0db-9f3dc96182da admin admin] Notify callbacks ['neutron.services.l3_router.l3_router_plugin.L3_HA_NAT_db_mixin._before_router_create_handler-652171', 'neutron.services.l3_router.service_providers.driver_controller.DriverController._check_router_request-972'] for router, before_create {{(pid=94174) _notify_loop /usr/local/lib/python3.8/dist-packages/neutron_lib/callbacks/manager.py:192}}
Sep 15 15:11:15.486623 dv-cinder-809201-1-smb neutron-server[94174]: DEBUG neutron_lib.callbacks.manager [None req-666597b1-dc5a-499e-b0db-9f3dc96182da admin admin] Notify callbacks ['neutron.services.l3_router.l3_router_plugin.L3_HA_NAT_db_mixin._precommit_router_create-654875', 'neutron.services.l3_router.l3_router_plugin.DVRResourceOperationHandler._set_distributed_flag-649867', 'neutron.services.l3_router.l3_router_plugin.RouterAvailabilityZoneMixin._process_az_request-1033990', 'neutron.services.l3_router.service_providers.driver_controller.DriverController._set_router_provider-983'] for router, precommit_create {{(pid=94174) _notify_loop /usr/local/lib/python3.8/dist-packages/neutron_lib/callbacks/manager.py:192}}
Sep 15 15:11:15.530911 dv-cinder-809201-1-smb neutron-server[94175]: INFO neutron.wsgi [None req-feca69bd-89b5-41ee-8516-f33932200c5d admin admin] 10.222.0.57 "GET /v2.0/security-groups?tenant_id=c6119d75419d463683933a0573c0b60c&name=default HTTP/1.1" status: 200 len: 2979 time: 0.5987773
Sep 15 15:11:15.533445 dv-cinder-809201-1-smb neutron-server[94175]: DEBUG neutron.api.rpc.handlers.resources_rpc [None req-feca69bd-89b5-41ee-8516-f33932200c5d admin admin] Pushing event updated for resources: {'SecurityGroup': ['ID=41062c34-9296-4a1a-a060-dab074322530,revision_number=1']} {{(pid=94175) push /opt/stack/neutron/neutron/api/rpc/handlers/resources_rpc.py:237}}
Sep 15 15:11:15.535435 dv-cinder-809201-1-smb neutron-server[94174]: DEBUG neutron.wsgi [-] (94174) accepted ('10.222.0.57', 39856) {{(pid=94174) server /usr/local/lib/python3.8/dist-packages/eventlet/wsgi.py:982}}
Sep 15 15:11:15.546019 dv-cinder-809201-1-smb neutron-server[94175]: DEBUG neutron_lib.callbacks.manager [None req-6bfb6eac-e5cd-40ef-981e-1c71afca6fad admin admin] Notify callbacks ['neutron.plugins.ml2.ovo_rpc._ObjectChangeHandler.handle_event-796883'] for security_group, after_delete {{(pid=94175) _notify_loop /usr/local/lib/python3.8/dist-packages/neutron_lib/callbacks/manager.py:192}}
Sep 15 15:11:15.549162 dv-cinder-809201-1-smb neutron-server[94175]: DEBUG neutron_lib.callbacks.manager [None req-6bfb6eac-e5cd-40ef-981e-1c71afca6fad admin admin] Notify callbacks [] for security_group, before_response {{(pid=94175) _notify_loop /usr/local/lib/python3.8/dist-packages/neutron_lib/callbacks/manager.py:192}}
Sep 15 15:11:15.551542 dv-cinder-809201-1-smb neutron-server[94175]: INFO neutron.wsgi [None req-6bfb6eac-e5cd-40ef-981e-1c71afca6fad admin admin] 10.222.0.57 "DELETE /v2.0/security-groups/56708757-7279-4eca-9c31-505f4a6740ea HTTP/1.1" status: 204 len: 168 time: 0.2610703
Sep 15 15:11:15.571945 dv-cinder-809201-1-smb neutron-server[94175]: DEBUG neutron.pecan_wsgi.hooks.policy_enforcement [req-5b729cfe-beec-45f1-af72-ef1e63b07a23 req-1f96b0cc-8f45-42b9-a29d-24142f816b19 tempest-AttachVolumeNegativeTest-1353497473 tempest-AttachVolumeNegativeTest-1353497473-project] Attributes excluded by policy engine: ['standard_attr_id', 'binding:profile', 'binding:host_id', 'binding:vif_type', 'binding:vif_details'] {{(pid=94175) _exclude_attributes_by_policy /opt/stack/neutron/neutron/pecan_wsgi/hooks/policy_enforcement.py:255}}
Sep 15 15:11:15.573822 dv-cinder-809201-1-smb neutron-server[94175]: INFO neutron.wsgi [req-5b729cfe-beec-45f1-af72-ef1e63b07a23 req-1f96b0cc-8f45-42b9-a29d-24142f816b19 tempest-AttachVolumeNegativeTest-1353497473 tempest-AttachVolumeNegativeTest-1353497473-project] 10.222.0.57 "GET /v2.0/ports?device_id=55a936cb-b97b-40c2-a78e-f5c773052496 HTTP/1.1" status: 200 len: 945 time: 0.1369286
Sep 15 15:11:15.574821 dv-cinder-809201-1-smb neutron-server[94175]: DEBUG neutron.api.rpc.handlers.resources_rpc [None req-6bfb6eac-e5cd-40ef-981e-1c71afca6fad admin admin] Pushing event deleted for resources: {'SecurityGroup': ['ID=56708757-7279-4eca-9c31-505f4a6740ea,revision_number=None']} {{(pid=94175) push /opt/stack/neutron/neutron/api/rpc/handlers/resources_rpc.py:237}}
Sep 15 15:11:15.637215 dv-cinder-809201-1-smb neutron-server[94174]: DEBUG neutron_lib.callbacks.manager [None req-666597b1-dc5a-499e-b0db-9f3dc96182da admin admin] Notify callbacks [] for router_controller, precommit_add_association {{(pid=94174) _notify_loop /usr/local/lib/python3.8/dist-packages/neutron_lib/callbacks/manager.py:192}}
Sep 15 15:11:15.652402 dv-cinder-809201-1-smb neutron-server[94175]: INFO neutron.wsgi [req-5b729cfe-beec-45f1-af72-ef1e63b07a23 req-51d24bb8-e3e2-441f-835b-598dee569a8c tempest-AttachVolumeNegativeTest-1353497473 tempest-AttachVolumeNegativeTest-1353497473-project] 10.222.0.57 "GET /v2.0/security-groups?id=faec3238-35f8-4245-b8c0-880898c5f6ea&fields=id&fields=name HTTP/1.1" status: 200 len: 286 time: 0.0557969
Sep 15 15:11:15.892880 dv-cinder-809201-1-smb neutron-server[94174]: DEBUG neutron_lib.callbacks.manager [None req-666597b1-dc5a-499e-b0db-9f3dc96182da admin admin] Notify callbacks [] for router_gateway, precommit_update {{(pid=94174) _notify_loop /usr/local/lib/python3.8/dist-packages/neutron_lib/callbacks/manager.py:192}}
Sep 15 15:11:15.902385 dv-cinder-809201-1-smb neutron-server[94174]: DEBUG neutron_lib.callbacks.manager [None req-5c126b94-a853-4218-944b-1c6aa0e717f6 admin admin] Notify callbacks [] for security_group, before_delete {{(pid=94174) _notify_loop /usr/local/lib/python3.8/dist-packages/neutron_lib/callbacks/manager.py:192}}
Sep 15 15:11:15.954877 dv-cinder-809201-1-smb neutron-server[94174]: DEBUG neutron_lib.callbacks.manager [None req-5c126b94-a853-4218-944b-1c6aa0e717f6 admin admin] Notify callbacks [] for security_group, precommit_delete {{(pid=94174) _notify_loop /usr/local/lib/python3.8/dist-packages/neutron_lib/callbacks/manager.py:192}}
Sep 15 15:11:16.018145 dv-cinder-809201-1-smb neutron-server[94174]: DEBUG neutron_lib.callbacks.manager [None req-5c126b94-a853-4218-944b-1c6aa0e717f6 admin admin] Notify callbacks ['neutron.plugins.ml2.ovo_rpc._ObjectChangeHandler.handle_event-796883'] for security_group, after_delete {{(pid=94174) _notify_loop /usr/local/lib/python3.8/dist-packages/neutron_lib/callbacks/manager.py:192}}
Sep 15 15:11:16.021676 dv-cinder-809201-1-smb neutron-server[94174]: DEBUG neutron_lib.callbacks.manager [None req-5c126b94-a853-4218-944b-1c6aa0e717f6 admin admin] Notify callbacks [] for security_group, before_response {{(pid=94174) _notify_loop /usr/local/lib/python3.8/dist-packages/neutron_lib/callbacks/manager.py:192}}
Sep 15 15:11:16.025392 dv-cinder-809201-1-smb neutron-server[94174]: INFO neutron.wsgi [None req-5c126b94-a853-4218-944b-1c6aa0e717f6 admin admin] 10.222.0.57 "DELETE /v2.0/security-groups/41062c34-9296-4a1a-a060-dab074322530 HTTP/1.1" status: 204 len: 168 time: 0.4857006
Sep 15 15:11:16.034316 dv-cinder-809201-1-smb neutron-server[94174]: DEBUG neutron.api.rpc.handlers.resources_rpc [None req-5c126b94-a853-4218-944b-1c6aa0e717f6 admin admin] Pushing event deleted for resources: {'SecurityGroup': ['ID=41062c34-9296-4a1a-a060-dab074322530,revision_number=None']} {{(pid=94174) push /opt/stack/neutron/neutron/api/rpc/handlers/resources_rpc.py:237}}
Sep 15 15:11:16.236178 dv-cinder-809201-1-smb neutron-server[94174]: DEBUG neutron_lib.callbacks.manager [None req-666597b1-dc5a-499e-b0db-9f3dc96182da admin admin] Notify callbacks [] for router_gateway, before_create {{(pid=94174) _notify_loop /usr/local/lib/python3.8/dist-packages/neutron_lib/callbacks/manager.py:192}}
Sep 15 15:11:16.262253 dv-cinder-809201-1-smb neutron-server[94174]: DEBUG neutron_lib.callbacks.manager [None req-666597b1-dc5a-499e-b0db-9f3dc96182da admin admin] Notify callbacks ['neutron.plugins.ml2.plugin.SecurityGroupDbMixin._ensure_default_security_group_handler-4122904'] for port, before_create {{(pid=94174) _notify_loop /usr/local/lib/python3.8/dist-packages/neutron_lib/callbacks/manager.py:192}}
Sep 15 15:11:16.401950 dv-cinder-809201-1-smb neutron-server[94174]: DEBUG neutron.db.db_base_plugin_common [None req-666597b1-dc5a-499e-b0db-9f3dc96182da admin admin] Allocated IP 172.28.2.86 (4e3a682c-60be-40b5-96db-44007265047b/5e552f7a-e010-4698-81c6-91b033393e74/b7c805ed-e719-4b04-99a4-1a323204fea7) {{(pid=94174) _store_ip_allocation /opt/stack/neutron/neutron/db/db_base_plugin_common.py:131}}
Sep 15 15:11:16.419960 dv-cinder-809201-1-smb neutron-server[94175]: DEBUG neutron.wsgi [-] (94175) accepted ('10.222.0.57', 39904) {{(pid=94175) server /usr/local/lib/python3.8/dist-packages/eventlet/wsgi.py:982}}
Sep 15 15:11:16.433793 dv-cinder-809201-1-smb neutron-server[94175]: DEBUG neutron_lib.callbacks.manager [None req-6ff21c43-bd3f-47ac-bf5f-2db7bc39907b admin admin] Notify callbacks [] for security_group, before_create {{(pid=94175) _notify_loop /usr/local/lib/python3.8/dist-packages/neutron_lib/callbacks/manager.py:192}}
Sep 15 15:11:16.537471 dv-cinder-809201-1-smb neutron-server[94174]: DEBUG neutron_lib.callbacks.manager [None req-666597b1-dc5a-499e-b0db-9f3dc96182da admin admin] Notify callbacks [] for port, precommit_create {{(pid=94174) _notify_loop /usr/local/lib/python3.8/dist-packages/neutron_lib/callbacks/manager.py:192}}
Sep 15 15:11:16.554231 dv-cinder-809201-1-smb neutron-server[94175]: DEBUG neutron_lib.callbacks.manager [None req-6ff21c43-bd3f-47ac-bf5f-2db7bc39907b admin admin] Notify callbacks [] for security_group, precommit_create {{(pid=94175) _notify_loop /usr/local/lib/python3.8/dist-packages/neutron_lib/callbacks/manager.py:192}}
Sep 15 15:11:16.560674 dv-cinder-809201-1-smb neutron-server[94175]: DEBUG neutron_lib.callbacks.manager [None req-6ff21c43-bd3f-47ac-bf5f-2db7bc39907b admin admin] Notify callbacks ['neutron.plugins.ml2.ovo_rpc._ObjectChangeHandler.handle_event-796883'] for security_group, after_create {{(pid=94175) _notify_loop /usr/local/lib/python3.8/dist-packages/neutron_lib/callbacks/manager.py:192}}
Sep 15 15:11:16.573756 dv-cinder-809201-1-smb neutron-server[94174]: DEBUG neutron_lib.callbacks.manager [None req-666597b1-dc5a-499e-b0db-9f3dc96182da admin admin] Notify callbacks ['neutron.plugins.ml2.plugin.SecurityGroupServerNotifierRpcMixin._notify_sg_on_port_change-4122969', 'neutron.plugins.ml2.ovo_rpc._ObjectChangeHandler.handle_event-131661', 'neutron.api.rpc.agentnotifiers.dhcp_rpc_agent_api.DhcpAgentNotifyAPI._native_event_send_dhcp_notification-609607', 'neutron.db.l3_dvrscheduler_db._notify_l3_agent_new_port-8740637316280'] for port, after_create {{(pid=94174) _notify_loop /usr/local/lib/python3.8/dist-packages/neutron_lib/callbacks/manager.py:192}}
Sep 15 15:11:16.610299 dv-cinder-809201-1-smb neutron-server[94175]: INFO neutron.wsgi [None req-6ff21c43-bd3f-47ac-bf5f-2db7bc39907b admin admin] 10.222.0.57 "GET /v2.0/security-groups?tenant_id=f2aa2c2a704743638ff88add536af5b1&name=default HTTP/1.1" status: 200 len: 2979 time: 0.1892571
Sep 15 15:11:16.612743 dv-cinder-809201-1-smb neutron-server[94175]: DEBUG neutron.api.rpc.handlers.resources_rpc [None req-6ff21c43-bd3f-47ac-bf5f-2db7bc39907b admin admin] Pushing event updated for resources: {'SecurityGroup': ['ID=f4d433dd-8f26-4f26-9dc3-fd487c862a21,revision_number=1']} {{(pid=94175) push /opt/stack/neutron/neutron/api/rpc/handlers/resources_rpc.py:237}}
Sep 15 15:11:16.614362 dv-cinder-809201-1-smb neutron-server[94174]: DEBUG neutron.wsgi [-] (94174) accepted ('10.222.0.57', 39910) {{(pid=94174) server /usr/local/lib/python3.8/dist-packages/eventlet/wsgi.py:982}}
Sep 15 15:11:16.645325 dv-cinder-809201-1-smb neutron-server[94174]: DEBUG neutron.scheduler.dhcp_agent_scheduler [None req-666597b1-dc5a-499e-b0db-9f3dc96182da admin admin] Network 4e3a682c-60be-40b5-96db-44007265047b is already hosted by enough agents. {{(pid=94174) _get_dhcp_agents_hosting_network /opt/stack/neutron/neutron/scheduler/dhcp_agent_scheduler.py:275}}
Sep 15 15:11:16.656174 dv-cinder-809201-1-smb neutron-server[94174]: DEBUG neutron.scheduler.base_scheduler [None req-666597b1-dc5a-499e-b0db-9f3dc96182da admin admin] Resources bound (agent type, host, resource id): {{(pid=94174) schedule /opt/stack/neutron/neutron/scheduler/base_scheduler.py:57}}
Sep 15 15:11:16.656682 dv-cinder-809201-1-smb neutron-server[94175]: DEBUG neutron.wsgi [-] (94175) accepted ('10.222.0.57', 39912) {{(pid=94175) server /usr/local/lib/python3.8/dist-packages/eventlet/wsgi.py:982}}
Sep 15 15:11:16.668231 dv-cinder-809201-1-smb neutron-server[94174]: DEBUG neutron.api.rpc.handlers.resources_rpc [None req-666597b1-dc5a-499e-b0db-9f3dc96182da admin admin] Pushing event updated for resources: {'Port': ['ID=b7c805ed-e719-4b04-99a4-1a323204fea7,revision_number=1']} {{(pid=94174) push /opt/stack/neutron/neutron/api/rpc/handlers/resources_rpc.py:237}}
Sep 15 15:11:16.685822 dv-cinder-809201-1-smb neutron-server[94174]: DEBUG neutron.db.l3_dvrscheduler_db [None req-666597b1-dc5a-499e-b0db-9f3dc96182da admin admin] Received port after_create {{(pid=94174) _notify_l3_agent_new_port /opt/stack/neutron/neutron/db/l3_dvrscheduler_db.py:535}}
Sep 15 15:11:16.812425 dv-cinder-809201-1-smb neutron-server[94174]: DEBUG neutron_lib.callbacks.manager [None req-8c5bb86d-dc4c-40b3-9b9f-4dc511c95066 admin admin] Notify callbacks [] for security_group, before_delete {{(pid=94174) _notify_loop /usr/local/lib/python3.8/dist-packages/neutron_lib/callbacks/manager.py:192}}
