Sep 15 15:28:51.362114 dv-cinder-809201-1-iscsi neutron-server[94799]: DEBUG neutron_lib.callbacks.manager [None req-43bc296c-56ec-4606-9bec-095a264396f5 admin admin] Notify callbacks ['neutron.services.auto_allocate.db._ensure_external_network_default_value_callback-8751442518815'] for network, precommit_create {{(pid=94799) _notify_loop /usr/local/lib/python3.8/dist-packages/neutron_lib/callbacks/manager.py:192}}
Sep 15 15:28:51.369783 dv-cinder-809201-1-iscsi neutron-server[94800]: DEBUG neutron.pecan_wsgi.hooks.policy_enforcement [req-652675bb-10ff-457f-b8f1-78c0b95ed32d req-b99d8818-00cb-4cc4-892c-727006bae866 service neutron] Attributes excluded by policy engine: ['standard_attr_id', 'shared', 'segment_id'] {{(pid=94800) _exclude_attributes_by_policy /opt/stack/neutron/neutron/pecan_wsgi/hooks/policy_enforcement.py:255}}
Sep 15 15:28:51.371850 dv-cinder-809201-1-iscsi neutron-server[94800]: INFO neutron.wsgi [req-652675bb-10ff-457f-b8f1-78c0b95ed32d req-b99d8818-00cb-4cc4-892c-727006bae866 service neutron] 10.222.0.58 "GET /v2.0/subnets?id=97e16b6b-eb11-4c27-ab3e-76841cb2f586 HTTP/1.1" status: 200 len: 859 time: 0.0618246
Sep 15 15:28:51.405846 dv-cinder-809201-1-iscsi neutron-server[94800]: INFO neutron.wsgi [req-652675bb-10ff-457f-b8f1-78c0b95ed32d req-1c60337b-f634-4b20-b269-a0e6daeb9107 service neutron] 10.222.0.58 "GET /v2.0/ports?network_id=847cb1e4-e19c-4271-800e-31d2a3c7a1df&device_owner=network%3Adhcp HTTP/1.1" status: 200 len: 210 time: 0.0258796
Sep 15 15:28:51.443856 dv-cinder-809201-1-iscsi neutron-server[94799]: DEBUG neutron.pecan_wsgi.hooks.quota_enforcement [req-918bdb77-5ca0-4806-bab6-317dc60327f2 req-1b0df5f6-927d-41d6-9762-eb70efe2adaf tempest-VolumesActionsTest-1441881001 tempest-VolumesActionsTest-1441881001-project] Made reservation on behalf of 9172ec8966bc4f6d99bf6713d42413e2 for: {'port': 1} {{(pid=94799) before /opt/stack/neutron/neutron/pecan_wsgi/hooks/quota_enforcement.py:53}}
Sep 15 15:28:51.447792 dv-cinder-809201-1-iscsi neutron-server[94799]: DEBUG neutron_lib.callbacks.manager [req-918bdb77-5ca0-4806-bab6-317dc60327f2 req-1b0df5f6-927d-41d6-9762-eb70efe2adaf tempest-VolumesActionsTest-1441881001 tempest-VolumesActionsTest-1441881001-project] Notify callbacks ['neutron.plugins.ml2.plugin.SecurityGroupDbMixin._ensure_default_security_group_handler-1453035'] for port, before_create {{(pid=94799) _notify_loop /usr/local/lib/python3.8/dist-packages/neutron_lib/callbacks/manager.py:192}}
Sep 15 15:28:51.493893 dv-cinder-809201-1-iscsi neutron-server[94799]: DEBUG neutron_lib.callbacks.manager [None req-43bc296c-56ec-4606-9bec-095a264396f5 admin admin] Notify callbacks ['neutron.plugins.ml2.ovo_rpc._ObjectChangeHandler.handle_event-488198', 'neutron.api.rpc.agentnotifiers.dhcp_rpc_agent_api.DhcpAgentNotifyAPI._native_event_send_dhcp_notification-538430'] for network, after_create {{(pid=94799) _notify_loop /usr/local/lib/python3.8/dist-packages/neutron_lib/callbacks/manager.py:192}}
Sep 15 15:28:51.494863 dv-cinder-809201-1-iscsi neutron-server[94799]: DEBUG neutron.pecan_wsgi.hooks.policy_enforcement [None req-43bc296c-56ec-4606-9bec-095a264396f5 admin admin] Attributes excluded by policy engine: ['standard_attr_id', 'vlan_transparent'] {{(pid=94799) _exclude_attributes_by_policy /opt/stack/neutron/neutron/pecan_wsgi/hooks/policy_enforcement.py:255}}
Sep 15 15:28:51.495478 dv-cinder-809201-1-iscsi neutron-server[94799]: DEBUG neutron_lib.callbacks.manager [None req-43bc296c-56ec-4606-9bec-095a264396f5 admin admin] Notify callbacks ['neutron.api.rpc.agentnotifiers.dhcp_rpc_agent_api.DhcpAgentNotifyAPI._send_dhcp_notification-538412'] for network, before_response {{(pid=94799) _notify_loop /usr/local/lib/python3.8/dist-packages/neutron_lib/callbacks/manager.py:192}}
Sep 15 15:28:51.536416 dv-cinder-809201-1-iscsi neutron-server[94800]: INFO neutron.wsgi [req-652675bb-10ff-457f-b8f1-78c0b95ed32d req-e597a4b7-3823-43cc-a969-f4eb304b25fa service neutron] 10.222.0.58 "GET /v2.0/networks/847cb1e4-e19c-4271-800e-31d2a3c7a1df?fields=segments HTTP/1.1" status: 200 len: 212 time: 0.1227367
Sep 15 15:28:51.644962 dv-cinder-809201-1-iscsi neutron-server[94799]: DEBUG neutron.api.rpc.handlers.resources_rpc [None req-43bc296c-56ec-4606-9bec-095a264396f5 admin admin] Pushing event updated for resources: {'Network': ['ID=12163482-7a49-4063-b370-e4e27dd3c96a,revision_number=1']} {{(pid=94799) push /opt/stack/neutron/neutron/api/rpc/handlers/resources_rpc.py:237}}
Sep 15 15:28:51.651797 dv-cinder-809201-1-iscsi neutron-server[94799]: INFO neutron.wsgi [None req-43bc296c-56ec-4606-9bec-095a264396f5 admin admin] 10.222.0.54 "POST /v2.0/networks HTTP/1.1" status: 201 len: 898 time: 0.9762068
Sep 15 15:28:51.657802 dv-cinder-809201-1-iscsi neutron-server[94799]: DEBUG neutron.wsgi [-] (94799) accepted ('10.222.0.54', 48898) {{(pid=94799) server /usr/local/lib/python3.8/dist-packages/eventlet/wsgi.py:982}}
Sep 15 15:28:51.658555 dv-cinder-809201-1-iscsi neutron-server[94801]: DEBUG neutron.plugins.ml2.rpc [None req-f62fafeb-162a-47d9-9c92-57957f6c3c43 None None] Network 12163482-7a49-4063-b370-e4e27dd3c96a details requested by agent ovs-agent-dv-cinder-809201-1-iscsi with host dv-cinder-809201-1-iscsi {{(pid=94801) get_network_details /opt/stack/neutron/neutron/plugins/ml2/rpc.py:248}}
Sep 15 15:28:51.662681 dv-cinder-809201-1-iscsi neutron-server[94799]: DEBUG neutron.api.v2.base [None req-7566bad4-10f7-4d69-8f91-27af3626b257 admin admin] Request body: {'subnet': {'network_id': '12163482-7a49-4063-b370-e4e27dd3c96a', 'cidr': '172.20.0.0/28', 'name': 'tempest-EncryptedVolumesExtendAttachedTest-1547403979-subnet', 'tenant_id': 'bf842e9714984a6e87cdcd4097b58f2d', 'enable_dhcp': False, 'ip_version': 4}} {{(pid=94799) prepare_request_body /opt/stack/neutron/neutron/api/v2/base.py:730}}
Sep 15 15:28:51.712428 dv-cinder-809201-1-iscsi neutron-server[94800]: INFO neutron.wsgi [req-652675bb-10ff-457f-b8f1-78c0b95ed32d req-52d00be7-160f-42db-b515-7bf4970d1a8d service neutron] 10.222.0.58 "GET /v2.0/networks/847cb1e4-e19c-4271-800e-31d2a3c7a1df?fields=provider%3Aphysical_network&fields=provider%3Anetwork_type HTTP/1.1" status: 200 len: 281 time: 0.1566980
Sep 15 15:28:51.724446 dv-cinder-809201-1-iscsi neutron-server[94799]: DEBUG neutron.db.db_base_plugin_common [req-918bdb77-5ca0-4806-bab6-317dc60327f2 req-1b0df5f6-927d-41d6-9762-eb70efe2adaf tempest-VolumesActionsTest-1441881001 tempest-VolumesActionsTest-1441881001-project] Allocated IP 172.20.0.13 (aaf55d3d-b53f-469a-9a1b-4f57895133bc/cf29e92e-3a44-4b4b-a215-5fd0de3c2f07/cbf3b2ed-c3f4-4b88-8db1-bbf42980d128) {{(pid=94799) _store_ip_allocation /opt/stack/neutron/neutron/db/db_base_plugin_common.py:131}}
Sep 15 15:28:51.811345 dv-cinder-809201-1-iscsi neutron-server[94799]: DEBUG neutron.pecan_wsgi.hooks.quota_enforcement [None req-7566bad4-10f7-4d69-8f91-27af3626b257 admin admin] Made reservation on behalf of bf842e9714984a6e87cdcd4097b58f2d for: {'subnet': 1} {{(pid=94799) before /opt/stack/neutron/neutron/pecan_wsgi/hooks/quota_enforcement.py:53}}
Sep 15 15:28:51.813624 dv-cinder-809201-1-iscsi neutron-server[94799]: DEBUG neutron_lib.callbacks.manager [None req-7566bad4-10f7-4d69-8f91-27af3626b257 admin admin] Notify callbacks ['neutron.services.segments.plugin.SegmentHostRoutes.host_routes_before_create-9382923'] for subnet, before_create {{(pid=94799) _notify_loop /usr/local/lib/python3.8/dist-packages/neutron_lib/callbacks/manager.py:192}}
Sep 15 15:28:51.951592 dv-cinder-809201-1-iscsi neutron-server[94799]: DEBUG neutron_lib.callbacks.manager [req-918bdb77-5ca0-4806-bab6-317dc60327f2 req-1b0df5f6-927d-41d6-9762-eb70efe2adaf tempest-VolumesActionsTest-1441881001 tempest-VolumesActionsTest-1441881001-project] Notify callbacks [] for port, precommit_create {{(pid=94799) _notify_loop /usr/local/lib/python3.8/dist-packages/neutron_lib/callbacks/manager.py:192}}
Sep 15 15:28:52.119240 dv-cinder-809201-1-iscsi neutron-server[94799]: DEBUG neutron_lib.callbacks.manager [req-918bdb77-5ca0-4806-bab6-317dc60327f2 req-1b0df5f6-927d-41d6-9762-eb70efe2adaf tempest-VolumesActionsTest-1441881001 tempest-VolumesActionsTest-1441881001-project] Notify callbacks ['neutron.plugins.ml2.plugin.SecurityGroupServerNotifierRpcMixin._notify_sg_on_port_change-1452970', 'neutron.plugins.ml2.ovo_rpc._ObjectChangeHandler.handle_event-88697', 'neutron.api.rpc.agentnotifiers.dhcp_rpc_agent_api.DhcpAgentNotifyAPI._native_event_send_dhcp_notification-538430', 'neutron.db.l3_dvrscheduler_db._notify_l3_agent_new_port-8751442561464', 'neutron.services.segments.plugin.NovaSegmentNotifier._notify_port_created_or_deleted-9314472'] for port, after_create {{(pid=94799) _notify_loop /usr/local/lib/python3.8/dist-packages/neutron_lib/callbacks/manager.py:192}}
Sep 15 15:28:52.151794 dv-cinder-809201-1-iscsi neutron-server[94800]: INFO neutron.wsgi [req-e5735856-d435-4af3-bf2d-be4082d14a02 req-1e979958-08ea-4484-8a41-11f424e5b46f tempest-VolumesActionsTest-1441881001 tempest-VolumesActionsTest-1441881001-project] 10.222.0.54 "GET /v2.0/ports?device_id=71672535-8459-4eda-9ef9-99df31d15e28 HTTP/1.1" status: 200 len: 210 time: 0.0730383
Sep 15 15:28:52.194602 dv-cinder-809201-1-iscsi neutron-server[94799]: DEBUG neutron.scheduler.dhcp_agent_scheduler [req-918bdb77-5ca0-4806-bab6-317dc60327f2 req-1b0df5f6-927d-41d6-9762-eb70efe2adaf tempest-VolumesActionsTest-1441881001 tempest-VolumesActionsTest-1441881001-project] Network aaf55d3d-b53f-469a-9a1b-4f57895133bc is already hosted by enough agents. {{(pid=94799) _get_dhcp_agents_hosting_network /opt/stack/neutron/neutron/scheduler/dhcp_agent_scheduler.py:275}}
Sep 15 15:28:52.197477 dv-cinder-809201-1-iscsi neutron-server[94799]: DEBUG neutron.scheduler.base_scheduler [req-918bdb77-5ca0-4806-bab6-317dc60327f2 req-1b0df5f6-927d-41d6-9762-eb70efe2adaf tempest-VolumesActionsTest-1441881001 tempest-VolumesActionsTest-1441881001-project] Resources bound (agent type, host, resource id): {{(pid=94799) schedule /opt/stack/neutron/neutron/scheduler/base_scheduler.py:57}}
Sep 15 15:28:52.200839 dv-cinder-809201-1-iscsi neutron-server[94799]: DEBUG neutron.db.l3_dvrscheduler_db [req-918bdb77-5ca0-4806-bab6-317dc60327f2 req-1b0df5f6-927d-41d6-9762-eb70efe2adaf tempest-VolumesActionsTest-1441881001 tempest-VolumesActionsTest-1441881001-project] Received port after_create {{(pid=94799) _notify_l3_agent_new_port /opt/stack/neutron/neutron/db/l3_dvrscheduler_db.py:535}}
Sep 15 15:28:52.207898 dv-cinder-809201-1-iscsi neutron-server[94799]: DEBUG neutron_lib.callbacks.manager [None req-7566bad4-10f7-4d69-8f91-27af3626b257 admin admin] Notify callbacks ['neutron.plugins.ml2.ovo_rpc._ObjectChangeHandler.handle_event-488288', 'neutron.api.rpc.agentnotifiers.dhcp_rpc_agent_api.DhcpAgentNotifyAPI._native_event_send_dhcp_notification-538430', 'neutron.services.segments.plugin.NovaSegmentNotifier._notify_subnet_created-9314500', 'neutron.services.segments.plugin.SegmentHostRoutes.host_routes_after_create-9382949'] for subnet, after_create {{(pid=94799) _notify_loop /usr/local/lib/python3.8/dist-packages/neutron_lib/callbacks/manager.py:192}}
Sep 15 15:28:52.233500 dv-cinder-809201-1-iscsi neutron-server[94800]: DEBUG neutron.pecan_wsgi.hooks.policy_enforcement [req-d668d817-40da-4fca-9bfa-c47581143e1c req-f43c026b-beab-4388-a805-2eba12be7232 tempest-ServerRescueNegativeTestJSON-771000471 tempest-ServerRescueNegativeTestJSON-771000471-project] Attributes excluded by policy engine: ['standard_attr_id', 'binding:profile', 'binding:host_id', 'binding:vif_type', 'binding:vif_details'] {{(pid=94800) _exclude_attributes_by_policy /opt/stack/neutron/neutron/pecan_wsgi/hooks/policy_enforcement.py:255}}
Sep 15 15:28:52.234870 dv-cinder-809201-1-iscsi neutron-server[94800]: INFO neutron.wsgi [req-d668d817-40da-4fca-9bfa-c47581143e1c req-f43c026b-beab-4388-a805-2eba12be7232 tempest-ServerRescueNegativeTestJSON-771000471 tempest-ServerRescueNegativeTestJSON-771000471-project] 10.222.0.54 "GET /v2.0/ports?device_id=fe4cbcd9-244f-49e5-9db6-e5d8164c2fac HTTP/1.1" status: 200 len: 945 time: 0.0858066
Sep 15 15:28:52.278576 dv-cinder-809201-1-iscsi neutron-server[94800]: INFO neutron.wsgi [req-d668d817-40da-4fca-9bfa-c47581143e1c req-06389fcb-1cc3-478d-8be0-14ac25772f22 tempest-ServerRescueNegativeTestJSON-771000471 tempest-ServerRescueNegativeTestJSON-771000471-project] 10.222.0.54 "GET /v2.0/security-groups?id=a4931ee9-8c5a-4535-9607-b4047a9b215f&fields=id&fields=name HTTP/1.1" status: 200 len: 286 time: 0.0368848
Sep 15 15:28:52.301699 dv-cinder-809201-1-iscsi neutron-server[94799]: DEBUG neutron.api.rpc.handlers.resources_rpc [None req-1b0df5f6-927d-41d6-9762-eb70efe2adaf tempest-VolumesActionsTest-1441881001 tempest-VolumesActionsTest-1441881001-project] Pushing event updated for resources: {'Port': ['ID=cbf3b2ed-c3f4-4b88-8db1-bbf42980d128,revision_number=1']} {{(pid=94799) push /opt/stack/neutron/neutron/api/rpc/handlers/resources_rpc.py:237}}
Sep 15 15:28:52.315821 dv-cinder-809201-1-iscsi neutron-server[94799]: DEBUG neutron.api.rpc.handlers.resources_rpc [None req-7566bad4-10f7-4d69-8f91-27af3626b257 admin admin] Pushing event updated for resources: {'Subnet': ['ID=167e58e0-e69f-4c00-937b-c7e088ddd0dc,revision_number=0']} {{(pid=94799) push /opt/stack/neutron/neutron/api/rpc/handlers/resources_rpc.py:237}}
Sep 15 15:28:52.325156 dv-cinder-809201-1-iscsi neutron-server[94799]: DEBUG neutron.pecan_wsgi.hooks.policy_enforcement [req-918bdb77-5ca0-4806-bab6-317dc60327f2 req-1b0df5f6-927d-41d6-9762-eb70efe2adaf tempest-VolumesActionsTest-1441881001 tempest-VolumesActionsTest-1441881001-project] Attributes excluded by policy engine: ['standard_attr_id', 'binding:profile', 'binding:host_id', 'binding:vif_type', 'binding:vif_details', 'network'] {{(pid=94799) _exclude_attributes_by_policy /opt/stack/neutron/neutron/pecan_wsgi/hooks/policy_enforcement.py:255}}
Sep 15 15:28:52.325780 dv-cinder-809201-1-iscsi neutron-server[94799]: DEBUG neutron_lib.callbacks.manager [req-918bdb77-5ca0-4806-bab6-317dc60327f2 req-1b0df5f6-927d-41d6-9762-eb70efe2adaf tempest-VolumesActionsTest-1441881001 tempest-VolumesActionsTest-1441881001-project] Notify callbacks ['neutron.notifiers.nova.Notifier._send_nova_notification-17709'] for port, before_response {{(pid=94799) _notify_loop /usr/local/lib/python3.8/dist-packages/neutron_lib/callbacks/manager.py:192}}
Sep 15 15:28:52.353429 dv-cinder-809201-1-iscsi neutron-server[94799]: DEBUG neutron.plugins.ml2.drivers.mech_agent [None req-7566bad4-10f7-4d69-8f91-27af3626b257 admin admin] Checking segment: {'id': '2eef34d8-1a70-4833-b739-3674bb9253a4', 'network_type': 'vlan', 'physical_network': 'physnet1', 'segmentation_id': 686, 'network_id': '12163482-7a49-4063-b370-e4e27dd3c96a'} for mappings: {'physnet1': 'br-data'} with network types: ['local', 'flat', 'vlan'] {{(pid=94799) check_segment_for_agent /opt/stack/neutron/neutron/plugins/ml2/drivers/mech_agent.py:358}}
Sep 15 15:28:52.353764 dv-cinder-809201-1-iscsi neutron-server[94799]: DEBUG neutron.scheduler.dhcp_agent_scheduler [None req-7566bad4-10f7-4d69-8f91-27af3626b257 admin admin] Network hostable DHCP agents. Network: 12163482-7a49-4063-b370-e4e27dd3c96a, hostable agents: ['c6c8f2fd-a672-4b6c-be5d-cc71939bd0f0'], hosted agents: [] {{(pid=94799) _get_network_hostable_dhcp_agents /opt/stack/neutron/neutron/scheduler/dhcp_agent_scheduler.py:329}}
Sep 15 15:28:52.422095 dv-cinder-809201-1-iscsi neutron-server[94799]: INFO neutron.wsgi [req-918bdb77-5ca0-4806-bab6-317dc60327f2 req-1b0df5f6-927d-41d6-9762-eb70efe2adaf tempest-VolumesActionsTest-1441881001 tempest-VolumesActionsTest-1441881001-project] 10.222.0.58 "POST /v2.0/ports HTTP/1.1" status: 201 len: 934 time: 1.4099927
Sep 15 15:28:52.436590 dv-cinder-809201-1-iscsi neutron-server[94799]: DEBUG neutron.api.v2.base [req-918bdb77-5ca0-4806-bab6-317dc60327f2 req-218e4501-cff4-469f-9afa-82aac21d167e service neutron] Request body: {'port': {'device_id': '71672535-8459-4eda-9ef9-99df31d15e28', 'device_owner': 'compute:nova', 'binding:host_id': 'hv-cinder-80920'}} {{(pid=94799) prepare_request_body /opt/stack/neutron/neutron/api/v2/base.py:730}}
Sep 15 15:28:52.458400 dv-cinder-809201-1-iscsi neutron-server[94799]: DEBUG neutron.scheduler.dhcp_agent_scheduler [None req-7566bad4-10f7-4d69-8f91-27af3626b257 admin admin] Network 12163482-7a49-4063-b370-e4e27dd3c96a is scheduled to be hosted by DHCP agent c6c8f2fd-a672-4b6c-be5d-cc71939bd0f0 with binding_index 1 {{(pid=94799) bind /opt/stack/neutron/neutron/scheduler/dhcp_agent_scheduler.py:227}}
Sep 15 15:28:52.501035 dv-cinder-809201-1-iscsi neutron-server[94799]: DEBUG neutron_lib.callbacks.manager [req-918bdb77-5ca0-4806-bab6-317dc60327f2 req-218e4501-cff4-469f-9afa-82aac21d167e service neutron] Notify callbacks ['neutron.plugins.ml2.plugin.SecurityGroupDbMixin._ensure_default_security_group_handler-1453035'] for port, before_update {{(pid=94799) _notify_loop /usr/local/lib/python3.8/dist-packages/neutron_lib/callbacks/manager.py:192}}
Sep 15 15:28:52.599852 dv-cinder-809201-1-iscsi neutron-server[94799]: DEBUG neutron.scheduler.base_scheduler [None req-7566bad4-10f7-4d69-8f91-27af3626b257 admin admin] Resources bound (agent type, host, resource id): (DHCP agent, dv-cinder-809201-1-iscsi, 12163482-7a49-4063-b370-e4e27dd3c96a) {{(pid=94799) schedule /opt/stack/neutron/neutron/scheduler/base_scheduler.py:57}}
Sep 15 15:28:52.608944 dv-cinder-809201-1-iscsi neutron-server[94801]: DEBUG neutron.api.rpc.handlers.dhcp_rpc [None req-60c0b60c-83fb-4bc9-b202-ff33e4f59c23 None None] Network 12163482-7a49-4063-b370-e4e27dd3c96a requested from dv-cinder-809201-1-iscsi {{(pid=94801) get_network_info /opt/stack/neutron/neutron/api/rpc/handlers/dhcp_rpc.py:218}}
Sep 15 15:28:52.612044 dv-cinder-809201-1-iscsi neutron-server[94799]: DEBUG neutron.pecan_wsgi.hooks.policy_enforcement [None req-7566bad4-10f7-4d69-8f91-27af3626b257 admin admin] Attributes excluded by policy engine: ['standard_attr_id', 'shared', 'segment_id', 'network'] {{(pid=94799) _exclude_attributes_by_policy /opt/stack/neutron/neutron/pecan_wsgi/hooks/policy_enforcement.py:255}}
Sep 15 15:28:52.612633 dv-cinder-809201-1-iscsi neutron-server[94799]: DEBUG neutron_lib.callbacks.manager [None req-7566bad4-10f7-4d69-8f91-27af3626b257 admin admin] Notify callbacks [] for subnet, before_response {{(pid=94799) _notify_loop /usr/local/lib/python3.8/dist-packages/neutron_lib/callbacks/manager.py:192}}
Sep 15 15:28:52.738100 dv-cinder-809201-1-iscsi neutron-server[94801]: DEBUG neutron.api.rpc.handlers.dhcp_rpc [None req-d62686dc-4d97-4a5c-af52-da4f0288a8e2 None None] Network 12163482-7a49-4063-b370-e4e27dd3c96a requested from dv-cinder-809201-1-iscsi {{(pid=94801) get_network_info /opt/stack/neutron/neutron/api/rpc/handlers/dhcp_rpc.py:218}}
Sep 15 15:28:52.774268 dv-cinder-809201-1-iscsi neutron-server[94799]: INFO neutron.wsgi [None req-7566bad4-10f7-4d69-8f91-27af3626b257 admin admin] 10.222.0.54 "POST /v2.0/subnets HTTP/1.1" status: 201 len: 862 time: 1.1153777
Sep 15 15:28:52.788952 dv-cinder-809201-1-iscsi neutron-server[94799]: DEBUG neutron.notifiers.nova [req-918bdb77-5ca0-4806-bab6-317dc60327f2 req-218e4501-cff4-469f-9afa-82aac21d167e service neutron] Ignoring state change previous_port_status: DOWN current_port_status: DOWN port_id cbf3b2ed-c3f4-4b88-8db1-bbf42980d128 {{(pid=94799) record_port_status_changed /opt/stack/neutron/neutron/notifiers/nova.py:224}}
Sep 15 15:28:52.798103 dv-cinder-809201-1-iscsi neutron-server[94799]: DEBUG neutron_lib.callbacks.manager [req-918bdb77-5ca0-4806-bab6-317dc60327f2 req-218e4501-cff4-469f-9afa-82aac21d167e service neutron] Notify callbacks [] for port, precommit_update {{(pid=94799) _notify_loop /usr/local/lib/python3.8/dist-packages/neutron_lib/callbacks/manager.py:192}}
Sep 15 15:28:52.812121 dv-cinder-809201-1-iscsi neutron-server[94799]: DEBUG neutron.db.provisioning_blocks [req-918bdb77-5ca0-4806-bab6-317dc60327f2 req-218e4501-cff4-469f-9afa-82aac21d167e service neutron] Transition to ACTIVE for port object cbf3b2ed-c3f4-4b88-8db1-bbf42980d128 will not be triggered until provisioned by entity L2. {{(pid=94799) add_provisioning_component /opt/stack/neutron/neutron/db/provisioning_blocks.py:73}}
Sep 15 15:28:52.931604 dv-cinder-809201-1-iscsi neutron-server[94799]: DEBUG neutron.wsgi [-] (94799) accepted ('10.222.0.54', 48940) {{(pid=94799) server /usr/local/lib/python3.8/dist-packages/eventlet/wsgi.py:982}}
Sep 15 15:28:52.983933 dv-cinder-809201-1-iscsi neutron-server[94799]: DEBUG neutron.db.db_base_plugin_v2 [None req-911b1d8d-80b0-4730-91db-6d9acae4d8b8 admin admin] Deleting subnet c285f301-52c5-44b7-895d-a3e7d07ece6d {{(pid=94799) delete_subnet /opt/stack/neutron/neutron/db/db_base_plugin_v2.py:1056}}
Sep 15 15:28:52.992031 dv-cinder-809201-1-iscsi neutron-server[94799]: DEBUG neutron_lib.callbacks.manager [None req-911b1d8d-80b0-4730-91db-6d9acae4d8b8 admin admin] Notify callbacks [] for subnet, before_delete {{(pid=94799) _notify_loop /usr/local/lib/python3.8/dist-packages/neutron_lib/callbacks/manager.py:192}}
Sep 15 15:28:53.035487 dv-cinder-809201-1-iscsi neutron-server[94799]: DEBUG neutron_lib.callbacks.manager [None req-911b1d8d-80b0-4730-91db-6d9acae4d8b8 admin admin] Notify callbacks ['neutron.services.segments.plugin.Plugin._validate_auto_address_subnet_delete-9270566'] for subnet, precommit_delete_associations {{(pid=94799) _notify_loop /usr/local/lib/python3.8/dist-packages/neutron_lib/callbacks/manager.py:192}}
Sep 15 15:28:53.089653 dv-cinder-809201-1-iscsi neutron-server[94799]: DEBUG neutron_lib.callbacks.manager [None req-911b1d8d-80b0-4730-91db-6d9acae4d8b8 admin admin] Notify callbacks ['neutron.plugins.ml2.plugin.Ml2Plugin._subnet_delete_precommit_handler-1523291'] for subnet, precommit_delete {{(pid=94799) _notify_loop /usr/local/lib/python3.8/dist-packages/neutron_lib/callbacks/manager.py:192}}
Sep 15 15:28:53.147098 dv-cinder-809201-1-iscsi neutron-server[94799]: DEBUG neutron_lib.callbacks.manager [req-918bdb77-5ca0-4806-bab6-317dc60327f2 req-218e4501-cff4-469f-9afa-82aac21d167e service neutron] Notify callbacks ['neutron.plugins.ml2.plugin.SecurityGroupServerNotifierRpcMixin._notify_sg_on_port_change-1452970', 'neutron.plugins.ml2.ovo_rpc._ObjectChangeHandler.handle_event-88697', 'neutron.api.rpc.agentnotifiers.dhcp_rpc_agent_api.DhcpAgentNotifyAPI._native_event_send_dhcp_notification-538430', 'neutron.db.l3_db.L3RpcNotifierMixin._notify_gateway_port_ip_changed-8751443098125', 'neutron.db.l3_dvrscheduler_db._notify_l3_agent_port_update-8751442561482', 'neutron.db.l3_hascheduler_db._notify_l3_agent_ha_port_update-8751442561500', 'neutron.services.segments.plugin.NovaSegmentNotifier._notify_port_updated-9314481'] for port, after_update {{(pid=94799) _notify_loop /usr/local/lib/python3.8/dist-packages/neutron_lib/callbacks/manager.py:192}}
Sep 15 15:28:53.147811 dv-cinder-809201-1-iscsi neutron-server[94801]: DEBUG neutron_lib.callbacks.manager [None req-881e9e3c-dadf-4daa-9701-fd8f01bd007c None None] Notify callbacks ['neutron.services.segments.db._update_segment_host_mapping_for_agent-8751443108491', 'neutron.plugins.ml2.plugin.Ml2Plugin._retry_binding_revived_agents-1521628'] for agent, after_update {{(pid=94801) _notify_loop /usr/local/lib/python3.8/dist-packages/neutron_lib/callbacks/manager.py:192}}
Sep 15 15:28:53.191108 dv-cinder-809201-1-iscsi neutron-server[94800]: DEBUG neutron.pecan_wsgi.hooks.policy_enforcement [req-f397d087-5484-48fb-9890-9c1f25c77e1e req-ebbacf8c-94ec-4112-aeea-b86e8052d374 tempest-VolumesSnapshotTestJSON-2016470295 tempest-VolumesSnapshotTestJSON-2016470295-project] Attributes excluded by policy engine: ['standard_attr_id', 'vlan_transparent', 'provider:network_type', 'provider:physical_network', 'provider:segmentation_id'] {{(pid=94800) _exclude_attributes_by_policy /opt/stack/neutron/neutron/pecan_wsgi/hooks/policy_enforcement.py:255}}
Sep 15 15:28:53.193871 dv-cinder-809201-1-iscsi neutron-server[94800]: INFO neutron.wsgi [req-f397d087-5484-48fb-9890-9c1f25c77e1e req-ebbacf8c-94ec-4112-aeea-b86e8052d374 tempest-VolumesSnapshotTestJSON-2016470295 tempest-VolumesSnapshotTestJSON-2016470295-project] 10.222.0.54 "GET /v2.0/networks?id=5530686d-3b7a-45e2-b0f4-20e56c88af09 HTTP/1.1" status: 200 len: 814 time: 0.1266432
Sep 15 15:28:53.212620 dv-cinder-809201-1-iscsi neutron-server[94800]: INFO neutron.wsgi [req-f397d087-5484-48fb-9890-9c1f25c77e1e req-24057ab9-2345-4d08-a46b-fa5ad67b0f3b tempest-VolumesSnapshotTestJSON-2016470295 tempest-VolumesSnapshotTestJSON-2016470295-project] 10.222.0.54 "GET /v2.0/quotas/014eadde13994ef290dfbd41d07b4cae HTTP/1.1" status: 200 len: 375 time: 0.0114148
Sep 15 15:28:53.224215 dv-cinder-809201-1-iscsi neutron-server[94799]: DEBUG neutron.api.rpc.handlers.resources_rpc [None req-218e4501-cff4-469f-9afa-82aac21d167e service neutron] Pushing event updated for resources: {'Port': ['ID=cbf3b2ed-c3f4-4b88-8db1-bbf42980d128,revision_number=2']} {{(pid=94799) push /opt/stack/neutron/neutron/api/rpc/handlers/resources_rpc.py:237}}
Sep 15 15:28:53.226762 dv-cinder-809201-1-iscsi neutron-server[94801]: DEBUG neutron_lib.callbacks.manager [None req-19413f3b-0c2a-4fc9-a9e3-2dd0de38e3d0 None None] Notify callbacks ['neutron.services.segments.db._update_segment_host_mapping_for_agent-8751443108491', 'neutron.plugins.ml2.plugin.Ml2Plugin._retry_binding_revived_agents-1521628'] for agent, after_update {{(pid=94801) _notify_loop /usr/local/lib/python3.8/dist-packages/neutron_lib/callbacks/manager.py:192}}
Sep 15 15:28:53.255520 dv-cinder-809201-1-iscsi neutron-server[94800]: INFO neutron.wsgi [req-f397d087-5484-48fb-9890-9c1f25c77e1e req-37ee2e20-d4a8-4a5f-8800-d4c097c26e54 tempest-VolumesSnapshotTestJSON-2016470295 tempest-VolumesSnapshotTestJSON-2016470295-project] 10.222.0.54 "GET /v2.0/ports?tenant_id=014eadde13994ef290dfbd41d07b4cae&fields=id HTTP/1.1" status: 200 len: 210 time: 0.0340831
Sep 15 15:28:53.288955 dv-cinder-809201-1-iscsi neutron-server[94799]: DEBUG neutron.plugins.ml2.managers [req-918bdb77-5ca0-4806-bab6-317dc60327f2 req-218e4501-cff4-469f-9afa-82aac21d167e service neutron] Attempting to bind port cbf3b2ed-c3f4-4b88-8db1-bbf42980d128 on host hv-cinder-80920 for vnic_type normal with profile {{(pid=94799) bind_port /opt/stack/neutron/neutron/plugins/ml2/managers.py:790}}
Sep 15 15:28:53.289280 dv-cinder-809201-1-iscsi neutron-server[94799]: DEBUG neutron.plugins.ml2.managers [req-918bdb77-5ca0-4806-bab6-317dc60327f2 req-218e4501-cff4-469f-9afa-82aac21d167e service neutron] Attempting to bind port cbf3b2ed-c3f4-4b88-8db1-bbf42980d128 by drivers openvswitch,hyperv on host hv-cinder-80920 at level 0 using segments [{'id': '60aa86c5-106e-47f2-b6e7-3fbcdb9b9d6e', 'network_type': 'vlan', 'physical_network': 'physnet1', 'segmentation_id': 669, 'network_id': 'aaf55d3d-b53f-469a-9a1b-4f57895133bc'}] {{(pid=94799) _bind_port_level /opt/stack/neutron/neutron/plugins/ml2/managers.py:815}}
Sep 15 15:28:53.289597 dv-cinder-809201-1-iscsi neutron-server[94799]: DEBUG neutron.plugins.ml2.drivers.mech_agent [req-918bdb77-5ca0-4806-bab6-317dc60327f2 req-218e4501-cff4-469f-9afa-82aac21d167e service neutron] Attempting to bind port cbf3b2ed-c3f4-4b88-8db1-bbf42980d128 on network aaf55d3d-b53f-469a-9a1b-4f57895133bc {{(pid=94799) bind_port /opt/stack/neutron/neutron/plugins/ml2/drivers/mech_agent.py:91}}
Sep 15 15:28:53.294495 dv-cinder-809201-1-iscsi neutron-server[94799]: DEBUG neutron.plugins.ml2.drivers.mech_agent [req-918bdb77-5ca0-4806-bab6-317dc60327f2 req-218e4501-cff4-469f-9afa-82aac21d167e service neutron] Port cbf3b2ed-c3f4-4b88-8db1-bbf42980d128 on network aaf55d3d-b53f-469a-9a1b-4f57895133bc not bound, no agent of type Open vSwitch agent registered on host hv-cinder-80920 {{(pid=94799) bind_port /opt/stack/neutron/neutron/plugins/ml2/drivers/mech_agent.py:103}}
Sep 15 15:28:53.306678 dv-cinder-809201-1-iscsi neutron-server[94799]: DEBUG neutron.plugins.ml2.drivers.mech_agent [req-918bdb77-5ca0-4806-bab6-317dc60327f2 req-218e4501-cff4-469f-9afa-82aac21d167e service neutron] Attempting to bind port cbf3b2ed-c3f4-4b88-8db1-bbf42980d128 on network aaf55d3d-b53f-469a-9a1b-4f57895133bc {{(pid=94799) bind_port /opt/stack/neutron/neutron/plugins/ml2/drivers/mech_agent.py:91}}
Sep 15 15:28:53.306678 dv-cinder-809201-1-iscsi neutron-server[94799]: DEBUG neutron.plugins.ml2.drivers.mech_agent [req-918bdb77-5ca0-4806-bab6-317dc60327f2 req-218e4501-cff4-469f-9afa-82aac21d167e service neutron] Checking agent: {'id': 'eba348e6-0b8a-43b6-acdf-c2678b53c044', 'agent_type': 'HyperV agent', 'binary': 'neutron-hyperv-agent', 'topic': 'N/A', 'host': 'hv-cinder-80920', 'admin_state_up': True, 'created_at': datetime.datetime(2021, 9, 15, 15, 25, 23), 'started_at': datetime.datetime(2021, 9, 15, 15, 25, 23), 'heartbeat_timestamp': datetime.datetime(2021, 9, 15, 15, 28, 53), 'description': None, 'resources_synced': None, 'availability_zone': None, 'alive': True, 'configurations': {'vswitch_mappings': {'physnet1$': 'br-data'}}, 'resource_versions': {}} {{(pid=94799) bind_port /opt/stack/neutron/neutron/plugins/ml2/drivers/mech_agent.py:110}}
Sep 15 15:28:53.306678 dv-cinder-809201-1-iscsi neutron-server[94799]: DEBUG neutron.plugins.ml2.drivers.mech_agent [req-918bdb77-5ca0-4806-bab6-317dc60327f2 req-218e4501-cff4-469f-9afa-82aac21d167e service neutron] Checking segment: {'id': '60aa86c5-106e-47f2-b6e7-3fbcdb9b9d6e', 'network_type': 'vlan', 'physical_network': 'physnet1', 'segmentation_id': 669, 'network_id': 'aaf55d3d-b53f-469a-9a1b-4f57895133bc'} for mappings: {'physnet1$': 'br-data'} with network types: ['local', 'flat', 'vlan'] {{(pid=94799) check_segment_for_agent /opt/stack/neutron/neutron/plugins/ml2/drivers/mech_agent.py:358}}
Sep 15 15:28:53.306678 dv-cinder-809201-1-iscsi neutron-server[94799]: DEBUG neutron.plugins.ml2.drivers.mech_agent [req-918bdb77-5ca0-4806-bab6-317dc60327f2 req-218e4501-cff4-469f-9afa-82aac21d167e service neutron] Bound using segment: {'id': '60aa86c5-106e-47f2-b6e7-3fbcdb9b9d6e', 'network_type': 'vlan', 'physical_network': 'physnet1', 'segmentation_id': 669, 'network_id': 'aaf55d3d-b53f-469a-9a1b-4f57895133bc'} {{(pid=94799) bind_port /opt/stack/neutron/neutron/plugins/ml2/drivers/mech_agent.py:120}}
Sep 15 15:28:53.306678 dv-cinder-809201-1-iscsi neutron-server[94799]: DEBUG neutron.plugins.ml2.managers [req-918bdb77-5ca0-4806-bab6-317dc60327f2 req-218e4501-cff4-469f-9afa-82aac21d167e service neutron] Bound port: cbf3b2ed-c3f4-4b88-8db1-bbf42980d128, host: hv-cinder-80920, vif_type: hyperv, vif_details: {"connectivity": "legacy", "port_filter": false}, binding_levels: [{'bound_driver': 'hyperv', 'bound_segment': {'id': '60aa86c5-106e-47f2-b6e7-3fbcdb9b9d6e', 'network_type': 'vlan', 'physical_network': 'physnet1', 'segmentation_id': 669, 'network_id': 'aaf55d3d-b53f-469a-9a1b-4f57895133bc'}}] {{(pid=94799) _bind_port_level /opt/stack/neutron/neutron/plugins/ml2/managers.py:928}}
Sep 15 15:28:53.306678 dv-cinder-809201-1-iscsi neutron-server[94799]: DEBUG neutron_lib.callbacks.manager [req-918bdb77-5ca0-4806-bab6-317dc60327f2 req-218e4501-cff4-469f-9afa-82aac21d167e service neutron] Notify callbacks ['neutron.plugins.ml2.plugin.SecurityGroupDbMixin._ensure_default_security_group_handler-1453035'] for port, before_update {{(pid=94799) _notify_loop /usr/local/lib/python3.8/dist-packages/neutron_lib/callbacks/manager.py:192}}
Sep 15 15:28:53.336494 dv-cinder-809201-1-iscsi neutron-server[94799]: DEBUG neutron_lib.callbacks.manager [None req-911b1d8d-80b0-4730-91db-6d9acae4d8b8 admin admin] Notify callbacks ['neutron.plugins.ml2.plugin.Ml2Plugin._subnet_delete_after_delete_handler-1523276', 'neutron.plugins.ml2.ovo_rpc._ObjectChangeHandler.handle_event-488288', 'neutron.api.rpc.agentnotifiers.dhcp_rpc_agent_api.DhcpAgentNotifyAPI._native_event_send_dhcp_notification-538430', 'neutron.services.segments.plugin.NovaSegmentNotifier._notify_subnet_deleted-9314439', 'neutron.services.segments.plugin.SegmentHostRoutes.host_routes_after_delete-9382956'] for subnet, after_delete {{(pid=94799) _notify_loop /usr/local/lib/python3.8/dist-packages/neutron_lib/callbacks/manager.py:192}}
Sep 15 15:28:53.370723 dv-cinder-809201-1-iscsi neutron-server[94799]: DEBUG neutron.api.rpc.handlers.resources_rpc [None req-911b1d8d-80b0-4730-91db-6d9acae4d8b8 admin admin] Pushing event deleted for resources: {'Subnet': ['ID=c285f301-52c5-44b7-895d-a3e7d07ece6d,revision_number=None']} {{(pid=94799) push /opt/stack/neutron/neutron/api/rpc/handlers/resources_rpc.py:237}}
Sep 15 15:28:53.376388 dv-cinder-809201-1-iscsi neutron-server[94799]: DEBUG neutron_lib.callbacks.manager [None req-911b1d8d-80b0-4730-91db-6d9acae4d8b8 admin admin] Notify callbacks [] for subnet, before_response {{(pid=94799) _notify_loop /usr/local/lib/python3.8/dist-packages/neutron_lib/callbacks/manager.py:192}}
Sep 15 15:28:53.379375 dv-cinder-809201-1-iscsi neutron-server[94799]: INFO neutron.wsgi [None req-911b1d8d-80b0-4730-91db-6d9acae4d8b8 admin admin] 10.222.0.54 "DELETE /v2.0/subnets/c285f301-52c5-44b7-895d-a3e7d07ece6d HTTP/1.1" status: 204 len: 168 time: 0.4467499
Sep 15 15:28:53.384633 dv-cinder-809201-1-iscsi neutron-server[94799]: DEBUG neutron.wsgi [-] (94799) accepted ('10.222.0.54', 48962) {{(pid=94799) server /usr/local/lib/python3.8/dist-packages/eventlet/wsgi.py:982}}
Sep 15 15:28:53.386504 dv-cinder-809201-1-iscsi neutron-server[94800]: DEBUG neutron.pecan_wsgi.hooks.policy_enforcement [req-f5c4a45d-513b-4b13-ac87-527e9a320f4b req-25644093-5df8-4546-92c8-d5ac0c720f88 tempest-VolumesActionsTest-1441881001 tempest-VolumesActionsTest-1441881001-project] Attributes excluded by policy engine: ['standard_attr_id', 'binding:profile', 'binding:host_id', 'binding:vif_type', 'binding:vif_details'] {{(pid=94800) _exclude_attributes_by_policy /opt/stack/neutron/neutron/pecan_wsgi/hooks/policy_enforcement.py:255}}
Sep 15 15:28:53.389006 dv-cinder-809201-1-iscsi neutron-server[94800]: INFO neutron.wsgi [req-f5c4a45d-513b-4b13-ac87-527e9a320f4b req-25644093-5df8-4546-92c8-d5ac0c720f88 tempest-VolumesActionsTest-1441881001 tempest-VolumesActionsTest-1441881001-project] 10.222.0.54 "GET /v2.0/ports?device_id=71672535-8459-4eda-9ef9-99df31d15e28 HTTP/1.1" status: 200 len: 944 time: 0.1180806
Sep 15 15:28:53.414547 dv-cinder-809201-1-iscsi neutron-server[94800]: INFO neutron.wsgi [req-f397d087-5484-48fb-9890-9c1f25c77e1e req-8410bb8f-b5ba-4e8b-ab29-9c3973465acf service neutron] 10.222.0.54 "GET /v2.0/networks/5530686d-3b7a-45e2-b0f4-20e56c88af09?fields=segments HTTP/1.1" status: 200 len: 212 time: 0.1509995
Sep 15 15:28:53.437508 dv-cinder-809201-1-iscsi neutron-server[94799]: DEBUG neutron.plugins.ml2.db [req-918bdb77-5ca0-4806-bab6-317dc60327f2 req-218e4501-cff4-469f-9afa-82aac21d167e service neutron] For port cbf3b2ed-c3f4-4b88-8db1-bbf42980d128, host hv-cinder-80920, cleared binding levels {{(pid=94799) clear_binding_levels /opt/stack/neutron/neutron/plugins/ml2/db.py:87}}
Sep 15 15:28:53.476180 dv-cinder-809201-1-iscsi neutron-server[94800]: INFO neutron.wsgi [req-f5c4a45d-513b-4b13-ac87-527e9a320f4b req-1820757b-70c2-4af7-b4bf-cdc14eff4315 tempest-VolumesActionsTest-1441881001 tempest-VolumesActionsTest-1441881001-project] 10.222.0.54 "GET /v2.0/security-groups?id=a28ebd5c-d1d6-47a3-8201-e97619536e85&fields=id&fields=name HTTP/1.1" status: 200 len: 286 time: 0.0737526
Sep 15 15:28:53.484095 dv-cinder-809201-1-iscsi neutron-server[94799]: DEBUG neutron.plugins.ml2.db [req-918bdb77-5ca0-4806-bab6-317dc60327f2 req-218e4501-cff4-469f-9afa-82aac21d167e service neutron] For port cbf3b2ed-c3f4-4b88-8db1-bbf42980d128, host hv-cinder-80920, set binding levels [PortBindingLevel(driver='hyperv',host='hv-cinder-80920',level=0,port_id=cbf3b2ed-c3f4-4b88-8db1-bbf42980d128,segment=NetworkSegment(60aa86c5-106e-47f2-b6e7-3fbcdb9b9d6e),segment_id=60aa86c5-106e-47f2-b6e7-3fbcdb9b9d6e)] {{(pid=94799) set_binding_levels /opt/stack/neutron/neutron/plugins/ml2/db.py:59}}
Sep 15 15:28:53.492555 dv-cinder-809201-1-iscsi neutron-server[94799]: DEBUG neutron_lib.callbacks.manager [None req-2d514187-5578-4ddd-8182-f2780fc84dc3 admin admin] Notify callbacks ['neutron.plugins.ml2.plugin.External_net_db_mixin._before_network_delete_handler-1369514'] for network, before_delete {{(pid=94799) _notify_loop /usr/local/lib/python3.8/dist-packages/neutron_lib/callbacks/manager.py:192}}
Sep 15 15:28:53.562503 dv-cinder-809201-1-iscsi neutron-server[94800]: INFO neutron.wsgi [req-f397d087-5484-48fb-9890-9c1f25c77e1e req-1940309c-8030-4fc0-9595-de6291883219 service neutron] 10.222.0.54 "GET /v2.0/networks/5530686d-3b7a-45e2-b0f4-20e56c88af09?fields=provider%3Aphysical_network&fields=provider%3Anetwork_type HTTP/1.1" status: 200 len: 281 time: 0.1351478
Sep 15 15:28:53.592401 dv-cinder-809201-1-iscsi neutron-server[94799]: DEBUG neutron_lib.callbacks.manager [None req-2d514187-5578-4ddd-8182-f2780fc84dc3 admin admin] Notify callbacks ['neutron.plugins.ml2.plugin.Ml2Plugin._network_delete_precommit_handler-1522908', 'neutron.services.segments.db._delete_segments_for_network-8751443108509'] for network, precommit_delete {{(pid=94799) _notify_loop /usr/local/lib/python3.8/dist-packages/neutron_lib/callbacks/manager.py:192}}
Sep 15 15:28:53.613758 dv-cinder-809201-1-iscsi neutron-server[94799]: DEBUG neutron_lib.callbacks.manager [req-918bdb77-5ca0-4806-bab6-317dc60327f2 req-218e4501-cff4-469f-9afa-82aac21d167e service neutron] Notify callbacks ['neutron.plugins.ml2.plugin.SecurityGroupServerNotifierRpcMixin._notify_sg_on_port_change-1452970', 'neutron.plugins.ml2.ovo_rpc._ObjectChangeHandler.handle_event-88697', 'neutron.api.rpc.agentnotifiers.dhcp_rpc_agent_api.DhcpAgentNotifyAPI._native_event_send_dhcp_notification-538430', 'neutron.db.l3_db.L3RpcNotifierMixin._notify_gateway_port_ip_changed-8751443098125', 'neutron.db.l3_dvrscheduler_db._notify_l3_agent_port_update-8751442561482', 'neutron.db.l3_hascheduler_db._notify_l3_agent_ha_port_update-8751442561500', 'neutron.services.segments.plugin.NovaSegmentNotifier._notify_port_updated-9314481'] for port, after_update {{(pid=94799) _notify_loop /usr/local/lib/python3.8/dist-packages/neutron_lib/callbacks/manager.py:192}}
Sep 15 15:28:53.616942 dv-cinder-809201-1-iscsi neutron-server[94799]: DEBUG neutron.services.segments.db [None req-2d514187-5578-4ddd-8182-f2780fc84dc3 admin admin] neutron.services.segments.plugin.Plugin method get_segments called with arguments (,) {'filters': {'network_id': ['acf00411-7c31-407a-b8c9-ae4865c5f762']}} {{(pid=94799) wrapper /usr/local/lib/python3.8/dist-packages/oslo_log/helpers.py:65}}
Sep 15 15:28:53.649687 dv-cinder-809201-1-iscsi neutron-server[94800]: DEBUG neutron.pecan_wsgi.hooks.policy_enforcement [req-9de2a6a0-0f13-4279-b5d8-8ed55bb3bbbf req-5232a757-f378-4d5d-9f9c-f2240fa63e92 tempest-ServerRescueNegativeTestJSON-771000471 tempest-ServerRescueNegativeTestJSON-771000471-project] Attributes excluded by policy engine: ['standard_attr_id', 'binding:profile', 'binding:host_id', 'binding:vif_type', 'binding:vif_details'] {{(pid=94800) _exclude_attributes_by_policy /opt/stack/neutron/neutron/pecan_wsgi/hooks/policy_enforcement.py:255}}
Sep 15 15:28:53.654820 dv-cinder-809201-1-iscsi neutron-server[94799]: DEBUG neutron.services.segments.db [None req-2d514187-5578-4ddd-8182-f2780fc84dc3 admin admin] neutron.services.segments.plugin.Plugin method delete_segment called with arguments (, '626b5050-7848-4b93-ae05-e31f6c95371e') {'for_net_delete': True} {{(pid=94799) wrapper /usr/local/lib/python3.8/dist-packages/oslo_log/helpers.py:65}}
Sep 15 15:28:53.655142 dv-cinder-809201-1-iscsi neutron-server[94799]: DEBUG neutron.services.segments.db [None req-2d514187-5578-4ddd-8182-f2780fc84dc3 admin admin] neutron.services.segments.plugin.Plugin method get_segment called with arguments (, '626b5050-7848-4b93-ae05-e31f6c95371e') {} {{(pid=94799) wrapper /usr/local/lib/python3.8/dist-packages/oslo_log/helpers.py:65}}
Sep 15 15:28:53.664263 dv-cinder-809201-1-iscsi neutron-server[94800]: INFO neutron.wsgi [req-9de2a6a0-0f13-4279-b5d8-8ed55bb3bbbf req-5232a757-f378-4d5d-9f9c-f2240fa63e92 tempest-ServerRescueNegativeTestJSON-771000471 tempest-ServerRescueNegativeTestJSON-771000471-project] 10.222.0.54 "GET /v2.0/ports?device_id=fe4cbcd9-244f-49e5-9db6-e5d8164c2fac HTTP/1.1" status: 200 len: 945 time: 0.0793679
Sep 15 15:28:53.672361 dv-cinder-809201-1-iscsi neutron-server[94799]: DEBUG neutron_lib.callbacks.manager [None req-2d514187-5578-4ddd-8182-f2780fc84dc3 admin admin] Notify callbacks ['neutron.plugins.ml2.db._prevent_segment_delete_with_port_bound-8751443108774', 'neutron.services.segments.plugin.Plugin._prevent_segment_delete_with_subnet_associated-9270573'] for segment, before_delete {{(pid=94799) _notify_loop /usr/local/lib/python3.8/dist-packages/neutron_lib/callbacks/manager.py:192}}
Sep 15 15:28:53.674539 dv-cinder-809201-1-iscsi neutron-server[94799]: DEBUG neutron.pecan_wsgi.hooks.policy_enforcement [req-918bdb77-5ca0-4806-bab6-317dc60327f2 req-218e4501-cff4-469f-9afa-82aac21d167e service neutron] Attributes excluded by policy engine: ['standard_attr_id'] {{(pid=94799) _exclude_attributes_by_policy /opt/stack/neutron/neutron/pecan_wsgi/hooks/policy_enforcement.py:255}}
Sep 15 15:28:53.675167 dv-cinder-809201-1-iscsi neutron-server[94799]: DEBUG neutron_lib.callbacks.manager [req-918bdb77-5ca0-4806-bab6-317dc60327f2 req-218e4501-cff4-469f-9afa-82aac21d167e service neutron] Notify callbacks ['neutron.notifiers.nova.Notifier._send_nova_notification-17709'] for port, before_response {{(pid=94799) _notify_loop /usr/local/lib/python3.8/dist-packages/neutron_lib/callbacks/manager.py:192}}
Sep 15 15:28:53.676611 dv-cinder-809201-1-iscsi neutron-server[94799]: INFO neutron.wsgi [req-918bdb77-5ca0-4806-bab6-317dc60327f2 req-218e4501-cff4-469f-9afa-82aac21d167e service neutron] 10.222.0.58 "PUT /v2.0/ports/cbf3b2ed-c3f4-4b88-8db1-bbf42980d128 HTTP/1.1" status: 200 len: 1094 time: 1.2446954
Sep 15 15:28:53.677057 dv-cinder-809201-1-iscsi neutron-server[94799]: DEBUG neutron.notifiers.nova [-] Sending events: [{'name': 'network-changed', 'server_uuid': '71672535-8459-4eda-9ef9-99df31d15e28', 'tag': 'cbf3b2ed-c3f4-4b88-8db1-bbf42980d128'}] {{(pid=94799) send_events /opt/stack/neutron/neutron/notifiers/nova.py:262}}
Sep 15 15:28:53.679388 dv-cinder-809201-1-iscsi neutron-server[94799]: DEBUG novaclient.v2.client [-] REQ: curl -g -i --cacert "/opt/stack/data/ca-bundle.pem" -X POST http://10.222.0.54/compute/v2.1/os-server-external-events -H "Accept: application/json" -H "Content-Type: application/json" -H "User-Agent: python-novaclient" -H "X-Auth-Token: {SHA256}4caaf3dc35d391ee5789c70ae145b39738e2d95c5e07cc5749919ddff6cc97c8" -H "X-OpenStack-Nova-API-Version: 2.1" -H "X-OpenStack-Request-ID: req-cf8fee7b-773b-44e5-b55c-be2bfe91ccf9" -d '{"events": [{"name": "network-changed", "server_uuid": "71672535-8459-4eda-9ef9-99df31d15e28", "tag": "cbf3b2ed-c3f4-4b88-8db1-bbf42980d128"}]}' {{(pid=94799) _http_log_request /usr/local/lib/python3.8/dist-packages/keystoneauth1/session.py:519}}
Sep 15 15:28:53.707604 dv-cinder-809201-1-iscsi neutron-server[94799]: DEBUG neutron_lib.callbacks.manager [None req-2d514187-5578-4ddd-8182-f2780fc84dc3 admin admin] Notify callbacks ['neutron.plugins.ml2.plugin.Ml2Plugin._handle_segment_change-1515726'] for segment, precommit_delete {{(pid=94799) _notify_loop /usr/local/lib/python3.8/dist-packages/neutron_lib/callbacks/manager.py:192}}
Sep 15 15:28:53.711330 dv-cinder-809201-1-iscsi neutron-server[94800]: INFO neutron.wsgi [req-9de2a6a0-0f13-4279-b5d8-8ed55bb3bbbf req-97dc24f1-751e-432b-827c-4255c2130475 tempest-ServerRescueNegativeTestJSON-771000471 tempest-ServerRescueNegativeTestJSON-771000471-project] 10.222.0.54 "GET /v2.0/security-groups?id=a4931ee9-8c5a-4535-9607-b4047a9b215f&fields=id&fields=name HTTP/1.1" status: 200 len: 286 time: 0.0528035
Sep 15 15:28:53.717252 dv-cinder-809201-1-iscsi neutron-server[94799]: DEBUG neutron.api.rpc.handlers.resources_rpc [None req-218e4501-cff4-469f-9afa-82aac21d167e service neutron] Pushing event updated for resources: {'Port': ['ID=cbf3b2ed-c3f4-4b88-8db1-bbf42980d128,revision_number=3']} {{(pid=94799) push /opt/stack/neutron/neutron/api/rpc/handlers/resources_rpc.py:237}}
Sep 15 15:28:53.720824 dv-cinder-809201-1-iscsi neutron-server[94799]: DEBUG neutron.plugins.ml2.drivers.type_vlan [None req-2d514187-5578-4ddd-8182-f2780fc84dc3 admin admin] Releasing vlan 692 on physical network physnet1 to pool {{(pid=94799) release_segment /opt/stack/neutron/neutron/plugins/ml2/drivers/type_vlan.py:304}}
Sep 15 15:28:53.721257 dv-cinder-809201-1-iscsi neutron-server[94799]: DEBUG neutron_lib.callbacks.manager [None req-2d514187-5578-4ddd-8182-f2780fc84dc3 admin admin] Notify callbacks ['neutron.plugins.ml2.plugin.Ml2Plugin._handle_segment_change-1515726', 'neutron.services.segments.plugin.NovaSegmentNotifier._notify_segment_deleted-9314649'] for segment, after_delete {{(pid=94799) _notify_loop /usr/local/lib/python3.8/dist-packages/neutron_lib/callbacks/manager.py:192}}
Sep 15 15:28:53.723365 dv-cinder-809201-1-iscsi neutron-server[94799]: Traceback (most recent call last):
Sep 15 15:28:53.723365 dv-cinder-809201-1-iscsi neutron-server[94799]: File "/usr/local/lib/python3.8/dist-packages/eventlet/hubs/hub.py", line 476, in fire_timers
Sep 15 15:28:53.723365 dv-cinder-809201-1-iscsi neutron-server[94799]: timer()
Sep 15 15:28:53.723365 dv-cinder-809201-1-iscsi neutron-server[94799]: File "/usr/local/lib/python3.8/dist-packages/eventlet/hubs/timer.py", line 59, in __call__
Sep 15 15:28:53.723365 dv-cinder-809201-1-iscsi neutron-server[94799]: cb(*args, **kw)
Sep 15 15:28:53.723365 dv-cinder-809201-1-iscsi neutron-server[94799]: File "/opt/stack/neutron/neutron/common/utils.py", line 906, in wrapper
Sep 15 15:28:53.723365 dv-cinder-809201-1-iscsi neutron-server[94799]: return func(*args, **kwargs)
Sep 15 15:28:53.723365 dv-cinder-809201-1-iscsi neutron-server[94799]: File "/opt/stack/neutron/neutron/notifiers/batch_notifier.py", line 58, in synced_send
Sep 15 15:28:53.723365 dv-cinder-809201-1-iscsi neutron-server[94799]: self._notify()
Sep 15 15:28:53.723365 dv-cinder-809201-1-iscsi neutron-server[94799]: File "/opt/stack/neutron/neutron/notifiers/batch_notifier.py", line 69, in _notify
Sep 15 15:28:53.723365 dv-cinder-809201-1-iscsi neutron-server[94799]: self.callback(batched_events)
Sep 15 15:28:53.723365 dv-cinder-809201-1-iscsi neutron-server[94799]: File "/opt/stack/neutron/neutron/services/segments/plugin.py", line 211, in _send_notifications
Sep 15 15:28:53.723365 dv-cinder-809201-1-iscsi neutron-server[94799]: event.method(event)
Sep 15 15:28:53.723365 dv-cinder-809201-1-iscsi neutron-server[94799]: File "/opt/stack/neutron/neutron/services/segments/plugin.py", line 383, in _delete_nova_inventory
Sep 15 15:28:53.723365 dv-cinder-809201-1-iscsi neutron-server[94799]: aggregate_id = self._get_aggregate_id(event.segment_id)
Sep 15 15:28:53.723365 dv-cinder-809201-1-iscsi neutron-server[94799]: File "/opt/stack/neutron/neutron/services/segments/plugin.py", line 370, in _get_aggregate_id
Sep 15 15:28:53.723365 dv-cinder-809201-1-iscsi neutron-server[94799]: aggregate_uuid = self.p_client.list_aggregates(
Sep 15 15:28:53.723365 dv-cinder-809201-1-iscsi neutron-server[94799]: File "/usr/local/lib/python3.8/dist-packages/neutron_lib/placement/client.py", line 58, in wrapper
Sep 15 15:28:53.723365 dv-cinder-809201-1-iscsi neutron-server[94799]: return f(self, *a, **k)
Sep 15 15:28:53.723365 dv-cinder-809201-1-iscsi neutron-server[94799]: File "/usr/local/lib/python3.8/dist-packages/neutron_lib/placement/client.py", line 554, in list_aggregates
Sep 15 15:28:53.723365 dv-cinder-809201-1-iscsi neutron-server[94799]: return self._get(url).json()
Sep 15 15:28:53.723365 dv-cinder-809201-1-iscsi neutron-server[94799]: File "/usr/local/lib/python3.8/dist-packages/neutron_lib/placement/client.py", line 190, in _get
Sep 15 15:28:53.723365 dv-cinder-809201-1-iscsi neutron-server[94799]: return self._client.get(url, endpoint_filter=self._ks_filter,
Sep 15 15:28:53.723365 dv-cinder-809201-1-iscsi neutron-server[94799]: File "/usr/local/lib/python3.8/dist-packages/keystoneauth1/session.py", line 1141, in get
Sep 15 15:28:53.723365 dv-cinder-809201-1-iscsi neutron-server[94799]: return self.request(url, 'GET', **kwargs)
Sep 15 15:28:53.723365 dv-cinder-809201-1-iscsi neutron-server[94799]: File "/usr/local/lib/python3.8/dist-packages/keystoneauth1/session.py", line 811, in request
Sep 15 15:28:53.723365 dv-cinder-809201-1-iscsi neutron-server[94799]: base_url = self.get_endpoint(auth, allow=allow,
Sep 15 15:28:53.723365 dv-cinder-809201-1-iscsi neutron-server[94799]: File "/usr/local/lib/python3.8/dist-packages/keystoneauth1/session.py", line 1241, in get_endpoint
Sep 15 15:28:53.723365 dv-cinder-809201-1-iscsi neutron-server[94799]: auth = self._auth_required(auth, 'determine endpoint URL')
Sep 15 15:28:53.723365 dv-cinder-809201-1-iscsi neutron-server[94799]: File "/usr/local/lib/python3.8/dist-packages/keystoneauth1/session.py", line 1181, in _auth_required
Sep 15 15:28:53.723365 dv-cinder-809201-1-iscsi neutron-server[94799]: raise exceptions.MissingAuthPlugin(msg_fmt % msg)
Sep 15 15:28:53.723365 dv-cinder-809201-1-iscsi neutron-server[94799]: keystoneauth1.exceptions.auth_plugins.MissingAuthPlugin: An auth plugin is required to determine endpoint URL
Sep 15 15:28:53.775332 dv-cinder-809201-1-iscsi neutron-server[94799]: DEBUG novaclient.v2.client [-] RESP: [200] Connection: close Content-Length: 179 Content-Type: application/json Date: Wed, 15 Sep 2021 15:28:53 GMT OpenStack-API-Version: compute 2.1 Server: Apache/2.4.41 (Ubuntu) Vary: OpenStack-API-Version,X-OpenStack-Nova-API-Version X-OpenStack-Nova-API-Version: 2.1 x-compute-request-id: req-e9fb3137-91f5-4d8d-ae38-79fbf6317757 x-openstack-request-id: req-e9fb3137-91f5-4d8d-ae38-79fbf6317757 {{(pid=94799) _http_log_response /usr/local/lib/python3.8/dist-packages/keystoneauth1/session.py:550}}
