Sep 15 15:04:52.817237 dv-cinder-809195-1-smb devstack@n-api.service[94206]: DEBUG oslo_concurrency.lockutils [None req-ddc6dacb-3aef-49d4-8099-43b831a60afc None None] Lock "61ae118b-b946-4dce-8267-be23de0849a8" released by "nova.context.set_target_cell..get_or_set_cached_cell_and_set_connections" :: held 0.002s {{(pid=94206) inner /usr/local/lib/python3.8/dist-packages/oslo_concurrency/lockutils.py:367}}
Sep 15 15:04:52.845056 dv-cinder-809195-1-smb devstack@n-api.service[94206]: DEBUG oslo_db.sqlalchemy.engines [None req-ddc6dacb-3aef-49d4-8099-43b831a60afc None None] MySQL server mode set to STRICT_TRANS_TABLES,STRICT_ALL_TABLES,NO_ZERO_IN_DATE,NO_ZERO_DATE,ERROR_FOR_DIVISION_BY_ZERO,TRADITIONAL,NO_ENGINE_SUBSTITUTION {{(pid=94206) _check_effective_sql_mode /usr/local/lib/python3.8/dist-packages/oslo_db/sqlalchemy/engines.py:304}}
Sep 15 15:04:52.846175 dv-cinder-809195-1-smb devstack@n-api.service[94206]: DEBUG oslo_db.sqlalchemy.engines [None req-ddc6dacb-3aef-49d4-8099-43b831a60afc None None] MySQL server mode set to STRICT_TRANS_TABLES,STRICT_ALL_TABLES,NO_ZERO_IN_DATE,NO_ZERO_DATE,ERROR_FOR_DIVISION_BY_ZERO,TRADITIONAL,NO_ENGINE_SUBSTITUTION {{(pid=94206) _check_effective_sql_mode /usr/local/lib/python3.8/dist-packages/oslo_db/sqlalchemy/engines.py:304}}
Sep 15 15:04:52.879187 dv-cinder-809195-1-smb devstack@n-api.service[94206]: DEBUG oslo_db.sqlalchemy.engines [None req-ddc6dacb-3aef-49d4-8099-43b831a60afc None None] MySQL server mode set to STRICT_TRANS_TABLES,STRICT_ALL_TABLES,NO_ZERO_IN_DATE,NO_ZERO_DATE,ERROR_FOR_DIVISION_BY_ZERO,TRADITIONAL,NO_ENGINE_SUBSTITUTION {{(pid=94206) _check_effective_sql_mode /usr/local/lib/python3.8/dist-packages/oslo_db/sqlalchemy/engines.py:304}}
Sep 15 15:04:53.001808 dv-cinder-809195-1-smb devstack@n-api.service[94205]: INFO keyring.backend [None req-dd3ff5ef-d4bb-4c17-9a69-0825faa50732 None None] Loading KWallet
Sep 15 15:04:53.011358 dv-cinder-809195-1-smb devstack@n-api.service[94205]: INFO keyring.backend [None req-dd3ff5ef-d4bb-4c17-9a69-0825faa50732 None None] Loading SecretService
Sep 15 15:04:53.014883 dv-cinder-809195-1-smb devstack@n-api.service[94205]: /usr/lib/python3/dist-packages/secretstorage/dhcrypto.py:15: CryptographyDeprecationWarning: int_from_bytes is deprecated, use int.from_bytes instead
Sep 15 15:04:53.014883 dv-cinder-809195-1-smb devstack@n-api.service[94205]: from cryptography.utils import int_from_bytes
Sep 15 15:04:53.015265 dv-cinder-809195-1-smb devstack@n-api.service[94205]: /usr/lib/python3/dist-packages/secretstorage/util.py:19: CryptographyDeprecationWarning: int_from_bytes is deprecated, use int.from_bytes instead
Sep 15 15:04:53.015265 dv-cinder-809195-1-smb devstack@n-api.service[94205]: from cryptography.utils import int_from_bytes
Sep 15 15:04:53.016158 dv-cinder-809195-1-smb devstack@n-api.service[94205]: INFO keyring.backend [None req-dd3ff5ef-d4bb-4c17-9a69-0825faa50732 None None] Loading Windows
Sep 15 15:04:53.018125 dv-cinder-809195-1-smb devstack@n-api.service[94205]: INFO keyring.backend [None req-dd3ff5ef-d4bb-4c17-9a69-0825faa50732 None None] Loading chainer
Sep 15 15:04:53.018918 dv-cinder-809195-1-smb devstack@n-api.service[94205]: INFO keyring.backend [None req-dd3ff5ef-d4bb-4c17-9a69-0825faa50732 None None] Loading macOS
Sep 15 15:04:53.123023 dv-cinder-809195-1-smb devstack@n-api.service[94206]: INFO keyring.backend [None req-ddc6dacb-3aef-49d4-8099-43b831a60afc None None] Loading KWallet
Sep 15 15:04:53.133578 dv-cinder-809195-1-smb devstack@n-api.service[94206]: INFO keyring.backend [None req-ddc6dacb-3aef-49d4-8099-43b831a60afc None None] Loading SecretService
Sep 15 15:04:53.137068 dv-cinder-809195-1-smb devstack@n-api.service[94206]: /usr/lib/python3/dist-packages/secretstorage/dhcrypto.py:15: CryptographyDeprecationWarning: int_from_bytes is deprecated, use int.from_bytes instead
Sep 15 15:04:53.137068 dv-cinder-809195-1-smb devstack@n-api.service[94206]: from cryptography.utils import int_from_bytes
Sep 15 15:04:53.137402 dv-cinder-809195-1-smb devstack@n-api.service[94206]: /usr/lib/python3/dist-packages/secretstorage/util.py:19: CryptographyDeprecationWarning: int_from_bytes is deprecated, use int.from_bytes instead
Sep 15 15:04:53.137402 dv-cinder-809195-1-smb devstack@n-api.service[94206]: from cryptography.utils import int_from_bytes
Sep 15 15:04:53.138137 dv-cinder-809195-1-smb devstack@n-api.service[94206]: INFO keyring.backend [None req-ddc6dacb-3aef-49d4-8099-43b831a60afc None None] Loading Windows
Sep 15 15:04:53.140208 dv-cinder-809195-1-smb devstack@n-api.service[94206]: INFO keyring.backend [None req-ddc6dacb-3aef-49d4-8099-43b831a60afc None None] Loading chainer
Sep 15 15:04:53.141193 dv-cinder-809195-1-smb devstack@n-api.service[94206]: INFO keyring.backend [None req-ddc6dacb-3aef-49d4-8099-43b831a60afc None None] Loading macOS
Sep 15 15:04:53.274656 dv-cinder-809195-1-smb devstack@n-api.service[94205]: WARNING keystonemiddleware.auth_token [None req-dd3ff5ef-d4bb-4c17-9a69-0825faa50732 None None] AuthToken middleware is set with keystone_authtoken.service_token_roles_required set to False. This is backwards compatible but deprecated behaviour. Please set this to True.
Sep 15 15:04:53.281246 dv-cinder-809195-1-smb devstack@n-api.service[94205]: WARNING keystonemiddleware.auth_token [None req-dd3ff5ef-d4bb-4c17-9a69-0825faa50732 None None] Configuring www_authenticate_uri to point to the public identity endpoint is required; clients may not be able to authenticate against an admin endpoint
Sep 15 15:04:53.398371 dv-cinder-809195-1-smb devstack@n-api.service[94206]: WARNING keystonemiddleware.auth_token [None req-ddc6dacb-3aef-49d4-8099-43b831a60afc None None] AuthToken middleware is set with keystone_authtoken.service_token_roles_required set to False. This is backwards compatible but deprecated behaviour. Please set this to True.
Sep 15 15:04:53.405097 dv-cinder-809195-1-smb devstack@n-api.service[94206]: WARNING keystonemiddleware.auth_token [None req-ddc6dacb-3aef-49d4-8099-43b831a60afc None None] Configuring www_authenticate_uri to point to the public identity endpoint is required; clients may not be able to authenticate against an admin endpoint
Sep 15 15:04:53.494802 dv-cinder-809195-1-smb devstack@n-api.service[94205]: WARNING keystonemiddleware.auth_token [None req-dd3ff5ef-d4bb-4c17-9a69-0825faa50732 None None] AuthToken middleware is set with keystone_authtoken.service_token_roles_required set to False. This is backwards compatible but deprecated behaviour. Please set this to True.
Sep 15 15:04:53.500302 dv-cinder-809195-1-smb devstack@n-api.service[94205]: WARNING keystonemiddleware.auth_token [None req-dd3ff5ef-d4bb-4c17-9a69-0825faa50732 None None] Configuring www_authenticate_uri to point to the public identity endpoint is required; clients may not be able to authenticate against an admin endpoint
Sep 15 15:04:53.505619 dv-cinder-809195-1-smb devstack@n-api.service[94205]: WSGI app 0 (mountpoint='') ready in 5 seconds on interpreter 0x557a5328b9c0 pid: 94205 (default app)
Sep 15 15:04:53.624899 dv-cinder-809195-1-smb devstack@n-api.service[94206]: WARNING keystonemiddleware.auth_token [None req-ddc6dacb-3aef-49d4-8099-43b831a60afc None None] AuthToken middleware is set with keystone_authtoken.service_token_roles_required set to False. This is backwards compatible but deprecated behaviour. Please set this to True.
Sep 15 15:04:53.630077 dv-cinder-809195-1-smb devstack@n-api.service[94206]: WARNING keystonemiddleware.auth_token [None req-ddc6dacb-3aef-49d4-8099-43b831a60afc None None] Configuring www_authenticate_uri to point to the public identity endpoint is required; clients may not be able to authenticate against an admin endpoint
Sep 15 15:04:53.635417 dv-cinder-809195-1-smb devstack@n-api.service[94206]: WSGI app 0 (mountpoint='') ready in 5 seconds on interpreter 0x557a5328b9c0 pid: 94206 (default app)
Sep 15 15:05:38.405283 dv-cinder-809195-1-smb devstack@n-api.service[94205]: DEBUG nova.api.openstack.wsgi [None req-c93c15f4-33d5-4c5e-9b09-87d4b2c328f4 tempest-VolumesGetTestJSON-330650273 tempest-VolumesGetTestJSON-330650273-project] Action: 'create', calling method: .version_select at 0x7f98f003bdc0>, body: {"volume": {"size": 1, "display_name": "tempest-VolumesGetTestJSON-Volume-1861107281", "metadata": {"Type": "work"}}} {{(pid=94205) _process_stack /opt/stack/nova/nova/api/openstack/wsgi.py:511}}
Sep 15 15:05:38.554612 dv-cinder-809195-1-smb devstack@n-api.service[94206]: DEBUG nova.api.openstack.wsgi [None req-3ad1055d-6e0e-4727-9ded-87421a523984 tempest-VolumesSnapshotsTestJSON-329515995 tempest-VolumesSnapshotsTestJSON-329515995-project] Action: 'create', calling method: .version_select at 0x7f98f0037dc0>, body: {"volume": {"size": 1, "display_name": "tempest-VolumesSnapshotsTestJSON-volume-354140841"}} {{(pid=94206) _process_stack /opt/stack/nova/nova/api/openstack/wsgi.py:511}}
Sep 15 15:05:40.500783 dv-cinder-809195-1-smb devstack@n-api.service[94205]: INFO nova.api.openstack.requestlog [None req-c93c15f4-33d5-4c5e-9b09-87d4b2c328f4 tempest-VolumesGetTestJSON-330650273 tempest-VolumesGetTestJSON-330650273-project] 10.222.0.39 "POST /compute/v2.1/os-volumes" status: 200 len: 353 microversion: 2.1 time: 3.814865
Sep 15 15:05:40.502135 dv-cinder-809195-1-smb devstack@n-api.service[94205]: [pid: 94205|app: 0|req: 1/1] 10.222.0.39 () {60 vars in 1156 bytes} [Wed Sep 15 15:05:36 2021] POST /compute/v2.1/os-volumes => generated 353 bytes in 3818 msecs (HTTP/1.1 200) 10 headers in 448 bytes (1 switches on core 0)
Sep 15 15:05:40.588826 dv-cinder-809195-1-smb devstack@n-api.service[94205]: DEBUG nova.api.openstack.wsgi [None req-7ba605e4-5eef-402f-90d1-e4112eae5b05 tempest-DeleteServersTestJSON-178232149 tempest-DeleteServersTestJSON-178232149-project] Action: 'create', calling method: >, body: {"server": {"name": "tempest-DeleteServersTestJSON-server-1017579713", "imageRef": "200b25d3-71b1-4ca4-a2ad-cba7b85a81db", "flavorRef": "452", "networks": [{"uuid": "d3ff9dad-d884-48e8-84fc-1a5a6f1a7924"}]}} {{(pid=94205) _process_stack /opt/stack/nova/nova/api/openstack/wsgi.py:511}}
Sep 15 15:05:40.724265 dv-cinder-809195-1-smb devstack@n-api.service[94205]: DEBUG nova.network.neutron [None req-7ba605e4-5eef-402f-90d1-e4112eae5b05 tempest-DeleteServersTestJSON-178232149 tempest-DeleteServersTestJSON-178232149-project] validate_networks() for [('d3ff9dad-d884-48e8-84fc-1a5a6f1a7924', None, None, None)] {{(pid=94205) validate_networks /opt/stack/nova/nova/network/neutron.py:2367}}
Sep 15 15:05:41.067868 dv-cinder-809195-1-smb devstack@n-api.service[94206]: INFO nova.api.openstack.requestlog [None req-3ad1055d-6e0e-4727-9ded-87421a523984 tempest-VolumesSnapshotsTestJSON-329515995 tempest-VolumesSnapshotsTestJSON-329515995-project] 10.222.0.39 "POST /compute/v2.1/os-volumes" status: 200 len: 344 microversion: 2.1 time: 4.081032
Sep 15 15:05:41.068504 dv-cinder-809195-1-smb devstack@n-api.service[94206]: [pid: 94206|app: 0|req: 1/2] 10.222.0.39 () {60 vars in 1155 bytes} [Wed Sep 15 15:05:36 2021] POST /compute/v2.1/os-volumes => generated 344 bytes in 4083 msecs (HTTP/1.1 200) 10 headers in 448 bytes (2 switches on core 0)
Sep 15 15:05:41.083186 dv-cinder-809195-1-smb devstack@n-api.service[94206]: DEBUG nova.api.openstack.wsgi [None req-35675c67-3c61-45c0-9d5f-34a465c9cf0d tempest-VolumesGetTestJSON-330650273 tempest-VolumesGetTestJSON-330650273-project] Calling method '.version_select at 0x7f98efe990d0>' {{(pid=94206) _process_stack /opt/stack/nova/nova/api/openstack/wsgi.py:513}}
Sep 15 15:05:41.356253 dv-cinder-809195-1-smb devstack@n-api.service[94206]: INFO nova.api.openstack.requestlog [None req-35675c67-3c61-45c0-9d5f-34a465c9cf0d tempest-VolumesGetTestJSON-330650273 tempest-VolumesGetTestJSON-330650273-project] 10.222.0.39 "GET /compute/v2.1/os-volumes/9f5c33a1-3d53-4bbd-9dbe-eafce602cc5b" status: 200 len: 353 microversion: 2.1 time: 0.286199
Sep 15 15:05:41.362526 dv-cinder-809195-1-smb devstack@n-api.service[94206]: [pid: 94206|app: 0|req: 2/3] 10.222.0.39 () {58 vars in 1245 bytes} [Wed Sep 15 15:05:41 2021] GET /compute/v2.1/os-volumes/9f5c33a1-3d53-4bbd-9dbe-eafce602cc5b => generated 353 bytes in 293 msecs (HTTP/1.1 200) 9 headers in 357 bytes (1 switches on core 0)
Sep 15 15:05:41.369820 dv-cinder-809195-1-smb devstack@n-api.service[94206]: DEBUG nova.api.openstack.wsgi [None req-3ad83dad-d8e1-42d0-8a41-eadb4c7b63e2 tempest-VolumesSnapshotsTestJSON-329515995 tempest-VolumesSnapshotsTestJSON-329515995-project] Calling method '.version_select at 0x7f98efe999d0>' {{(pid=94206) _process_stack /opt/stack/nova/nova/api/openstack/wsgi.py:513}}
Sep 15 15:05:41.486730 dv-cinder-809195-1-smb devstack@n-api.service[94206]: INFO nova.api.openstack.requestlog [None req-3ad83dad-d8e1-42d0-8a41-eadb4c7b63e2 tempest-VolumesSnapshotsTestJSON-329515995 tempest-VolumesSnapshotsTestJSON-329515995-project] 10.222.0.39 "GET /compute/v2.1/os-volumes/a4d05385-0fdd-4944-a49a-cc7fad265f31" status: 200 len: 344 microversion: 2.1 time: 0.122868
Sep 15 15:05:41.492086 dv-cinder-809195-1-smb devstack@n-api.service[94206]: [pid: 94206|app: 0|req: 3/4] 10.222.0.39 () {58 vars in 1245 bytes} [Wed Sep 15 15:05:41 2021] GET /compute/v2.1/os-volumes/a4d05385-0fdd-4944-a49a-cc7fad265f31 => generated 344 bytes in 124 msecs (HTTP/1.1 200) 9 headers in 357 bytes (1 switches on core 0)
Sep 15 15:05:42.372821 dv-cinder-809195-1-smb devstack@n-api.service[94206]: DEBUG nova.api.openstack.wsgi [None req-fd6aeeaf-f6e6-429f-8d88-d2dbb8080ac1 tempest-VolumesGetTestJSON-330650273 tempest-VolumesGetTestJSON-330650273-project] Calling method '.version_select at 0x7f98efe99dc0>' {{(pid=94206) _process_stack /opt/stack/nova/nova/api/openstack/wsgi.py:513}}
Sep 15 15:05:42.515119 dv-cinder-809195-1-smb devstack@n-api.service[94206]: INFO nova.api.openstack.requestlog [None req-fd6aeeaf-f6e6-429f-8d88-d2dbb8080ac1 tempest-VolumesGetTestJSON-330650273 tempest-VolumesGetTestJSON-330650273-project] 10.222.0.39 "GET /compute/v2.1/os-volumes/9f5c33a1-3d53-4bbd-9dbe-eafce602cc5b" status: 200 len: 354 microversion: 2.1 time: 0.145502
Sep 15 15:05:42.515741 dv-cinder-809195-1-smb devstack@n-api.service[94206]: [pid: 94206|app: 0|req: 4/5] 10.222.0.39 () {58 vars in 1245 bytes} [Wed Sep 15 15:05:42 2021] GET /compute/v2.1/os-volumes/9f5c33a1-3d53-4bbd-9dbe-eafce602cc5b => generated 354 bytes in 147 msecs (HTTP/1.1 200) 9 headers in 357 bytes (1 switches on core 0)
Sep 15 15:05:42.520379 dv-cinder-809195-1-smb devstack@n-api.service[94206]: DEBUG nova.api.openstack.wsgi [None req-c0294d9d-d465-425b-a40a-bb83bb26ba0e tempest-VolumesSnapshotsTestJSON-329515995 tempest-VolumesSnapshotsTestJSON-329515995-project] Calling method '.version_select at 0x7f98efe99430>' {{(pid=94206) _process_stack /opt/stack/nova/nova/api/openstack/wsgi.py:513}}
Sep 15 15:05:42.629706 dv-cinder-809195-1-smb devstack@n-api.service[94206]: INFO nova.api.openstack.requestlog [None req-c0294d9d-d465-425b-a40a-bb83bb26ba0e tempest-VolumesSnapshotsTestJSON-329515995 tempest-VolumesSnapshotsTestJSON-329515995-project] 10.222.0.39 "GET /compute/v2.1/os-volumes/a4d05385-0fdd-4944-a49a-cc7fad265f31" status: 200 len: 345 microversion: 2.1 time: 0.112708
Sep 15 15:05:42.637953 dv-cinder-809195-1-smb devstack@n-api.service[94206]: [pid: 94206|app: 0|req: 5/6] 10.222.0.39 () {58 vars in 1245 bytes} [Wed Sep 15 15:05:42 2021] GET /compute/v2.1/os-volumes/a4d05385-0fdd-4944-a49a-cc7fad265f31 => generated 345 bytes in 121 msecs (HTTP/1.1 200) 9 headers in 357 bytes (1 switches on core 0)
Sep 15 15:05:42.642864 dv-cinder-809195-1-smb devstack@n-api.service[94206]: DEBUG nova.api.openstack.wsgi [None req-69c22a1b-8cad-40db-b636-f912cda851ca tempest-VolumesGetTestJSON-330650273 tempest-VolumesGetTestJSON-330650273-project] Calling method '.version_select at 0x7f98efeaa3a0>' {{(pid=94206) _process_stack /opt/stack/nova/nova/api/openstack/wsgi.py:513}}
Sep 15 15:05:42.843875 dv-cinder-809195-1-smb devstack@n-api.service[94206]: INFO nova.api.openstack.requestlog [None req-69c22a1b-8cad-40db-b636-f912cda851ca tempest-VolumesGetTestJSON-330650273 tempest-VolumesGetTestJSON-330650273-project] 10.222.0.39 "GET /compute/v2.1/os-volumes/9f5c33a1-3d53-4bbd-9dbe-eafce602cc5b" status: 200 len: 354 microversion: 2.1 time: 0.204501
Sep 15 15:05:42.844771 dv-cinder-809195-1-smb devstack@n-api.service[94206]: [pid: 94206|app: 0|req: 6/7] 10.222.0.39 () {58 vars in 1245 bytes} [Wed Sep 15 15:05:42 2021] GET /compute/v2.1/os-volumes/9f5c33a1-3d53-4bbd-9dbe-eafce602cc5b => generated 354 bytes in 206 msecs (HTTP/1.1 200) 9 headers in 357 bytes (1 switches on core 0)
Sep 15 15:05:42.861994 dv-cinder-809195-1-smb devstack@n-api.service[94206]: DEBUG nova.api.openstack.wsgi [None req-97dcf0b8-da96-42a2-9c50-a87d83ffeb4c tempest-VolumesSnapshotsTestJSON-329515995 tempest-VolumesSnapshotsTestJSON-329515995-project] Action: 'create', calling method: .version_select at 0x7f98eff36af0>, body: {"snapshot": {"volume_id": "a4d05385-0fdd-4944-a49a-cc7fad265f31", "display_name": "tempest-VolumesSnapshotsTestJSON-Snapshot-1169602963"}} {{(pid=94206) _process_stack /opt/stack/nova/nova/api/openstack/wsgi.py:511}}
Sep 15 15:05:43.568410 dv-cinder-809195-1-smb devstack@n-api.service[94205]: DEBUG nova.virt.hardware [None req-7ba605e4-5eef-402f-90d1-e4112eae5b05 tempest-DeleteServersTestJSON-178232149 tempest-DeleteServersTestJSON-178232149-project] Flavor limits 0:0:0 {{(pid=94205) get_cpu_topology_constraints /opt/stack/nova/nova/virt/hardware.py:343}}
Sep 15 15:05:43.569038 dv-cinder-809195-1-smb devstack@n-api.service[94205]: DEBUG nova.virt.hardware [None req-7ba605e4-5eef-402f-90d1-e4112eae5b05 tempest-DeleteServersTestJSON-178232149 tempest-DeleteServersTestJSON-178232149-project] Image limits 0:0:0 {{(pid=94205) get_cpu_topology_constraints /opt/stack/nova/nova/virt/hardware.py:347}}
Sep 15 15:05:43.569313 dv-cinder-809195-1-smb devstack@n-api.service[94205]: DEBUG nova.virt.hardware [None req-7ba605e4-5eef-402f-90d1-e4112eae5b05 tempest-DeleteServersTestJSON-178232149 tempest-DeleteServersTestJSON-178232149-project] Flavor pref 0:0:0 {{(pid=94205) get_cpu_topology_constraints /opt/stack/nova/nova/virt/hardware.py:383}}
Sep 15 15:05:43.569727 dv-cinder-809195-1-smb devstack@n-api.service[94205]: DEBUG nova.virt.hardware [None req-7ba605e4-5eef-402f-90d1-e4112eae5b05 tempest-DeleteServersTestJSON-178232149 tempest-DeleteServersTestJSON-178232149-project] Image pref 0:0:0 {{(pid=94205) get_cpu_topology_constraints /opt/stack/nova/nova/virt/hardware.py:387}}
Sep 15 15:05:43.570139 dv-cinder-809195-1-smb devstack@n-api.service[94205]: DEBUG nova.virt.hardware [None req-7ba605e4-5eef-402f-90d1-e4112eae5b05 tempest-DeleteServersTestJSON-178232149 tempest-DeleteServersTestJSON-178232149-project] Chose sockets=0, cores=0, threads=0; limits were sockets=65536, cores=65536, threads=65536 {{(pid=94205) get_cpu_topology_constraints /opt/stack/nova/nova/virt/hardware.py:425}}
Sep 15 15:05:43.596349 dv-cinder-809195-1-smb devstack@n-api.service[94205]: DEBUG oslo_concurrency.lockutils [None req-7ba605e4-5eef-402f-90d1-e4112eae5b05 tempest-DeleteServersTestJSON-178232149 tempest-DeleteServersTestJSON-178232149-project] Lock "00000000-0000-0000-0000-000000000000" acquired by "nova.context.set_target_cell..get_or_set_cached_cell_and_set_connections" :: waited 0.000s {{(pid=94205) inner /usr/local/lib/python3.8/dist-packages/oslo_concurrency/lockutils.py:355}}
Sep 15 15:05:43.596847 dv-cinder-809195-1-smb devstack@n-api.service[94205]: DEBUG oslo_concurrency.lockutils [None req-7ba605e4-5eef-402f-90d1-e4112eae5b05 tempest-DeleteServersTestJSON-178232149 tempest-DeleteServersTestJSON-178232149-project] Lock "00000000-0000-0000-0000-000000000000" released by "nova.context.set_target_cell..get_or_set_cached_cell_and_set_connections" :: held 0.001s {{(pid=94205) inner /usr/local/lib/python3.8/dist-packages/oslo_concurrency/lockutils.py:367}}
Sep 15 15:05:43.597656 dv-cinder-809195-1-smb devstack@n-api.service[94205]: DEBUG oslo_concurrency.lockutils [None req-7ba605e4-5eef-402f-90d1-e4112eae5b05 tempest-DeleteServersTestJSON-178232149 tempest-DeleteServersTestJSON-178232149-project] Lock "61ae118b-b946-4dce-8267-be23de0849a8" acquired by "nova.context.set_target_cell..get_or_set_cached_cell_and_set_connections" :: waited 0.000s {{(pid=94205) inner /usr/local/lib/python3.8/dist-packages/oslo_concurrency/lockutils.py:355}}
Sep 15 15:05:43.600316 dv-cinder-809195-1-smb devstack@n-api.service[94205]: DEBUG oslo_concurrency.lockutils [None req-7ba605e4-5eef-402f-90d1-e4112eae5b05 tempest-DeleteServersTestJSON-178232149 tempest-DeleteServersTestJSON-178232149-project] Lock "61ae118b-b946-4dce-8267-be23de0849a8" released by "nova.context.set_target_cell..get_or_set_cached_cell_and_set_connections" :: held 0.000s {{(pid=94205) inner /usr/local/lib/python3.8/dist-packages/oslo_concurrency/lockutils.py:367}}
Sep 15 15:05:43.643827 dv-cinder-809195-1-smb devstack@n-api.service[94206]: INFO nova.api.openstack.requestlog [None req-97dcf0b8-da96-42a2-9c50-a87d83ffeb4c tempest-VolumesSnapshotsTestJSON-329515995 tempest-VolumesSnapshotsTestJSON-329515995-project] 10.222.0.39 "POST /compute/v2.1/os-snapshots" status: 200 len: 287 microversion: 2.1 time: 0.786706
Sep 15 15:05:43.644959 dv-cinder-809195-1-smb devstack@n-api.service[94206]: [pid: 94206|app: 0|req: 7/8] 10.222.0.39 () {60 vars in 1162 bytes} [Wed Sep 15 15:05:42 2021] POST /compute/v2.1/os-snapshots => generated 287 bytes in 800 msecs (HTTP/1.1 200) 9 headers in 357 bytes (1 switches on core 0)
Sep 15 15:05:43.653402 dv-cinder-809195-1-smb devstack@n-api.service[94206]: DEBUG nova.api.openstack.wsgi [None req-b9e7f012-61b3-4623-875f-33db0bafe270 tempest-VolumesGetTestJSON-330650273 tempest-VolumesGetTestJSON-330650273-project] Calling method '.version_select at 0x7f98efe99b80>' {{(pid=94206) _process_stack /opt/stack/nova/nova/api/openstack/wsgi.py:513}}
Sep 15 15:05:43.698323 dv-cinder-809195-1-smb devstack@n-api.service[94205]: DEBUG nova.quota [None req-7ba605e4-5eef-402f-90d1-e4112eae5b05 tempest-DeleteServersTestJSON-178232149 tempest-DeleteServersTestJSON-178232149-project] Getting quotas for project 76dc39e1b9b840edb8450d39335f46df. Resources: {'instances', 'cores', 'ram'} {{(pid=94205) _get_quotas /opt/stack/nova/nova/quota.py:387}}
Sep 15 15:05:43.710366 dv-cinder-809195-1-smb devstack@n-api.service[94205]: DEBUG nova.quota [None req-7ba605e4-5eef-402f-90d1-e4112eae5b05 tempest-DeleteServersTestJSON-178232149 tempest-DeleteServersTestJSON-178232149-project] Getting quotas for user 759e04097a554f37b0956fc4a7f7a40c and project 76dc39e1b9b840edb8450d39335f46df. Resources: {'instances', 'cores', 'ram'} {{(pid=94205) _get_quotas /opt/stack/nova/nova/quota.py:377}}
Sep 15 15:05:43.735783 dv-cinder-809195-1-smb devstack@n-api.service[94205]: DEBUG nova.compute.api [None req-7ba605e4-5eef-402f-90d1-e4112eae5b05 tempest-DeleteServersTestJSON-178232149 tempest-DeleteServersTestJSON-178232149-project] Going to run 1 instances... {{(pid=94205) _provision_instances /opt/stack/nova/nova/compute/api.py:1283}}
Sep 15 15:05:43.747168 dv-cinder-809195-1-smb devstack@n-api.service[94205]: DEBUG nova.compute.api [None req-7ba605e4-5eef-402f-90d1-e4112eae5b05 tempest-DeleteServersTestJSON-178232149 tempest-DeleteServersTestJSON-178232149-project] [instance: 1ce20a01-1101-4ce4-a7e7-0478fd6e0067] block_device_mapping [BlockDeviceMapping(attachment_id=,boot_index=0,connection_info=None,created_at=,delete_on_termination=True,deleted=,deleted_at=,destination_type='local',device_name=None,device_type='disk',disk_bus=None,guest_format=None,id=,image_id='200b25d3-71b1-4ca4-a2ad-cba7b85a81db',instance=,instance_uuid=,no_device=False,snapshot_id=None,source_type='image',tag=None,updated_at=,uuid=,volume_id=None,volume_size=None,volume_type=None)] {{(pid=94205) _bdm_validate_set_size_and_instance /opt/stack/nova/nova/compute/api.py:1684}}
Sep 15 15:05:43.999052 dv-cinder-809195-1-smb devstack@n-api.service[94206]: INFO nova.api.openstack.requestlog [None req-b9e7f012-61b3-4623-875f-33db0bafe270 tempest-VolumesGetTestJSON-330650273 tempest-VolumesGetTestJSON-330650273-project] 10.222.0.39 "DELETE /compute/v2.1/os-volumes/9f5c33a1-3d53-4bbd-9dbe-eafce602cc5b" status: 202 len: 0 microversion: 2.1 time: 0.352611
Sep 15 15:05:44.000202 dv-cinder-809195-1-smb devstack@n-api.service[94206]: [pid: 94206|app: 0|req: 8/9] 10.222.0.39 () {58 vars in 1248 bytes} [Wed Sep 15 15:05:43 2021] DELETE /compute/v2.1/os-volumes/9f5c33a1-3d53-4bbd-9dbe-eafce602cc5b => generated 0 bytes in 354 msecs (HTTP/1.1 202) 9 headers in 361 bytes (1 switches on core 0)
Sep 15 15:05:44.006868 dv-cinder-809195-1-smb devstack@n-api.service[94206]: DEBUG nova.api.openstack.wsgi [None req-e83a9c33-be5e-4220-811a-bc0821ce024c tempest-VolumesSnapshotsTestJSON-329515995 tempest-VolumesSnapshotsTestJSON-329515995-project] Calling method '.version_select at 0x7f98efeaa820>' {{(pid=94206) _process_stack /opt/stack/nova/nova/api/openstack/wsgi.py:513}}
Sep 15 15:05:44.039852 dv-cinder-809195-1-smb devstack@n-api.service[94205]: INFO nova.api.openstack.requestlog [None req-7ba605e4-5eef-402f-90d1-e4112eae5b05 tempest-DeleteServersTestJSON-178232149 tempest-DeleteServersTestJSON-178232149-project] 10.222.0.39 "POST /compute/v2.1/servers" status: 202 len: 380 microversion: 2.1 time: 3.531445
Sep 15 15:05:44.041256 dv-cinder-809195-1-smb devstack@n-api.service[94205]: [pid: 94205|app: 0|req: 2/10] 10.222.0.39 () {60 vars in 1147 bytes} [Wed Sep 15 15:05:40 2021] POST /compute/v2.1/servers => generated 380 bytes in 3534 msecs (HTTP/1.1 202) 10 headers in 451 bytes (1 switches on core 0)
Sep 15 15:05:44.057427 dv-cinder-809195-1-smb devstack@n-api.service[94205]: DEBUG nova.api.openstack.wsgi [None req-9b8df973-edc7-4f0e-be50-c8da12627b06 tempest-VolumesGetTestJSON-330650273 tempest-VolumesGetTestJSON-330650273-project] Calling method '.version_select at 0x7f98efe1b430>' {{(pid=94205) _process_stack /opt/stack/nova/nova/api/openstack/wsgi.py:513}}
Sep 15 15:05:44.222539 dv-cinder-809195-1-smb devstack@n-api.service[94206]: INFO nova.api.openstack.requestlog [None req-e83a9c33-be5e-4220-811a-bc0821ce024c tempest-VolumesSnapshotsTestJSON-329515995 tempest-VolumesSnapshotsTestJSON-329515995-project] 10.222.0.39 "GET /compute/v2.1/os-snapshots/92d14aff-6b81-40e9-bf92-ddc69d4e07d6" status: 200 len: 287 microversion: 2.1 time: 0.220942
Sep 15 15:05:44.228838 dv-cinder-809195-1-smb devstack@n-api.service[94206]: [pid: 94206|app: 0|req: 9/11] 10.222.0.39 () {58 vars in 1251 bytes} [Wed Sep 15 15:05:44 2021] GET /compute/v2.1/os-snapshots/92d14aff-6b81-40e9-bf92-ddc69d4e07d6 => generated 287 bytes in 227 msecs (HTTP/1.1 200) 9 headers in 357 bytes (1 switches on core 0)
Sep 15 15:05:44.233450 dv-cinder-809195-1-smb devstack@n-api.service[94206]: DEBUG nova.api.openstack.wsgi [None req-bbda0bb9-44d4-406f-935e-c6c49c95f893 tempest-DeleteServersTestJSON-178232149 tempest-DeleteServersTestJSON-178232149-project] Calling method '>' {{(pid=94206) _process_stack /opt/stack/nova/nova/api/openstack/wsgi.py:513}}
Sep 15 15:05:44.234201 dv-cinder-809195-1-smb devstack@n-api.service[94206]: DEBUG nova.compute.api [None req-bbda0bb9-44d4-406f-935e-c6c49c95f893 tempest-DeleteServersTestJSON-178232149 tempest-DeleteServersTestJSON-178232149-project] [instance: 1ce20a01-1101-4ce4-a7e7-0478fd6e0067] Fetching instance by UUID {{(pid=94206) get /opt/stack/nova/nova/compute/api.py:2813}}
Sep 15 15:05:44.409387 dv-cinder-809195-1-smb devstack@n-api.service[94205]: INFO nova.api.openstack.requestlog [None req-9b8df973-edc7-4f0e-be50-c8da12627b06 tempest-VolumesGetTestJSON-330650273 tempest-VolumesGetTestJSON-330650273-project] 10.222.0.39 "GET /compute/v2.1/os-volumes/9f5c33a1-3d53-4bbd-9dbe-eafce602cc5b" status: 200 len: 353 microversion: 2.1 time: 0.364912
Sep 15 15:05:44.420056 dv-cinder-809195-1-smb devstack@n-api.service[94205]: [pid: 94205|app: 0|req: 3/12] 10.222.0.39 () {58 vars in 1245 bytes} [Wed Sep 15 15:05:44 2021] GET /compute/v2.1/os-volumes/9f5c33a1-3d53-4bbd-9dbe-eafce602cc5b => generated 353 bytes in 373 msecs (HTTP/1.1 200) 9 headers in 357 bytes (1 switches on core 0)
Sep 15 15:05:44.425890 dv-cinder-809195-1-smb devstack@n-api.service[94205]: DEBUG nova.api.openstack.wsgi [None req-7dc4731d-4945-4012-86b8-e3da26ac004d tempest-VolumesSnapshotsTestJSON-329515995 tempest-VolumesSnapshotsTestJSON-329515995-project] Calling method '.version_select at 0x7f98efd8aaf0>' {{(pid=94205) _process_stack /opt/stack/nova/nova/api/openstack/wsgi.py:513}}
Sep 15 15:05:44.523313 dv-cinder-809195-1-smb devstack@n-api.service[94205]: INFO nova.api.openstack.requestlog [None req-7dc4731d-4945-4012-86b8-e3da26ac004d tempest-VolumesSnapshotsTestJSON-329515995 tempest-VolumesSnapshotsTestJSON-329515995-project] 10.222.0.39 "GET /compute/v2.1/os-snapshots" status: 200 len: 290 microversion: 2.1 time: 0.107429
Sep 15 15:05:44.524698 dv-cinder-809195-1-smb devstack@n-api.service[94205]: [pid: 94205|app: 0|req: 4/13] 10.222.0.39 () {58 vars in 1140 bytes} [Wed Sep 15 15:05:44 2021] GET /compute/v2.1/os-snapshots => generated 290 bytes in 109 msecs (HTTP/1.1 200) 9 headers in 357 bytes (1 switches on core 0)
Sep 15 15:05:44.541729 dv-cinder-809195-1-smb devstack@n-api.service[94205]: DEBUG nova.api.openstack.wsgi [None req-7e973b5b-31f3-4a20-8d67-dfdb9fc47c22 tempest-VolumesSnapshotsTestJSON-329515995 tempest-VolumesSnapshotsTestJSON-329515995-project] Calling method '.version_select at 0x7f98efd8ab80>' {{(pid=94205) _process_stack /opt/stack/nova/nova/api/openstack/wsgi.py:513}}
Sep 15 15:05:44.677587 dv-cinder-809195-1-smb devstack@n-api.service[94205]: INFO nova.api.openstack.requestlog [None req-7e973b5b-31f3-4a20-8d67-dfdb9fc47c22 tempest-VolumesSnapshotsTestJSON-329515995 tempest-VolumesSnapshotsTestJSON-329515995-project] 10.222.0.39 "GET /compute/v2.1/os-snapshots/92d14aff-6b81-40e9-bf92-ddc69d4e07d6" status: 200 len: 288 microversion: 2.1 time: 0.141775
Sep 15 15:05:44.678825 dv-cinder-809195-1-smb devstack@n-api.service[94205]: [pid: 94205|app: 0|req: 5/14] 10.222.0.39 () {58 vars in 1251 bytes} [Wed Sep 15 15:05:44 2021] GET /compute/v2.1/os-snapshots/92d14aff-6b81-40e9-bf92-ddc69d4e07d6 => generated 288 bytes in 143 msecs (HTTP/1.1 200) 9 headers in 357 bytes (2 switches on core 0)
Sep 15 15:05:44.699474 dv-cinder-809195-1-smb devstack@n-api.service[94205]: DEBUG nova.api.openstack.wsgi [None req-b44b7d3e-a6bf-47e0-b0a6-b1bc9b4455ae tempest-VolumesSnapshotsTestJSON-329515995 tempest-VolumesSnapshotsTestJSON-329515995-project] Calling method '.version_select at 0x7f98efd8a5e0>' {{(pid=94205) _process_stack /opt/stack/nova/nova/api/openstack/wsgi.py:513}}
Sep 15 15:05:44.736304 dv-cinder-809195-1-smb devstack@n-api.service[94206]: DEBUG nova.policy [None req-bbda0bb9-44d4-406f-935e-c6c49c95f893 tempest-DeleteServersTestJSON-178232149 tempest-DeleteServersTestJSON-178232149-project] Policy check for os_compute_api:os-extended-server-attributes failed with credentials {'is_admin': False, 'user_id': '759e04097a554f37b0956fc4a7f7a40c', 'user_domain_id': 'default', 'system_scope': None, 'domain_id': None, 'project_id': '76dc39e1b9b840edb8450d39335f46df', 'project_domain_id': 'default', 'roles': ['reader', 'member'], 'is_admin_project': True, 'service_user_id': None, 'service_user_domain_id': None, 'service_project_id': None, 'service_project_domain_id': None, 'service_roles': []} {{(pid=94206) authorize /opt/stack/nova/nova/policy.py:199}}
Sep 15 15:05:44.761365 dv-cinder-809195-1-smb devstack@n-api.service[94206]: INFO nova.api.openstack.requestlog [None req-bbda0bb9-44d4-406f-935e-c6c49c95f893 tempest-DeleteServersTestJSON-178232149 tempest-DeleteServersTestJSON-178232149-project] 10.222.0.39 "GET /compute/v2.1/servers/1ce20a01-1101-4ce4-a7e7-0478fd6e0067" status: 200 len: 1215 microversion: 2.1 time: 0.531418
Sep 15 15:05:44.763332 dv-cinder-809195-1-smb devstack@n-api.service[94206]: [pid: 94206|app: 0|req: 10/15] 10.222.0.39 () {58 vars in 1236 bytes} [Wed Sep 15 15:05:44 2021] GET /compute/v2.1/servers/1ce20a01-1101-4ce4-a7e7-0478fd6e0067 => generated 1215 bytes in 534 msecs (HTTP/1.1 200) 9 headers in 358 bytes (1 switches on core 0)
Sep 15 15:05:45.075712 dv-cinder-809195-1-smb devstack@n-api.service[94205]: INFO nova.api.openstack.requestlog [None req-b44b7d3e-a6bf-47e0-b0a6-b1bc9b4455ae tempest-VolumesSnapshotsTestJSON-329515995 tempest-VolumesSnapshotsTestJSON-329515995-project] 10.222.0.39 "DELETE /compute/v2.1/os-snapshots/92d14aff-6b81-40e9-bf92-ddc69d4e07d6" status: 202 len: 0 microversion: 2.1 time: 0.383560
Sep 15 15:05:45.077231 dv-cinder-809195-1-smb devstack@n-api.service[94205]: [pid: 94205|app: 0|req: 6/16] 10.222.0.39 () {58 vars in 1254 bytes} [Wed Sep 15 15:05:44 2021] DELETE /compute/v2.1/os-snapshots/92d14aff-6b81-40e9-bf92-ddc69d4e07d6 => generated 0 bytes in 388 msecs (HTTP/1.1 202) 9 headers in 361 bytes (1 switches on core 0)
Sep 15 15:05:45.088244 dv-cinder-809195-1-smb devstack@n-api.service[94206]: DEBUG nova.api.openstack.wsgi [None req-7ba2ddee-02a2-4584-85a5-8afa057168c6 tempest-VolumesSnapshotsTestJSON-329515995 tempest-VolumesSnapshotsTestJSON-329515995-project] Calling method '.version_select at 0x7f98efeaaaf0>' {{(pid=94206) _process_stack /opt/stack/nova/nova/api/openstack/wsgi.py:513}}
Sep 15 15:05:45.165189 dv-cinder-809195-1-smb devstack@n-api.service[94206]: INFO nova.api.openstack.requestlog [None req-7ba2ddee-02a2-4584-85a5-8afa057168c6 tempest-VolumesSnapshotsTestJSON-329515995 tempest-VolumesSnapshotsTestJSON-329515995-project] 10.222.0.39 "GET /compute/v2.1/os-snapshots/92d14aff-6b81-40e9-bf92-ddc69d4e07d6" status: 200 len: 287 microversion: 2.1 time: 0.082400
Sep 15 15:05:45.171726 dv-cinder-809195-1-smb devstack@n-api.service[94206]: [pid: 94206|app: 0|req: 11/17] 10.222.0.39 () {58 vars in 1251 bytes} [Wed Sep 15 15:05:45 2021] GET /compute/v2.1/os-snapshots/92d14aff-6b81-40e9-bf92-ddc69d4e07d6 => generated 287 bytes in 84 msecs (HTTP/1.1 200) 9 headers in 357 bytes (1 switches on core 0)
Sep 15 15:05:45.427375 dv-cinder-809195-1-smb devstack@n-api.service[94205]: DEBUG nova.api.openstack.wsgi [None req-7cfca95c-2eb1-4ae2-a103-6b919389a41c tempest-VolumesGetTestJSON-330650273 tempest-VolumesGetTestJSON-330650273-project] Calling method '.version_select at 0x7f98efe985e0>' {{(pid=94205) _process_stack /opt/stack/nova/nova/api/openstack/wsgi.py:513}}
Sep 15 15:05:45.551689 dv-cinder-809195-1-smb devstack@n-api.service[94205]: INFO nova.api.openstack.wsgi [None req-7cfca95c-2eb1-4ae2-a103-6b919389a41c tempest-VolumesGetTestJSON-330650273 tempest-VolumesGetTestJSON-330650273-project] HTTP exception thrown: Volume 9f5c33a1-3d53-4bbd-9dbe-eafce602cc5b could not be found.
Sep 15 15:05:45.552325 dv-cinder-809195-1-smb devstack@n-api.service[94205]: DEBUG nova.api.openstack.wsgi [None req-7cfca95c-2eb1-4ae2-a103-6b919389a41c tempest-VolumesGetTestJSON-330650273 tempest-VolumesGetTestJSON-330650273-project] Returning 404 to user: Volume 9f5c33a1-3d53-4bbd-9dbe-eafce602cc5b could not be found. {{(pid=94205) __call__ /opt/stack/nova/nova/api/openstack/wsgi.py:927}}
Sep 15 15:05:45.553192 dv-cinder-809195-1-smb devstack@n-api.service[94205]: INFO nova.api.openstack.requestlog [None req-7cfca95c-2eb1-4ae2-a103-6b919389a41c tempest-VolumesGetTestJSON-330650273 tempest-VolumesGetTestJSON-330650273-project] 10.222.0.39 "GET /compute/v2.1/os-volumes/9f5c33a1-3d53-4bbd-9dbe-eafce602cc5b" status: 404 len: 109 microversion: 2.1 time: 0.130036
Sep 15 15:05:45.553753 dv-cinder-809195-1-smb devstack@n-api.service[94205]: [pid: 94205|app: 0|req: 7/18] 10.222.0.39 () {58 vars in 1245 bytes} [Wed Sep 15 15:05:45 2021] GET /compute/v2.1/os-volumes/9f5c33a1-3d53-4bbd-9dbe-eafce602cc5b => generated 109 bytes in 131 msecs (HTTP/1.1 404) 9 headers in 379 bytes (1 switches on core 0)
Sep 15 15:05:45.781523 dv-cinder-809195-1-smb devstack@n-api.service[94206]: DEBUG nova.api.openstack.wsgi [None req-3b8f88a3-3ff6-4c46-8409-3eca6c69b605 tempest-DeleteServersTestJSON-178232149 tempest-DeleteServersTestJSON-178232149-project] Calling method '>' {{(pid=94206) _process_stack /opt/stack/nova/nova/api/openstack/wsgi.py:513}}
Sep 15 15:05:45.783383 dv-cinder-809195-1-smb devstack@n-api.service[94206]: DEBUG nova.compute.api [None req-3b8f88a3-3ff6-4c46-8409-3eca6c69b605 tempest-DeleteServersTestJSON-178232149 tempest-DeleteServersTestJSON-178232149-project] [instance: 1ce20a01-1101-4ce4-a7e7-0478fd6e0067] Fetching instance by UUID {{(pid=94206) get /opt/stack/nova/nova/compute/api.py:2813}}
Sep 15 15:05:46.047370 dv-cinder-809195-1-smb devstack@n-api.service[94206]: DEBUG nova.policy [None req-3b8f88a3-3ff6-4c46-8409-3eca6c69b605 tempest-DeleteServersTestJSON-178232149 tempest-DeleteServersTestJSON-178232149-project] Policy check for os_compute_api:os-extended-server-attributes failed with credentials {'is_admin': False, 'user_id': '759e04097a554f37b0956fc4a7f7a40c', 'user_domain_id': 'default', 'system_scope': None, 'domain_id': None, 'project_id': '76dc39e1b9b840edb8450d39335f46df', 'project_domain_id': 'default', 'roles': ['reader', 'member'], 'is_admin_project': True, 'service_user_id': None, 'service_user_domain_id': None, 'service_project_id': None, 'service_project_domain_id': None, 'service_roles': []} {{(pid=94206) authorize /opt/stack/nova/nova/policy.py:199}}
Sep 15 15:05:46.059396 dv-cinder-809195-1-smb devstack@n-api.service[94206]: INFO nova.api.openstack.requestlog [None req-3b8f88a3-3ff6-4c46-8409-3eca6c69b605 tempest-DeleteServersTestJSON-178232149 tempest-DeleteServersTestJSON-178232149-project] 10.222.0.39 "GET /compute/v2.1/servers/1ce20a01-1101-4ce4-a7e7-0478fd6e0067" status: 200 len: 1215 microversion: 2.1 time: 0.282046
Sep 15 15:05:46.060034 dv-cinder-809195-1-smb devstack@n-api.service[94206]: [pid: 94206|app: 0|req: 12/19] 10.222.0.39 () {58 vars in 1236 bytes} [Wed Sep 15 15:05:45 2021] GET /compute/v2.1/servers/1ce20a01-1101-4ce4-a7e7-0478fd6e0067 => generated 1215 bytes in 284 msecs (HTTP/1.1 200) 9 headers in 358 bytes (2 switches on core 0)
Sep 15 15:05:46.179066 dv-cinder-809195-1-smb devstack@n-api.service[94205]: DEBUG nova.api.openstack.wsgi [None req-1f442cae-6a66-411c-8d14-914ac5485689 tempest-VolumesSnapshotsTestJSON-329515995 tempest-VolumesSnapshotsTestJSON-329515995-project] Calling method '.version_select at 0x7f98efd8a280>' {{(pid=94205) _process_stack /opt/stack/nova/nova/api/openstack/wsgi.py:513}}
Sep 15 15:05:46.265581 dv-cinder-809195-1-smb devstack@n-api.service[94205]: INFO nova.api.openstack.wsgi [None req-1f442cae-6a66-411c-8d14-914ac5485689 tempest-VolumesSnapshotsTestJSON-329515995 tempest-VolumesSnapshotsTestJSON-329515995-project] HTTP exception thrown: Snapshot 92d14aff-6b81-40e9-bf92-ddc69d4e07d6 could not be found.
Sep 15 15:05:46.266666 dv-cinder-809195-1-smb devstack@n-api.service[94205]: DEBUG nova.api.openstack.wsgi [None req-1f442cae-6a66-411c-8d14-914ac5485689 tempest-VolumesSnapshotsTestJSON-329515995 tempest-VolumesSnapshotsTestJSON-329515995-project] Returning 404 to user: Snapshot 92d14aff-6b81-40e9-bf92-ddc69d4e07d6 could not be found. {{(pid=94205) __call__ /opt/stack/nova/nova/api/openstack/wsgi.py:927}}
Sep 15 15:05:46.267805 dv-cinder-809195-1-smb devstack@n-api.service[94205]: INFO nova.api.openstack.requestlog [None req-1f442cae-6a66-411c-8d14-914ac5485689 tempest-VolumesSnapshotsTestJSON-329515995 tempest-VolumesSnapshotsTestJSON-329515995-project] 10.222.0.39 "GET /compute/v2.1/os-snapshots/92d14aff-6b81-40e9-bf92-ddc69d4e07d6" status: 404 len: 111 microversion: 2.1 time: 0.094324
Sep 15 15:05:46.268884 dv-cinder-809195-1-smb devstack@n-api.service[94205]: [pid: 94205|app: 0|req: 8/20] 10.222.0.39 () {58 vars in 1251 bytes} [Wed Sep 15 15:05:46 2021] GET /compute/v2.1/os-snapshots/92d14aff-6b81-40e9-bf92-ddc69d4e07d6 => generated 111 bytes in 96 msecs (HTTP/1.1 404) 9 headers in 379 bytes (1 switches on core 0)
Sep 15 15:05:46.277496 dv-cinder-809195-1-smb devstack@n-api.service[94206]: DEBUG nova.api.openstack.wsgi [None req-3e593b14-80a8-4861-acbd-bfbb262e3568 tempest-VolumesSnapshotsTestJSON-329515995 tempest-VolumesSnapshotsTestJSON-329515995-project] Calling method '.version_select at 0x7f98efe634c0>' {{(pid=94206) _process_stack /opt/stack/nova/nova/api/openstack/wsgi.py:513}}
Sep 15 15:05:46.589332 dv-cinder-809195-1-smb devstack@n-api.service[94206]: INFO nova.api.openstack.requestlog [None req-3e593b14-80a8-4861-acbd-bfbb262e3568 tempest-VolumesSnapshotsTestJSON-329515995 tempest-VolumesSnapshotsTestJSON-329515995-project] 10.222.0.39 "DELETE /compute/v2.1/os-volumes/a4d05385-0fdd-4944-a49a-cc7fad265f31" status: 202 len: 0 microversion: 2.1 time: 0.315964
Sep 15 15:05:46.590113 dv-cinder-809195-1-smb devstack@n-api.service[94206]: [pid: 94206|app: 0|req: 13/21] 10.222.0.39 () {58 vars in 1248 bytes} [Wed Sep 15 15:05:46 2021] DELETE /compute/v2.1/os-volumes/a4d05385-0fdd-4944-a49a-cc7fad265f31 => generated 0 bytes in 318 msecs (HTTP/1.1 202) 9 headers in 361 bytes (1 switches on core 0)
Sep 15 15:05:46.600360 dv-cinder-809195-1-smb devstack@n-api.service[94205]: DEBUG nova.api.openstack.wsgi [None req-c6ca6a23-30c8-42f3-b6c8-72dcb1964a3d tempest-VolumesSnapshotsTestJSON-329515995 tempest-VolumesSnapshotsTestJSON-329515995-project] Calling method '.version_select at 0x7f98f04b49d0>' {{(pid=94205) _process_stack /opt/stack/nova/nova/api/openstack/wsgi.py:513}}
Sep 15 15:05:46.781624 dv-cinder-809195-1-smb devstack@n-api.service[94205]: INFO nova.api.openstack.requestlog [None req-c6ca6a23-30c8-42f3-b6c8-72dcb1964a3d tempest-VolumesSnapshotsTestJSON-329515995 tempest-VolumesSnapshotsTestJSON-329515995-project] 10.222.0.39 "GET /compute/v2.1/os-volumes/a4d05385-0fdd-4944-a49a-cc7fad265f31" status: 200 len: 344 microversion: 2.1 time: 0.185153
Sep 15 15:05:46.783144 dv-cinder-809195-1-smb devstack@n-api.service[94205]: [pid: 94205|app: 0|req: 9/22] 10.222.0.39 () {58 vars in 1245 bytes} [Wed Sep 15 15:05:46 2021] GET /compute/v2.1/os-volumes/a4d05385-0fdd-4944-a49a-cc7fad265f31 => generated 344 bytes in 188 msecs (HTTP/1.1 200) 9 headers in 357 bytes (1 switches on core 0)
Sep 15 15:05:47.076087 dv-cinder-809195-1-smb devstack@n-api.service[94206]: DEBUG nova.api.openstack.wsgi [None req-f5472926-96c0-489e-a480-30a0a2a8e246 tempest-DeleteServersTestJSON-178232149 tempest-DeleteServersTestJSON-178232149-project] Calling method '>' {{(pid=94206) _process_stack /opt/stack/nova/nova/api/openstack/wsgi.py:513}}
Sep 15 15:05:47.078183 dv-cinder-809195-1-smb devstack@n-api.service[94206]: DEBUG nova.compute.api [None req-f5472926-96c0-489e-a480-30a0a2a8e246 tempest-DeleteServersTestJSON-178232149 tempest-DeleteServersTestJSON-178232149-project] [instance: 1ce20a01-1101-4ce4-a7e7-0478fd6e0067] Fetching instance by UUID {{(pid=94206) get /opt/stack/nova/nova/compute/api.py:2813}}
Sep 15 15:05:47.102943 dv-cinder-809195-1-smb devstack@n-api.service[94206]: DEBUG oslo_concurrency.lockutils [None req-f5472926-96c0-489e-a480-30a0a2a8e246 tempest-DeleteServersTestJSON-178232149 tempest-DeleteServersTestJSON-178232149-project] Lock "61ae118b-b946-4dce-8267-be23de0849a8" acquired by "nova.context.set_target_cell..get_or_set_cached_cell_and_set_connections" :: waited 0.000s {{(pid=94206) inner /usr/local/lib/python3.8/dist-packages/oslo_concurrency/lockutils.py:355}}
Sep 15 15:05:47.103812 dv-cinder-809195-1-smb devstack@n-api.service[94206]: DEBUG oslo_concurrency.lockutils [None req-f5472926-96c0-489e-a480-30a0a2a8e246 tempest-DeleteServersTestJSON-178232149 tempest-DeleteServersTestJSON-178232149-project] Lock "61ae118b-b946-4dce-8267-be23de0849a8" released by "nova.context.set_target_cell..get_or_set_cached_cell_and_set_connections" :: held 0.001s {{(pid=94206) inner /usr/local/lib/python3.8/dist-packages/oslo_concurrency/lockutils.py:367}}
Sep 15 15:05:47.104843 dv-cinder-809195-1-smb devstack@n-api.service[94206]: DEBUG oslo_concurrency.lockutils [None req-f5472926-96c0-489e-a480-30a0a2a8e246 tempest-DeleteServersTestJSON-178232149 tempest-DeleteServersTestJSON-178232149-project] Lock "61ae118b-b946-4dce-8267-be23de0849a8" acquired by "nova.context.set_target_cell..get_or_set_cached_cell_and_set_connections" :: waited 0.000s {{(pid=94206) inner /usr/local/lib/python3.8/dist-packages/oslo_concurrency/lockutils.py:355}}
Sep 15 15:05:47.105435 dv-cinder-809195-1-smb devstack@n-api.service[94206]: DEBUG oslo_concurrency.lockutils [None req-f5472926-96c0-489e-a480-30a0a2a8e246 tempest-DeleteServersTestJSON-178232149 tempest-DeleteServersTestJSON-178232149-project] Lock "61ae118b-b946-4dce-8267-be23de0849a8" released by "nova.context.set_target_cell..get_or_set_cached_cell_and_set_connections" :: held 0.001s {{(pid=94206) inner /usr/local/lib/python3.8/dist-packages/oslo_concurrency/lockutils.py:367}}
Sep 15 15:05:47.724260 dv-cinder-809195-1-smb devstack@n-api.service[94206]: DEBUG nova.policy [None req-f5472926-96c0-489e-a480-30a0a2a8e246 tempest-DeleteServersTestJSON-178232149 tempest-DeleteServersTestJSON-178232149-project] Policy check for os_compute_api:os-extended-server-attributes failed with credentials {'is_admin': False, 'user_id': '759e04097a554f37b0956fc4a7f7a40c', 'user_domain_id': 'default', 'system_scope': None, 'domain_id': None, 'project_id': '76dc39e1b9b840edb8450d39335f46df', 'project_domain_id': 'default', 'roles': ['reader', 'member'], 'is_admin_project': True, 'service_user_id': None, 'service_user_domain_id': None, 'service_project_id': None, 'service_project_domain_id': None, 'service_roles': []} {{(pid=94206) authorize /opt/stack/nova/nova/policy.py:199}}
Sep 15 15:05:47.758336 dv-cinder-809195-1-smb devstack@n-api.service[94206]: INFO nova.api.openstack.requestlog [None req-f5472926-96c0-489e-a480-30a0a2a8e246 tempest-DeleteServersTestJSON-178232149 tempest-DeleteServersTestJSON-178232149-project] 10.222.0.39 "GET /compute/v2.1/servers/1ce20a01-1101-4ce4-a7e7-0478fd6e0067" status: 200 len: 1219 microversion: 2.1 time: 0.674931
Sep 15 15:05:47.758336 dv-cinder-809195-1-smb devstack@n-api.service[94206]: [pid: 94206|app: 0|req: 14/23] 10.222.0.39 () {58 vars in 1236 bytes} [Wed Sep 15 15:05:47 2021] GET /compute/v2.1/servers/1ce20a01-1101-4ce4-a7e7-0478fd6e0067 => generated 1219 bytes in 680 msecs (HTTP/1.1 200) 9 headers in 358 bytes (1 switches on core 0)
Sep 15 15:05:47.794308 dv-cinder-809195-1-smb devstack@n-api.service[94205]: DEBUG nova.api.openstack.wsgi [None req-32aadff1-c8ba-4ded-b884-93cd3f72f515 tempest-VolumesSnapshotsTestJSON-329515995 tempest-VolumesSnapshotsTestJSON-329515995-project] Calling method '.version_select at 0x7f98efd8a9d0>' {{(pid=94205) _process_stack /opt/stack/nova/nova/api/openstack/wsgi.py:513}}
Sep 15 15:05:47.942831 dv-cinder-809195-1-smb devstack@n-api.service[94205]: INFO nova.api.openstack.wsgi [None req-32aadff1-c8ba-4ded-b884-93cd3f72f515 tempest-VolumesSnapshotsTestJSON-329515995 tempest-VolumesSnapshotsTestJSON-329515995-project] HTTP exception thrown: Volume a4d05385-0fdd-4944-a49a-cc7fad265f31 could not be found.
Sep 15 15:05:47.947667 dv-cinder-809195-1-smb devstack@n-api.service[94205]: DEBUG nova.api.openstack.wsgi [None req-32aadff1-c8ba-4ded-b884-93cd3f72f515 tempest-VolumesSnapshotsTestJSON-329515995 tempest-VolumesSnapshotsTestJSON-329515995-project] Returning 404 to user: Volume a4d05385-0fdd-4944-a49a-cc7fad265f31 could not be found. {{(pid=94205) __call__ /opt/stack/nova/nova/api/openstack/wsgi.py:927}}
Sep 15 15:05:47.947667 dv-cinder-809195-1-smb devstack@n-api.service[94205]: INFO nova.api.openstack.requestlog [None req-32aadff1-c8ba-4ded-b884-93cd3f72f515 tempest-VolumesSnapshotsTestJSON-329515995 tempest-VolumesSnapshotsTestJSON-329515995-project] 10.222.0.39 "GET /compute/v2.1/os-volumes/a4d05385-0fdd-4944-a49a-cc7fad265f31" status: 404 len: 109 microversion: 2.1 time: 0.153495
Sep 15 15:05:47.947667 dv-cinder-809195-1-smb devstack@n-api.service[94205]: [pid: 94205|app: 0|req: 10/24] 10.222.0.39 () {58 vars in 1245 bytes} [Wed Sep 15 15:05:47 2021] GET /compute/v2.1/os-volumes/a4d05385-0fdd-4944-a49a-cc7fad265f31 => generated 109 bytes in 155 msecs (HTTP/1.1 404) 9 headers in 379 bytes (1 switches on core 0)
Sep 15 15:05:47.957875 dv-cinder-809195-1-smb devstack@n-api.service[94206]: DEBUG nova.api.openstack.wsgi [None req-04db8d35-e743-484e-a1b3-dfb4b1a167cb tempest-VolumesSnapshotsTestJSON-329515995 tempest-VolumesSnapshotsTestJSON-329515995-project] Calling method '.version_select at 0x7f98efde7280>' {{(pid=94206) _process_stack /opt/stack/nova/nova/api/openstack/wsgi.py:513}}
Sep 15 15:05:48.099075 dv-cinder-809195-1-smb devstack@n-api.service[94206]: INFO nova.api.openstack.wsgi [None req-04db8d35-e743-484e-a1b3-dfb4b1a167cb tempest-VolumesSnapshotsTestJSON-329515995 tempest-VolumesSnapshotsTestJSON-329515995-project] HTTP exception thrown: Volume a4d05385-0fdd-4944-a49a-cc7fad265f31 could not be found.
Sep 15 15:05:48.099834 dv-cinder-809195-1-smb devstack@n-api.service[94206]: DEBUG nova.api.openstack.wsgi [None req-04db8d35-e743-484e-a1b3-dfb4b1a167cb tempest-VolumesSnapshotsTestJSON-329515995 tempest-VolumesSnapshotsTestJSON-329515995-project] Returning 404 to user: Volume a4d05385-0fdd-4944-a49a-cc7fad265f31 could not be found. {{(pid=94206) __call__ /opt/stack/nova/nova/api/openstack/wsgi.py:927}}
Sep 15 15:05:48.100719 dv-cinder-809195-1-smb devstack@n-api.service[94206]: INFO nova.api.openstack.requestlog [None req-04db8d35-e743-484e-a1b3-dfb4b1a167cb tempest-VolumesSnapshotsTestJSON-329515995 tempest-VolumesSnapshotsTestJSON-329515995-project] 10.222.0.39 "DELETE /compute/v2.1/os-volumes/a4d05385-0fdd-4944-a49a-cc7fad265f31" status: 404 len: 109 microversion: 2.1 time: 0.148983
Sep 15 15:05:48.101571 dv-cinder-809195-1-smb devstack@n-api.service[94206]: [pid: 94206|app: 0|req: 15/25] 10.222.0.39 () {58 vars in 1248 bytes} [Wed Sep 15 15:05:47 2021] DELETE /compute/v2.1/os-volumes/a4d05385-0fdd-4944-a49a-cc7fad265f31 => generated 109 bytes in 150 msecs (HTTP/1.1 404) 9 headers in 379 bytes (1 switches on core 0)
