Sep 14 16:56:03.633799 dv-cinder-808995-1-smb devstack@c-api.service[100815]: [pid: 100815|app: 0|req: 120/233] 10.222.0.43 () {60 vars in 1230 bytes} [Tue Sep 14 16:56:03 2021] POST /volume/v3/499c755249f1493c895823ff7c717c2b/types => generated 231 bytes in 79 msecs (HTTP/1.1 200) 7 headers in 285 bytes (1 switches on core 0)
Sep 14 16:56:03.640373 dv-cinder-808995-1-smb devstack@c-api.service[100815]: INFO cinder.api.openstack.wsgi [None req-cfec190b-7253-4049-b4de-641294545028 tempest-UserMessagesTest-779672972 tempest-UserMessagesTest-779672972-project-admin] POST http://10.222.0.43/volume/v3/2f3e8a6987f6454499885f9e460847b7/types
Sep 14 16:56:03.641609 dv-cinder-808995-1-smb devstack@c-api.service[100815]: DEBUG cinder.api.openstack.wsgi [None req-cfec190b-7253-4049-b4de-641294545028 tempest-UserMessagesTest-779672972 tempest-UserMessagesTest-779672972-project-admin] Action: 'create', calling method: _create, body: {"volume_type": {"name": "tempest-UserMessagesTest-volume-type-1153464486", "extra_specs": {"storage_protocol": "tempest-storage_protocol-122350192", "vendor_name": "tempest-vendor_name-2126688410"}}} {{(pid=100815) _process_stack /opt/stack/cinder/cinder/api/openstack/wsgi.py:854}}
Sep 14 16:56:03.660156 dv-cinder-808995-1-smb devstack@c-api.service[100816]: INFO cinder.api.openstack.wsgi [None req-78c3edac-7622-4cfc-b6ee-470457853ac2 tempest-VolumeRetypeWithoutMigrationTest-291278293 tempest-VolumeRetypeWithoutMigrationTest-291278293-project-admin] http://10.222.0.43/volume/v3/f033e51176d043739efff6fc069f7836/types returned with HTTP 200
Sep 14 16:56:03.662289 dv-cinder-808995-1-smb devstack@c-api.service[100816]: [pid: 100816|app: 0|req: 114/234] 10.222.0.43 () {60 vars in 1229 bytes} [Tue Sep 14 16:56:03 2021] POST /volume/v3/f033e51176d043739efff6fc069f7836/types => generated 188 bytes in 158 msecs (HTTP/1.1 200) 7 headers in 285 bytes (1 switches on core 0)
Sep 14 16:56:03.682038 dv-cinder-808995-1-smb devstack@c-api.service[100815]: INFO cinder.api.openstack.wsgi [None req-cfec190b-7253-4049-b4de-641294545028 tempest-UserMessagesTest-779672972 tempest-UserMessagesTest-779672972-project-admin] http://10.222.0.43/volume/v3/2f3e8a6987f6454499885f9e460847b7/types returned with HTTP 200
Sep 14 16:56:03.682769 dv-cinder-808995-1-smb devstack@c-api.service[100815]: [pid: 100815|app: 0|req: 121/235] 10.222.0.43 () {60 vars in 1230 bytes} [Tue Sep 14 16:56:03 2021] POST /volume/v3/2f3e8a6987f6454499885f9e460847b7/types => generated 327 bytes in 53 msecs (HTTP/1.1 200) 7 headers in 285 bytes (1 switches on core 0)
Sep 14 16:56:03.687002 dv-cinder-808995-1-smb devstack@c-api.service[100815]: INFO cinder.api.openstack.wsgi [None req-578cda4b-9ea7-46a4-ae92-60d6e2aed890 tempest-VolumeRetypeWithoutMigrationTest-291278293 tempest-VolumeRetypeWithoutMigrationTest-291278293-project-admin] POST http://10.222.0.43/volume/v3/f033e51176d043739efff6fc069f7836/types
Sep 14 16:56:03.687771 dv-cinder-808995-1-smb devstack@c-api.service[100815]: DEBUG cinder.api.openstack.wsgi [None req-578cda4b-9ea7-46a4-ae92-60d6e2aed890 tempest-VolumeRetypeWithoutMigrationTest-291278293 tempest-VolumeRetypeWithoutMigrationTest-291278293-project-admin] Action: 'create', calling method: _create, body: {"volume_type": {"name": "volume-type-2"}} {{(pid=100815) _process_stack /opt/stack/cinder/cinder/api/openstack/wsgi.py:854}}
Sep 14 16:56:03.744525 dv-cinder-808995-1-smb devstack@c-api.service[100815]: INFO cinder.api.openstack.wsgi [None req-578cda4b-9ea7-46a4-ae92-60d6e2aed890 tempest-VolumeRetypeWithoutMigrationTest-291278293 tempest-VolumeRetypeWithoutMigrationTest-291278293-project-admin] http://10.222.0.43/volume/v3/f033e51176d043739efff6fc069f7836/types returned with HTTP 200
Sep 14 16:56:03.755790 dv-cinder-808995-1-smb devstack@c-api.service[100815]: [pid: 100815|app: 0|req: 122/236] 10.222.0.43 () {60 vars in 1229 bytes} [Tue Sep 14 16:56:03 2021] POST /volume/v3/f033e51176d043739efff6fc069f7836/types => generated 188 bytes in 67 msecs (HTTP/1.1 200) 7 headers in 285 bytes (1 switches on core 0)
Sep 14 16:56:03.762512 dv-cinder-808995-1-smb devstack@c-api.service[100815]: INFO cinder.api.openstack.wsgi [None req-1692a29f-58e2-4512-bfc1-617f2a1a8ccb tempest-UserMessagesTest-1114504849 tempest-UserMessagesTest-1114504849-project] POST http://10.222.0.43/volume/v3/36e9533aded8464099a2790a4a0e50f3/volumes
Sep 14 16:56:03.763683 dv-cinder-808995-1-smb devstack@c-api.service[100815]: DEBUG cinder.api.openstack.wsgi [None req-1692a29f-58e2-4512-bfc1-617f2a1a8ccb tempest-UserMessagesTest-1114504849 tempest-UserMessagesTest-1114504849-project] Action: 'create', calling method: create, body: {"volume": {"volume_type": "b37ccd2f-bddb-4b19-9409-2bc9d7068ece", "size": 1, "name": "tempest-UserMessagesTest-Volume-270961575"}} {{(pid=100815) _process_stack /opt/stack/cinder/cinder/api/openstack/wsgi.py:854}}
Sep 14 16:56:03.774342 dv-cinder-808995-1-smb devstack@c-api.service[100815]: DEBUG cinder.api.v3.volumes [None req-1692a29f-58e2-4512-bfc1-617f2a1a8ccb tempest-UserMessagesTest-1114504849 tempest-UserMessagesTest-1114504849-project] Create volume request body: {'volume': {'volume_type': 'b37ccd2f-bddb-4b19-9409-2bc9d7068ece', 'size': 1, 'name': 'tempest-UserMessagesTest-Volume-270961575'}} {{(pid=100815) create /opt/stack/cinder/cinder/api/v3/volumes.py:298}}
Sep 14 16:56:03.802524 dv-cinder-808995-1-smb devstack@c-api.service[100815]: INFO cinder.api.v3.volumes [None req-1692a29f-58e2-4512-bfc1-617f2a1a8ccb tempest-UserMessagesTest-1114504849 tempest-UserMessagesTest-1114504849-project] Create volume of 1 GB
Sep 14 16:56:03.805326 dv-cinder-808995-1-smb devstack@c-api.service[100815]: /usr/local/lib/python3.8/dist-packages/oslo_context/context.py:105: DeprecationWarning: Policy enforcement is depending on the value of is_admin. This key is deprecated. Please update your policy file to use the standard policy values.
Sep 14 16:56:03.805326 dv-cinder-808995-1-smb devstack@c-api.service[100815]: warnings.warn('Policy enforcement is depending on the value of '
Sep 14 16:56:03.808842 dv-cinder-808995-1-smb devstack@c-api.service[100815]: INFO cinder.volume.api [None req-1692a29f-58e2-4512-bfc1-617f2a1a8ccb tempest-UserMessagesTest-1114504849 tempest-UserMessagesTest-1114504849-project] Availability Zones retrieved successfully.
Sep 14 16:56:03.836093 dv-cinder-808995-1-smb devstack@c-api.service[100815]: DEBUG cinder.volume.api [None req-1692a29f-58e2-4512-bfc1-617f2a1a8ccb tempest-UserMessagesTest-1114504849 tempest-UserMessagesTest-1114504849-project] Flow 'volume_create_api' (34902cfd-cec7-42f1-b50e-29813b86c607) transitioned into state 'RUNNING' from state 'PENDING' {{(pid=100815) _flow_receiver /usr/local/lib/python3.8/dist-packages/taskflow/listeners/logging.py:141}}
Sep 14 16:56:03.839136 dv-cinder-808995-1-smb devstack@c-api.service[100815]: DEBUG cinder.volume.api [None req-1692a29f-58e2-4512-bfc1-617f2a1a8ccb tempest-UserMessagesTest-1114504849 tempest-UserMessagesTest-1114504849-project] Task 'cinder.volume.flows.api.create_volume.ExtractVolumeRequestTask;volume:create' (a967d1b6-2450-4459-9182-5368167112c0) transitioned into state 'RUNNING' from state 'PENDING' {{(pid=100815) _task_receiver /usr/local/lib/python3.8/dist-packages/taskflow/listeners/logging.py:190}}
Sep 14 16:56:03.841796 dv-cinder-808995-1-smb devstack@c-api.service[100815]: DEBUG cinder.volume.flows.api.create_volume [None req-1692a29f-58e2-4512-bfc1-617f2a1a8ccb tempest-UserMessagesTest-1114504849 tempest-UserMessagesTest-1114504849-project] Validating volume size '1' using validate_int {{(pid=100815) _extract_size /opt/stack/cinder/cinder/volume/flows/api/create_volume.py:225}}
Sep 14 16:56:03.843750 dv-cinder-808995-1-smb devstack@c-api.service[100816]: INFO cinder.api.openstack.wsgi [None req-6c64a887-4284-4a60-a0b2-57cbd15791dd tempest-VolumeTypesNegativeTest-1160413406 tempest-VolumeTypesNegativeTest-1160413406-project] POST http://10.222.0.43/volume/v3/601e4dd09aff47a5b4e8d785f44f3661/volumes
Sep 14 16:56:03.844641 dv-cinder-808995-1-smb devstack@c-api.service[100816]: DEBUG cinder.api.openstack.wsgi [None req-6c64a887-4284-4a60-a0b2-57cbd15791dd tempest-VolumeTypesNegativeTest-1160413406 tempest-VolumeTypesNegativeTest-1160413406-project] Action: 'create', calling method: create, body: {"volume": {"volume_type": "f340ff38-bb7f-41b7-81ec-2328af1411f2", "size": 1, "name": "tempest-VolumeTypesNegativeTest-Volume-1849286827"}} {{(pid=100816) _process_stack /opt/stack/cinder/cinder/api/openstack/wsgi.py:854}}
Sep 14 16:56:03.846653 dv-cinder-808995-1-smb devstack@c-api.service[100816]: DEBUG cinder.api.v3.volumes [None req-6c64a887-4284-4a60-a0b2-57cbd15791dd tempest-VolumeTypesNegativeTest-1160413406 tempest-VolumeTypesNegativeTest-1160413406-project] Create volume request body: {'volume': {'volume_type': 'f340ff38-bb7f-41b7-81ec-2328af1411f2', 'size': 1, 'name': 'tempest-VolumeTypesNegativeTest-Volume-1849286827'}} {{(pid=100816) create /opt/stack/cinder/cinder/api/v3/volumes.py:298}}
Sep 14 16:56:03.875067 dv-cinder-808995-1-smb devstack@c-api.service[100816]: INFO cinder.api.openstack.wsgi [None req-6c64a887-4284-4a60-a0b2-57cbd15791dd tempest-VolumeTypesNegativeTest-1160413406 tempest-VolumeTypesNegativeTest-1160413406-project] http://10.222.0.43/volume/v3/601e4dd09aff47a5b4e8d785f44f3661/volumes returned with HTTP 404
Sep 14 16:56:03.877053 dv-cinder-808995-1-smb devstack@c-api.service[100816]: [pid: 100816|app: 0|req: 115/237] 10.222.0.43 () {60 vars in 1236 bytes} [Tue Sep 14 16:56:03 2021] POST /volume/v3/601e4dd09aff47a5b4e8d785f44f3661/volumes => generated 114 bytes in 213 msecs (HTTP/1.1 404) 7 headers in 292 bytes (1 switches on core 0)
Sep 14 16:56:03.883442 dv-cinder-808995-1-smb devstack@c-api.service[100815]: DEBUG cinder.volume.api [None req-1692a29f-58e2-4512-bfc1-617f2a1a8ccb tempest-UserMessagesTest-1114504849 tempest-UserMessagesTest-1114504849-project] Task 'cinder.volume.flows.api.create_volume.ExtractVolumeRequestTask;volume:create' (a967d1b6-2450-4459-9182-5368167112c0) transitioned into state 'SUCCESS' from state 'RUNNING' with result '{'size': 1, 'snapshot_id': None, 'source_volid': None, 'volume_type': VolumeType(created_at=2021-09-14T16:56:04Z,deleted=False,deleted_at=None,description=None,extra_specs={storage_protocol='tempest-storage_protocol-122350192',vendor_name='tempest-vendor_name-2126688410'},id=b37ccd2f-bddb-4b19-9409-2bc9d7068ece,is_public=True,name='tempest-UserMessagesTest-volume-type-1153464486',projects=[],qos_specs=,qos_specs_id=None,updated_at=None), 'volume_type_id': 'b37ccd2f-bddb-4b19-9409-2bc9d7068ece', 'encryption_key_id': None, 'qos_specs': None, 'consistencygroup_id': None, 'cgsnapshot_id': None, 'group_id': None, 'replication_status': 'disabled', 'refresh_az': False, 'backup_id': None, 'multiattach': False, 'availability_zones': ['nova']}' {{(pid=100815) _task_receiver /usr/local/lib/python3.8/dist-packages/taskflow/listeners/logging.py:178}}
Sep 14 16:56:03.886734 dv-cinder-808995-1-smb devstack@c-api.service[100815]: DEBUG cinder.volume.api [None req-1692a29f-58e2-4512-bfc1-617f2a1a8ccb tempest-UserMessagesTest-1114504849 tempest-UserMessagesTest-1114504849-project] Task 'cinder.volume.flows.api.create_volume.QuotaReserveTask;volume:create' (d7fae9d7-74ae-46d6-966a-a8762e6e8651) transitioned into state 'RUNNING' from state 'PENDING' {{(pid=100815) _task_receiver /usr/local/lib/python3.8/dist-packages/taskflow/listeners/logging.py:190}}
Sep 14 16:56:03.970169 dv-cinder-808995-1-smb devstack@c-api.service[100815]: WARNING cinder.quota [None req-1692a29f-58e2-4512-bfc1-617f2a1a8ccb tempest-UserMessagesTest-1114504849 tempest-UserMessagesTest-1114504849-project] Deprecated: Default quota for resource: volumes_tempest-UserMessagesTest-volume-type-1153464486 is set by the default quota flag: quota_volumes_tempest-UserMessagesTest-volume-type-1153464486, it is now deprecated. Please use the default quota class for default quota.
Sep 14 16:56:03.971911 dv-cinder-808995-1-smb devstack@c-api.service[100815]: WARNING cinder.quota [None req-1692a29f-58e2-4512-bfc1-617f2a1a8ccb tempest-UserMessagesTest-1114504849 tempest-UserMessagesTest-1114504849-project] Deprecated: Default quota for resource: gigabytes_tempest-UserMessagesTest-volume-type-1153464486 is set by the default quota flag: quota_gigabytes_tempest-UserMessagesTest-volume-type-1153464486, it is now deprecated. Please use the default quota class for default quota.
Sep 14 16:56:04.039488 dv-cinder-808995-1-smb devstack@c-api.service[100815]: DEBUG cinder.quota [None req-1692a29f-58e2-4512-bfc1-617f2a1a8ccb tempest-UserMessagesTest-1114504849 tempest-UserMessagesTest-1114504849-project] Created reservations ['61887159-c43d-4003-ae91-190e8dd956c7', 'fae5e987-1f61-4310-bc0f-20c6ec997d4f', 'ad71a3d1-5310-417f-9f5c-ca8191fb48ca', '72a3b56c-53aa-41ad-999c-6f6dbaa1701b'] {{(pid=100815) reserve /opt/stack/cinder/cinder/quota.py:755}}
Sep 14 16:56:04.039992 dv-cinder-808995-1-smb devstack@c-api.service[100816]: INFO cinder.api.openstack.wsgi [None req-780981e0-2f7a-4b65-83c2-7469728cc095 tempest-VolumeRetypeWithoutMigrationTest-540145067 tempest-VolumeRetypeWithoutMigrationTest-540145067-project] POST http://10.222.0.43/volume/v3/8d846adabbe949bfa222c39c46c699bb/volumes
Sep 14 16:56:04.043207 dv-cinder-808995-1-smb devstack@c-api.service[100816]: DEBUG cinder.api.openstack.wsgi [None req-780981e0-2f7a-4b65-83c2-7469728cc095 tempest-VolumeRetypeWithoutMigrationTest-540145067 tempest-VolumeRetypeWithoutMigrationTest-540145067-project] Action: 'create', calling method: create, body: {"volume": {"volume_type": "volume-type-1", "size": 1, "name": "tempest-VolumeRetypeWithoutMigrationTest-Volume-332958799"}} {{(pid=100816) _process_stack /opt/stack/cinder/cinder/api/openstack/wsgi.py:854}}
Sep 14 16:56:04.044664 dv-cinder-808995-1-smb devstack@c-api.service[100816]: DEBUG cinder.api.v3.volumes [None req-780981e0-2f7a-4b65-83c2-7469728cc095 tempest-VolumeRetypeWithoutMigrationTest-540145067 tempest-VolumeRetypeWithoutMigrationTest-540145067-project] Create volume request body: {'volume': {'volume_type': 'volume-type-1', 'size': 1, 'name': 'tempest-VolumeRetypeWithoutMigrationTest-Volume-332958799'}} {{(pid=100816) create /opt/stack/cinder/cinder/api/v3/volumes.py:298}}
Sep 14 16:56:04.051963 dv-cinder-808995-1-smb devstack@c-api.service[100815]: DEBUG cinder.volume.api [None req-1692a29f-58e2-4512-bfc1-617f2a1a8ccb tempest-UserMessagesTest-1114504849 tempest-UserMessagesTest-1114504849-project] Task 'cinder.volume.flows.api.create_volume.QuotaReserveTask;volume:create' (d7fae9d7-74ae-46d6-966a-a8762e6e8651) transitioned into state 'SUCCESS' from state 'RUNNING' with result '{'reservations': ['61887159-c43d-4003-ae91-190e8dd956c7', 'fae5e987-1f61-4310-bc0f-20c6ec997d4f', 'ad71a3d1-5310-417f-9f5c-ca8191fb48ca', '72a3b56c-53aa-41ad-999c-6f6dbaa1701b']}' {{(pid=100815) _task_receiver /usr/local/lib/python3.8/dist-packages/taskflow/listeners/logging.py:178}}
Sep 14 16:56:04.052774 dv-cinder-808995-1-smb devstack@c-api.service[100816]: INFO cinder.api.v3.volumes [None req-780981e0-2f7a-4b65-83c2-7469728cc095 tempest-VolumeRetypeWithoutMigrationTest-540145067 tempest-VolumeRetypeWithoutMigrationTest-540145067-project] Create volume of 1 GB
Sep 14 16:56:04.053536 dv-cinder-808995-1-smb devstack@c-api.service[100816]: /usr/local/lib/python3.8/dist-packages/oslo_context/context.py:105: DeprecationWarning: Policy enforcement is depending on the value of is_admin. This key is deprecated. Please update your policy file to use the standard policy values.
Sep 14 16:56:04.053536 dv-cinder-808995-1-smb devstack@c-api.service[100816]: warnings.warn('Policy enforcement is depending on the value of '
Sep 14 16:56:04.055189 dv-cinder-808995-1-smb devstack@c-api.service[100816]: INFO cinder.volume.api [None req-780981e0-2f7a-4b65-83c2-7469728cc095 tempest-VolumeRetypeWithoutMigrationTest-540145067 tempest-VolumeRetypeWithoutMigrationTest-540145067-project] Availability Zones retrieved successfully.
Sep 14 16:56:04.060411 dv-cinder-808995-1-smb devstack@c-api.service[100815]: DEBUG cinder.volume.api [None req-1692a29f-58e2-4512-bfc1-617f2a1a8ccb tempest-UserMessagesTest-1114504849 tempest-UserMessagesTest-1114504849-project] Task 'cinder.volume.flows.api.create_volume.EntryCreateTask;volume:create' (16ea4ed1-e3ba-4d65-81af-c2ff205cfeee) transitioned into state 'RUNNING' from state 'PENDING' {{(pid=100815) _task_receiver /usr/local/lib/python3.8/dist-packages/taskflow/listeners/logging.py:190}}
Sep 14 16:56:04.073129 dv-cinder-808995-1-smb devstack@c-api.service[100816]: DEBUG cinder.volume.api [None req-780981e0-2f7a-4b65-83c2-7469728cc095 tempest-VolumeRetypeWithoutMigrationTest-540145067 tempest-VolumeRetypeWithoutMigrationTest-540145067-project] Flow 'volume_create_api' (e98dc691-500e-4e3f-a083-cfbd0c81ba57) transitioned into state 'RUNNING' from state 'PENDING' {{(pid=100816) _flow_receiver /usr/local/lib/python3.8/dist-packages/taskflow/listeners/logging.py:141}}
Sep 14 16:56:04.076378 dv-cinder-808995-1-smb devstack@c-api.service[100816]: DEBUG cinder.volume.api [None req-780981e0-2f7a-4b65-83c2-7469728cc095 tempest-VolumeRetypeWithoutMigrationTest-540145067 tempest-VolumeRetypeWithoutMigrationTest-540145067-project] Task 'cinder.volume.flows.api.create_volume.ExtractVolumeRequestTask;volume:create' (42d05335-1f4f-4d32-898f-4667a4cd47cb) transitioned into state 'RUNNING' from state 'PENDING' {{(pid=100816) _task_receiver /usr/local/lib/python3.8/dist-packages/taskflow/listeners/logging.py:190}}
Sep 14 16:56:04.080362 dv-cinder-808995-1-smb devstack@c-api.service[100816]: DEBUG cinder.volume.flows.api.create_volume [None req-780981e0-2f7a-4b65-83c2-7469728cc095 tempest-VolumeRetypeWithoutMigrationTest-540145067 tempest-VolumeRetypeWithoutMigrationTest-540145067-project] Validating volume size '1' using validate_int {{(pid=100816) _extract_size /opt/stack/cinder/cinder/volume/flows/api/create_volume.py:225}}
Sep 14 16:56:04.109918 dv-cinder-808995-1-smb devstack@c-api.service[100815]: DEBUG cinder.volume.api [None req-1692a29f-58e2-4512-bfc1-617f2a1a8ccb tempest-UserMessagesTest-1114504849 tempest-UserMessagesTest-1114504849-project] Task 'cinder.volume.flows.api.create_volume.EntryCreateTask;volume:create' (16ea4ed1-e3ba-4d65-81af-c2ff205cfeee) transitioned into state 'SUCCESS' from state 'RUNNING' with result '{'volume_id': '400223c7-f26a-4072-8581-c6a980e5f049', 'volume_properties': VolumeProperties(attach_status='detached',availability_zone='nova',cgsnapshot_id=None,consistencygroup_id=None,display_description=None,display_name='tempest-UserMessagesTest-Volume-270961575',encryption_key_id=None,group_id=None,group_type_id=,metadata={},multiattach=False,project_id='36e9533aded8464099a2790a4a0e50f3',qos_specs=None,replication_status=,reservations=['61887159-c43d-4003-ae91-190e8dd956c7','fae5e987-1f61-4310-bc0f-20c6ec997d4f','ad71a3d1-5310-417f-9f5c-ca8191fb48ca','72a3b56c-53aa-41ad-999c-6f6dbaa1701b'],size=1,snapshot_id=None,source_replicaid=,source_volid=None,status='creating',user_id='0c1805270a334175917973eda5eff880',volume_type_id=b37ccd2f-bddb-4b19-9409-2bc9d7068ece), 'volume': Volume(_name_id=None,admin_metadata=,attach_status='detached',availability_zone='nova',bootable=False,cluster=,cluster_name=None,consistencygroup=,consistencygroup_id=None,created_at=2021-09-14T16:56:04Z,deleted=False,deleted_at=None,display_description=None,display_name='tempest-UserMessagesTest-Volume-270961575',ec2_id=None,encryption_key_id=None,glance_metadata=,group=,group_id=None,host=None,id=400223c7-f26a-4072-8581-c6a980e5f049,launched_at=None,metadata={},migration_status=None,multiattach=False,previous_status=None,project_id='36e9533aded8464099a2790a4a0e50f3',provider_auth=None,provider_geometry=None,provider_id=None,provider_location=None,replication_driver_data=None,replication_extended_status=None,replication_status=None,scheduled_at=None,service_uuid=None,shared_targets=True,size=1,snapshot_id=None,snapshots=,source_volid=None,status='creating',terminated_at=None,updated_at=None,use_quota=True,user_id='0c1805270a334175917973eda5eff880',volume_attachment=,volume_type=VolumeType(b37ccd2f-bddb-4b19-9409-2bc9d7068ece),volume_type_id=b37ccd2f-bddb-4b19-9409-2bc9d7068ece)}' {{(pid=100815) _task_receiver /usr/local/lib/python3.8/dist-packages/taskflow/listeners/logging.py:178}}
Sep 14 16:56:04.116072 dv-cinder-808995-1-smb devstack@c-api.service[100815]: DEBUG cinder.volume.api [None req-1692a29f-58e2-4512-bfc1-617f2a1a8ccb tempest-UserMessagesTest-1114504849 tempest-UserMessagesTest-1114504849-project] Task 'cinder.volume.flows.api.create_volume.QuotaCommitTask;volume:create' (25bb275d-e514-4efe-bbe8-93dd362881c3) transitioned into state 'RUNNING' from state 'PENDING' {{(pid=100815) _task_receiver /usr/local/lib/python3.8/dist-packages/taskflow/listeners/logging.py:190}}
Sep 14 16:56:04.116561 dv-cinder-808995-1-smb devstack@c-api.service[100816]: DEBUG cinder.volume.api [None req-780981e0-2f7a-4b65-83c2-7469728cc095 tempest-VolumeRetypeWithoutMigrationTest-540145067 tempest-VolumeRetypeWithoutMigrationTest-540145067-project] Task 'cinder.volume.flows.api.create_volume.ExtractVolumeRequestTask;volume:create' (42d05335-1f4f-4d32-898f-4667a4cd47cb) transitioned into state 'SUCCESS' from state 'RUNNING' with result '{'size': 1, 'snapshot_id': None, 'source_volid': None, 'volume_type': VolumeType(created_at=2021-09-14T16:56:04Z,deleted=False,deleted_at=None,description=None,extra_specs={},id=2bdcb026-deb5-4b8a-bcf7-1098a4526227,is_public=True,name='volume-type-1',projects=[],qos_specs=,qos_specs_id=None,updated_at=None), 'volume_type_id': '2bdcb026-deb5-4b8a-bcf7-1098a4526227', 'encryption_key_id': None, 'qos_specs': None, 'consistencygroup_id': None, 'cgsnapshot_id': None, 'group_id': None, 'replication_status': 'disabled', 'refresh_az': False, 'backup_id': None, 'multiattach': False, 'availability_zones': ['nova']}' {{(pid=100816) _task_receiver /usr/local/lib/python3.8/dist-packages/taskflow/listeners/logging.py:178}}
Sep 14 16:56:04.119342 dv-cinder-808995-1-smb devstack@c-api.service[100816]: DEBUG cinder.volume.api [None req-780981e0-2f7a-4b65-83c2-7469728cc095 tempest-VolumeRetypeWithoutMigrationTest-540145067 tempest-VolumeRetypeWithoutMigrationTest-540145067-project] Task 'cinder.volume.flows.api.create_volume.QuotaReserveTask;volume:create' (ab336c45-eeb2-4b52-9650-4ee241f644c3) transitioned into state 'RUNNING' from state 'PENDING' {{(pid=100816) _task_receiver /usr/local/lib/python3.8/dist-packages/taskflow/listeners/logging.py:190}}
Sep 14 16:56:04.162839 dv-cinder-808995-1-smb devstack@c-api.service[100815]: DEBUG cinder.volume.api [None req-1692a29f-58e2-4512-bfc1-617f2a1a8ccb tempest-UserMessagesTest-1114504849 tempest-UserMessagesTest-1114504849-project] Task 'cinder.volume.flows.api.create_volume.QuotaCommitTask;volume:create' (25bb275d-e514-4efe-bbe8-93dd362881c3) transitioned into state 'SUCCESS' from state 'RUNNING' with result '{'volume_properties': VolumeProperties(attach_status='detached',availability_zone='nova',cgsnapshot_id=None,consistencygroup_id=None,display_description=None,display_name='tempest-UserMessagesTest-Volume-270961575',encryption_key_id=None,group_id=None,group_type_id=,metadata={},multiattach=False,project_id='36e9533aded8464099a2790a4a0e50f3',qos_specs=None,replication_status=,reservations=['61887159-c43d-4003-ae91-190e8dd956c7','fae5e987-1f61-4310-bc0f-20c6ec997d4f','ad71a3d1-5310-417f-9f5c-ca8191fb48ca','72a3b56c-53aa-41ad-999c-6f6dbaa1701b'],size=1,snapshot_id=None,source_replicaid=,source_volid=None,status='creating',user_id='0c1805270a334175917973eda5eff880',volume_type_id=b37ccd2f-bddb-4b19-9409-2bc9d7068ece)}' {{(pid=100815) _task_receiver /usr/local/lib/python3.8/dist-packages/taskflow/listeners/logging.py:178}}
Sep 14 16:56:04.166363 dv-cinder-808995-1-smb devstack@c-api.service[100815]: DEBUG cinder.volume.api [None req-1692a29f-58e2-4512-bfc1-617f2a1a8ccb tempest-UserMessagesTest-1114504849 tempest-UserMessagesTest-1114504849-project] Task 'cinder.volume.flows.api.create_volume.VolumeCastTask;volume:create' (49063d27-b854-47d3-85ea-bf195ab60234) transitioned into state 'RUNNING' from state 'PENDING' {{(pid=100815) _task_receiver /usr/local/lib/python3.8/dist-packages/taskflow/listeners/logging.py:190}}
Sep 14 16:56:04.198416 dv-cinder-808995-1-smb devstack@c-api.service[100816]: WARNING cinder.quota [None req-780981e0-2f7a-4b65-83c2-7469728cc095 tempest-VolumeRetypeWithoutMigrationTest-540145067 tempest-VolumeRetypeWithoutMigrationTest-540145067-project] Deprecated: Default quota for resource: volumes_volume-type-1 is set by the default quota flag: quota_volumes_volume-type-1, it is now deprecated. Please use the default quota class for default quota.
Sep 14 16:56:04.199291 dv-cinder-808995-1-smb devstack@c-api.service[100815]: DEBUG cinder.volume.api [None req-1692a29f-58e2-4512-bfc1-617f2a1a8ccb tempest-UserMessagesTest-1114504849 tempest-UserMessagesTest-1114504849-project] Task 'cinder.volume.flows.api.create_volume.VolumeCastTask;volume:create' (49063d27-b854-47d3-85ea-bf195ab60234) transitioned into state 'SUCCESS' from state 'RUNNING' with result 'None' {{(pid=100815) _task_receiver /usr/local/lib/python3.8/dist-packages/taskflow/listeners/logging.py:178}}
Sep 14 16:56:04.199435 dv-cinder-808995-1-smb devstack@c-api.service[100816]: WARNING cinder.quota [None req-780981e0-2f7a-4b65-83c2-7469728cc095 tempest-VolumeRetypeWithoutMigrationTest-540145067 tempest-VolumeRetypeWithoutMigrationTest-540145067-project] Deprecated: Default quota for resource: gigabytes_volume-type-1 is set by the default quota flag: quota_gigabytes_volume-type-1, it is now deprecated. Please use the default quota class for default quota.
Sep 14 16:56:04.205828 dv-cinder-808995-1-smb devstack@c-api.service[100815]: DEBUG cinder.volume.api [None req-1692a29f-58e2-4512-bfc1-617f2a1a8ccb tempest-UserMessagesTest-1114504849 tempest-UserMessagesTest-1114504849-project] Flow 'volume_create_api' (34902cfd-cec7-42f1-b50e-29813b86c607) transitioned into state 'SUCCESS' from state 'RUNNING' {{(pid=100815) _flow_receiver /usr/local/lib/python3.8/dist-packages/taskflow/listeners/logging.py:141}}
Sep 14 16:56:04.207097 dv-cinder-808995-1-smb devstack@c-api.service[100815]: INFO cinder.volume.api [None req-1692a29f-58e2-4512-bfc1-617f2a1a8ccb tempest-UserMessagesTest-1114504849 tempest-UserMessagesTest-1114504849-project] Create volume request issued successfully.
Sep 14 16:56:04.225851 dv-cinder-808995-1-smb devstack@c-api.service[100815]: INFO cinder.api.openstack.wsgi [None req-1692a29f-58e2-4512-bfc1-617f2a1a8ccb tempest-UserMessagesTest-1114504849 tempest-UserMessagesTest-1114504849-project] http://10.222.0.43/volume/v3/36e9533aded8464099a2790a4a0e50f3/volumes returned with HTTP 202
Sep 14 16:56:04.241018 dv-cinder-808995-1-smb devstack@c-api.service[100815]: [pid: 100815|app: 0|req: 123/238] 10.222.0.43 () {62 vars in 1276 bytes} [Tue Sep 14 16:56:03 2021] POST /volume/v3/36e9533aded8464099a2790a4a0e50f3/volumes => generated 851 bytes in 476 msecs (HTTP/1.1 202) 7 headers in 291 bytes (1 switches on core 0)
Sep 14 16:56:04.241018 dv-cinder-808995-1-smb devstack@c-api.service[100815]: INFO cinder.api.openstack.wsgi [None req-094e4657-1623-4902-a29f-6f55ffab1b3b tempest-VolumeTypesNegativeTest-2025198075 tempest-VolumeTypesNegativeTest-2025198075-project-admin] POST http://10.222.0.43/volume/v3/499c755249f1493c895823ff7c717c2b/types
Sep 14 16:56:04.241018 dv-cinder-808995-1-smb devstack@c-api.service[100815]: /usr/local/lib/python3.8/dist-packages/webob/acceptparse.py:1047: DeprecationWarning: The behavior of AcceptValidHeader.best_match is currently being maintained for backward compatibility, but it will be deprecated in the future, as it does not conform to the RFC.
Sep 14 16:56:04.241018 dv-cinder-808995-1-smb devstack@c-api.service[100815]: warnings.warn(
Sep 14 16:56:04.241018 dv-cinder-808995-1-smb devstack@c-api.service[100815]: DEBUG cinder.api.openstack.wsgi [None req-094e4657-1623-4902-a29f-6f55ffab1b3b tempest-VolumeTypesNegativeTest-2025198075 tempest-VolumeTypesNegativeTest-2025198075-project-admin] Action: 'create', calling method: _create, body: {"volume_type": {"name": ""}} {{(pid=100815) _process_stack /opt/stack/cinder/cinder/api/openstack/wsgi.py:854}}
Sep 14 16:56:04.241018 dv-cinder-808995-1-smb devstack@c-api.service[100815]: INFO cinder.api.openstack.wsgi [None req-094e4657-1623-4902-a29f-6f55ffab1b3b tempest-VolumeTypesNegativeTest-2025198075 tempest-VolumeTypesNegativeTest-2025198075-project-admin] http://10.222.0.43/volume/v3/499c755249f1493c895823ff7c717c2b/types returned with HTTP 400
Sep 14 16:56:04.244811 dv-cinder-808995-1-smb devstack@c-api.service[100815]: [pid: 100815|app: 0|req: 124/239] 10.222.0.43 () {60 vars in 1229 bytes} [Tue Sep 14 16:56:04 2021] POST /volume/v3/499c755249f1493c895823ff7c717c2b/types => generated 108 bytes in 16 msecs (HTTP/1.1 400) 7 headers in 294 bytes (1 switches on core 0)
Sep 14 16:56:04.249114 dv-cinder-808995-1-smb devstack@c-api.service[100815]: INFO cinder.api.openstack.wsgi [None req-2175f51c-0a76-452e-9585-d2daeab75ecf tempest-VolumeTypesNegativeTest-2025198075 tempest-VolumeTypesNegativeTest-2025198075-project-admin] POST http://10.222.0.43/volume/v3/499c755249f1493c895823ff7c717c2b/types
Sep 14 16:56:04.249879 dv-cinder-808995-1-smb devstack@c-api.service[100815]: DEBUG cinder.api.openstack.wsgi [None req-2175f51c-0a76-452e-9585-d2daeab75ecf tempest-VolumeTypesNegativeTest-2025198075 tempest-VolumeTypesNegativeTest-2025198075-project-admin] Action: 'create', calling method: _create, body: {"volume_type": {"name": "tempest-VolumeTypesNegativeTest-volume-type-594505942"}} {{(pid=100815) _process_stack /opt/stack/cinder/cinder/api/openstack/wsgi.py:854}}
Sep 14 16:56:04.251138 dv-cinder-808995-1-smb devstack@c-api.service[100815]: /usr/local/lib/python3.8/dist-packages/oslo_context/context.py:105: DeprecationWarning: Policy enforcement is depending on the value of is_admin. This key is deprecated. Please update your policy file to use the standard policy values.
Sep 14 16:56:04.251138 dv-cinder-808995-1-smb devstack@c-api.service[100815]: warnings.warn('Policy enforcement is depending on the value of '
Sep 14 16:56:04.297885 dv-cinder-808995-1-smb devstack@c-api.service[100815]: INFO cinder.api.openstack.wsgi [None req-2175f51c-0a76-452e-9585-d2daeab75ecf tempest-VolumeTypesNegativeTest-2025198075 tempest-VolumeTypesNegativeTest-2025198075-project-admin] http://10.222.0.43/volume/v3/499c755249f1493c895823ff7c717c2b/types returned with HTTP 200
Sep 14 16:56:04.299129 dv-cinder-808995-1-smb devstack@c-api.service[100815]: [pid: 100815|app: 0|req: 125/240] 10.222.0.43 () {60 vars in 1229 bytes} [Tue Sep 14 16:56:04 2021] POST /volume/v3/499c755249f1493c895823ff7c717c2b/types => generated 228 bytes in 55 msecs (HTTP/1.1 200) 7 headers in 285 bytes (1 switches on core 0)
Sep 14 16:56:04.306097 dv-cinder-808995-1-smb devstack@c-api.service[100816]: DEBUG cinder.quota [None req-780981e0-2f7a-4b65-83c2-7469728cc095 tempest-VolumeRetypeWithoutMigrationTest-540145067 tempest-VolumeRetypeWithoutMigrationTest-540145067-project] Created reservations ['d707e95f-6c2c-4261-a263-2618fc0c8071', '865d49bf-6e2f-4073-80c0-6d96d1d6d635', '9cd8db70-32c1-4ad3-9099-6715a6fd35fe', '37054644-246f-4e40-a98f-3f6cfe264681'] {{(pid=100816) reserve /opt/stack/cinder/cinder/quota.py:755}}
Sep 14 16:56:04.313056 dv-cinder-808995-1-smb devstack@c-api.service[100815]: INFO cinder.api.openstack.wsgi [None req-664411ea-ffa9-459f-b84d-562cefcee0c7 tempest-UserMessagesTest-1114504849 tempest-UserMessagesTest-1114504849-project] GET http://10.222.0.43/volume/v3/36e9533aded8464099a2790a4a0e50f3/volumes/400223c7-f26a-4072-8581-c6a980e5f049
Sep 14 16:56:04.313622 dv-cinder-808995-1-smb devstack@c-api.service[100816]: DEBUG cinder.volume.api [None req-780981e0-2f7a-4b65-83c2-7469728cc095 tempest-VolumeRetypeWithoutMigrationTest-540145067 tempest-VolumeRetypeWithoutMigrationTest-540145067-project] Task 'cinder.volume.flows.api.create_volume.QuotaReserveTask;volume:create' (ab336c45-eeb2-4b52-9650-4ee241f644c3) transitioned into state 'SUCCESS' from state 'RUNNING' with result '{'reservations': ['d707e95f-6c2c-4261-a263-2618fc0c8071', '865d49bf-6e2f-4073-80c0-6d96d1d6d635', '9cd8db70-32c1-4ad3-9099-6715a6fd35fe', '37054644-246f-4e40-a98f-3f6cfe264681']}' {{(pid=100816) _task_receiver /usr/local/lib/python3.8/dist-packages/taskflow/listeners/logging.py:178}}
Sep 14 16:56:04.314389 dv-cinder-808995-1-smb devstack@c-api.service[100815]: DEBUG cinder.api.openstack.wsgi [None req-664411ea-ffa9-459f-b84d-562cefcee0c7 tempest-UserMessagesTest-1114504849 tempest-UserMessagesTest-1114504849-project] Empty body provided in request {{(pid=100815) get_body /opt/stack/cinder/cinder/api/openstack/wsgi.py:703}}
Sep 14 16:56:04.315006 dv-cinder-808995-1-smb devstack@c-api.service[100815]: DEBUG cinder.api.openstack.wsgi [None req-664411ea-ffa9-459f-b84d-562cefcee0c7 tempest-UserMessagesTest-1114504849 tempest-UserMessagesTest-1114504849-project] Calling method 'show' {{(pid=100815) _process_stack /opt/stack/cinder/cinder/api/openstack/wsgi.py:856}}
Sep 14 16:56:04.320152 dv-cinder-808995-1-smb devstack@c-api.service[100816]: DEBUG cinder.volume.api [None req-780981e0-2f7a-4b65-83c2-7469728cc095 tempest-VolumeRetypeWithoutMigrationTest-540145067 tempest-VolumeRetypeWithoutMigrationTest-540145067-project] Task 'cinder.volume.flows.api.create_volume.EntryCreateTask;volume:create' (c4650425-8fcd-4f04-96dc-3c51508409e0) transitioned into state 'RUNNING' from state 'PENDING' {{(pid=100816) _task_receiver /usr/local/lib/python3.8/dist-packages/taskflow/listeners/logging.py:190}}
Sep 14 16:56:04.331976 dv-cinder-808995-1-smb devstack@c-api.service[100815]: /usr/local/lib/python3.8/dist-packages/oslo_context/context.py:105: DeprecationWarning: Policy enforcement is depending on the value of is_admin. This key is deprecated. Please update your policy file to use the standard policy values.
Sep 14 16:56:04.331976 dv-cinder-808995-1-smb devstack@c-api.service[100815]: warnings.warn('Policy enforcement is depending on the value of '
Sep 14 16:56:04.343914 dv-cinder-808995-1-smb devstack@c-api.service[100815]: INFO cinder.volume.api [None req-664411ea-ffa9-459f-b84d-562cefcee0c7 tempest-UserMessagesTest-1114504849 tempest-UserMessagesTest-1114504849-project] Volume info retrieved successfully.
Sep 14 16:56:04.369124 dv-cinder-808995-1-smb devstack@c-api.service[100815]: INFO cinder.api.openstack.wsgi [None req-664411ea-ffa9-459f-b84d-562cefcee0c7 tempest-UserMessagesTest-1114504849 tempest-UserMessagesTest-1114504849-project] http://10.222.0.43/volume/v3/36e9533aded8464099a2790a4a0e50f3/volumes/400223c7-f26a-4072-8581-c6a980e5f049 returned with HTTP 200
Sep 14 16:56:04.370359 dv-cinder-808995-1-smb devstack@c-api.service[100815]: [pid: 100815|app: 0|req: 126/241] 10.222.0.43 () {60 vars in 1365 bytes} [Tue Sep 14 16:56:04 2021] GET /volume/v3/36e9533aded8464099a2790a4a0e50f3/volumes/400223c7-f26a-4072-8581-c6a980e5f049 => generated 919 bytes in 63 msecs (HTTP/1.1 200) 7 headers in 285 bytes (1 switches on core 0)
Sep 14 16:56:04.374714 dv-cinder-808995-1-smb devstack@c-api.service[100815]: INFO cinder.api.openstack.wsgi [None req-33667363-d501-4111-9789-d07cf7e1e86e tempest-VolumeTypesNegativeTest-2025198075 tempest-VolumeTypesNegativeTest-2025198075-project-admin] POST http://10.222.0.43/volume/v3/499c755249f1493c895823ff7c717c2b/types
Sep 14 16:56:04.374892 dv-cinder-808995-1-smb devstack@c-api.service[100815]: /usr/local/lib/python3.8/dist-packages/webob/acceptparse.py:1047: DeprecationWarning: The behavior of AcceptValidHeader.best_match is currently being maintained for backward compatibility, but it will be deprecated in the future, as it does not conform to the RFC.
Sep 14 16:56:04.374892 dv-cinder-808995-1-smb devstack@c-api.service[100815]: warnings.warn(
Sep 14 16:56:04.375262 dv-cinder-808995-1-smb devstack@c-api.service[100815]: DEBUG cinder.api.openstack.wsgi [None req-33667363-d501-4111-9789-d07cf7e1e86e tempest-VolumeTypesNegativeTest-2025198075 tempest-VolumeTypesNegativeTest-2025198075-project-admin] Action: 'create', calling method: _create, body: {"volume_type": {"name": "tempest-VolumeTypesNegativeTest-volume-type-594505942"}} {{(pid=100815) _process_stack /opt/stack/cinder/cinder/api/openstack/wsgi.py:854}}
Sep 14 16:56:04.391644 dv-cinder-808995-1-smb devstack@c-api.service[100815]: INFO cinder.api.openstack.wsgi [None req-33667363-d501-4111-9789-d07cf7e1e86e tempest-VolumeTypesNegativeTest-2025198075 tempest-VolumeTypesNegativeTest-2025198075-project-admin] HTTP exception thrown: Volume Type tempest-VolumeTypesNegativeTest-volume-type-594505942 already exists.
Sep 14 16:56:04.392425 dv-cinder-808995-1-smb devstack@c-api.service[100815]: INFO cinder.api.openstack.wsgi [None req-33667363-d501-4111-9789-d07cf7e1e86e tempest-VolumeTypesNegativeTest-2025198075 tempest-VolumeTypesNegativeTest-2025198075-project-admin] http://10.222.0.43/volume/v3/499c755249f1493c895823ff7c717c2b/types returned with HTTP 409
Sep 14 16:56:04.398511 dv-cinder-808995-1-smb devstack@c-api.service[100815]: [pid: 100815|app: 0|req: 127/242] 10.222.0.43 () {60 vars in 1229 bytes} [Tue Sep 14 16:56:04 2021] POST /volume/v3/499c755249f1493c895823ff7c717c2b/types => generated 133 bytes in 27 msecs (HTTP/1.1 409) 7 headers in 291 bytes (1 switches on core 0)
Sep 14 16:56:04.402865 dv-cinder-808995-1-smb devstack@c-api.service[100815]: INFO cinder.api.openstack.wsgi [None req-187d16e5-2a83-40f5-874b-d1e44bac13dc tempest-VolumesImageMetadata-2128507039 tempest-VolumesImageMetadata-2128507039-project] GET http://10.222.0.43/volume/v3/e1c479016eec4fee97721371286e038c/volumes/faf3249d-8d44-4726-afe4-90fe57dfba12
Sep 14 16:56:04.403512 dv-cinder-808995-1-smb devstack@c-api.service[100815]: DEBUG cinder.api.openstack.wsgi [None req-187d16e5-2a83-40f5-874b-d1e44bac13dc tempest-VolumesImageMetadata-2128507039 tempest-VolumesImageMetadata-2128507039-project] Empty body provided in request {{(pid=100815) get_body /opt/stack/cinder/cinder/api/openstack/wsgi.py:703}}
Sep 14 16:56:04.404463 dv-cinder-808995-1-smb devstack@c-api.service[100815]: DEBUG cinder.api.openstack.wsgi [None req-187d16e5-2a83-40f5-874b-d1e44bac13dc tempest-VolumesImageMetadata-2128507039 tempest-VolumesImageMetadata-2128507039-project] Calling method 'show' {{(pid=100815) _process_stack /opt/stack/cinder/cinder/api/openstack/wsgi.py:856}}
Sep 14 16:56:04.406734 dv-cinder-808995-1-smb devstack@c-api.service[100816]: DEBUG cinder.volume.api [None req-780981e0-2f7a-4b65-83c2-7469728cc095 tempest-VolumeRetypeWithoutMigrationTest-540145067 tempest-VolumeRetypeWithoutMigrationTest-540145067-project] Task 'cinder.volume.flows.api.create_volume.EntryCreateTask;volume:create' (c4650425-8fcd-4f04-96dc-3c51508409e0) transitioned into state 'SUCCESS' from state 'RUNNING' with result '{'volume_id': '29412373-c9ee-45f6-8699-40f6a9d71ce8', 'volume_properties': VolumeProperties(attach_status='detached',availability_zone='nova',cgsnapshot_id=None,consistencygroup_id=None,display_description=None,display_name='tempest-VolumeRetypeWithoutMigrationTest-Volume-332958799',encryption_key_id=None,group_id=None,group_type_id=,metadata={},multiattach=False,project_id='8d846adabbe949bfa222c39c46c699bb',qos_specs=None,replication_status=,reservations=['d707e95f-6c2c-4261-a263-2618fc0c8071','865d49bf-6e2f-4073-80c0-6d96d1d6d635','9cd8db70-32c1-4ad3-9099-6715a6fd35fe','37054644-246f-4e40-a98f-3f6cfe264681'],size=1,snapshot_id=None,source_replicaid=,source_volid=None,status='creating',user_id='7554675e2715468c84ca7e690fee31c1',volume_type_id=2bdcb026-deb5-4b8a-bcf7-1098a4526227), 'volume': Volume(_name_id=None,admin_metadata=,attach_status='detached',availability_zone='nova',bootable=False,cluster=,cluster_name=None,consistencygroup=,consistencygroup_id=None,created_at=2021-09-14T16:56:04Z,deleted=False,deleted_at=None,display_description=None,display_name='tempest-VolumeRetypeWithoutMigrationTest-Volume-332958799',ec2_id=None,encryption_key_id=None,glance_metadata=,group=,group_id=None,host=None,id=29412373-c9ee-45f6-8699-40f6a9d71ce8,launched_at=None,metadata={},migration_status=None,multiattach=False,previous_status=None,project_id='8d846adabbe949bfa222c39c46c699bb',provider_auth=None,provider_geometry=None,provider_id=None,provider_location=None,replication_driver_data=None,replication_extended_status=None,replication_status=None,scheduled_at=None,service_uuid=None,shared_targets=True,size=1,snapshot_id=None,snapshots=,source_volid=None,status='creating',terminated_at=None,updated_at=None,use_quota=True,user_id='7554675e2715468c84ca7e690fee31c1',volume_attachment=,volume_type=VolumeType(2bdcb026-deb5-4b8a-bcf7-1098a4526227),volume_type_id=2bdcb026-deb5-4b8a-bcf7-1098a4526227)}' {{(pid=100816) _task_receiver /usr/local/lib/python3.8/dist-packages/taskflow/listeners/logging.py:178}}
Sep 14 16:56:04.414533 dv-cinder-808995-1-smb devstack@c-api.service[100816]: DEBUG cinder.volume.api [None req-780981e0-2f7a-4b65-83c2-7469728cc095 tempest-VolumeRetypeWithoutMigrationTest-540145067 tempest-VolumeRetypeWithoutMigrationTest-540145067-project] Task 'cinder.volume.flows.api.create_volume.QuotaCommitTask;volume:create' (58e5a38d-5342-4e69-ab80-12a223cc713b) transitioned into state 'RUNNING' from state 'PENDING' {{(pid=100816) _task_receiver /usr/local/lib/python3.8/dist-packages/taskflow/listeners/logging.py:190}}
Sep 14 16:56:04.423963 dv-cinder-808995-1-smb devstack@c-api.service[100815]: /usr/local/lib/python3.8/dist-packages/oslo_context/context.py:105: DeprecationWarning: Policy enforcement is depending on the value of is_admin. This key is deprecated. Please update your policy file to use the standard policy values.
Sep 14 16:56:04.423963 dv-cinder-808995-1-smb devstack@c-api.service[100815]: warnings.warn('Policy enforcement is depending on the value of '
Sep 14 16:56:04.446856 dv-cinder-808995-1-smb devstack@c-api.service[100815]: INFO cinder.volume.api [None req-187d16e5-2a83-40f5-874b-d1e44bac13dc tempest-VolumesImageMetadata-2128507039 tempest-VolumesImageMetadata-2128507039-project] Volume info retrieved successfully.
Sep 14 16:56:04.468323 dv-cinder-808995-1-smb devstack@c-api.service[100815]: INFO cinder.api.openstack.wsgi [None req-187d16e5-2a83-40f5-874b-d1e44bac13dc tempest-VolumesImageMetadata-2128507039 tempest-VolumesImageMetadata-2128507039-project] http://10.222.0.43/volume/v3/e1c479016eec4fee97721371286e038c/volumes/faf3249d-8d44-4726-afe4-90fe57dfba12 returned with HTTP 200
Sep 14 16:56:04.469817 dv-cinder-808995-1-smb devstack@c-api.service[100815]: [pid: 100815|app: 0|req: 128/243] 10.222.0.43 () {58 vars in 1325 bytes} [Tue Sep 14 16:56:04 2021] GET /volume/v3/e1c479016eec4fee97721371286e038c/volumes/faf3249d-8d44-4726-afe4-90fe57dfba12 => generated 912 bytes in 71 msecs (HTTP/1.1 200) 7 headers in 285 bytes (1 switches on core 0)
Sep 14 16:56:04.476680 dv-cinder-808995-1-smb devstack@c-api.service[100815]: INFO cinder.api.openstack.wsgi [None req-ca3b06be-a45b-465f-b2aa-b1597faff9f6 tempest-VolumeTypesNegativeTest-2025198075 tempest-VolumeTypesNegativeTest-2025198075-project-admin] DELETE http://10.222.0.43/volume/v3/499c755249f1493c895823ff7c717c2b/types/31dc7349-f589-45d5-b7a7-7ed038973d12
Sep 14 16:56:04.477166 dv-cinder-808995-1-smb devstack@c-api.service[100815]: DEBUG cinder.api.openstack.wsgi [None req-ca3b06be-a45b-465f-b2aa-b1597faff9f6 tempest-VolumeTypesNegativeTest-2025198075 tempest-VolumeTypesNegativeTest-2025198075-project-admin] Empty body provided in request {{(pid=100815) get_body /opt/stack/cinder/cinder/api/openstack/wsgi.py:703}}
Sep 14 16:56:04.477631 dv-cinder-808995-1-smb devstack@c-api.service[100815]: /usr/local/lib/python3.8/dist-packages/webob/acceptparse.py:1047: DeprecationWarning: The behavior of AcceptValidHeader.best_match is currently being maintained for backward compatibility, but it will be deprecated in the future, as it does not conform to the RFC.
Sep 14 16:56:04.477631 dv-cinder-808995-1-smb devstack@c-api.service[100815]: warnings.warn(
Sep 14 16:56:04.478407 dv-cinder-808995-1-smb devstack@c-api.service[100815]: DEBUG cinder.api.openstack.wsgi [None req-ca3b06be-a45b-465f-b2aa-b1597faff9f6 tempest-VolumeTypesNegativeTest-2025198075 tempest-VolumeTypesNegativeTest-2025198075-project-admin] Calling method '_delete' {{(pid=100815) _process_stack /opt/stack/cinder/cinder/api/openstack/wsgi.py:856}}
Sep 14 16:56:04.488534 dv-cinder-808995-1-smb devstack@c-api.service[100815]: INFO cinder.api.openstack.wsgi [None req-ca3b06be-a45b-465f-b2aa-b1597faff9f6 tempest-VolumeTypesNegativeTest-2025198075 tempest-VolumeTypesNegativeTest-2025198075-project-admin] http://10.222.0.43/volume/v3/499c755249f1493c895823ff7c717c2b/types/31dc7349-f589-45d5-b7a7-7ed038973d12 returned with HTTP 404
Sep 14 16:56:04.489745 dv-cinder-808995-1-smb devstack@c-api.service[100815]: [pid: 100815|app: 0|req: 129/244] 10.222.0.43 () {58 vars in 1322 bytes} [Tue Sep 14 16:56:04 2021] DELETE /volume/v3/499c755249f1493c895823ff7c717c2b/types/31dc7349-f589-45d5-b7a7-7ed038973d12 => generated 114 bytes in 19 msecs (HTTP/1.1 404) 7 headers in 292 bytes (1 switches on core 0)
Sep 14 16:56:04.493028 dv-cinder-808995-1-smb devstack@c-api.service[100816]: DEBUG cinder.volume.api [None req-780981e0-2f7a-4b65-83c2-7469728cc095 tempest-VolumeRetypeWithoutMigrationTest-540145067 tempest-VolumeRetypeWithoutMigrationTest-540145067-project] Task 'cinder.volume.flows.api.create_volume.QuotaCommitTask;volume:create' (58e5a38d-5342-4e69-ab80-12a223cc713b) transitioned into state 'SUCCESS' from state 'RUNNING' with result '{'volume_properties': VolumeProperties(attach_status='detached',availability_zone='nova',cgsnapshot_id=None,consistencygroup_id=None,display_description=None,display_name='tempest-VolumeRetypeWithoutMigrationTest-Volume-332958799',encryption_key_id=None,group_id=None,group_type_id=,metadata={},multiattach=False,project_id='8d846adabbe949bfa222c39c46c699bb',qos_specs=None,replication_status=,reservations=['d707e95f-6c2c-4261-a263-2618fc0c8071','865d49bf-6e2f-4073-80c0-6d96d1d6d635','9cd8db70-32c1-4ad3-9099-6715a6fd35fe','37054644-246f-4e40-a98f-3f6cfe264681'],size=1,snapshot_id=None,source_replicaid=,source_volid=None,status='creating',user_id='7554675e2715468c84ca7e690fee31c1',volume_type_id=2bdcb026-deb5-4b8a-bcf7-1098a4526227)}' {{(pid=100816) _task_receiver /usr/local/lib/python3.8/dist-packages/taskflow/listeners/logging.py:178}}
Sep 14 16:56:04.495640 dv-cinder-808995-1-smb devstack@c-api.service[100816]: DEBUG cinder.volume.api [None req-780981e0-2f7a-4b65-83c2-7469728cc095 tempest-VolumeRetypeWithoutMigrationTest-540145067 tempest-VolumeRetypeWithoutMigrationTest-540145067-project] Task 'cinder.volume.flows.api.create_volume.VolumeCastTask;volume:create' (49135ef6-3f9c-47b5-8534-ce30161864f6) transitioned into state 'RUNNING' from state 'PENDING' {{(pid=100816) _task_receiver /usr/local/lib/python3.8/dist-packages/taskflow/listeners/logging.py:190}}
Sep 14 16:56:04.501542 dv-cinder-808995-1-smb devstack@c-api.service[100815]: INFO cinder.api.openstack.wsgi [None req-f49c4a2b-1dc3-4094-8d11-40ec67dbb95e tempest-VolumeTypesNegativeTest-2025198075 tempest-VolumeTypesNegativeTest-2025198075-project-admin] GET http://10.222.0.43/volume/v3/499c755249f1493c895823ff7c717c2b/types/fa82f2b7-68d5-4df7-913c-7a3b1e279b86
Sep 14 16:56:04.502026 dv-cinder-808995-1-smb devstack@c-api.service[100815]: DEBUG cinder.api.openstack.wsgi [None req-f49c4a2b-1dc3-4094-8d11-40ec67dbb95e tempest-VolumeTypesNegativeTest-2025198075 tempest-VolumeTypesNegativeTest-2025198075-project-admin] Empty body provided in request {{(pid=100815) get_body /opt/stack/cinder/cinder/api/openstack/wsgi.py:703}}
Sep 14 16:56:04.503150 dv-cinder-808995-1-smb devstack@c-api.service[100815]: DEBUG cinder.api.openstack.wsgi [None req-f49c4a2b-1dc3-4094-8d11-40ec67dbb95e tempest-VolumeTypesNegativeTest-2025198075 tempest-VolumeTypesNegativeTest-2025198075-project-admin] Calling method 'show' {{(pid=100815) _process_stack /opt/stack/cinder/cinder/api/openstack/wsgi.py:856}}
Sep 14 16:56:04.508696 dv-cinder-808995-1-smb devstack@c-api.service[100815]: INFO cinder.api.openstack.wsgi [None req-f49c4a2b-1dc3-4094-8d11-40ec67dbb95e tempest-VolumeTypesNegativeTest-2025198075 tempest-VolumeTypesNegativeTest-2025198075-project-admin] http://10.222.0.43/volume/v3/499c755249f1493c895823ff7c717c2b/types/fa82f2b7-68d5-4df7-913c-7a3b1e279b86 returned with HTTP 404
Sep 14 16:56:04.510279 dv-cinder-808995-1-smb devstack@c-api.service[100815]: [pid: 100815|app: 0|req: 130/245] 10.222.0.43 () {58 vars in 1319 bytes} [Tue Sep 14 16:56:04 2021] GET /volume/v3/499c755249f1493c895823ff7c717c2b/types/fa82f2b7-68d5-4df7-913c-7a3b1e279b86 => generated 114 bytes in 12 msecs (HTTP/1.1 404) 7 headers in 292 bytes (1 switches on core 0)
Sep 14 16:56:04.522604 dv-cinder-808995-1-smb devstack@c-api.service[100815]: INFO cinder.api.openstack.wsgi [None req-b56c8901-50f3-4e64-afc2-470bd0e9b343 tempest-VolumeTypesNegativeTest-2025198075 tempest-VolumeTypesNegativeTest-2025198075-project-admin] DELETE http://10.222.0.43/volume/v3/499c755249f1493c895823ff7c717c2b/types/4e99a93b-9223-44b5-8012-8181ffaeae3c
Sep 14 16:56:04.523671 dv-cinder-808995-1-smb devstack@c-api.service[100815]: DEBUG cinder.api.openstack.wsgi [None req-b56c8901-50f3-4e64-afc2-470bd0e9b343 tempest-VolumeTypesNegativeTest-2025198075 tempest-VolumeTypesNegativeTest-2025198075-project-admin] Empty body provided in request {{(pid=100815) get_body /opt/stack/cinder/cinder/api/openstack/wsgi.py:703}}
