Sep 16 05:40:09.779789 dv-cinder-808837-4-smb devstack@c-api.service[110299]: INFO cinder.api.openstack.wsgi [None req-2fab8957-6ff9-4bff-a20c-b012de7e43e6 tempest-VolumeRetypeWithoutMigrationTest-1584697847 tempest-VolumeRetypeWithoutMigrationTest-1584697847-project-admin] POST http://10.222.0.70/volume/v3/8787e2e0406a426f972f214049b4b691/types
Sep 16 05:40:09.780266 dv-cinder-808837-4-smb devstack@c-api.service[110299]: /usr/local/lib/python3.8/dist-packages/webob/acceptparse.py:1047: DeprecationWarning: The behavior of AcceptValidHeader.best_match is currently being maintained for backward compatibility, but it will be deprecated in the future, as it does not conform to the RFC.
Sep 16 05:40:09.780266 dv-cinder-808837-4-smb devstack@c-api.service[110299]: warnings.warn(
Sep 16 05:40:09.780697 dv-cinder-808837-4-smb devstack@c-api.service[110299]: DEBUG cinder.api.openstack.wsgi [None req-2fab8957-6ff9-4bff-a20c-b012de7e43e6 tempest-VolumeRetypeWithoutMigrationTest-1584697847 tempest-VolumeRetypeWithoutMigrationTest-1584697847-project-admin] Action: 'create', calling method: _create, body: {"volume_type": {"name": "volume-type-1"}} {{(pid=110299) _process_stack /opt/stack/cinder/cinder/api/openstack/wsgi.py:854}}
Sep 16 05:40:09.816531 dv-cinder-808837-4-smb devstack@c-api.service[110299]: INFO cinder.api.openstack.wsgi [None req-2fab8957-6ff9-4bff-a20c-b012de7e43e6 tempest-VolumeRetypeWithoutMigrationTest-1584697847 tempest-VolumeRetypeWithoutMigrationTest-1584697847-project-admin] http://10.222.0.70/volume/v3/8787e2e0406a426f972f214049b4b691/types returned with HTTP 200
Sep 16 05:40:09.818100 dv-cinder-808837-4-smb devstack@c-api.service[110299]: [pid: 110299|app: 0|req: 80/171] 10.222.0.70 () {60 vars in 1229 bytes} [Thu Sep 16 05:40:09 2021] POST /volume/v3/8787e2e0406a426f972f214049b4b691/types => generated 188 bytes in 332 msecs (HTTP/1.1 200) 7 headers in 285 bytes (1 switches on core 0)
Sep 16 05:40:09.823272 dv-cinder-808837-4-smb devstack@c-api.service[110300]: INFO cinder.api.openstack.wsgi [None req-dd8405d2-1e7f-46dc-9ab6-c74e2aee94a8 tempest-VolumesCloneTest-584452823 tempest-VolumesCloneTest-584452823-project] GET http://10.222.0.70/volume/v3/86f230eaf03f49e1a05f544955c0893d/volumes/c08d816d-1612-4f65-976e-f7e322d64f1b
Sep 16 05:40:09.824332 dv-cinder-808837-4-smb devstack@c-api.service[110300]: DEBUG cinder.api.openstack.wsgi [None req-dd8405d2-1e7f-46dc-9ab6-c74e2aee94a8 tempest-VolumesCloneTest-584452823 tempest-VolumesCloneTest-584452823-project] Empty body provided in request {{(pid=110300) get_body /opt/stack/cinder/cinder/api/openstack/wsgi.py:703}}
Sep 16 05:40:09.824735 dv-cinder-808837-4-smb devstack@c-api.service[110300]: /usr/local/lib/python3.8/dist-packages/webob/acceptparse.py:1047: DeprecationWarning: The behavior of AcceptValidHeader.best_match is currently being maintained for backward compatibility, but it will be deprecated in the future, as it does not conform to the RFC.
Sep 16 05:40:09.824735 dv-cinder-808837-4-smb devstack@c-api.service[110300]: warnings.warn(
Sep 16 05:40:09.825275 dv-cinder-808837-4-smb devstack@c-api.service[110300]: DEBUG cinder.api.openstack.wsgi [None req-dd8405d2-1e7f-46dc-9ab6-c74e2aee94a8 tempest-VolumesCloneTest-584452823 tempest-VolumesCloneTest-584452823-project] Calling method 'show' {{(pid=110300) _process_stack /opt/stack/cinder/cinder/api/openstack/wsgi.py:856}}
Sep 16 05:40:09.832506 dv-cinder-808837-4-smb devstack@c-api.service[110299]: INFO cinder.api.openstack.wsgi [None req-fe9db199-2b51-4c3e-a913-5b39e589b1f1 tempest-VolumeRetypeWithoutMigrationTest-1584697847 tempest-VolumeRetypeWithoutMigrationTest-1584697847-project-admin] POST http://10.222.0.70/volume/v3/8787e2e0406a426f972f214049b4b691/types
Sep 16 05:40:09.833478 dv-cinder-808837-4-smb devstack@c-api.service[110299]: DEBUG cinder.api.openstack.wsgi [None req-fe9db199-2b51-4c3e-a913-5b39e589b1f1 tempest-VolumeRetypeWithoutMigrationTest-1584697847 tempest-VolumeRetypeWithoutMigrationTest-1584697847-project-admin] Action: 'create', calling method: _create, body: {"volume_type": {"name": "volume-type-2"}} {{(pid=110299) _process_stack /opt/stack/cinder/cinder/api/openstack/wsgi.py:854}}
Sep 16 05:40:09.851322 dv-cinder-808837-4-smb devstack@c-api.service[110300]: /usr/local/lib/python3.8/dist-packages/oslo_context/context.py:105: DeprecationWarning: Policy enforcement is depending on the value of is_admin. This key is deprecated. Please update your policy file to use the standard policy values.
Sep 16 05:40:09.851322 dv-cinder-808837-4-smb devstack@c-api.service[110300]: warnings.warn('Policy enforcement is depending on the value of '
Sep 16 05:40:09.864107 dv-cinder-808837-4-smb devstack@c-api.service[110300]: INFO cinder.volume.api [None req-dd8405d2-1e7f-46dc-9ab6-c74e2aee94a8 tempest-VolumesCloneTest-584452823 tempest-VolumesCloneTest-584452823-project] Volume info retrieved successfully.
Sep 16 05:40:09.869637 dv-cinder-808837-4-smb devstack@c-api.service[110299]: INFO cinder.api.openstack.wsgi [None req-fe9db199-2b51-4c3e-a913-5b39e589b1f1 tempest-VolumeRetypeWithoutMigrationTest-1584697847 tempest-VolumeRetypeWithoutMigrationTest-1584697847-project-admin] http://10.222.0.70/volume/v3/8787e2e0406a426f972f214049b4b691/types returned with HTTP 200
Sep 16 05:40:09.870629 dv-cinder-808837-4-smb devstack@c-api.service[110299]: [pid: 110299|app: 0|req: 81/172] 10.222.0.70 () {60 vars in 1229 bytes} [Thu Sep 16 05:40:09 2021] POST /volume/v3/8787e2e0406a426f972f214049b4b691/types => generated 188 bytes in 43 msecs (HTTP/1.1 200) 7 headers in 285 bytes (1 switches on core 0)
Sep 16 05:40:09.882130 dv-cinder-808837-4-smb devstack@c-api.service[110300]: INFO cinder.api.openstack.wsgi [None req-dd8405d2-1e7f-46dc-9ab6-c74e2aee94a8 tempest-VolumesCloneTest-584452823 tempest-VolumesCloneTest-584452823-project] http://10.222.0.70/volume/v3/86f230eaf03f49e1a05f544955c0893d/volumes/c08d816d-1612-4f65-976e-f7e322d64f1b returned with HTTP 200
Sep 16 05:40:09.883572 dv-cinder-808837-4-smb devstack@c-api.service[110300]: [pid: 110300|app: 0|req: 92/173] 10.222.0.70 () {58 vars in 1325 bytes} [Thu Sep 16 05:40:09 2021] GET /volume/v3/86f230eaf03f49e1a05f544955c0893d/volumes/c08d816d-1612-4f65-976e-f7e322d64f1b => generated 908 bytes in 64 msecs (HTTP/1.1 200) 7 headers in 285 bytes (1 switches on core 0)
Sep 16 05:40:10.056024 dv-cinder-808837-4-smb devstack@c-api.service[110299]: INFO cinder.api.openstack.wsgi [None req-246f63ff-bc93-4187-ad46-0077cd7fde8c tempest-VolumeRetypeWithoutMigrationTest-1997753672 tempest-VolumeRetypeWithoutMigrationTest-1997753672-project] POST http://10.222.0.70/volume/v3/1476edb8bce147d7b9619e0529ce15aa/volumes
Sep 16 05:40:10.056761 dv-cinder-808837-4-smb devstack@c-api.service[110299]: DEBUG cinder.api.openstack.wsgi [None req-246f63ff-bc93-4187-ad46-0077cd7fde8c tempest-VolumeRetypeWithoutMigrationTest-1997753672 tempest-VolumeRetypeWithoutMigrationTest-1997753672-project] Action: 'create', calling method: create, body: {"volume": {"volume_type": "volume-type-1", "size": 1, "name": "tempest-VolumeRetypeWithoutMigrationTest-Volume-619562050"}} {{(pid=110299) _process_stack /opt/stack/cinder/cinder/api/openstack/wsgi.py:854}}
Sep 16 05:40:10.057771 dv-cinder-808837-4-smb devstack@c-api.service[110299]: DEBUG cinder.api.v3.volumes [None req-246f63ff-bc93-4187-ad46-0077cd7fde8c tempest-VolumeRetypeWithoutMigrationTest-1997753672 tempest-VolumeRetypeWithoutMigrationTest-1997753672-project] Create volume request body: {'volume': {'volume_type': 'volume-type-1', 'size': 1, 'name': 'tempest-VolumeRetypeWithoutMigrationTest-Volume-619562050'}} {{(pid=110299) create /opt/stack/cinder/cinder/api/v3/volumes.py:298}}
Sep 16 05:40:10.064195 dv-cinder-808837-4-smb devstack@c-api.service[110299]: INFO cinder.api.v3.volumes [None req-246f63ff-bc93-4187-ad46-0077cd7fde8c tempest-VolumeRetypeWithoutMigrationTest-1997753672 tempest-VolumeRetypeWithoutMigrationTest-1997753672-project] Create volume of 1 GB
Sep 16 05:40:10.065052 dv-cinder-808837-4-smb devstack@c-api.service[110299]: /usr/local/lib/python3.8/dist-packages/oslo_context/context.py:105: DeprecationWarning: Policy enforcement is depending on the value of is_admin. This key is deprecated. Please update your policy file to use the standard policy values.
Sep 16 05:40:10.065052 dv-cinder-808837-4-smb devstack@c-api.service[110299]: warnings.warn('Policy enforcement is depending on the value of '
Sep 16 05:40:10.066338 dv-cinder-808837-4-smb devstack@c-api.service[110299]: INFO cinder.volume.api [None req-246f63ff-bc93-4187-ad46-0077cd7fde8c tempest-VolumeRetypeWithoutMigrationTest-1997753672 tempest-VolumeRetypeWithoutMigrationTest-1997753672-project] Availability Zones retrieved successfully.
Sep 16 05:40:10.083740 dv-cinder-808837-4-smb devstack@c-api.service[110300]: INFO cinder.api.openstack.wsgi [None req-a6504f77-1514-4be4-bd0a-4417e00d57f5 tempest-SnapshotsActionsTest-149611209 tempest-SnapshotsActionsTest-149611209-project] GET http://10.222.0.70/volume/v3/4d2f22c1b21d4d8a977e273d8cd9bb85/snapshots/2377b563-f6c4-4f54-9772-b08d77bc95ad
Sep 16 05:40:10.091426 dv-cinder-808837-4-smb devstack@c-api.service[110300]: DEBUG cinder.api.openstack.wsgi [None req-a6504f77-1514-4be4-bd0a-4417e00d57f5 tempest-SnapshotsActionsTest-149611209 tempest-SnapshotsActionsTest-149611209-project] Empty body provided in request {{(pid=110300) get_body /opt/stack/cinder/cinder/api/openstack/wsgi.py:703}}
Sep 16 05:40:10.091557 dv-cinder-808837-4-smb devstack@c-api.service[110300]: /usr/local/lib/python3.8/dist-packages/webob/acceptparse.py:1047: DeprecationWarning: The behavior of AcceptValidHeader.best_match is currently being maintained for backward compatibility, but it will be deprecated in the future, as it does not conform to the RFC.
Sep 16 05:40:10.091557 dv-cinder-808837-4-smb devstack@c-api.service[110300]: warnings.warn(
Sep 16 05:40:10.091881 dv-cinder-808837-4-smb devstack@c-api.service[110300]: DEBUG cinder.api.openstack.wsgi [None req-a6504f77-1514-4be4-bd0a-4417e00d57f5 tempest-SnapshotsActionsTest-149611209 tempest-SnapshotsActionsTest-149611209-project] Calling method 'show' {{(pid=110300) _process_stack /opt/stack/cinder/cinder/api/openstack/wsgi.py:856}}
Sep 16 05:40:10.110490 dv-cinder-808837-4-smb devstack@c-api.service[110299]: DEBUG cinder.volume.api [None req-246f63ff-bc93-4187-ad46-0077cd7fde8c tempest-VolumeRetypeWithoutMigrationTest-1997753672 tempest-VolumeRetypeWithoutMigrationTest-1997753672-project] Flow 'volume_create_api' (760fb640-a715-4976-a7f2-5beb808ae5d4) transitioned into state 'RUNNING' from state 'PENDING' {{(pid=110299) _flow_receiver /usr/local/lib/python3.8/dist-packages/taskflow/listeners/logging.py:141}}
Sep 16 05:40:10.112304 dv-cinder-808837-4-smb devstack@c-api.service[110300]: /usr/local/lib/python3.8/dist-packages/oslo_context/context.py:105: DeprecationWarning: Policy enforcement is depending on the value of is_admin. This key is deprecated. Please update your policy file to use the standard policy values.
Sep 16 05:40:10.112304 dv-cinder-808837-4-smb devstack@c-api.service[110300]: warnings.warn('Policy enforcement is depending on the value of '
Sep 16 05:40:10.114473 dv-cinder-808837-4-smb devstack@c-api.service[110299]: DEBUG cinder.volume.api [None req-246f63ff-bc93-4187-ad46-0077cd7fde8c tempest-VolumeRetypeWithoutMigrationTest-1997753672 tempest-VolumeRetypeWithoutMigrationTest-1997753672-project] Task 'cinder.volume.flows.api.create_volume.ExtractVolumeRequestTask;volume:create' (d2693d46-fc7d-4804-93b9-24e0797d253f) transitioned into state 'RUNNING' from state 'PENDING' {{(pid=110299) _task_receiver /usr/local/lib/python3.8/dist-packages/taskflow/listeners/logging.py:190}}
Sep 16 05:40:10.117294 dv-cinder-808837-4-smb devstack@c-api.service[110300]: INFO cinder.volume.api [None req-a6504f77-1514-4be4-bd0a-4417e00d57f5 tempest-SnapshotsActionsTest-149611209 tempest-SnapshotsActionsTest-149611209-project] Snapshot retrieved successfully.
Sep 16 05:40:10.117785 dv-cinder-808837-4-smb devstack@c-api.service[110299]: DEBUG cinder.volume.flows.api.create_volume [None req-246f63ff-bc93-4187-ad46-0077cd7fde8c tempest-VolumeRetypeWithoutMigrationTest-1997753672 tempest-VolumeRetypeWithoutMigrationTest-1997753672-project] Validating volume size '1' using validate_int {{(pid=110299) _extract_size /opt/stack/cinder/cinder/volume/flows/api/create_volume.py:225}}
Sep 16 05:40:10.120084 dv-cinder-808837-4-smb devstack@c-api.service[110300]: INFO cinder.api.openstack.wsgi [None req-a6504f77-1514-4be4-bd0a-4417e00d57f5 tempest-SnapshotsActionsTest-149611209 tempest-SnapshotsActionsTest-149611209-project] http://10.222.0.70/volume/v3/4d2f22c1b21d4d8a977e273d8cd9bb85/snapshots/2377b563-f6c4-4f54-9772-b08d77bc95ad returned with HTTP 200
Sep 16 05:40:10.123363 dv-cinder-808837-4-smb devstack@c-api.service[110300]: [pid: 110300|app: 0|req: 93/174] 10.222.0.70 () {58 vars in 1331 bytes} [Thu Sep 16 05:40:10 2021] GET /volume/v3/4d2f22c1b21d4d8a977e273d8cd9bb85/snapshots/2377b563-f6c4-4f54-9772-b08d77bc95ad => generated 569 bytes in 44 msecs (HTTP/1.1 200) 7 headers in 285 bytes (2 switches on core 0)
Sep 16 05:40:10.136625 dv-cinder-808837-4-smb devstack@c-api.service[110300]: INFO cinder.api.openstack.wsgi [None req-8d835a53-b7c4-46ab-b5d7-23b70983d77c tempest-SnapshotsActionsTest-1441213134 tempest-SnapshotsActionsTest-1441213134-project-admin] POST http://10.222.0.70/volume/v3/6653783ecba749af974b102528d8f15d/snapshots/2377b563-f6c4-4f54-9772-b08d77bc95ad/action
Sep 16 05:40:10.137215 dv-cinder-808837-4-smb devstack@c-api.service[110300]: /usr/local/lib/python3.8/dist-packages/webob/acceptparse.py:1047: DeprecationWarning: The behavior of AcceptValidHeader.best_match is currently being maintained for backward compatibility, but it will be deprecated in the future, as it does not conform to the RFC.
Sep 16 05:40:10.137215 dv-cinder-808837-4-smb devstack@c-api.service[110300]: warnings.warn(
Sep 16 05:40:10.137890 dv-cinder-808837-4-smb devstack@c-api.service[110300]: DEBUG cinder.api.openstack.wsgi [None req-8d835a53-b7c4-46ab-b5d7-23b70983d77c tempest-SnapshotsActionsTest-1441213134 tempest-SnapshotsActionsTest-1441213134-project-admin] Action body: b'{"os-reset_status": {"status": "creating"}}' {{(pid=110300) get_method /opt/stack/cinder/cinder/api/openstack/wsgi.py:971}}
Sep 16 05:40:10.138541 dv-cinder-808837-4-smb devstack@c-api.service[110300]: DEBUG cinder.api.openstack.wsgi [None req-8d835a53-b7c4-46ab-b5d7-23b70983d77c tempest-SnapshotsActionsTest-1441213134 tempest-SnapshotsActionsTest-1441213134-project-admin] Action: 'action', calling method: _reset_status, body: {"os-reset_status": {"status": "creating"}} {{(pid=110300) _process_stack /opt/stack/cinder/cinder/api/openstack/wsgi.py:854}}
Sep 16 05:40:10.139696 dv-cinder-808837-4-smb devstack@c-api.service[110300]: DEBUG cinder.api.contrib.admin_actions [None req-8d835a53-b7c4-46ab-b5d7-23b70983d77c tempest-SnapshotsActionsTest-1441213134 tempest-SnapshotsActionsTest-1441213134-project-admin] Updating snapshot '2377b563-f6c4-4f54-9772-b08d77bc95ad' with '{'status': 'creating'}' {{(pid=110300) _reset_status /opt/stack/cinder/cinder/api/contrib/admin_actions.py:100}}
Sep 16 05:40:10.164067 dv-cinder-808837-4-smb devstack@c-api.service[110300]: /usr/local/lib/python3.8/dist-packages/oslo_context/context.py:105: DeprecationWarning: Policy enforcement is depending on the value of is_admin. This key is deprecated. Please update your policy file to use the standard policy values.
Sep 16 05:40:10.164067 dv-cinder-808837-4-smb devstack@c-api.service[110300]: warnings.warn('Policy enforcement is depending on the value of '
Sep 16 05:40:10.164327 dv-cinder-808837-4-smb devstack@c-api.service[110299]: DEBUG cinder.volume.api [None req-246f63ff-bc93-4187-ad46-0077cd7fde8c tempest-VolumeRetypeWithoutMigrationTest-1997753672 tempest-VolumeRetypeWithoutMigrationTest-1997753672-project] Task 'cinder.volume.flows.api.create_volume.ExtractVolumeRequestTask;volume:create' (d2693d46-fc7d-4804-93b9-24e0797d253f) transitioned into state 'SUCCESS' from state 'RUNNING' with result '{'size': 1, 'snapshot_id': None, 'source_volid': None, 'volume_type': VolumeType(created_at=2021-09-16T05:40:10Z,deleted=False,deleted_at=None,description=None,extra_specs={},id=d9f26309-5acd-4dbb-84ff-aebdee06eef2,is_public=True,name='volume-type-1',projects=[],qos_specs=,qos_specs_id=None,updated_at=None), 'volume_type_id': 'd9f26309-5acd-4dbb-84ff-aebdee06eef2', 'encryption_key_id': None, 'qos_specs': None, 'consistencygroup_id': None, 'cgsnapshot_id': None, 'group_id': None, 'replication_status': 'disabled', 'refresh_az': False, 'backup_id': None, 'multiattach': False, 'availability_zones': ['nova']}' {{(pid=110299) _task_receiver /usr/local/lib/python3.8/dist-packages/taskflow/listeners/logging.py:178}}
Sep 16 05:40:10.175625 dv-cinder-808837-4-smb devstack@c-api.service[110299]: DEBUG cinder.volume.api [None req-246f63ff-bc93-4187-ad46-0077cd7fde8c tempest-VolumeRetypeWithoutMigrationTest-1997753672 tempest-VolumeRetypeWithoutMigrationTest-1997753672-project] Task 'cinder.volume.flows.api.create_volume.QuotaReserveTask;volume:create' (0eaab06b-8548-43c0-a548-b05cbd0de0e7) transitioned into state 'RUNNING' from state 'PENDING' {{(pid=110299) _task_receiver /usr/local/lib/python3.8/dist-packages/taskflow/listeners/logging.py:190}}
Sep 16 05:40:10.210968 dv-cinder-808837-4-smb devstack@c-api.service[110300]: INFO cinder.api.openstack.wsgi [None req-8d835a53-b7c4-46ab-b5d7-23b70983d77c tempest-SnapshotsActionsTest-1441213134 tempest-SnapshotsActionsTest-1441213134-project-admin] http://10.222.0.70/volume/v3/6653783ecba749af974b102528d8f15d/snapshots/2377b563-f6c4-4f54-9772-b08d77bc95ad/action returned with HTTP 202
Sep 16 05:40:10.211985 dv-cinder-808837-4-smb devstack@c-api.service[110300]: [pid: 110300|app: 0|req: 94/175] 10.222.0.70 () {60 vars in 1373 bytes} [Thu Sep 16 05:40:10 2021] POST /volume/v3/6653783ecba749af974b102528d8f15d/snapshots/2377b563-f6c4-4f54-9772-b08d77bc95ad/action => generated 0 bytes in 82 msecs (HTTP/1.1 202) 7 headers in 289 bytes (1 switches on core 0)
Sep 16 05:40:10.220633 dv-cinder-808837-4-smb devstack@c-api.service[110300]: INFO cinder.api.openstack.wsgi [None req-43d39baa-3612-460e-986a-ba9372176c90 tempest-SnapshotsActionsTest-149611209 tempest-SnapshotsActionsTest-149611209-project] GET http://10.222.0.70/volume/v3/4d2f22c1b21d4d8a977e273d8cd9bb85/snapshots/2377b563-f6c4-4f54-9772-b08d77bc95ad
Sep 16 05:40:10.221281 dv-cinder-808837-4-smb devstack@c-api.service[110300]: DEBUG cinder.api.openstack.wsgi [None req-43d39baa-3612-460e-986a-ba9372176c90 tempest-SnapshotsActionsTest-149611209 tempest-SnapshotsActionsTest-149611209-project] Empty body provided in request {{(pid=110300) get_body /opt/stack/cinder/cinder/api/openstack/wsgi.py:703}}
Sep 16 05:40:10.221636 dv-cinder-808837-4-smb devstack@c-api.service[110300]: /usr/local/lib/python3.8/dist-packages/webob/acceptparse.py:1047: DeprecationWarning: The behavior of AcceptValidHeader.best_match is currently being maintained for backward compatibility, but it will be deprecated in the future, as it does not conform to the RFC.
Sep 16 05:40:10.221636 dv-cinder-808837-4-smb devstack@c-api.service[110300]: warnings.warn(
Sep 16 05:40:10.222312 dv-cinder-808837-4-smb devstack@c-api.service[110300]: DEBUG cinder.api.openstack.wsgi [None req-43d39baa-3612-460e-986a-ba9372176c90 tempest-SnapshotsActionsTest-149611209 tempest-SnapshotsActionsTest-149611209-project] Calling method 'show' {{(pid=110300) _process_stack /opt/stack/cinder/cinder/api/openstack/wsgi.py:856}}
Sep 16 05:40:10.238716 dv-cinder-808837-4-smb devstack@c-api.service[110300]: /usr/local/lib/python3.8/dist-packages/oslo_context/context.py:105: DeprecationWarning: Policy enforcement is depending on the value of is_admin. This key is deprecated. Please update your policy file to use the standard policy values.
Sep 16 05:40:10.238716 dv-cinder-808837-4-smb devstack@c-api.service[110300]: warnings.warn('Policy enforcement is depending on the value of '
Sep 16 05:40:10.239745 dv-cinder-808837-4-smb devstack@c-api.service[110300]: INFO cinder.volume.api [None req-43d39baa-3612-460e-986a-ba9372176c90 tempest-SnapshotsActionsTest-149611209 tempest-SnapshotsActionsTest-149611209-project] Snapshot retrieved successfully.
Sep 16 05:40:10.241653 dv-cinder-808837-4-smb devstack@c-api.service[110300]: INFO cinder.api.openstack.wsgi [None req-43d39baa-3612-460e-986a-ba9372176c90 tempest-SnapshotsActionsTest-149611209 tempest-SnapshotsActionsTest-149611209-project] http://10.222.0.70/volume/v3/4d2f22c1b21d4d8a977e273d8cd9bb85/snapshots/2377b563-f6c4-4f54-9772-b08d77bc95ad returned with HTTP 200
Sep 16 05:40:10.242803 dv-cinder-808837-4-smb devstack@c-api.service[110300]: [pid: 110300|app: 0|req: 95/176] 10.222.0.70 () {58 vars in 1331 bytes} [Thu Sep 16 05:40:10 2021] GET /volume/v3/4d2f22c1b21d4d8a977e273d8cd9bb85/snapshots/2377b563-f6c4-4f54-9772-b08d77bc95ad => generated 568 bytes in 26 msecs (HTTP/1.1 200) 7 headers in 285 bytes (1 switches on core 0)
Sep 16 05:40:10.248689 dv-cinder-808837-4-smb devstack@c-api.service[110299]: WARNING cinder.quota [None req-246f63ff-bc93-4187-ad46-0077cd7fde8c tempest-VolumeRetypeWithoutMigrationTest-1997753672 tempest-VolumeRetypeWithoutMigrationTest-1997753672-project] Deprecated: Default quota for resource: volumes_volume-type-1 is set by the default quota flag: quota_volumes_volume-type-1, it is now deprecated. Please use the default quota class for default quota.
Sep 16 05:40:10.249487 dv-cinder-808837-4-smb devstack@c-api.service[110299]: WARNING cinder.quota [None req-246f63ff-bc93-4187-ad46-0077cd7fde8c tempest-VolumeRetypeWithoutMigrationTest-1997753672 tempest-VolumeRetypeWithoutMigrationTest-1997753672-project] Deprecated: Default quota for resource: gigabytes_volume-type-1 is set by the default quota flag: quota_gigabytes_volume-type-1, it is now deprecated. Please use the default quota class for default quota.
Sep 16 05:40:10.254081 dv-cinder-808837-4-smb devstack@c-api.service[110300]: INFO cinder.api.openstack.wsgi [None req-fd1b3e80-0ad7-4d98-93b1-8e5788639c7a tempest-SnapshotsActionsTest-1441213134 tempest-SnapshotsActionsTest-1441213134-project-admin] POST http://10.222.0.70/volume/v3/6653783ecba749af974b102528d8f15d/snapshots/2377b563-f6c4-4f54-9772-b08d77bc95ad/action
Sep 16 05:40:10.254532 dv-cinder-808837-4-smb devstack@c-api.service[110300]: /usr/local/lib/python3.8/dist-packages/webob/acceptparse.py:1047: DeprecationWarning: The behavior of AcceptValidHeader.best_match is currently being maintained for backward compatibility, but it will be deprecated in the future, as it does not conform to the RFC.
Sep 16 05:40:10.254532 dv-cinder-808837-4-smb devstack@c-api.service[110300]: warnings.warn(
Sep 16 05:40:10.256149 dv-cinder-808837-4-smb devstack@c-api.service[110300]: DEBUG cinder.api.openstack.wsgi [None req-fd1b3e80-0ad7-4d98-93b1-8e5788639c7a tempest-SnapshotsActionsTest-1441213134 tempest-SnapshotsActionsTest-1441213134-project-admin] Action body: b'{"os-force_delete": {}}' {{(pid=110300) get_method /opt/stack/cinder/cinder/api/openstack/wsgi.py:971}}
Sep 16 05:40:10.256671 dv-cinder-808837-4-smb devstack@c-api.service[110300]: DEBUG cinder.api.openstack.wsgi [None req-fd1b3e80-0ad7-4d98-93b1-8e5788639c7a tempest-SnapshotsActionsTest-1441213134 tempest-SnapshotsActionsTest-1441213134-project-admin] Action: 'action', calling method: _force_delete, body: {"os-force_delete": {}} {{(pid=110300) _process_stack /opt/stack/cinder/cinder/api/openstack/wsgi.py:854}}
Sep 16 05:40:10.267488 dv-cinder-808837-4-smb devstack@c-api.service[110300]: /usr/local/lib/python3.8/dist-packages/oslo_context/context.py:105: DeprecationWarning: Policy enforcement is depending on the value of is_admin. This key is deprecated. Please update your policy file to use the standard policy values.
Sep 16 05:40:10.267488 dv-cinder-808837-4-smb devstack@c-api.service[110300]: warnings.warn('Policy enforcement is depending on the value of '
Sep 16 05:40:10.268548 dv-cinder-808837-4-smb devstack@c-api.service[110300]: INFO cinder.volume.api [None req-fd1b3e80-0ad7-4d98-93b1-8e5788639c7a tempest-SnapshotsActionsTest-1441213134 tempest-SnapshotsActionsTest-1441213134-project-admin] Snapshot retrieved successfully.
Sep 16 05:40:10.316431 dv-cinder-808837-4-smb devstack@c-api.service[110300]: INFO cinder.volume.api [None req-fd1b3e80-0ad7-4d98-93b1-8e5788639c7a tempest-SnapshotsActionsTest-1441213134 tempest-SnapshotsActionsTest-1441213134-project-admin] Snapshot delete request issued successfully.
Sep 16 05:40:10.316965 dv-cinder-808837-4-smb devstack@c-api.service[110300]: INFO cinder.api.openstack.wsgi [None req-fd1b3e80-0ad7-4d98-93b1-8e5788639c7a tempest-SnapshotsActionsTest-1441213134 tempest-SnapshotsActionsTest-1441213134-project-admin] http://10.222.0.70/volume/v3/6653783ecba749af974b102528d8f15d/snapshots/2377b563-f6c4-4f54-9772-b08d77bc95ad/action returned with HTTP 202
Sep 16 05:40:10.318440 dv-cinder-808837-4-smb devstack@c-api.service[110300]: [pid: 110300|app: 0|req: 96/177] 10.222.0.70 () {60 vars in 1373 bytes} [Thu Sep 16 05:40:10 2021] POST /volume/v3/6653783ecba749af974b102528d8f15d/snapshots/2377b563-f6c4-4f54-9772-b08d77bc95ad/action => generated 0 bytes in 69 msecs (HTTP/1.1 202) 7 headers in 289 bytes (2 switches on core 0)
Sep 16 05:40:10.328372 dv-cinder-808837-4-smb devstack@c-api.service[110300]: INFO cinder.api.openstack.wsgi [None req-5e787511-b1e5-4f22-8c54-46d251f95bed tempest-SnapshotsActionsTest-149611209 tempest-SnapshotsActionsTest-149611209-project] GET http://10.222.0.70/volume/v3/4d2f22c1b21d4d8a977e273d8cd9bb85/snapshots/2377b563-f6c4-4f54-9772-b08d77bc95ad
Sep 16 05:40:10.329000 dv-cinder-808837-4-smb devstack@c-api.service[110300]: DEBUG cinder.api.openstack.wsgi [None req-5e787511-b1e5-4f22-8c54-46d251f95bed tempest-SnapshotsActionsTest-149611209 tempest-SnapshotsActionsTest-149611209-project] Empty body provided in request {{(pid=110300) get_body /opt/stack/cinder/cinder/api/openstack/wsgi.py:703}}
Sep 16 05:40:10.329420 dv-cinder-808837-4-smb devstack@c-api.service[110300]: /usr/local/lib/python3.8/dist-packages/webob/acceptparse.py:1047: DeprecationWarning: The behavior of AcceptValidHeader.best_match is currently being maintained for backward compatibility, but it will be deprecated in the future, as it does not conform to the RFC.
Sep 16 05:40:10.329420 dv-cinder-808837-4-smb devstack@c-api.service[110300]: warnings.warn(
Sep 16 05:40:10.330049 dv-cinder-808837-4-smb devstack@c-api.service[110300]: DEBUG cinder.api.openstack.wsgi [None req-5e787511-b1e5-4f22-8c54-46d251f95bed tempest-SnapshotsActionsTest-149611209 tempest-SnapshotsActionsTest-149611209-project] Calling method 'show' {{(pid=110300) _process_stack /opt/stack/cinder/cinder/api/openstack/wsgi.py:856}}
Sep 16 05:40:10.341560 dv-cinder-808837-4-smb devstack@c-api.service[110299]: DEBUG cinder.quota [None req-246f63ff-bc93-4187-ad46-0077cd7fde8c tempest-VolumeRetypeWithoutMigrationTest-1997753672 tempest-VolumeRetypeWithoutMigrationTest-1997753672-project] Created reservations ['66163c9c-3dc9-4c12-bfc6-107d15908646', '92bd77f2-f533-43d6-ab57-82a8ab3b658f', '1dddd0c4-4543-4030-832b-acb94c7fb6ad', '154d45e0-0758-45c3-8cbb-e8cb63e85393'] {{(pid=110299) reserve /opt/stack/cinder/cinder/quota.py:755}}
Sep 16 05:40:10.347139 dv-cinder-808837-4-smb devstack@c-api.service[110299]: DEBUG cinder.volume.api [None req-246f63ff-bc93-4187-ad46-0077cd7fde8c tempest-VolumeRetypeWithoutMigrationTest-1997753672 tempest-VolumeRetypeWithoutMigrationTest-1997753672-project] Task 'cinder.volume.flows.api.create_volume.QuotaReserveTask;volume:create' (0eaab06b-8548-43c0-a548-b05cbd0de0e7) transitioned into state 'SUCCESS' from state 'RUNNING' with result '{'reservations': ['66163c9c-3dc9-4c12-bfc6-107d15908646', '92bd77f2-f533-43d6-ab57-82a8ab3b658f', '1dddd0c4-4543-4030-832b-acb94c7fb6ad', '154d45e0-0758-45c3-8cbb-e8cb63e85393']}' {{(pid=110299) _task_receiver /usr/local/lib/python3.8/dist-packages/taskflow/listeners/logging.py:178}}
Sep 16 05:40:10.350008 dv-cinder-808837-4-smb devstack@c-api.service[110299]: DEBUG cinder.volume.api [None req-246f63ff-bc93-4187-ad46-0077cd7fde8c tempest-VolumeRetypeWithoutMigrationTest-1997753672 tempest-VolumeRetypeWithoutMigrationTest-1997753672-project] Task 'cinder.volume.flows.api.create_volume.EntryCreateTask;volume:create' (1b5b2d92-7d93-43d4-8e0e-27290520f688) transitioned into state 'RUNNING' from state 'PENDING' {{(pid=110299) _task_receiver /usr/local/lib/python3.8/dist-packages/taskflow/listeners/logging.py:190}}
Sep 16 05:40:10.350480 dv-cinder-808837-4-smb devstack@c-api.service[110300]: /usr/local/lib/python3.8/dist-packages/oslo_context/context.py:105: DeprecationWarning: Policy enforcement is depending on the value of is_admin. This key is deprecated. Please update your policy file to use the standard policy values.
Sep 16 05:40:10.350480 dv-cinder-808837-4-smb devstack@c-api.service[110300]: warnings.warn('Policy enforcement is depending on the value of '
Sep 16 05:40:10.357308 dv-cinder-808837-4-smb devstack@c-api.service[110300]: INFO cinder.volume.api [None req-5e787511-b1e5-4f22-8c54-46d251f95bed tempest-SnapshotsActionsTest-149611209 tempest-SnapshotsActionsTest-149611209-project] Snapshot retrieved successfully.
Sep 16 05:40:10.359727 dv-cinder-808837-4-smb devstack@c-api.service[110300]: INFO cinder.api.openstack.wsgi [None req-5e787511-b1e5-4f22-8c54-46d251f95bed tempest-SnapshotsActionsTest-149611209 tempest-SnapshotsActionsTest-149611209-project] http://10.222.0.70/volume/v3/4d2f22c1b21d4d8a977e273d8cd9bb85/snapshots/2377b563-f6c4-4f54-9772-b08d77bc95ad returned with HTTP 200
Sep 16 05:40:10.365028 dv-cinder-808837-4-smb devstack@c-api.service[110300]: [pid: 110300|app: 0|req: 97/178] 10.222.0.70 () {58 vars in 1331 bytes} [Thu Sep 16 05:40:10 2021] GET /volume/v3/4d2f22c1b21d4d8a977e273d8cd9bb85/snapshots/2377b563-f6c4-4f54-9772-b08d77bc95ad => generated 568 bytes in 39 msecs (HTTP/1.1 200) 7 headers in 285 bytes (2 switches on core 0)
Sep 16 05:40:10.389564 dv-cinder-808837-4-smb devstack@c-api.service[110299]: DEBUG cinder.volume.api [None req-246f63ff-bc93-4187-ad46-0077cd7fde8c tempest-VolumeRetypeWithoutMigrationTest-1997753672 tempest-VolumeRetypeWithoutMigrationTest-1997753672-project] Task 'cinder.volume.flows.api.create_volume.EntryCreateTask;volume:create' (1b5b2d92-7d93-43d4-8e0e-27290520f688) transitioned into state 'SUCCESS' from state 'RUNNING' with result '{'volume_id': '0e5b0c86-d0fb-441a-986a-04651bfd647d', 'volume_properties': VolumeProperties(attach_status='detached',availability_zone='nova',cgsnapshot_id=None,consistencygroup_id=None,display_description=None,display_name='tempest-VolumeRetypeWithoutMigrationTest-Volume-619562050',encryption_key_id=None,group_id=None,group_type_id=,metadata={},multiattach=False,project_id='1476edb8bce147d7b9619e0529ce15aa',qos_specs=None,replication_status=,reservations=['66163c9c-3dc9-4c12-bfc6-107d15908646','92bd77f2-f533-43d6-ab57-82a8ab3b658f','1dddd0c4-4543-4030-832b-acb94c7fb6ad','154d45e0-0758-45c3-8cbb-e8cb63e85393'],size=1,snapshot_id=None,source_replicaid=,source_volid=None,status='creating',user_id='3d43524d586f40639b9c7441409b7501',volume_type_id=d9f26309-5acd-4dbb-84ff-aebdee06eef2), 'volume': Volume(_name_id=None,admin_metadata=,attach_status='detached',availability_zone='nova',bootable=False,cluster=,cluster_name=None,consistencygroup=,consistencygroup_id=None,created_at=2021-09-16T05:40:10Z,deleted=False,deleted_at=None,display_description=None,display_name='tempest-VolumeRetypeWithoutMigrationTest-Volume-619562050',ec2_id=None,encryption_key_id=None,glance_metadata=,group=,group_id=None,host=None,id=0e5b0c86-d0fb-441a-986a-04651bfd647d,launched_at=None,metadata={},migration_status=None,multiattach=False,previous_status=None,project_id='1476edb8bce147d7b9619e0529ce15aa',provider_auth=None,provider_geometry=None,provider_id=None,provider_location=None,replication_driver_data=None,replication_extended_status=None,replication_status=None,scheduled_at=None,service_uuid=None,shared_targets=True,size=1,snapshot_id=None,snapshots=,source_volid=None,status='creating',terminated_at=None,updated_at=None,use_quota=True,user_id='3d43524d586f40639b9c7441409b7501',volume_attachment=,volume_type=VolumeType(d9f26309-5acd-4dbb-84ff-aebdee06eef2),volume_type_id=d9f26309-5acd-4dbb-84ff-aebdee06eef2)}' {{(pid=110299) _task_receiver /usr/local/lib/python3.8/dist-packages/taskflow/listeners/logging.py:178}}
Sep 16 05:40:10.392287 dv-cinder-808837-4-smb devstack@c-api.service[110299]: DEBUG cinder.volume.api [None req-246f63ff-bc93-4187-ad46-0077cd7fde8c tempest-VolumeRetypeWithoutMigrationTest-1997753672 tempest-VolumeRetypeWithoutMigrationTest-1997753672-project] Task 'cinder.volume.flows.api.create_volume.QuotaCommitTask;volume:create' (695c3e75-45a3-47ba-ba88-54d60adeb49d) transitioned into state 'RUNNING' from state 'PENDING' {{(pid=110299) _task_receiver /usr/local/lib/python3.8/dist-packages/taskflow/listeners/logging.py:190}}
Sep 16 05:40:10.424632 dv-cinder-808837-4-smb devstack@c-api.service[110299]: DEBUG cinder.volume.api [None req-246f63ff-bc93-4187-ad46-0077cd7fde8c tempest-VolumeRetypeWithoutMigrationTest-1997753672 tempest-VolumeRetypeWithoutMigrationTest-1997753672-project] Task 'cinder.volume.flows.api.create_volume.QuotaCommitTask;volume:create' (695c3e75-45a3-47ba-ba88-54d60adeb49d) transitioned into state 'SUCCESS' from state 'RUNNING' with result '{'volume_properties': VolumeProperties(attach_status='detached',availability_zone='nova',cgsnapshot_id=None,consistencygroup_id=None,display_description=None,display_name='tempest-VolumeRetypeWithoutMigrationTest-Volume-619562050',encryption_key_id=None,group_id=None,group_type_id=,metadata={},multiattach=False,project_id='1476edb8bce147d7b9619e0529ce15aa',qos_specs=None,replication_status=,reservations=['66163c9c-3dc9-4c12-bfc6-107d15908646','92bd77f2-f533-43d6-ab57-82a8ab3b658f','1dddd0c4-4543-4030-832b-acb94c7fb6ad','154d45e0-0758-45c3-8cbb-e8cb63e85393'],size=1,snapshot_id=None,source_replicaid=,source_volid=None,status='creating',user_id='3d43524d586f40639b9c7441409b7501',volume_type_id=d9f26309-5acd-4dbb-84ff-aebdee06eef2)}' {{(pid=110299) _task_receiver /usr/local/lib/python3.8/dist-packages/taskflow/listeners/logging.py:178}}
Sep 16 05:40:10.426623 dv-cinder-808837-4-smb devstack@c-api.service[110299]: DEBUG cinder.volume.api [None req-246f63ff-bc93-4187-ad46-0077cd7fde8c tempest-VolumeRetypeWithoutMigrationTest-1997753672 tempest-VolumeRetypeWithoutMigrationTest-1997753672-project] Task 'cinder.volume.flows.api.create_volume.VolumeCastTask;volume:create' (e83bbed2-c5ad-454a-9f64-550860109426) transitioned into state 'RUNNING' from state 'PENDING' {{(pid=110299) _task_receiver /usr/local/lib/python3.8/dist-packages/taskflow/listeners/logging.py:190}}
Sep 16 05:40:10.451623 dv-cinder-808837-4-smb devstack@c-api.service[110299]: DEBUG cinder.volume.api [None req-246f63ff-bc93-4187-ad46-0077cd7fde8c tempest-VolumeRetypeWithoutMigrationTest-1997753672 tempest-VolumeRetypeWithoutMigrationTest-1997753672-project] Task 'cinder.volume.flows.api.create_volume.VolumeCastTask;volume:create' (e83bbed2-c5ad-454a-9f64-550860109426) transitioned into state 'SUCCESS' from state 'RUNNING' with result 'None' {{(pid=110299) _task_receiver /usr/local/lib/python3.8/dist-packages/taskflow/listeners/logging.py:178}}
Sep 16 05:40:10.454381 dv-cinder-808837-4-smb devstack@c-api.service[110299]: DEBUG cinder.volume.api [None req-246f63ff-bc93-4187-ad46-0077cd7fde8c tempest-VolumeRetypeWithoutMigrationTest-1997753672 tempest-VolumeRetypeWithoutMigrationTest-1997753672-project] Flow 'volume_create_api' (760fb640-a715-4976-a7f2-5beb808ae5d4) transitioned into state 'SUCCESS' from state 'RUNNING' {{(pid=110299) _flow_receiver /usr/local/lib/python3.8/dist-packages/taskflow/listeners/logging.py:141}}
Sep 16 05:40:10.455427 dv-cinder-808837-4-smb devstack@c-api.service[110299]: INFO cinder.volume.api [None req-246f63ff-bc93-4187-ad46-0077cd7fde8c tempest-VolumeRetypeWithoutMigrationTest-1997753672 tempest-VolumeRetypeWithoutMigrationTest-1997753672-project] Create volume request issued successfully.
Sep 16 05:40:10.463657 dv-cinder-808837-4-smb devstack@c-api.service[110299]: INFO cinder.api.openstack.wsgi [None req-246f63ff-bc93-4187-ad46-0077cd7fde8c tempest-VolumeRetypeWithoutMigrationTest-1997753672 tempest-VolumeRetypeWithoutMigrationTest-1997753672-project] http://10.222.0.70/volume/v3/1476edb8bce147d7b9619e0529ce15aa/volumes returned with HTTP 202
Sep 16 05:40:10.464687 dv-cinder-808837-4-smb devstack@c-api.service[110299]: [pid: 110299|app: 0|req: 82/179] 10.222.0.70 () {60 vars in 1236 bytes} [Thu Sep 16 05:40:09 2021] POST /volume/v3/1476edb8bce147d7b9619e0529ce15aa/volumes => generated 833 bytes in 588 msecs (HTTP/1.1 202) 7 headers in 291 bytes (2 switches on core 0)
Sep 16 05:40:10.478316 dv-cinder-808837-4-smb devstack@c-api.service[110300]: INFO cinder.api.openstack.wsgi [None req-f8392fc4-1082-4369-8b4b-8f51c0477b2a tempest-VolumeRetypeWithoutMigrationTest-1997753672 tempest-VolumeRetypeWithoutMigrationTest-1997753672-project] GET http://10.222.0.70/volume/v3/1476edb8bce147d7b9619e0529ce15aa/volumes/0e5b0c86-d0fb-441a-986a-04651bfd647d
Sep 16 05:40:10.479137 dv-cinder-808837-4-smb devstack@c-api.service[110300]: DEBUG cinder.api.openstack.wsgi [None req-f8392fc4-1082-4369-8b4b-8f51c0477b2a tempest-VolumeRetypeWithoutMigrationTest-1997753672 tempest-VolumeRetypeWithoutMigrationTest-1997753672-project] Empty body provided in request {{(pid=110300) get_body /opt/stack/cinder/cinder/api/openstack/wsgi.py:703}}
Sep 16 05:40:10.479656 dv-cinder-808837-4-smb devstack@c-api.service[110300]: /usr/local/lib/python3.8/dist-packages/webob/acceptparse.py:1047: DeprecationWarning: The behavior of AcceptValidHeader.best_match is currently being maintained for backward compatibility, but it will be deprecated in the future, as it does not conform to the RFC.
Sep 16 05:40:10.479656 dv-cinder-808837-4-smb devstack@c-api.service[110300]: warnings.warn(
Sep 16 05:40:10.480290 dv-cinder-808837-4-smb devstack@c-api.service[110300]: DEBUG cinder.api.openstack.wsgi [None req-f8392fc4-1082-4369-8b4b-8f51c0477b2a tempest-VolumeRetypeWithoutMigrationTest-1997753672 tempest-VolumeRetypeWithoutMigrationTest-1997753672-project] Calling method 'show' {{(pid=110300) _process_stack /opt/stack/cinder/cinder/api/openstack/wsgi.py:856}}
Sep 16 05:40:10.496946 dv-cinder-808837-4-smb devstack@c-api.service[110300]: /usr/local/lib/python3.8/dist-packages/oslo_context/context.py:105: DeprecationWarning: Policy enforcement is depending on the value of is_admin. This key is deprecated. Please update your policy file to use the standard policy values.
Sep 16 05:40:10.496946 dv-cinder-808837-4-smb devstack@c-api.service[110300]: warnings.warn('Policy enforcement is depending on the value of '
Sep 16 05:40:10.511369 dv-cinder-808837-4-smb devstack@c-api.service[110300]: INFO cinder.volume.api [None req-f8392fc4-1082-4369-8b4b-8f51c0477b2a tempest-VolumeRetypeWithoutMigrationTest-1997753672 tempest-VolumeRetypeWithoutMigrationTest-1997753672-project] Volume info retrieved successfully.
Sep 16 05:40:10.530672 dv-cinder-808837-4-smb devstack@c-api.service[110300]: INFO cinder.api.openstack.wsgi [None req-f8392fc4-1082-4369-8b4b-8f51c0477b2a tempest-VolumeRetypeWithoutMigrationTest-1997753672 tempest-VolumeRetypeWithoutMigrationTest-1997753672-project] http://10.222.0.70/volume/v3/1476edb8bce147d7b9619e0529ce15aa/volumes/0e5b0c86-d0fb-441a-986a-04651bfd647d returned with HTTP 200
Sep 16 05:40:10.532524 dv-cinder-808837-4-smb devstack@c-api.service[110300]: [pid: 110300|app: 0|req: 98/180] 10.222.0.70 () {58 vars in 1325 bytes} [Thu Sep 16 05:40:10 2021] GET /volume/v3/1476edb8bce147d7b9619e0529ce15aa/volumes/0e5b0c86-d0fb-441a-986a-04651bfd647d => generated 901 bytes in 58 msecs (HTTP/1.1 200) 7 headers in 285 bytes (2 switches on core 0)
Sep 16 05:40:10.662880 dv-cinder-808837-4-smb devstack@c-api.service[110299]: INFO cinder.api.openstack.wsgi [None req-47e68e0c-6deb-426f-9e09-ac170a6b7198 tempest-VolumesListAdminTestJSON-305726847 tempest-VolumesListAdminTestJSON-305726847-project] GET http://10.222.0.70/volume/v3/f299d4a9942e477ea36e93e9dba25925/volumes
Sep 16 05:40:10.663325 dv-cinder-808837-4-smb devstack@c-api.service[110299]: DEBUG cinder.api.openstack.wsgi [None req-47e68e0c-6deb-426f-9e09-ac170a6b7198 tempest-VolumesListAdminTestJSON-305726847 tempest-VolumesListAdminTestJSON-305726847-project] Empty body provided in request {{(pid=110299) get_body /opt/stack/cinder/cinder/api/openstack/wsgi.py:703}}
Sep 16 05:40:10.663492 dv-cinder-808837-4-smb devstack@c-api.service[110299]: /usr/local/lib/python3.8/dist-packages/webob/acceptparse.py:1047: DeprecationWarning: The behavior of AcceptValidHeader.best_match is currently being maintained for backward compatibility, but it will be deprecated in the future, as it does not conform to the RFC.
Sep 16 05:40:10.663492 dv-cinder-808837-4-smb devstack@c-api.service[110299]: warnings.warn(
Sep 16 05:40:10.663801 dv-cinder-808837-4-smb devstack@c-api.service[110299]: DEBUG cinder.api.openstack.wsgi [None req-47e68e0c-6deb-426f-9e09-ac170a6b7198 tempest-VolumesListAdminTestJSON-305726847 tempest-VolumesListAdminTestJSON-305726847-project] Calling method 'index' {{(pid=110299) _process_stack /opt/stack/cinder/cinder/api/openstack/wsgi.py:856}}
Sep 16 05:40:10.664428 dv-cinder-808837-4-smb devstack@c-api.service[110299]: DEBUG cinder.api.api_utils [None req-47e68e0c-6deb-426f-9e09-ac170a6b7198 tempest-VolumesListAdminTestJSON-305726847 tempest-VolumesListAdminTestJSON-305726847-project] Removing options '' from query. {{(pid=110299) remove_invalid_filter_options /opt/stack/cinder/cinder/api/api_utils.py:73}}
Sep 16 05:40:10.665165 dv-cinder-808837-4-smb devstack@c-api.service[110299]: /usr/local/lib/python3.8/dist-packages/oslo_context/context.py:105: DeprecationWarning: Policy enforcement is depending on the value of is_admin. This key is deprecated. Please update your policy file to use the standard policy values.
Sep 16 05:40:10.665165 dv-cinder-808837-4-smb devstack@c-api.service[110299]: warnings.warn('Policy enforcement is depending on the value of '
Sep 16 05:40:10.666910 dv-cinder-808837-4-smb devstack@c-api.service[110299]: DEBUG cinder.volume.api [None req-47e68e0c-6deb-426f-9e09-ac170a6b7198 tempest-VolumesListAdminTestJSON-305726847 tempest-VolumesListAdminTestJSON-305726847-project] Searching by: MultiDict([('no_migration_targets', True)]). {{(pid=110299) get_all /opt/stack/cinder/cinder/volume/api.py:619}}
Sep 16 05:40:10.714081 dv-cinder-808837-4-smb devstack@c-api.service[110299]: INFO cinder.volume.api [None req-47e68e0c-6deb-426f-9e09-ac170a6b7198 tempest-VolumesListAdminTestJSON-305726847 tempest-VolumesListAdminTestJSON-305726847-project] Get all volumes completed successfully.
Sep 16 05:40:10.714799 dv-cinder-808837-4-smb devstack@c-api.service[110299]: INFO cinder.api.openstack.wsgi [None req-47e68e0c-6deb-426f-9e09-ac170a6b7198 tempest-VolumesListAdminTestJSON-305726847 tempest-VolumesListAdminTestJSON-305726847-project] http://10.222.0.70/volume/v3/f299d4a9942e477ea36e93e9dba25925/volumes returned with HTTP 200
Sep 16 05:40:10.715568 dv-cinder-808837-4-smb devstack@c-api.service[110299]: [pid: 110299|app: 0|req: 83/181] 10.222.0.70 () {58 vars in 1214 bytes} [Thu Sep 16 05:40:10 2021] GET /volume/v3/f299d4a9942e477ea36e93e9dba25925/volumes => generated 15 bytes in 210 msecs (HTTP/1.1 200) 7 headers in 284 bytes (1 switches on core 0)
Sep 16 05:40:10.725158 dv-cinder-808837-4-smb devstack@c-api.service[110300]: INFO cinder.api.openstack.wsgi [None req-cdf3cbaa-4521-4fa1-960e-12541237fbeb tempest-VolumesListAdminTestJSON-305726847 tempest-VolumesListAdminTestJSON-305726847-project] POST http://10.222.0.70/volume/v3/f299d4a9942e477ea36e93e9dba25925/volumes
Sep 16 05:40:10.725576 dv-cinder-808837-4-smb devstack@c-api.service[110300]: /usr/local/lib/python3.8/dist-packages/webob/acceptparse.py:1047: DeprecationWarning: The behavior of AcceptValidHeader.best_match is currently being maintained for backward compatibility, but it will be deprecated in the future, as it does not conform to the RFC.
Sep 16 05:40:10.725576 dv-cinder-808837-4-smb devstack@c-api.service[110300]: warnings.warn(
Sep 16 05:40:10.725925 dv-cinder-808837-4-smb devstack@c-api.service[110300]: DEBUG cinder.api.openstack.wsgi [None req-cdf3cbaa-4521-4fa1-960e-12541237fbeb tempest-VolumesListAdminTestJSON-305726847 tempest-VolumesListAdminTestJSON-305726847-project] Action: 'create', calling method: create, body: {"volume": {"size": 1, "name": "tempest-VolumesListAdminTestJSON-Volume-963160481"}} {{(pid=110300) _process_stack /opt/stack/cinder/cinder/api/openstack/wsgi.py:854}}
Sep 16 05:40:10.726858 dv-cinder-808837-4-smb devstack@c-api.service[110300]: DEBUG cinder.api.v3.volumes [None req-cdf3cbaa-4521-4fa1-960e-12541237fbeb tempest-VolumesListAdminTestJSON-305726847 tempest-VolumesListAdminTestJSON-305726847-project] Create volume request body: {'volume': {'size': 1, 'name': 'tempest-VolumesListAdminTestJSON-Volume-963160481'}} {{(pid=110300) create /opt/stack/cinder/cinder/api/v3/volumes.py:298}}
Sep 16 05:40:10.727166 dv-cinder-808837-4-smb devstack@c-api.service[110300]: INFO cinder.api.v3.volumes [None req-cdf3cbaa-4521-4fa1-960e-12541237fbeb tempest-VolumesListAdminTestJSON-305726847 tempest-VolumesListAdminTestJSON-305726847-project] Create volume of 1 GB
Sep 16 05:40:10.734158 dv-cinder-808837-4-smb devstack@c-api.service[110300]: INFO cinder.volume.api [None req-cdf3cbaa-4521-4fa1-960e-12541237fbeb tempest-VolumesListAdminTestJSON-305726847 tempest-VolumesListAdminTestJSON-305726847-project] Availability Zones retrieved successfully.
Sep 16 05:40:10.750857 dv-cinder-808837-4-smb devstack@c-api.service[110300]: DEBUG cinder.volume.api [None req-cdf3cbaa-4521-4fa1-960e-12541237fbeb tempest-VolumesListAdminTestJSON-305726847 tempest-VolumesListAdminTestJSON-305726847-project] Flow 'volume_create_api' (fe2b8348-a26e-42fd-bbc3-f2fba6e75d04) transitioned into state 'RUNNING' from state 'PENDING' {{(pid=110300) _flow_receiver /usr/local/lib/python3.8/dist-packages/taskflow/listeners/logging.py:141}}
Sep 16 05:40:10.753799 dv-cinder-808837-4-smb devstack@c-api.service[110300]: DEBUG cinder.volume.api [None req-cdf3cbaa-4521-4fa1-960e-12541237fbeb tempest-VolumesListAdminTestJSON-305726847 tempest-VolumesListAdminTestJSON-305726847-project] Task 'cinder.volume.flows.api.create_volume.ExtractVolumeRequestTask;volume:create' (1150c43e-6595-4e86-b29d-8c0fed32bd5b) transitioned into state 'RUNNING' from state 'PENDING' {{(pid=110300) _task_receiver /usr/local/lib/python3.8/dist-packages/taskflow/listeners/logging.py:190}}
Sep 16 05:40:10.756449 dv-cinder-808837-4-smb devstack@c-api.service[110300]: DEBUG cinder.volume.flows.api.create_volume [None req-cdf3cbaa-4521-4fa1-960e-12541237fbeb tempest-VolumesListAdminTestJSON-305726847 tempest-VolumesListAdminTestJSON-305726847-project] Validating volume size '1' using validate_int {{(pid=110300) _extract_size /opt/stack/cinder/cinder/volume/flows/api/create_volume.py:225}}
Sep 16 05:40:10.786338 dv-cinder-808837-4-smb devstack@c-api.service[110300]: DEBUG cinder.volume.api [None req-cdf3cbaa-4521-4fa1-960e-12541237fbeb tempest-VolumesListAdminTestJSON-305726847 tempest-VolumesListAdminTestJSON-305726847-project] Task 'cinder.volume.flows.api.create_volume.ExtractVolumeRequestTask;volume:create' (1150c43e-6595-4e86-b29d-8c0fed32bd5b) transitioned into state 'SUCCESS' from state 'RUNNING' with result '{'size': 1, 'snapshot_id': None, 'source_volid': None, 'volume_type': VolumeType(created_at=2021-09-16T05:29:54Z,deleted=False,deleted_at=None,description='Default Volume Type',extra_specs={},id=4630e25a-f439-427f-a545-aa9d83048c71,is_public=True,name='__DEFAULT__',projects=[],qos_specs=,qos_specs_id=None,updated_at=2021-09-16T05:29:54Z), 'volume_type_id': '4630e25a-f439-427f-a545-aa9d83048c71', 'encryption_key_id': None, 'qos_specs': None, 'consistencygroup_id': None, 'cgsnapshot_id': None, 'group_id': None, 'replication_status': 'disabled', 'refresh_az': False, 'backup_id': None, 'multiattach': False, 'availability_zones': ['nova']}' {{(pid=110300) _task_receiver /usr/local/lib/python3.8/dist-packages/taskflow/listeners/logging.py:178}}
Sep 16 05:40:10.788323 dv-cinder-808837-4-smb devstack@c-api.service[110300]: DEBUG cinder.volume.api [None req-cdf3cbaa-4521-4fa1-960e-12541237fbeb tempest-VolumesListAdminTestJSON-305726847 tempest-VolumesListAdminTestJSON-305726847-project] Task 'cinder.volume.flows.api.create_volume.QuotaReserveTask;volume:create' (33a218d1-e305-44e6-bf1d-02241e628629) transitioned into state 'RUNNING' from state 'PENDING' {{(pid=110300) _task_receiver /usr/local/lib/python3.8/dist-packages/taskflow/listeners/logging.py:190}}
Sep 16 05:40:10.874337 dv-cinder-808837-4-smb devstack@c-api.service[110300]: DEBUG cinder.quota [None req-cdf3cbaa-4521-4fa1-960e-12541237fbeb tempest-VolumesListAdminTestJSON-305726847 tempest-VolumesListAdminTestJSON-305726847-project] Created reservations ['272ebc5b-c97d-4d02-86d1-1865540b4bcf', '1f434df1-ba6a-4d98-9c09-446deda3a327', '9a7e3417-2324-441a-a770-669c196d8d48', '9885dfe7-113c-4f60-8e4c-beb874884c86'] {{(pid=110300) reserve /opt/stack/cinder/cinder/quota.py:755}}
