Nov 12 02:26:39.862902 dv-cinder-808574-4-smb neutron-server[101626]: DEBUG neutron.plugins.ml2.drivers.mech_agent [req-dbae2d17-8737-407b-8a34-d950075e0e82 req-b53e3800-14a0-40bb-8954-511b3833dab7 service neutron] Port a97a453a-445f-45c0-8d37-d11d7512e94c on network 3bf8a66c-2c88-40e7-879f-ed13c0e23344 not bound, no agent of type Open vSwitch agent registered on host hv-cinder-80857 {{(pid=101626) bind_port /opt/stack/neutron/neutron/plugins/ml2/drivers/mech_agent.py:103}}
Nov 12 02:26:39.863234 dv-cinder-808574-4-smb neutron-server[101626]: DEBUG neutron.plugins.ml2.drivers.mech_agent [req-dbae2d17-8737-407b-8a34-d950075e0e82 req-b53e3800-14a0-40bb-8954-511b3833dab7 service neutron] Attempting to bind port a97a453a-445f-45c0-8d37-d11d7512e94c on network 3bf8a66c-2c88-40e7-879f-ed13c0e23344 {{(pid=101626) bind_port /opt/stack/neutron/neutron/plugins/ml2/drivers/mech_agent.py:91}}
Nov 12 02:26:39.899573 dv-cinder-808574-4-smb neutron-server[101626]: INFO neutron.wsgi [req-a4d7961b-462e-4481-8550-18c5dc2035bb req-7345176e-63aa-4a30-b20c-25f1ea60722d tempest-AttachVolumeShelveTestJSON-1420309629 tempest-AttachVolumeShelveTestJSON-1420309629-project] 10.222.0.66 "GET /v2.0/security-groups?id=30ece398-c886-4b4f-90d8-0cc4437f7814&fields=id&fields=name HTTP/1.1" status: 200 len: 312 time: 0.2817733
Nov 12 02:26:39.901307 dv-cinder-808574-4-smb neutron-server[101626]: DEBUG neutron.plugins.ml2.drivers.mech_agent [req-dbae2d17-8737-407b-8a34-d950075e0e82 req-b53e3800-14a0-40bb-8954-511b3833dab7 service neutron] Checking agent: {'id': '2c3d3ad8-5938-43f6-9304-04beb85952ab', 'agent_type': 'HyperV agent', 'binary': 'neutron-hyperv-agent', 'topic': 'N/A', 'host': 'hv-cinder-80857', 'admin_state_up': True, 'created_at': datetime.datetime(2021, 11, 12, 2, 24, 2), 'started_at': datetime.datetime(2021, 11, 12, 2, 24, 2), 'heartbeat_timestamp': datetime.datetime(2021, 11, 12, 2, 26, 32), 'description': None, 'resources_synced': None, 'availability_zone': None, 'alive': True, 'configurations': {'vswitch_mappings': {'physnet1$': 'br-data'}}, 'resource_versions': {}} {{(pid=101626) bind_port /opt/stack/neutron/neutron/plugins/ml2/drivers/mech_agent.py:110}}
Nov 12 02:26:39.903235 dv-cinder-808574-4-smb neutron-server[101626]: DEBUG neutron.plugins.ml2.drivers.mech_agent [req-dbae2d17-8737-407b-8a34-d950075e0e82 req-b53e3800-14a0-40bb-8954-511b3833dab7 service neutron] Checking segment: {'id': '5431d9a4-7526-4bfc-a2ad-c75b991a6769', 'network_type': 'vlan', 'physical_network': 'physnet1', 'segmentation_id': 812, 'network_id': '3bf8a66c-2c88-40e7-879f-ed13c0e23344'} for mappings: {'physnet1$': 'br-data'} with network types: ['local', 'flat', 'vlan'] {{(pid=101626) check_segment_for_agent /opt/stack/neutron/neutron/plugins/ml2/drivers/mech_agent.py:371}}
Nov 12 02:26:39.906425 dv-cinder-808574-4-smb neutron-server[101626]: DEBUG neutron.plugins.ml2.drivers.mech_agent [req-dbae2d17-8737-407b-8a34-d950075e0e82 req-b53e3800-14a0-40bb-8954-511b3833dab7 service neutron] Bound using segment: {'id': '5431d9a4-7526-4bfc-a2ad-c75b991a6769', 'network_type': 'vlan', 'physical_network': 'physnet1', 'segmentation_id': 812, 'network_id': '3bf8a66c-2c88-40e7-879f-ed13c0e23344'} {{(pid=101626) bind_port /opt/stack/neutron/neutron/plugins/ml2/drivers/mech_agent.py:120}}
Nov 12 02:26:39.906940 dv-cinder-808574-4-smb neutron-server[101626]: DEBUG neutron.plugins.ml2.managers [req-dbae2d17-8737-407b-8a34-d950075e0e82 req-b53e3800-14a0-40bb-8954-511b3833dab7 service neutron] Bound port: a97a453a-445f-45c0-8d37-d11d7512e94c, host: hv-cinder-80857, vif_type: hyperv, vif_details: {"connectivity": "legacy", "port_filter": false}, binding_levels: [{'bound_driver': 'hyperv', 'bound_segment': {'id': '5431d9a4-7526-4bfc-a2ad-c75b991a6769', 'network_type': 'vlan', 'physical_network': 'physnet1', 'segmentation_id': 812, 'network_id': '3bf8a66c-2c88-40e7-879f-ed13c0e23344'}}] {{(pid=101626) _bind_port_level /opt/stack/neutron/neutron/plugins/ml2/managers.py:932}}
Nov 12 02:26:39.908408 dv-cinder-808574-4-smb neutron-server[101626]: DEBUG neutron_lib.callbacks.manager [req-dbae2d17-8737-407b-8a34-d950075e0e82 req-b53e3800-14a0-40bb-8954-511b3833dab7 service neutron] Publish callbacks ['neutron.plugins.ml2.plugin.SecurityGroupDbMixin._ensure_default_security_group_handler-1487209'] for port, before_update {{(pid=101626) _notify_loop /usr/local/lib/python3.8/dist-packages/neutron_lib/callbacks/manager.py:175}}
Nov 12 02:26:39.937520 dv-cinder-808574-4-smb neutron-server[101628]: DEBUG neutron.notifiers.nova [-] Sending events: [{'server_uuid': '8b86d4a5-b34c-4d82-ae36-5d8bd5204678', 'name': 'network-vif-plugged', 'status': 'completed', 'tag': '3a44f268-14fb-465a-9386-6b18a76ab0c7'}] {{(pid=101628) send_events /opt/stack/neutron/neutron/notifiers/nova.py:262}}
Nov 12 02:26:39.940387 dv-cinder-808574-4-smb neutron-server[101628]: DEBUG novaclient.v2.client [-] REQ: curl -g -i --cacert "/opt/stack/data/ca-bundle.pem" -X POST http://10.222.0.66/compute/v2.1/os-server-external-events -H "Accept: application/json" -H "Content-Type: application/json" -H "User-Agent: python-novaclient" -H "X-Auth-Token: {SHA256}5b21afffe8ab20e95b63015d19d98232fa1657fb60c4786235e915b9ae582b1d" -H "X-OpenStack-Nova-API-Version: 2.1" -H "X-OpenStack-Request-ID: req-874e86e2-daa3-48e1-aee7-bbcaa30e7f26" -d '{"events": [{"server_uuid": "8b86d4a5-b34c-4d82-ae36-5d8bd5204678", "name": "network-vif-plugged", "status": "completed", "tag": "3a44f268-14fb-465a-9386-6b18a76ab0c7"}]}' {{(pid=101628) _http_log_request /usr/local/lib/python3.8/dist-packages/keystoneauth1/session.py:519}}
Nov 12 02:26:39.962575 dv-cinder-808574-4-smb neutron-server[101627]: DEBUG neutron_lib.callbacks.manager [None req-f08f1ad7-61da-4dab-8f8e-cb5bb6c92bfc admin admin] Publish callbacks ['neutron.plugins.ml2.ovo_rpc._ObjectChangeHandler.handle_event-301595', 'neutron.api.rpc.agentnotifiers.dhcp_rpc_agent_api.DhcpAgentNotifyAPI._native_event_send_dhcp_notification-1605294'] for subnet, after_create {{(pid=101627) _notify_loop /usr/local/lib/python3.8/dist-packages/neutron_lib/callbacks/manager.py:175}}
Nov 12 02:26:40.116714 dv-cinder-808574-4-smb neutron-server[101626]: DEBUG neutron.plugins.ml2.db [req-dbae2d17-8737-407b-8a34-d950075e0e82 req-b53e3800-14a0-40bb-8954-511b3833dab7 service neutron] For port a97a453a-445f-45c0-8d37-d11d7512e94c, host hv-cinder-80857, cleared binding levels {{(pid=101626) clear_binding_levels /opt/stack/neutron/neutron/plugins/ml2/db.py:87}}
Nov 12 02:26:40.124159 dv-cinder-808574-4-smb neutron-server[101626]: DEBUG neutron.plugins.ml2.db [req-dbae2d17-8737-407b-8a34-d950075e0e82 req-b53e3800-14a0-40bb-8954-511b3833dab7 service neutron] For port a97a453a-445f-45c0-8d37-d11d7512e94c, host hv-cinder-80857, set binding levels [PortBindingLevel(driver='hyperv',host='hv-cinder-80857',level=0,port_id=a97a453a-445f-45c0-8d37-d11d7512e94c,segment=NetworkSegment(5431d9a4-7526-4bfc-a2ad-c75b991a6769),segment_id=5431d9a4-7526-4bfc-a2ad-c75b991a6769)] {{(pid=101626) set_binding_levels /opt/stack/neutron/neutron/plugins/ml2/db.py:59}}
Nov 12 02:26:40.138696 dv-cinder-808574-4-smb neutron-server[101626]: DEBUG neutron_lib.callbacks.manager [req-dbae2d17-8737-407b-8a34-d950075e0e82 req-b53e3800-14a0-40bb-8954-511b3833dab7 service neutron] Publish callbacks ['neutron.plugins.ml2.plugin.SecurityGroupServerNotifierRpcMixin._notify_sg_on_port_change-1497029', 'neutron.plugins.ml2.ovo_rpc._ObjectChangeHandler.handle_event-232073', 'neutron.api.rpc.agentnotifiers.dhcp_rpc_agent_api.DhcpAgentNotifyAPI._native_event_send_dhcp_notification-1605294', 'neutron.db.l3_db.L3RpcNotifierMixin._notify_gateway_port_ip_changed-8768027823508', 'neutron.db.l3_dvrscheduler_db._notify_l3_agent_port_update-8768027393940', 'neutron.db.l3_hascheduler_db._notify_l3_agent_ha_port_update-8768027393958'] for port, after_update {{(pid=101626) _notify_loop /usr/local/lib/python3.8/dist-packages/neutron_lib/callbacks/manager.py:175}}
Nov 12 02:26:40.273679 dv-cinder-808574-4-smb neutron-server[101626]: DEBUG neutron.pecan_wsgi.hooks.policy_enforcement [req-dbae2d17-8737-407b-8a34-d950075e0e82 req-b53e3800-14a0-40bb-8954-511b3833dab7 service neutron] Attributes excluded by policy engine: ['standard_attr_id'] {{(pid=101626) _exclude_attributes_by_policy /opt/stack/neutron/neutron/pecan_wsgi/hooks/policy_enforcement.py:255}}
Nov 12 02:26:40.276133 dv-cinder-808574-4-smb neutron-server[101626]: DEBUG neutron_lib.callbacks.manager [req-dbae2d17-8737-407b-8a34-d950075e0e82 req-b53e3800-14a0-40bb-8954-511b3833dab7 service neutron] Publish callbacks ['neutron.notifiers.nova.Notifier._send_nova_notification-2073992', 'neutron.api.rpc.agentnotifiers.dhcp_rpc_agent_api.DhcpAgentNotifyAPI._send_dhcp_notification-1605304'] for port, before_response {{(pid=101626) _notify_loop /usr/local/lib/python3.8/dist-packages/neutron_lib/callbacks/manager.py:175}}
Nov 12 02:26:40.279634 dv-cinder-808574-4-smb neutron-server[101626]: INFO neutron.wsgi [req-dbae2d17-8737-407b-8a34-d950075e0e82 req-b53e3800-14a0-40bb-8954-511b3833dab7 service neutron] 10.222.0.61 "PUT /v2.0/ports/a97a453a-445f-45c0-8d37-d11d7512e94c HTTP/1.1" status: 200 len: 1094 time: 1.6251259
Nov 12 02:26:40.287764 dv-cinder-808574-4-smb neutron-server[101626]: DEBUG neutron.notifiers.nova [-] Sending events: [{'name': 'network-changed', 'server_uuid': '7646fb82-e8d0-4e4b-9c44-22f1b0c55f9a', 'tag': 'a97a453a-445f-45c0-8d37-d11d7512e94c'}] {{(pid=101626) send_events /opt/stack/neutron/neutron/notifiers/nova.py:262}}
Nov 12 02:26:40.292565 dv-cinder-808574-4-smb neutron-server[101626]: DEBUG novaclient.v2.client [-] REQ: curl -g -i --cacert "/opt/stack/data/ca-bundle.pem" -X POST http://10.222.0.66/compute/v2.1/os-server-external-events -H "Accept: application/json" -H "Content-Type: application/json" -H "User-Agent: python-novaclient" -H "X-Auth-Token: {SHA256}6ee064878ec57991a80a61b6e38777a609e15accd33394659691c67407ac4dea" -H "X-OpenStack-Nova-API-Version: 2.1" -H "X-OpenStack-Request-ID: req-adfc99d2-0d85-4e3a-aa38-86a949c1544e" -d '{"events": [{"name": "network-changed", "server_uuid": "7646fb82-e8d0-4e4b-9c44-22f1b0c55f9a", "tag": "a97a453a-445f-45c0-8d37-d11d7512e94c"}]}' {{(pid=101626) _http_log_request /usr/local/lib/python3.8/dist-packages/keystoneauth1/session.py:519}}
Nov 12 02:26:40.466567 dv-cinder-808574-4-smb neutron-server[101626]: INFO neutron.wsgi [req-236edb2f-7ce7-4cd9-9169-3c657550a9e4 req-61602410-32a9-4d0f-931c-f66c0aa6fb4a tempest-AttachVolumeTestJSON-706433802 tempest-AttachVolumeTestJSON-706433802-project] 10.222.0.66 "GET /v2.0/ports?device_id=400f028d-77c0-448f-a146-dbbc9f1ec289 HTTP/1.1" status: 200 len: 210 time: 0.1449032
Nov 12 02:26:40.542735 dv-cinder-808574-4-smb neutron-server[101626]: DEBUG neutron.api.rpc.handlers.resources_rpc [None req-b53e3800-14a0-40bb-8954-511b3833dab7 service neutron] Pushing event updated for resources: {'Port': ['ID=a97a453a-445f-45c0-8d37-d11d7512e94c,revision_number=3']} {{(pid=101626) push /opt/stack/neutron/neutron/api/rpc/handlers/resources_rpc.py:237}}
Nov 12 02:26:40.587547 dv-cinder-808574-4-smb neutron-server[101626]: DEBUG neutron.pecan_wsgi.hooks.policy_enforcement [req-dbae2d17-8737-407b-8a34-d950075e0e82 req-b46da3d1-4f05-4dfd-a317-b43fb715d936 service neutron] Attributes excluded by policy engine: ['standard_attr_id'] {{(pid=101626) _exclude_attributes_by_policy /opt/stack/neutron/neutron/pecan_wsgi/hooks/policy_enforcement.py:255}}
Nov 12 02:26:40.589361 dv-cinder-808574-4-smb neutron-server[101626]: INFO neutron.wsgi [req-dbae2d17-8737-407b-8a34-d950075e0e82 req-b46da3d1-4f05-4dfd-a317-b43fb715d936 service neutron] 10.222.0.61 "GET /v2.0/ports?tenant_id=e973c924078c4e638e9fa29d3956c215&device_id=7646fb82-e8d0-4e4b-9c44-22f1b0c55f9a HTTP/1.1" status: 200 len: 1097 time: 0.1762495
Nov 12 02:26:40.687834 dv-cinder-808574-4-smb neutron-server[101627]: DEBUG neutron.api.rpc.handlers.resources_rpc [None req-f08f1ad7-61da-4dab-8f8e-cb5bb6c92bfc admin admin] Pushing event updated for resources: {'Subnet': ['ID=fbd682ae-6366-4362-bab0-eda15ca45632,revision_number=0']} {{(pid=101627) push /opt/stack/neutron/neutron/api/rpc/handlers/resources_rpc.py:237}}
Nov 12 02:26:40.735586 dv-cinder-808574-4-smb neutron-server[101627]: DEBUG neutron.plugins.ml2.drivers.mech_agent [None req-f08f1ad7-61da-4dab-8f8e-cb5bb6c92bfc admin admin] Checking segment: {'id': '0110cbf4-8b31-4575-ad20-6ec9f456d92a', 'network_type': 'vlan', 'physical_network': 'physnet1', 'segmentation_id': 818, 'network_id': '44947760-a2b2-4e50-855a-db3911329416'} for mappings: {'physnet1': 'br-data'} with network types: ['local', 'flat', 'vlan'] {{(pid=101627) check_segment_for_agent /opt/stack/neutron/neutron/plugins/ml2/drivers/mech_agent.py:371}}
Nov 12 02:26:40.735945 dv-cinder-808574-4-smb neutron-server[101627]: DEBUG neutron.scheduler.dhcp_agent_scheduler [None req-f08f1ad7-61da-4dab-8f8e-cb5bb6c92bfc admin admin] Network hostable DHCP agents. Network: 44947760-a2b2-4e50-855a-db3911329416, hostable agents: ['38deba6a-e570-46da-84fb-4962375c604f'], hosted agents: [] {{(pid=101627) _get_network_hostable_dhcp_agents /opt/stack/neutron/neutron/scheduler/dhcp_agent_scheduler.py:329}}
Nov 12 02:26:40.773395 dv-cinder-808574-4-smb neutron-server[101627]: DEBUG neutron.pecan_wsgi.hooks.policy_enforcement [req-15b2459f-780d-46d4-9fdd-63dcde6020e1 req-aea86301-d5db-40b8-bff0-09ce271abee9 tempest-AttachVolumeTestJSON-706433802 tempest-AttachVolumeTestJSON-706433802-project] Attributes excluded by policy engine: ['standard_attr_id', 'vlan_transparent', 'provider:network_type', 'provider:physical_network', 'provider:segmentation_id'] {{(pid=101627) _exclude_attributes_by_policy /opt/stack/neutron/neutron/pecan_wsgi/hooks/policy_enforcement.py:255}}
Nov 12 02:26:40.774792 dv-cinder-808574-4-smb neutron-server[101627]: INFO neutron.wsgi [req-15b2459f-780d-46d4-9fdd-63dcde6020e1 req-aea86301-d5db-40b8-bff0-09ce271abee9 tempest-AttachVolumeTestJSON-706433802 tempest-AttachVolumeTestJSON-706433802-project] 10.222.0.61 "GET /v2.0/networks?id=404a7e3a-99c5-4a67-9227-adbb62c821aa HTTP/1.1" status: 200 len: 810 time: 0.6845856
Nov 12 02:26:40.782178 dv-cinder-808574-4-smb neutron-server[101627]: DEBUG neutron.scheduler.dhcp_agent_scheduler [None req-f08f1ad7-61da-4dab-8f8e-cb5bb6c92bfc admin admin] Network 44947760-a2b2-4e50-855a-db3911329416 is scheduled to be hosted by DHCP agent 38deba6a-e570-46da-84fb-4962375c604f with binding_index 1 {{(pid=101627) bind /opt/stack/neutron/neutron/scheduler/dhcp_agent_scheduler.py:227}}
Nov 12 02:26:40.821003 dv-cinder-808574-4-smb neutron-server[101627]: DEBUG neutron.scheduler.base_scheduler [None req-f08f1ad7-61da-4dab-8f8e-cb5bb6c92bfc admin admin] Resources bound (agent type, host, resource id): (DHCP agent, dv-cinder-808574-4-smb, 44947760-a2b2-4e50-855a-db3911329416) {{(pid=101627) schedule /opt/stack/neutron/neutron/scheduler/base_scheduler.py:57}}
Nov 12 02:26:40.831003 dv-cinder-808574-4-smb neutron-server[101628]: DEBUG neutron.api.rpc.handlers.dhcp_rpc [None req-c3f63341-64e1-4c00-a633-4418cf539365 None None] Network 44947760-a2b2-4e50-855a-db3911329416 requested from dv-cinder-808574-4-smb {{(pid=101628) get_network_info /opt/stack/neutron/neutron/api/rpc/handlers/dhcp_rpc.py:218}}
Nov 12 02:26:40.833702 dv-cinder-808574-4-smb neutron-server[101627]: DEBUG neutron.pecan_wsgi.hooks.policy_enforcement [None req-f08f1ad7-61da-4dab-8f8e-cb5bb6c92bfc admin admin] Attributes excluded by policy engine: ['standard_attr_id', 'shared', 'network'] {{(pid=101627) _exclude_attributes_by_policy /opt/stack/neutron/neutron/pecan_wsgi/hooks/policy_enforcement.py:255}}
Nov 12 02:26:40.834290 dv-cinder-808574-4-smb neutron-server[101627]: DEBUG neutron_lib.callbacks.manager [None req-f08f1ad7-61da-4dab-8f8e-cb5bb6c92bfc admin admin] Publish callbacks ['neutron.api.rpc.agentnotifiers.dhcp_rpc_agent_api.DhcpAgentNotifyAPI._send_dhcp_notification-1605304'] for subnet, before_response {{(pid=101627) _notify_loop /usr/local/lib/python3.8/dist-packages/neutron_lib/callbacks/manager.py:175}}
Nov 12 02:26:40.901995 dv-cinder-808574-4-smb neutron-server[101627]: INFO neutron.wsgi [None req-f08f1ad7-61da-4dab-8f8e-cb5bb6c92bfc admin admin] 10.222.0.66 "POST /v2.0/subnets HTTP/1.1" status: 201 len: 851 time: 1.4393060
Nov 12 02:26:40.921495 dv-cinder-808574-4-smb neutron-server[101627]: INFO neutron.wsgi [req-15b2459f-780d-46d4-9fdd-63dcde6020e1 req-f6b52561-675c-42c5-b8d7-a923c4c4e595 tempest-AttachVolumeTestJSON-706433802 tempest-AttachVolumeTestJSON-706433802-project] 10.222.0.61 "GET /v2.0/security-groups?fields=id&fields=name&tenant_id=f703f38cf65b46999d543ac359444567 HTTP/1.1" status: 200 len: 379 time: 0.1355259
Nov 12 02:26:40.947374 dv-cinder-808574-4-smb neutron-server[101627]: DEBUG neutron.api.v2.base [req-15b2459f-780d-46d4-9fdd-63dcde6020e1 req-55678a4f-08ed-445e-b03d-e930ef36792a tempest-AttachVolumeTestJSON-706433802 tempest-AttachVolumeTestJSON-706433802-project] Request body: {'port': {'device_id': '400f028d-77c0-448f-a146-dbbc9f1ec289', 'network_id': '404a7e3a-99c5-4a67-9227-adbb62c821aa', 'admin_state_up': True, 'tenant_id': 'f703f38cf65b46999d543ac359444567', 'security_groups': ['e38ff52b-8817-48eb-8204-eafbf0567ff9']}} {{(pid=101627) prepare_request_body /opt/stack/neutron/neutron/api/v2/base.py:729}}
Nov 12 02:26:41.103836 dv-cinder-808574-4-smb neutron-server[101628]: DEBUG neutron.api.rpc.handlers.dhcp_rpc [None req-258f16a2-0e37-483b-9ce9-3bb6a48c6ba2 None None] Network 44947760-a2b2-4e50-855a-db3911329416 requested from dv-cinder-808574-4-smb {{(pid=101628) get_network_info /opt/stack/neutron/neutron/api/rpc/handlers/dhcp_rpc.py:218}}
Nov 12 02:26:41.132804 dv-cinder-808574-4-smb neutron-server[101627]: DEBUG neutron.pecan_wsgi.hooks.quota_enforcement [req-15b2459f-780d-46d4-9fdd-63dcde6020e1 req-55678a4f-08ed-445e-b03d-e930ef36792a tempest-AttachVolumeTestJSON-706433802 tempest-AttachVolumeTestJSON-706433802-project] Made reservation on behalf of f703f38cf65b46999d543ac359444567 for: {'port': 1} {{(pid=101627) before /opt/stack/neutron/neutron/pecan_wsgi/hooks/quota_enforcement.py:53}}
Nov 12 02:26:41.137864 dv-cinder-808574-4-smb neutron-server[101627]: DEBUG neutron_lib.callbacks.manager [req-15b2459f-780d-46d4-9fdd-63dcde6020e1 req-55678a4f-08ed-445e-b03d-e930ef36792a tempest-AttachVolumeTestJSON-706433802 tempest-AttachVolumeTestJSON-706433802-project] Publish callbacks ['neutron.plugins.ml2.plugin.SecurityGroupDbMixin._ensure_default_security_group_handler-1487209'] for port, before_create {{(pid=101627) _notify_loop /usr/local/lib/python3.8/dist-packages/neutron_lib/callbacks/manager.py:175}}
Nov 12 02:26:41.185855 dv-cinder-808574-4-smb neutron-server[101626]: INFO neutron.wsgi [req-dbae2d17-8737-407b-8a34-d950075e0e82 req-4c1386e6-6f77-4217-861c-2d6a236960ca service neutron] 10.222.0.61 "GET /v2.0/floatingips?fixed_ip_address=172.20.0.14&port_id=a97a453a-445f-45c0-8d37-d11d7512e94c HTTP/1.1" status: 200 len: 217 time: 0.5696964
Nov 12 02:26:41.281859 dv-cinder-808574-4-smb neutron-server[101628]: DEBUG novaclient.v2.client [-] RESP: [200] Connection: close Content-Length: 183 Content-Type: application/json Date: Fri, 12 Nov 2021 02:26:39 GMT OpenStack-API-Version: compute 2.1 Server: Apache/2.4.41 (Ubuntu) Vary: OpenStack-API-Version,X-OpenStack-Nova-API-Version X-OpenStack-Nova-API-Version: 2.1 x-compute-request-id: req-08ee2c2a-93e1-47f2-b656-25955b42aa21 x-openstack-request-id: req-08ee2c2a-93e1-47f2-b656-25955b42aa21 {{(pid=101628) _http_log_response /usr/local/lib/python3.8/dist-packages/keystoneauth1/session.py:550}}
Nov 12 02:26:41.282165 dv-cinder-808574-4-smb neutron-server[101628]: DEBUG novaclient.v2.client [-] RESP BODY: {"events": [{"server_uuid": "8b86d4a5-b34c-4d82-ae36-5d8bd5204678", "name": "network-vif-plugged", "status": "completed", "tag": "3a44f268-14fb-465a-9386-6b18a76ab0c7", "code": 200}]} {{(pid=101628) _http_log_response /usr/local/lib/python3.8/dist-packages/keystoneauth1/session.py:582}}
Nov 12 02:26:41.283005 dv-cinder-808574-4-smb neutron-server[101628]: DEBUG novaclient.v2.client [-] POST call to compute for http://10.222.0.66/compute/v2.1/os-server-external-events used request id req-08ee2c2a-93e1-47f2-b656-25955b42aa21 {{(pid=101628) request /usr/local/lib/python3.8/dist-packages/keystoneauth1/session.py:954}}
Nov 12 02:26:41.283512 dv-cinder-808574-4-smb neutron-server[101628]: INFO neutron.notifiers.nova [-] Nova event response: {'server_uuid': '8b86d4a5-b34c-4d82-ae36-5d8bd5204678', 'name': 'network-vif-plugged', 'status': 'completed', 'tag': '3a44f268-14fb-465a-9386-6b18a76ab0c7', 'code': 200}
Nov 12 02:26:41.326376 dv-cinder-808574-4-smb neutron-server[101626]: DEBUG novaclient.v2.client [-] RESP: [200] Connection: close Content-Length: 179 Content-Type: application/json Date: Fri, 12 Nov 2021 02:26:40 GMT OpenStack-API-Version: compute 2.1 Server: Apache/2.4.41 (Ubuntu) Vary: OpenStack-API-Version,X-OpenStack-Nova-API-Version X-OpenStack-Nova-API-Version: 2.1 x-compute-request-id: req-3de67ddd-0a25-4ee7-8ffc-f46d4fd69e7d x-openstack-request-id: req-3de67ddd-0a25-4ee7-8ffc-f46d4fd69e7d {{(pid=101626) _http_log_response /usr/local/lib/python3.8/dist-packages/keystoneauth1/session.py:550}}
Nov 12 02:26:41.327922 dv-cinder-808574-4-smb neutron-server[101626]: DEBUG novaclient.v2.client [-] RESP BODY: {"events": [{"name": "network-changed", "server_uuid": "7646fb82-e8d0-4e4b-9c44-22f1b0c55f9a", "tag": "a97a453a-445f-45c0-8d37-d11d7512e94c", "status": "completed", "code": 200}]} {{(pid=101626) _http_log_response /usr/local/lib/python3.8/dist-packages/keystoneauth1/session.py:582}}
Nov 12 02:26:41.328310 dv-cinder-808574-4-smb neutron-server[101626]: DEBUG novaclient.v2.client [-] POST call to compute for http://10.222.0.66/compute/v2.1/os-server-external-events used request id req-3de67ddd-0a25-4ee7-8ffc-f46d4fd69e7d {{(pid=101626) request /usr/local/lib/python3.8/dist-packages/keystoneauth1/session.py:954}}
Nov 12 02:26:41.330106 dv-cinder-808574-4-smb neutron-server[101626]: INFO neutron.notifiers.nova [-] Nova event response: {'name': 'network-changed', 'server_uuid': '7646fb82-e8d0-4e4b-9c44-22f1b0c55f9a', 'tag': 'a97a453a-445f-45c0-8d37-d11d7512e94c', 'status': 'completed', 'code': 200}
Nov 12 02:26:41.353161 dv-cinder-808574-4-smb neutron-server[101626]: DEBUG neutron.pecan_wsgi.hooks.policy_enforcement [req-20405e81-be53-4dcf-bffc-1872ad1c9558 req-be7af84e-f99d-4dcb-a878-7b69e36f9437 tempest-ServerRescueNegativeTestJSON-148198382 tempest-ServerRescueNegativeTestJSON-148198382-project] Attributes excluded by policy engine: ['standard_attr_id', 'binding:profile', 'binding:host_id', 'binding:vif_type', 'binding:vif_details'] {{(pid=101626) _exclude_attributes_by_policy /opt/stack/neutron/neutron/pecan_wsgi/hooks/policy_enforcement.py:255}}
Nov 12 02:26:41.369579 dv-cinder-808574-4-smb neutron-server[101626]: INFO neutron.wsgi [req-20405e81-be53-4dcf-bffc-1872ad1c9558 req-be7af84e-f99d-4dcb-a878-7b69e36f9437 tempest-ServerRescueNegativeTestJSON-148198382 tempest-ServerRescueNegativeTestJSON-148198382-project] 10.222.0.66 "GET /v2.0/ports?device_id=6ed46559-e702-488c-a32c-ec1c0e9b0b67 HTTP/1.1" status: 200 len: 945 time: 0.7326529
Nov 12 02:26:41.394340 dv-cinder-808574-4-smb neutron-server[101626]: DEBUG neutron.pecan_wsgi.hooks.policy_enforcement [req-dbae2d17-8737-407b-8a34-d950075e0e82 req-f228fb5e-ae54-4fa7-b1c8-8cbba2d33e28 service neutron] Attributes excluded by policy engine: ['standard_attr_id', 'shared'] {{(pid=101626) _exclude_attributes_by_policy /opt/stack/neutron/neutron/pecan_wsgi/hooks/policy_enforcement.py:255}}
Nov 12 02:26:41.399867 dv-cinder-808574-4-smb neutron-server[101626]: INFO neutron.wsgi [req-dbae2d17-8737-407b-8a34-d950075e0e82 req-f228fb5e-ae54-4fa7-b1c8-8cbba2d33e28 service neutron] 10.222.0.61 "GET /v2.0/subnets?id=1006246c-c18c-4b19-8be4-0d64b846f8bd HTTP/1.1" status: 200 len: 855 time: 0.1966436
Nov 12 02:26:41.454378 dv-cinder-808574-4-smb neutron-server[101627]: DEBUG neutron.db.db_base_plugin_common [req-15b2459f-780d-46d4-9fdd-63dcde6020e1 req-55678a4f-08ed-445e-b03d-e930ef36792a tempest-AttachVolumeTestJSON-706433802 tempest-AttachVolumeTestJSON-706433802-project] Allocated IP 172.20.0.3 (404a7e3a-99c5-4a67-9227-adbb62c821aa/d4fc1b18-ead8-4210-84af-aa2802ec2ad5/b65846f3-2b32-472f-b31e-db0d0a1b34b9) {{(pid=101627) _store_ip_allocation /opt/stack/neutron/neutron/db/db_base_plugin_common.py:131}}
Nov 12 02:26:41.596301 dv-cinder-808574-4-smb neutron-server[101626]: INFO neutron.wsgi [req-20405e81-be53-4dcf-bffc-1872ad1c9558 req-7e66e07a-cff2-43e5-83ab-0ad35600b2d8 tempest-ServerRescueNegativeTestJSON-148198382 tempest-ServerRescueNegativeTestJSON-148198382-project] 10.222.0.66 "GET /v2.0/security-groups?id=c1d6a9ca-b2ae-4a92-b334-bc11c2985b9d&fields=id&fields=name HTTP/1.1" status: 200 len: 286 time: 0.2231128
Nov 12 02:26:41.625913 dv-cinder-808574-4-smb neutron-server[101626]: DEBUG neutron.pecan_wsgi.hooks.policy_enforcement [req-dbae2d17-8737-407b-8a34-d950075e0e82 req-c49a2afb-cd5e-469c-9a31-18e4baa3e449 service neutron] Attributes excluded by policy engine: ['standard_attr_id'] {{(pid=101626) _exclude_attributes_by_policy /opt/stack/neutron/neutron/pecan_wsgi/hooks/policy_enforcement.py:255}}
Nov 12 02:26:41.627569 dv-cinder-808574-4-smb neutron-server[101626]: INFO neutron.wsgi [req-dbae2d17-8737-407b-8a34-d950075e0e82 req-c49a2afb-cd5e-469c-9a31-18e4baa3e449 service neutron] 10.222.0.61 "GET /v2.0/ports?network_id=3bf8a66c-2c88-40e7-879f-ed13c0e23344&device_owner=network%3Adhcp HTTP/1.1" status: 200 len: 1173 time: 0.2073166
Nov 12 02:26:41.654985 dv-cinder-808574-4-smb neutron-server[101627]: DEBUG neutron.pecan_wsgi.hooks.policy_enforcement [req-69fba306-6786-4051-90e8-336cd7ced9e2 req-32817089-5918-429a-8936-924b2cc4fa44 service neutron] Attributes excluded by policy engine: ['standard_attr_id'] {{(pid=101627) _exclude_attributes_by_policy /opt/stack/neutron/neutron/pecan_wsgi/hooks/policy_enforcement.py:255}}
Nov 12 02:26:41.656540 dv-cinder-808574-4-smb neutron-server[101627]: INFO neutron.wsgi [req-69fba306-6786-4051-90e8-336cd7ced9e2 req-32817089-5918-429a-8936-924b2cc4fa44 service neutron] 10.222.0.61 "GET /v2.0/ports?device_id=8b86d4a5-b34c-4d82-ae36-5d8bd5204678 HTTP/1.1" status: 200 len: 1098 time: 0.1281548
Nov 12 02:26:41.691115 dv-cinder-808574-4-smb neutron-server[101626]: DEBUG neutron.pecan_wsgi.hooks.policy_enforcement [req-cbfe69ff-1030-40b4-a61f-3209e3a9cb25 req-5dcfc6ba-c5d7-441f-b227-d664793123f9 tempest-AttachVolumeShelveTestJSON-1420309629 tempest-AttachVolumeShelveTestJSON-1420309629-project] Attributes excluded by policy engine: ['standard_attr_id', 'binding:profile', 'binding:host_id', 'binding:vif_type', 'binding:vif_details'] {{(pid=101626) _exclude_attributes_by_policy /opt/stack/neutron/neutron/pecan_wsgi/hooks/policy_enforcement.py:255}}
Nov 12 02:26:41.702714 dv-cinder-808574-4-smb neutron-server[101626]: INFO neutron.wsgi [req-cbfe69ff-1030-40b4-a61f-3209e3a9cb25 req-5dcfc6ba-c5d7-441f-b227-d664793123f9 tempest-AttachVolumeShelveTestJSON-1420309629 tempest-AttachVolumeShelveTestJSON-1420309629-project] 10.222.0.66 "GET /v2.0/ports?device_id=7646fb82-e8d0-4e4b-9c44-22f1b0c55f9a HTTP/1.1" status: 200 len: 944 time: 0.2535803
Nov 12 02:26:41.747908 dv-cinder-808574-4-smb neutron-server[101627]: INFO neutron.wsgi [req-69fba306-6786-4051-90e8-336cd7ced9e2 req-93851164-0006-42e4-804b-058df2de2fca service neutron] 10.222.0.61 "GET /v2.0/security-groups?id=c1d6a9ca-b2ae-4a92-b334-bc11c2985b9d&fields=id&fields=name HTTP/1.1" status: 200 len: 286 time: 0.0819664
Nov 12 02:26:41.761185 dv-cinder-808574-4-smb neutron-server[101627]: DEBUG neutron_lib.callbacks.manager [req-15b2459f-780d-46d4-9fdd-63dcde6020e1 req-55678a4f-08ed-445e-b03d-e930ef36792a tempest-AttachVolumeTestJSON-706433802 tempest-AttachVolumeTestJSON-706433802-project] Publish callbacks [] for port, precommit_create {{(pid=101627) _notify_loop /usr/local/lib/python3.8/dist-packages/neutron_lib/callbacks/manager.py:175}}
Nov 12 02:26:41.816267 dv-cinder-808574-4-smb neutron-server[101627]: DEBUG neutron_lib.callbacks.manager [req-15b2459f-780d-46d4-9fdd-63dcde6020e1 req-55678a4f-08ed-445e-b03d-e930ef36792a tempest-AttachVolumeTestJSON-706433802 tempest-AttachVolumeTestJSON-706433802-project] Publish callbacks ['neutron.plugins.ml2.plugin.SecurityGroupServerNotifierRpcMixin._notify_sg_on_port_change-1497029', 'neutron.plugins.ml2.ovo_rpc._ObjectChangeHandler.handle_event-232073', 'neutron.api.rpc.agentnotifiers.dhcp_rpc_agent_api.DhcpAgentNotifyAPI._native_event_send_dhcp_notification-1605294', 'neutron.db.l3_dvrscheduler_db._notify_l3_agent_new_port-8768027393922'] for port, after_create {{(pid=101627) _notify_loop /usr/local/lib/python3.8/dist-packages/neutron_lib/callbacks/manager.py:175}}
Nov 12 02:26:41.829705 dv-cinder-808574-4-smb neutron-server[101626]: INFO neutron.wsgi [req-50fa4603-6891-473d-a6e8-b5ea2988752b req-536fe41a-f3e9-4dd8-b094-55a7d87e66ba tempest-AttachVolumeTestJSON-706433802 tempest-AttachVolumeTestJSON-706433802-project] 10.222.0.66 "GET /v2.0/ports?device_id=400f028d-77c0-448f-a146-dbbc9f1ec289 HTTP/1.1" status: 200 len: 210 time: 0.1102374
Nov 12 02:26:41.866679 dv-cinder-808574-4-smb neutron-server[101627]: DEBUG neutron.scheduler.dhcp_agent_scheduler [req-15b2459f-780d-46d4-9fdd-63dcde6020e1 req-55678a4f-08ed-445e-b03d-e930ef36792a tempest-AttachVolumeTestJSON-706433802 tempest-AttachVolumeTestJSON-706433802-project] Network 404a7e3a-99c5-4a67-9227-adbb62c821aa is already hosted by enough agents. {{(pid=101627) _get_dhcp_agents_hosting_network /opt/stack/neutron/neutron/scheduler/dhcp_agent_scheduler.py:275}}
Nov 12 02:26:41.870332 dv-cinder-808574-4-smb neutron-server[101627]: DEBUG neutron.scheduler.base_scheduler [req-15b2459f-780d-46d4-9fdd-63dcde6020e1 req-55678a4f-08ed-445e-b03d-e930ef36792a tempest-AttachVolumeTestJSON-706433802 tempest-AttachVolumeTestJSON-706433802-project] Resources bound (agent type, host, resource id): {{(pid=101627) schedule /opt/stack/neutron/neutron/scheduler/base_scheduler.py:57}}
Nov 12 02:26:41.875192 dv-cinder-808574-4-smb neutron-server[101627]: DEBUG neutron.db.l3_dvrscheduler_db [req-15b2459f-780d-46d4-9fdd-63dcde6020e1 req-55678a4f-08ed-445e-b03d-e930ef36792a tempest-AttachVolumeTestJSON-706433802 tempest-AttachVolumeTestJSON-706433802-project] Received port after_create {{(pid=101627) _notify_l3_agent_new_port /opt/stack/neutron/neutron/db/l3_dvrscheduler_db.py:535}}
Nov 12 02:26:41.883112 dv-cinder-808574-4-smb neutron-server[101627]: DEBUG neutron.pecan_wsgi.hooks.policy_enforcement [req-15b2459f-780d-46d4-9fdd-63dcde6020e1 req-55678a4f-08ed-445e-b03d-e930ef36792a tempest-AttachVolumeTestJSON-706433802 tempest-AttachVolumeTestJSON-706433802-project] Attributes excluded by policy engine: ['standard_attr_id', 'binding:profile', 'binding:host_id', 'binding:vif_type', 'binding:vif_details', 'network'] {{(pid=101627) _exclude_attributes_by_policy /opt/stack/neutron/neutron/pecan_wsgi/hooks/policy_enforcement.py:255}}
Nov 12 02:26:41.883854 dv-cinder-808574-4-smb neutron-server[101627]: DEBUG neutron_lib.callbacks.manager [req-15b2459f-780d-46d4-9fdd-63dcde6020e1 req-55678a4f-08ed-445e-b03d-e930ef36792a tempest-AttachVolumeTestJSON-706433802 tempest-AttachVolumeTestJSON-706433802-project] Publish callbacks ['neutron.notifiers.nova.Notifier._send_nova_notification-2073992', 'neutron.api.rpc.agentnotifiers.dhcp_rpc_agent_api.DhcpAgentNotifyAPI._send_dhcp_notification-1605304'] for port, before_response {{(pid=101627) _notify_loop /usr/local/lib/python3.8/dist-packages/neutron_lib/callbacks/manager.py:175}}
Nov 12 02:26:41.904896 dv-cinder-808574-4-smb neutron-server[101626]: INFO neutron.wsgi [req-cbfe69ff-1030-40b4-a61f-3209e3a9cb25 req-c16174fd-b51b-47e0-8971-7a6bf7f20c01 tempest-AttachVolumeShelveTestJSON-1420309629 tempest-AttachVolumeShelveTestJSON-1420309629-project] 10.222.0.66 "GET /v2.0/security-groups?id=30ece398-c886-4b4f-90d8-0cc4437f7814&fields=id&fields=name HTTP/1.1" status: 200 len: 312 time: 0.1877618
Nov 12 02:26:41.920350 dv-cinder-808574-4-smb neutron-server[101627]: DEBUG neutron.api.rpc.handlers.resources_rpc [None req-55678a4f-08ed-445e-b03d-e930ef36792a tempest-AttachVolumeTestJSON-706433802 tempest-AttachVolumeTestJSON-706433802-project] Pushing event updated for resources: {'Port': ['ID=b65846f3-2b32-472f-b31e-db0d0a1b34b9,revision_number=1']} {{(pid=101627) push /opt/stack/neutron/neutron/api/rpc/handlers/resources_rpc.py:237}}
Nov 12 02:26:41.958592 dv-cinder-808574-4-smb neutron-server[101627]: INFO neutron.wsgi [req-15b2459f-780d-46d4-9fdd-63dcde6020e1 req-55678a4f-08ed-445e-b03d-e930ef36792a tempest-AttachVolumeTestJSON-706433802 tempest-AttachVolumeTestJSON-706433802-project] 10.222.0.61 "POST /v2.0/ports HTTP/1.1" status: 201 len: 933 time: 1.0125270
Nov 12 02:26:41.981842 dv-cinder-808574-4-smb neutron-server[101626]: INFO neutron.wsgi [req-dbae2d17-8737-407b-8a34-d950075e0e82 req-d8ee4392-1a3e-4be9-b011-1880f9bb8e12 service neutron] 10.222.0.61 "GET /v2.0/networks/3bf8a66c-2c88-40e7-879f-ed13c0e23344?fields=segments HTTP/1.1" status: 200 len: 212 time: 0.3427334
Nov 12 02:26:41.983808 dv-cinder-808574-4-smb neutron-server[101627]: DEBUG neutron.api.v2.base [req-15b2459f-780d-46d4-9fdd-63dcde6020e1 req-7f57668a-80b2-4dde-9515-331757f0340d service neutron] Request body: {'port': {'device_id': '400f028d-77c0-448f-a146-dbbc9f1ec289', 'device_owner': 'compute:nova', 'binding:host_id': 'hv-cinder-80857'}} {{(pid=101627) prepare_request_body /opt/stack/neutron/neutron/api/v2/base.py:729}}
Nov 12 02:26:42.193988 dv-cinder-808574-4-smb neutron-server[101627]: DEBUG neutron_lib.callbacks.manager [req-15b2459f-780d-46d4-9fdd-63dcde6020e1 req-7f57668a-80b2-4dde-9515-331757f0340d service neutron] Publish callbacks ['neutron.plugins.ml2.plugin.SecurityGroupDbMixin._ensure_default_security_group_handler-1487209'] for port, before_update {{(pid=101627) _notify_loop /usr/local/lib/python3.8/dist-packages/neutron_lib/callbacks/manager.py:175}}
Nov 12 02:26:42.214107 dv-cinder-808574-4-smb neutron-server[101626]: INFO neutron.wsgi [req-dbae2d17-8737-407b-8a34-d950075e0e82 req-0eec5649-8c31-495c-94d9-0229d58c9847 service neutron] 10.222.0.61 "GET /v2.0/networks/3bf8a66c-2c88-40e7-879f-ed13c0e23344?fields=provider%3Aphysical_network&fields=provider%3Anetwork_type HTTP/1.1" status: 200 len: 281 time: 0.2202621
Nov 12 02:26:42.447858 dv-cinder-808574-4-smb neutron-server[101626]: DEBUG neutron.pecan_wsgi.hooks.policy_enforcement [req-b05d3547-2edf-4e1f-aea3-1d4de715d771 req-cc9db2c8-cdd3-4c69-920f-c550c7d3b18f service neutron] Attributes excluded by policy engine: ['standard_attr_id'] {{(pid=101626) _exclude_attributes_by_policy /opt/stack/neutron/neutron/pecan_wsgi/hooks/policy_enforcement.py:255}}
Nov 12 02:26:42.449504 dv-cinder-808574-4-smb neutron-server[101626]: INFO neutron.wsgi [req-b05d3547-2edf-4e1f-aea3-1d4de715d771 req-cc9db2c8-cdd3-4c69-920f-c550c7d3b18f service neutron] 10.222.0.61 "GET /v2.0/ports?tenant_id=c5e167f262944295a8c55b0f02df4cdc&device_id=6ed46559-e702-488c-a32c-ec1c0e9b0b67 HTTP/1.1" status: 200 len: 1098 time: 0.1301763
Nov 12 02:26:42.459845 dv-cinder-808574-4-smb neutron-server[101626]: DEBUG neutron.pecan_wsgi.hooks.policy_enforcement [req-a0aa778a-4493-4d91-a557-dfecc860df1a req-b1151911-c31d-45dc-9281-8dbd373ec6a2 tempest-ServerRescueNegativeTestJSON-148198382 tempest-ServerRescueNegativeTestJSON-148198382-project] Attributes excluded by policy engine: ['standard_attr_id', 'binding:profile', 'binding:host_id', 'binding:vif_type', 'binding:vif_details'] {{(pid=101626) _exclude_attributes_by_policy /opt/stack/neutron/neutron/pecan_wsgi/hooks/policy_enforcement.py:255}}
Nov 12 02:26:42.465844 dv-cinder-808574-4-smb neutron-server[101628]: DEBUG neutron.db.provisioning_blocks [None req-948db861-a97f-4b9b-b5ec-67c2350b7c65 None None] Provisioning complete for port b65846f3-2b32-472f-b31e-db0d0a1b34b9 triggered by entity DHCP. {{(pid=101628) provisioning_complete /opt/stack/neutron/neutron/db/provisioning_blocks.py:139}}
Nov 12 02:26:42.467042 dv-cinder-808574-4-smb neutron-server[101628]: DEBUG neutron_lib.callbacks.manager [None req-948db861-a97f-4b9b-b5ec-67c2350b7c65 None None] Publish callbacks ['neutron.plugins.ml2.plugin.Ml2Plugin._port_provisioned-639272'] for port, provisioning_complete {{(pid=101628) _notify_loop /usr/local/lib/python3.8/dist-packages/neutron_lib/callbacks/manager.py:175}}
Nov 12 02:26:42.468399 dv-cinder-808574-4-smb neutron-server[101626]: INFO neutron.wsgi [req-a0aa778a-4493-4d91-a557-dfecc860df1a req-b1151911-c31d-45dc-9281-8dbd373ec6a2 tempest-ServerRescueNegativeTestJSON-148198382 tempest-ServerRescueNegativeTestJSON-148198382-project] 10.222.0.66 "GET /v2.0/ports?device_id=6ed46559-e702-488c-a32c-ec1c0e9b0b67 HTTP/1.1" status: 200 len: 945 time: 0.1237016
Nov 12 02:26:42.609220 dv-cinder-808574-4-smb neutron-server[101628]: DEBUG neutron.plugins.ml2.plugin [None req-948db861-a97f-4b9b-b5ec-67c2350b7c65 None None] Port b65846f3-2b32-472f-b31e-db0d0a1b34b9 cannot update to ACTIVE because it is not bound. {{(pid=101628) _port_provisioned /opt/stack/neutron/neutron/plugins/ml2/plugin.py:342}}
Nov 12 02:26:42.666475 dv-cinder-808574-4-smb neutron-server[101627]: DEBUG neutron.pecan_wsgi.hooks.policy_enforcement [req-adfc99d2-0d85-4e3a-aa38-86a949c1544e req-980a880d-aee6-450c-9739-631bfff10478 service neutron] Attributes excluded by policy engine: ['standard_attr_id'] {{(pid=101627) _exclude_attributes_by_policy /opt/stack/neutron/neutron/pecan_wsgi/hooks/policy_enforcement.py:255}}
Nov 12 02:26:42.668256 dv-cinder-808574-4-smb neutron-server[101627]: INFO neutron.wsgi [req-adfc99d2-0d85-4e3a-aa38-86a949c1544e req-980a880d-aee6-450c-9739-631bfff10478 service neutron] 10.222.0.61 "GET /v2.0/ports?tenant_id=e973c924078c4e638e9fa29d3956c215&device_id=7646fb82-e8d0-4e4b-9c44-22f1b0c55f9a HTTP/1.1" status: 200 len: 1097 time: 0.2164488
Nov 12 02:26:42.706220 dv-cinder-808574-4-smb neutron-server[101626]: INFO neutron.wsgi [req-a0aa778a-4493-4d91-a557-dfecc860df1a req-30c225bd-d5c0-4f3c-b99d-a32f7a30f706 tempest-ServerRescueNegativeTestJSON-148198382 tempest-ServerRescueNegativeTestJSON-148198382-project] 10.222.0.66 "GET /v2.0/security-groups?id=c1d6a9ca-b2ae-4a92-b334-bc11c2985b9d&fields=id&fields=name HTTP/1.1" status: 200 len: 286 time: 0.2365432
Nov 12 02:26:42.738232 dv-cinder-808574-4-smb neutron-server[101626]: DEBUG neutron.pecan_wsgi.hooks.policy_enforcement [req-b05d3547-2edf-4e1f-aea3-1d4de715d771 req-037ad4cd-a9c5-4213-80a2-58312fe1ee5b service neutron] Attributes excluded by policy engine: ['standard_attr_id', 'vlan_transparent'] {{(pid=101626) _exclude_attributes_by_policy /opt/stack/neutron/neutron/pecan_wsgi/hooks/policy_enforcement.py:255}}
Nov 12 02:26:42.741497 dv-cinder-808574-4-smb neutron-server[101626]: INFO neutron.wsgi [req-b05d3547-2edf-4e1f-aea3-1d4de715d771 req-037ad4cd-a9c5-4213-80a2-58312fe1ee5b service neutron] 10.222.0.61 "GET /v2.0/networks?id=4900299f-9efb-4112-8c6a-f06549279dd7 HTTP/1.1" status: 200 len: 920 time: 0.2697868
Nov 12 02:26:42.861153 dv-cinder-808574-4-smb neutron-server[101626]: INFO neutron.wsgi [req-b05d3547-2edf-4e1f-aea3-1d4de715d771 req-b9843b64-f04d-4d93-8659-b8621699ca44 service neutron] 10.222.0.61 "GET /v2.0/floatingips?fixed_ip_address=172.20.0.4&port_id=83f85631-c4ff-46fd-8497-a6a913b63d35 HTTP/1.1" status: 200 len: 217 time: 0.0978966
Nov 12 02:26:42.967164 dv-cinder-808574-4-smb neutron-server[101627]: DEBUG neutron.pecan_wsgi.hooks.policy_enforcement [req-adfc99d2-0d85-4e3a-aa38-86a949c1544e req-8d41ba19-47e3-4d66-81d9-c659ad6ffd63 service neutron] Attributes excluded by policy engine: ['standard_attr_id', 'vlan_transparent'] {{(pid=101627) _exclude_attributes_by_policy /opt/stack/neutron/neutron/pecan_wsgi/hooks/policy_enforcement.py:255}}
Nov 12 02:26:42.968714 dv-cinder-808574-4-smb neutron-server[101627]: INFO neutron.wsgi [req-adfc99d2-0d85-4e3a-aa38-86a949c1544e req-8d41ba19-47e3-4d66-81d9-c659ad6ffd63 service neutron] 10.222.0.61 "GET /v2.0/networks?id=3bf8a66c-2c88-40e7-879f-ed13c0e23344 HTTP/1.1" status: 200 len: 917 time: 0.2734809
Nov 12 02:26:42.972823 dv-cinder-808574-4-smb neutron-server[101627]: DEBUG neutron.notifiers.nova [req-15b2459f-780d-46d4-9fdd-63dcde6020e1 req-7f57668a-80b2-4dde-9515-331757f0340d service neutron] Ignoring state change previous_port_status: DOWN current_port_status: DOWN port_id b65846f3-2b32-472f-b31e-db0d0a1b34b9 {{(pid=101627) record_port_status_changed /opt/stack/neutron/neutron/notifiers/nova.py:224}}
Nov 12 02:26:42.985195 dv-cinder-808574-4-smb neutron-server[101626]: DEBUG neutron.pecan_wsgi.hooks.policy_enforcement [req-b05d3547-2edf-4e1f-aea3-1d4de715d771 req-e7a2a23e-cd3d-4701-ac0a-13a41c50937e service neutron] Attributes excluded by policy engine: ['standard_attr_id', 'shared'] {{(pid=101626) _exclude_attributes_by_policy /opt/stack/neutron/neutron/pecan_wsgi/hooks/policy_enforcement.py:255}}
Nov 12 02:26:42.987856 dv-cinder-808574-4-smb neutron-server[101627]: DEBUG neutron_lib.callbacks.manager [req-15b2459f-780d-46d4-9fdd-63dcde6020e1 req-7f57668a-80b2-4dde-9515-331757f0340d service neutron] Publish callbacks [] for port, precommit_update {{(pid=101627) _notify_loop /usr/local/lib/python3.8/dist-packages/neutron_lib/callbacks/manager.py:175}}
Nov 12 02:26:42.995950 dv-cinder-808574-4-smb neutron-server[101626]: INFO neutron.wsgi [req-b05d3547-2edf-4e1f-aea3-1d4de715d771 req-e7a2a23e-cd3d-4701-ac0a-13a41c50937e service neutron] 10.222.0.61 "GET /v2.0/subnets?id=3afb8cb5-ee86-4be7-9288-03af65a9f917 HTTP/1.1" status: 200 len: 859 time: 0.1202981
Nov 12 02:26:43.044801 dv-cinder-808574-4-smb neutron-server[101627]: INFO neutron.wsgi [req-adfc99d2-0d85-4e3a-aa38-86a949c1544e req-70ea4be7-e4ad-47e1-84b8-5b0b85f65520 service neutron] 10.222.0.61 "GET /v2.0/floatingips?fixed_ip_address=172.20.0.14&port_id=a97a453a-445f-45c0-8d37-d11d7512e94c HTTP/1.1" status: 200 len: 217 time: 0.0640838
Nov 12 02:26:43.053508 dv-cinder-808574-4-smb neutron-server[101627]: DEBUG neutron.db.provisioning_blocks [req-15b2459f-780d-46d4-9fdd-63dcde6020e1 req-7f57668a-80b2-4dde-9515-331757f0340d service neutron] Transition to ACTIVE for port object b65846f3-2b32-472f-b31e-db0d0a1b34b9 will not be triggered until provisioned by entity L2. {{(pid=101627) add_provisioning_component /opt/stack/neutron/neutron/db/provisioning_blocks.py:73}}
Nov 12 02:26:43.059206 dv-cinder-808574-4-smb neutron-server[101627]: DEBUG neutron_lib.callbacks.manager [req-15b2459f-780d-46d4-9fdd-63dcde6020e1 req-7f57668a-80b2-4dde-9515-331757f0340d service neutron] Publish callbacks ['neutron.plugins.ml2.plugin.SecurityGroupServerNotifierRpcMixin._notify_sg_on_port_change-1497029', 'neutron.plugins.ml2.ovo_rpc._ObjectChangeHandler.handle_event-232073', 'neutron.api.rpc.agentnotifiers.dhcp_rpc_agent_api.DhcpAgentNotifyAPI._native_event_send_dhcp_notification-1605294', 'neutron.db.l3_db.L3RpcNotifierMixin._notify_gateway_port_ip_changed-8768027823508', 'neutron.db.l3_dvrscheduler_db._notify_l3_agent_port_update-8768027393940', 'neutron.db.l3_hascheduler_db._notify_l3_agent_ha_port_update-8768027393958'] for port, after_update {{(pid=101627) _notify_loop /usr/local/lib/python3.8/dist-packages/neutron_lib/callbacks/manager.py:175}}
Nov 12 02:26:43.091845 dv-cinder-808574-4-smb neutron-server[101626]: INFO neutron.wsgi [req-b05d3547-2edf-4e1f-aea3-1d4de715d771 req-be2ac970-d341-42ca-85ec-c68e8e8b2689 service neutron] 10.222.0.61 "GET /v2.0/ports?network_id=4900299f-9efb-4112-8c6a-f06549279dd7&device_owner=network%3Adhcp HTTP/1.1" status: 200 len: 210 time: 0.0670137
Nov 12 02:26:43.167996 dv-cinder-808574-4-smb neutron-server[101627]: DEBUG neutron.pecan_wsgi.hooks.policy_enforcement [req-adfc99d2-0d85-4e3a-aa38-86a949c1544e req-c0417b7b-f4f7-4af2-a090-5c4afacd124c service neutron] Attributes excluded by policy engine: ['standard_attr_id', 'shared'] {{(pid=101627) _exclude_attributes_by_policy /opt/stack/neutron/neutron/pecan_wsgi/hooks/policy_enforcement.py:255}}
Nov 12 02:26:43.169496 dv-cinder-808574-4-smb neutron-server[101627]: INFO neutron.wsgi [req-adfc99d2-0d85-4e3a-aa38-86a949c1544e req-c0417b7b-f4f7-4af2-a090-5c4afacd124c service neutron] 10.222.0.61 "GET /v2.0/subnets?id=1006246c-c18c-4b19-8be4-0d64b846f8bd HTTP/1.1" status: 200 len: 855 time: 0.1050177
Nov 12 02:26:43.197431 dv-cinder-808574-4-smb neutron-server[101627]: DEBUG neutron.api.rpc.handlers.resources_rpc [None req-7f57668a-80b2-4dde-9515-331757f0340d service neutron] Pushing event updated for resources: {'Port': ['ID=b65846f3-2b32-472f-b31e-db0d0a1b34b9,revision_number=2']} {{(pid=101627) push /opt/stack/neutron/neutron/api/rpc/handlers/resources_rpc.py:237}}
Nov 12 02:26:43.202895 dv-cinder-808574-4-smb neutron-server[101626]: DEBUG neutron.pecan_wsgi.hooks.policy_enforcement [req-76759108-d581-40e9-913b-e191f446d585 req-436c2524-b084-4d9d-a93a-4f251c3cd165 tempest-AttachVolumeTestJSON-706433802 tempest-AttachVolumeTestJSON-706433802-project] Attributes excluded by policy engine: ['standard_attr_id', 'binding:profile', 'binding:host_id', 'binding:vif_type', 'binding:vif_details'] {{(pid=101626) _exclude_attributes_by_policy /opt/stack/neutron/neutron/pecan_wsgi/hooks/policy_enforcement.py:255}}
Nov 12 02:26:43.205644 dv-cinder-808574-4-smb neutron-server[101626]: INFO neutron.wsgi [req-76759108-d581-40e9-913b-e191f446d585 req-436c2524-b084-4d9d-a93a-4f251c3cd165 tempest-AttachVolumeTestJSON-706433802 tempest-AttachVolumeTestJSON-706433802-project] 10.222.0.66 "GET /v2.0/ports?device_id=400f028d-77c0-448f-a146-dbbc9f1ec289 HTTP/1.1" status: 200 len: 931 time: 0.2057986
Nov 12 02:26:43.277314 dv-cinder-808574-4-smb neutron-server[101626]: DEBUG neutron.pecan_wsgi.hooks.policy_enforcement [req-98e825b7-00fe-4e14-986c-fc7b6eebffde req-26d36004-9349-4d5d-9c11-194f56915f8a tempest-AttachVolumeShelveTestJSON-1420309629 tempest-AttachVolumeShelveTestJSON-1420309629-project] Attributes excluded by policy engine: ['standard_attr_id', 'binding:profile', 'binding:host_id', 'binding:vif_type', 'binding:vif_details'] {{(pid=101626) _exclude_attributes_by_policy /opt/stack/neutron/neutron/pecan_wsgi/hooks/policy_enforcement.py:255}}
Nov 12 02:26:43.295569 dv-cinder-808574-4-smb neutron-server[101626]: INFO neutron.wsgi [req-98e825b7-00fe-4e14-986c-fc7b6eebffde req-26d36004-9349-4d5d-9c11-194f56915f8a tempest-AttachVolumeShelveTestJSON-1420309629 tempest-AttachVolumeShelveTestJSON-1420309629-project] 10.222.0.66 "GET /v2.0/ports?device_id=7646fb82-e8d0-4e4b-9c44-22f1b0c55f9a HTTP/1.1" status: 200 len: 944 time: 0.2259347
Nov 12 02:26:43.345253 dv-cinder-808574-4-smb neutron-server[101627]: DEBUG neutron.plugins.ml2.managers [req-15b2459f-780d-46d4-9fdd-63dcde6020e1 req-7f57668a-80b2-4dde-9515-331757f0340d service neutron] Attempting to bind port b65846f3-2b32-472f-b31e-db0d0a1b34b9 on host hv-cinder-80857 for vnic_type normal with profile {{(pid=101627) bind_port /opt/stack/neutron/neutron/plugins/ml2/managers.py:795}}
Nov 12 02:26:43.345699 dv-cinder-808574-4-smb neutron-server[101627]: DEBUG neutron.plugins.ml2.managers [req-15b2459f-780d-46d4-9fdd-63dcde6020e1 req-7f57668a-80b2-4dde-9515-331757f0340d service neutron] Attempting to bind port b65846f3-2b32-472f-b31e-db0d0a1b34b9 by drivers openvswitch,hyperv on host hv-cinder-80857 at level 0 using segments [{'id': 'bfd07f29-2d92-4f8c-a3d7-f3e528339839', 'network_type': 'vlan', 'physical_network': 'physnet1', 'segmentation_id': 839, 'network_id': '404a7e3a-99c5-4a67-9227-adbb62c821aa'}] {{(pid=101627) _bind_port_level /opt/stack/neutron/neutron/plugins/ml2/managers.py:820}}
Nov 12 02:26:43.346039 dv-cinder-808574-4-smb neutron-server[101627]: DEBUG neutron.plugins.ml2.drivers.mech_agent [req-15b2459f-780d-46d4-9fdd-63dcde6020e1 req-7f57668a-80b2-4dde-9515-331757f0340d service neutron] Attempting to bind port b65846f3-2b32-472f-b31e-db0d0a1b34b9 on network 404a7e3a-99c5-4a67-9227-adbb62c821aa {{(pid=101627) bind_port /opt/stack/neutron/neutron/plugins/ml2/drivers/mech_agent.py:91}}
Nov 12 02:26:43.380825 dv-cinder-808574-4-smb neutron-server[101627]: DEBUG neutron.plugins.ml2.drivers.mech_agent [req-15b2459f-780d-46d4-9fdd-63dcde6020e1 req-7f57668a-80b2-4dde-9515-331757f0340d service neutron] Port b65846f3-2b32-472f-b31e-db0d0a1b34b9 on network 404a7e3a-99c5-4a67-9227-adbb62c821aa not bound, no agent of type Open vSwitch agent registered on host hv-cinder-80857 {{(pid=101627) bind_port /opt/stack/neutron/neutron/plugins/ml2/drivers/mech_agent.py:103}}
Nov 12 02:26:43.381156 dv-cinder-808574-4-smb neutron-server[101627]: DEBUG neutron.plugins.ml2.drivers.mech_agent [req-15b2459f-780d-46d4-9fdd-63dcde6020e1 req-7f57668a-80b2-4dde-9515-331757f0340d service neutron] Attempting to bind port b65846f3-2b32-472f-b31e-db0d0a1b34b9 on network 404a7e3a-99c5-4a67-9227-adbb62c821aa {{(pid=101627) bind_port /opt/stack/neutron/neutron/plugins/ml2/drivers/mech_agent.py:91}}
Nov 12 02:26:43.407298 dv-cinder-808574-4-smb neutron-server[101627]: DEBUG neutron.pecan_wsgi.hooks.policy_enforcement [req-adfc99d2-0d85-4e3a-aa38-86a949c1544e req-41202af1-de52-43ad-8c57-52246da1cb8d service neutron] Attributes excluded by policy engine: ['standard_attr_id'] {{(pid=101627) _exclude_attributes_by_policy /opt/stack/neutron/neutron/pecan_wsgi/hooks/policy_enforcement.py:255}}
Nov 12 02:26:43.413539 dv-cinder-808574-4-smb neutron-server[101627]: INFO neutron.wsgi [req-adfc99d2-0d85-4e3a-aa38-86a949c1544e req-41202af1-de52-43ad-8c57-52246da1cb8d service neutron] 10.222.0.61 "GET /v2.0/ports?network_id=3bf8a66c-2c88-40e7-879f-ed13c0e23344&device_owner=network%3Adhcp HTTP/1.1" status: 200 len: 1173 time: 0.2204654
