Sep 07 19:09:46.037119 dv-cinder-807789-1-iscsi devstack@n-api.service[108452]: DEBUG oslo_concurrency.lockutils [None req-121965e5-d17f-4dbe-b5bc-c57caf9722de tempest-AttachVolumeShelveTestJSON-1006556335 tempest-AttachVolumeShelveTestJSON-1006556335-project] Lock "4cda4d7e-9d2f-426a-8031-ceab063a1c21" acquired by "nova.context.set_target_cell..get_or_set_cached_cell_and_set_connections" :: waited 0.000s {{(pid=108452) inner /usr/local/lib/python3.8/dist-packages/oslo_concurrency/lockutils.py:355}}
Sep 07 19:09:46.039161 dv-cinder-807789-1-iscsi devstack@n-api.service[108452]: DEBUG oslo_concurrency.lockutils [None req-121965e5-d17f-4dbe-b5bc-c57caf9722de tempest-AttachVolumeShelveTestJSON-1006556335 tempest-AttachVolumeShelveTestJSON-1006556335-project] Lock "4cda4d7e-9d2f-426a-8031-ceab063a1c21" released by "nova.context.set_target_cell..get_or_set_cached_cell_and_set_connections" :: held 0.000s {{(pid=108452) inner /usr/local/lib/python3.8/dist-packages/oslo_concurrency/lockutils.py:367}}
Sep 07 19:09:46.089278 dv-cinder-807789-1-iscsi devstack@n-api.service[108451]: INFO nova.api.openstack.requestlog [None req-77487c35-b85a-4760-a7b9-b52f878a7837 tempest-VolumesSnapshotsTestJSON-2127342445 tempest-VolumesSnapshotsTestJSON-2127342445-project] 10.222.0.89 "GET /compute/v2.1/os-volumes/ebd2eee8-0fa8-48cb-940c-2d9bcb47a981" status: 200 len: 345 microversion: 2.1 time: 0.084255
Sep 07 19:09:46.089804 dv-cinder-807789-1-iscsi devstack@n-api.service[108451]: [pid: 108451|app: 0|req: 27/55] 10.222.0.89 () {58 vars in 1245 bytes} [Tue Sep 7 19:09:46 2021] GET /compute/v2.1/os-volumes/ebd2eee8-0fa8-48cb-940c-2d9bcb47a981 => generated 345 bytes in 86 msecs (HTTP/1.1 200) 9 headers in 357 bytes (1 switches on core 0)
Sep 07 19:09:46.157135 dv-cinder-807789-1-iscsi devstack@n-api.service[108452]: DEBUG nova.policy [None req-121965e5-d17f-4dbe-b5bc-c57caf9722de tempest-AttachVolumeShelveTestJSON-1006556335 tempest-AttachVolumeShelveTestJSON-1006556335-project] Policy check for os_compute_api:os-extended-server-attributes failed with credentials {'is_admin': False, 'user_id': 'a35e6d1e0bcc4f9391634a4f90df2fce', 'user_domain_id': 'default', 'system_scope': None, 'domain_id': None, 'project_id': '4c67c217b9b441a39be9a263b5459a26', 'project_domain_id': 'default', 'roles': ['member', 'reader'], 'is_admin_project': True, 'service_user_id': None, 'service_user_domain_id': None, 'service_project_id': None, 'service_project_domain_id': None, 'service_roles': []} {{(pid=108452) authorize /opt/stack/nova/nova/policy.py:199}}
Sep 07 19:09:46.166812 dv-cinder-807789-1-iscsi devstack@n-api.service[108452]: DEBUG nova.policy [None req-121965e5-d17f-4dbe-b5bc-c57caf9722de tempest-AttachVolumeShelveTestJSON-1006556335 tempest-AttachVolumeShelveTestJSON-1006556335-project] Policy check for os_compute_api:servers:show:host_status failed with credentials {'is_admin': False, 'user_id': 'a35e6d1e0bcc4f9391634a4f90df2fce', 'user_domain_id': 'default', 'system_scope': None, 'domain_id': None, 'project_id': '4c67c217b9b441a39be9a263b5459a26', 'project_domain_id': 'default', 'roles': ['member', 'reader'], 'is_admin_project': True, 'service_user_id': None, 'service_user_domain_id': None, 'service_project_id': None, 'service_project_domain_id': None, 'service_roles': []} {{(pid=108452) authorize /opt/stack/nova/nova/policy.py:199}}
Sep 07 19:09:46.170912 dv-cinder-807789-1-iscsi devstack@n-api.service[108452]: DEBUG nova.policy [None req-121965e5-d17f-4dbe-b5bc-c57caf9722de tempest-AttachVolumeShelveTestJSON-1006556335 tempest-AttachVolumeShelveTestJSON-1006556335-project] Policy check for os_compute_api:servers:show:host_status:unknown-only failed with credentials {'is_admin': False, 'user_id': 'a35e6d1e0bcc4f9391634a4f90df2fce', 'user_domain_id': 'default', 'system_scope': None, 'domain_id': None, 'project_id': '4c67c217b9b441a39be9a263b5459a26', 'project_domain_id': 'default', 'roles': ['member', 'reader'], 'is_admin_project': True, 'service_user_id': None, 'service_user_domain_id': None, 'service_project_id': None, 'service_project_domain_id': None, 'service_roles': []} {{(pid=108452) authorize /opt/stack/nova/nova/policy.py:199}}
Sep 07 19:09:46.172101 dv-cinder-807789-1-iscsi devstack@n-api.service[108452]: INFO nova.api.openstack.requestlog [None req-121965e5-d17f-4dbe-b5bc-c57caf9722de tempest-AttachVolumeShelveTestJSON-1006556335 tempest-AttachVolumeShelveTestJSON-1006556335-project] 10.222.0.89 "GET /compute/v2.1/servers/18c4dfb2-42ba-4658-b6a8-86c23a99746e" status: 200 len: 1285 microversion: 2.20 time: 0.161365
Sep 07 19:09:46.172665 dv-cinder-807789-1-iscsi devstack@n-api.service[108452]: [pid: 108452|app: 0|req: 29/56] 10.222.0.89 () {60 vars in 1277 bytes} [Tue Sep 7 19:09:46 2021] GET /compute/v2.1/servers/18c4dfb2-42ba-4658-b6a8-86c23a99746e => generated 1285 bytes in 163 msecs (HTTP/1.1 200) 9 headers in 360 bytes (2 switches on core 0)
Sep 07 19:09:46.465444 dv-cinder-807789-1-iscsi devstack@n-api.service[108452]: DEBUG nova.api.openstack.wsgi [None req-fe2313f8-f867-4dbb-ad2f-71c1a6886e8f tempest-AttachVolumeTestJSON-1935931293 tempest-AttachVolumeTestJSON-1935931293-project] Calling method '>' {{(pid=108452) _process_stack /opt/stack/nova/nova/api/openstack/wsgi.py:513}}
Sep 07 19:09:46.465724 dv-cinder-807789-1-iscsi devstack@n-api.service[108451]: DEBUG nova.api.openstack.wsgi [None req-dabe54ab-dbfc-4d1e-9e01-027597b48e65 tempest-DeleteServersTestJSON-347116477 tempest-DeleteServersTestJSON-347116477-project] Calling method '>' {{(pid=108451) _process_stack /opt/stack/nova/nova/api/openstack/wsgi.py:513}}
Sep 07 19:09:46.466320 dv-cinder-807789-1-iscsi devstack@n-api.service[108451]: DEBUG nova.compute.api [None req-dabe54ab-dbfc-4d1e-9e01-027597b48e65 tempest-DeleteServersTestJSON-347116477 tempest-DeleteServersTestJSON-347116477-project] [instance: c1416d53-cf19-4439-8c4d-95e3e27132e5] Fetching instance by UUID {{(pid=108451) get /opt/stack/nova/nova/compute/api.py:2863}}
Sep 07 19:09:46.466818 dv-cinder-807789-1-iscsi devstack@n-api.service[108452]: DEBUG nova.compute.api [None req-fe2313f8-f867-4dbb-ad2f-71c1a6886e8f tempest-AttachVolumeTestJSON-1935931293 tempest-AttachVolumeTestJSON-1935931293-project] [instance: ffe2c6c1-4c49-436f-8834-9a72665504c4] Fetching instance by UUID {{(pid=108452) get /opt/stack/nova/nova/compute/api.py:2863}}
Sep 07 19:09:46.474240 dv-cinder-807789-1-iscsi devstack@n-api.service[108452]: DEBUG oslo_concurrency.lockutils [None req-fe2313f8-f867-4dbb-ad2f-71c1a6886e8f tempest-AttachVolumeTestJSON-1935931293 tempest-AttachVolumeTestJSON-1935931293-project] Lock "4cda4d7e-9d2f-426a-8031-ceab063a1c21" acquired by "nova.context.set_target_cell..get_or_set_cached_cell_and_set_connections" :: waited 0.000s {{(pid=108452) inner /usr/local/lib/python3.8/dist-packages/oslo_concurrency/lockutils.py:355}}
Sep 07 19:09:46.475078 dv-cinder-807789-1-iscsi devstack@n-api.service[108452]: DEBUG oslo_concurrency.lockutils [None req-fe2313f8-f867-4dbb-ad2f-71c1a6886e8f tempest-AttachVolumeTestJSON-1935931293 tempest-AttachVolumeTestJSON-1935931293-project] Lock "4cda4d7e-9d2f-426a-8031-ceab063a1c21" released by "nova.context.set_target_cell..get_or_set_cached_cell_and_set_connections" :: held 0.001s {{(pid=108452) inner /usr/local/lib/python3.8/dist-packages/oslo_concurrency/lockutils.py:367}}
Sep 07 19:09:46.476841 dv-cinder-807789-1-iscsi devstack@n-api.service[108452]: DEBUG oslo_concurrency.lockutils [None req-fe2313f8-f867-4dbb-ad2f-71c1a6886e8f tempest-AttachVolumeTestJSON-1935931293 tempest-AttachVolumeTestJSON-1935931293-project] Lock "4cda4d7e-9d2f-426a-8031-ceab063a1c21" acquired by "nova.context.set_target_cell..get_or_set_cached_cell_and_set_connections" :: waited 0.000s {{(pid=108452) inner /usr/local/lib/python3.8/dist-packages/oslo_concurrency/lockutils.py:355}}
Sep 07 19:09:46.477740 dv-cinder-807789-1-iscsi devstack@n-api.service[108451]: DEBUG oslo_concurrency.lockutils [None req-dabe54ab-dbfc-4d1e-9e01-027597b48e65 tempest-DeleteServersTestJSON-347116477 tempest-DeleteServersTestJSON-347116477-project] Lock "4cda4d7e-9d2f-426a-8031-ceab063a1c21" acquired by "nova.context.set_target_cell..get_or_set_cached_cell_and_set_connections" :: waited 0.000s {{(pid=108451) inner /usr/local/lib/python3.8/dist-packages/oslo_concurrency/lockutils.py:355}}
Sep 07 19:09:46.478161 dv-cinder-807789-1-iscsi devstack@n-api.service[108452]: DEBUG oslo_concurrency.lockutils [None req-fe2313f8-f867-4dbb-ad2f-71c1a6886e8f tempest-AttachVolumeTestJSON-1935931293 tempest-AttachVolumeTestJSON-1935931293-project] Lock "4cda4d7e-9d2f-426a-8031-ceab063a1c21" released by "nova.context.set_target_cell..get_or_set_cached_cell_and_set_connections" :: held 0.001s {{(pid=108452) inner /usr/local/lib/python3.8/dist-packages/oslo_concurrency/lockutils.py:367}}
Sep 07 19:09:46.481312 dv-cinder-807789-1-iscsi devstack@n-api.service[108451]: DEBUG oslo_concurrency.lockutils [None req-dabe54ab-dbfc-4d1e-9e01-027597b48e65 tempest-DeleteServersTestJSON-347116477 tempest-DeleteServersTestJSON-347116477-project] Lock "4cda4d7e-9d2f-426a-8031-ceab063a1c21" released by "nova.context.set_target_cell..get_or_set_cached_cell_and_set_connections" :: held 0.004s {{(pid=108451) inner /usr/local/lib/python3.8/dist-packages/oslo_concurrency/lockutils.py:367}}
Sep 07 19:09:46.482139 dv-cinder-807789-1-iscsi devstack@n-api.service[108451]: DEBUG oslo_concurrency.lockutils [None req-dabe54ab-dbfc-4d1e-9e01-027597b48e65 tempest-DeleteServersTestJSON-347116477 tempest-DeleteServersTestJSON-347116477-project] Lock "4cda4d7e-9d2f-426a-8031-ceab063a1c21" acquired by "nova.context.set_target_cell..get_or_set_cached_cell_and_set_connections" :: waited 0.000s {{(pid=108451) inner /usr/local/lib/python3.8/dist-packages/oslo_concurrency/lockutils.py:355}}
Sep 07 19:09:46.482747 dv-cinder-807789-1-iscsi devstack@n-api.service[108451]: DEBUG oslo_concurrency.lockutils [None req-dabe54ab-dbfc-4d1e-9e01-027597b48e65 tempest-DeleteServersTestJSON-347116477 tempest-DeleteServersTestJSON-347116477-project] Lock "4cda4d7e-9d2f-426a-8031-ceab063a1c21" released by "nova.context.set_target_cell..get_or_set_cached_cell_and_set_connections" :: held 0.001s {{(pid=108451) inner /usr/local/lib/python3.8/dist-packages/oslo_concurrency/lockutils.py:367}}
Sep 07 19:09:46.559761 dv-cinder-807789-1-iscsi devstack@n-api.service[108452]: DEBUG nova.policy [None req-fe2313f8-f867-4dbb-ad2f-71c1a6886e8f tempest-AttachVolumeTestJSON-1935931293 tempest-AttachVolumeTestJSON-1935931293-project] Policy check for os_compute_api:os-extended-server-attributes failed with credentials {'is_admin': False, 'user_id': '7f44dfff58244b57b40f0332d04e86de', 'user_domain_id': 'default', 'system_scope': None, 'domain_id': None, 'project_id': 'bbfee35e7ac945a4a8bfebb67f4ff647', 'project_domain_id': 'default', 'roles': ['member', 'reader'], 'is_admin_project': True, 'service_user_id': None, 'service_user_domain_id': None, 'service_project_id': None, 'service_project_domain_id': None, 'service_roles': []} {{(pid=108452) authorize /opt/stack/nova/nova/policy.py:199}}
Sep 07 19:09:46.571329 dv-cinder-807789-1-iscsi devstack@n-api.service[108452]: INFO nova.api.openstack.requestlog [None req-fe2313f8-f867-4dbb-ad2f-71c1a6886e8f tempest-AttachVolumeTestJSON-1935931293 tempest-AttachVolumeTestJSON-1935931293-project] 10.222.0.89 "GET /compute/v2.1/servers/ffe2c6c1-4c49-436f-8834-9a72665504c4" status: 200 len: 1234 microversion: 2.1 time: 0.108651
Sep 07 19:09:46.572217 dv-cinder-807789-1-iscsi devstack@n-api.service[108452]: [pid: 108452|app: 0|req: 30/57] 10.222.0.89 () {58 vars in 1236 bytes} [Tue Sep 7 19:09:46 2021] GET /compute/v2.1/servers/ffe2c6c1-4c49-436f-8834-9a72665504c4 => generated 1234 bytes in 111 msecs (HTTP/1.1 200) 9 headers in 358 bytes (1 switches on core 0)
Sep 07 19:09:46.623617 dv-cinder-807789-1-iscsi devstack@n-api.service[108451]: DEBUG nova.policy [None req-dabe54ab-dbfc-4d1e-9e01-027597b48e65 tempest-DeleteServersTestJSON-347116477 tempest-DeleteServersTestJSON-347116477-project] Policy check for os_compute_api:os-extended-server-attributes failed with credentials {'is_admin': False, 'user_id': 'a7c884163ba24920815e4c31e474665d', 'user_domain_id': 'default', 'system_scope': None, 'domain_id': None, 'project_id': '6a0685bd5b774ac98debe25987bb775d', 'project_domain_id': 'default', 'roles': ['member', 'reader'], 'is_admin_project': True, 'service_user_id': None, 'service_user_domain_id': None, 'service_project_id': None, 'service_project_domain_id': None, 'service_roles': []} {{(pid=108451) authorize /opt/stack/nova/nova/policy.py:199}}
Sep 07 19:09:46.630859 dv-cinder-807789-1-iscsi devstack@n-api.service[108451]: INFO nova.api.openstack.requestlog [None req-dabe54ab-dbfc-4d1e-9e01-027597b48e65 tempest-DeleteServersTestJSON-347116477 tempest-DeleteServersTestJSON-347116477-project] 10.222.0.89 "GET /compute/v2.1/servers/c1416d53-cf19-4439-8c4d-95e3e27132e5" status: 200 len: 1314 microversion: 2.1 time: 0.169413
Sep 07 19:09:46.631425 dv-cinder-807789-1-iscsi devstack@n-api.service[108451]: [pid: 108451|app: 0|req: 28/58] 10.222.0.89 () {58 vars in 1236 bytes} [Tue Sep 7 19:09:46 2021] GET /compute/v2.1/servers/c1416d53-cf19-4439-8c4d-95e3e27132e5 => generated 1314 bytes in 172 msecs (HTTP/1.1 200) 9 headers in 358 bytes (1 switches on core 0)
Sep 07 19:09:46.982627 dv-cinder-807789-1-iscsi devstack@n-api.service[108452]: DEBUG nova.api.openstack.wsgi [None req-c02743c1-e1e7-4823-beda-a12a5ec21fa9 tempest-ServerRescueNegativeTestJSON-518972489 tempest-ServerRescueNegativeTestJSON-518972489-project] Calling method '>' {{(pid=108452) _process_stack /opt/stack/nova/nova/api/openstack/wsgi.py:513}}
Sep 07 19:09:46.983961 dv-cinder-807789-1-iscsi devstack@n-api.service[108452]: DEBUG nova.compute.api [None req-c02743c1-e1e7-4823-beda-a12a5ec21fa9 tempest-ServerRescueNegativeTestJSON-518972489 tempest-ServerRescueNegativeTestJSON-518972489-project] [instance: 8c30d5cf-6069-4674-b0b4-0fa9b72051a7] Fetching instance by UUID {{(pid=108452) get /opt/stack/nova/nova/compute/api.py:2863}}
Sep 07 19:09:46.992302 dv-cinder-807789-1-iscsi devstack@n-api.service[108452]: DEBUG oslo_concurrency.lockutils [None req-c02743c1-e1e7-4823-beda-a12a5ec21fa9 tempest-ServerRescueNegativeTestJSON-518972489 tempest-ServerRescueNegativeTestJSON-518972489-project] Lock "4cda4d7e-9d2f-426a-8031-ceab063a1c21" acquired by "nova.context.set_target_cell..get_or_set_cached_cell_and_set_connections" :: waited 0.000s {{(pid=108452) inner /usr/local/lib/python3.8/dist-packages/oslo_concurrency/lockutils.py:355}}
Sep 07 19:09:46.992824 dv-cinder-807789-1-iscsi devstack@n-api.service[108452]: DEBUG oslo_concurrency.lockutils [None req-c02743c1-e1e7-4823-beda-a12a5ec21fa9 tempest-ServerRescueNegativeTestJSON-518972489 tempest-ServerRescueNegativeTestJSON-518972489-project] Lock "4cda4d7e-9d2f-426a-8031-ceab063a1c21" released by "nova.context.set_target_cell..get_or_set_cached_cell_and_set_connections" :: held 0.001s {{(pid=108452) inner /usr/local/lib/python3.8/dist-packages/oslo_concurrency/lockutils.py:367}}
Sep 07 19:09:46.993807 dv-cinder-807789-1-iscsi devstack@n-api.service[108452]: DEBUG oslo_concurrency.lockutils [None req-c02743c1-e1e7-4823-beda-a12a5ec21fa9 tempest-ServerRescueNegativeTestJSON-518972489 tempest-ServerRescueNegativeTestJSON-518972489-project] Lock "4cda4d7e-9d2f-426a-8031-ceab063a1c21" acquired by "nova.context.set_target_cell..get_or_set_cached_cell_and_set_connections" :: waited 0.000s {{(pid=108452) inner /usr/local/lib/python3.8/dist-packages/oslo_concurrency/lockutils.py:355}}
Sep 07 19:09:46.994239 dv-cinder-807789-1-iscsi devstack@n-api.service[108452]: DEBUG oslo_concurrency.lockutils [None req-c02743c1-e1e7-4823-beda-a12a5ec21fa9 tempest-ServerRescueNegativeTestJSON-518972489 tempest-ServerRescueNegativeTestJSON-518972489-project] Lock "4cda4d7e-9d2f-426a-8031-ceab063a1c21" released by "nova.context.set_target_cell..get_or_set_cached_cell_and_set_connections" :: held 0.000s {{(pid=108452) inner /usr/local/lib/python3.8/dist-packages/oslo_concurrency/lockutils.py:367}}
Sep 07 19:09:47.066449 dv-cinder-807789-1-iscsi devstack@n-api.service[108452]: DEBUG nova.policy [None req-c02743c1-e1e7-4823-beda-a12a5ec21fa9 tempest-ServerRescueNegativeTestJSON-518972489 tempest-ServerRescueNegativeTestJSON-518972489-project] Policy check for os_compute_api:os-extended-server-attributes failed with credentials {'is_admin': False, 'user_id': 'd3ade1cedfd44c48a65f2bb74971ba60', 'user_domain_id': 'default', 'system_scope': None, 'domain_id': None, 'project_id': '3725992de79d4d5e8312b330056bd4fb', 'project_domain_id': 'default', 'roles': ['member', 'reader'], 'is_admin_project': True, 'service_user_id': None, 'service_user_domain_id': None, 'service_project_id': None, 'service_project_domain_id': None, 'service_roles': []} {{(pid=108452) authorize /opt/stack/nova/nova/policy.py:199}}
Sep 07 19:09:47.075660 dv-cinder-807789-1-iscsi devstack@n-api.service[108452]: INFO nova.api.openstack.requestlog [None req-c02743c1-e1e7-4823-beda-a12a5ec21fa9 tempest-ServerRescueNegativeTestJSON-518972489 tempest-ServerRescueNegativeTestJSON-518972489-project] 10.222.0.89 "GET /compute/v2.1/servers/8c30d5cf-6069-4674-b0b4-0fa9b72051a7" status: 200 len: 1225 microversion: 2.1 time: 0.097902
Sep 07 19:09:47.076284 dv-cinder-807789-1-iscsi devstack@n-api.service[108452]: [pid: 108452|app: 0|req: 31/59] 10.222.0.89 () {58 vars in 1236 bytes} [Tue Sep 7 19:09:46 2021] GET /compute/v2.1/servers/8c30d5cf-6069-4674-b0b4-0fa9b72051a7 => generated 1225 bytes in 99 msecs (HTTP/1.1 200) 9 headers in 358 bytes (1 switches on core 0)
Sep 07 19:09:47.102577 dv-cinder-807789-1-iscsi devstack@n-api.service[108451]: DEBUG nova.api.openstack.wsgi [None req-0d6b9ded-95fa-4daa-95c1-45d1f16d39af tempest-VolumesSnapshotsTestJSON-2127342445 tempest-VolumesSnapshotsTestJSON-2127342445-project] Calling method '.version_select at 0x7f0682df3ca0>' {{(pid=108451) _process_stack /opt/stack/nova/nova/api/openstack/wsgi.py:513}}
Sep 07 19:09:47.164869 dv-cinder-807789-1-iscsi devstack@n-api.service[108451]: INFO nova.api.openstack.requestlog [None req-0d6b9ded-95fa-4daa-95c1-45d1f16d39af tempest-VolumesSnapshotsTestJSON-2127342445 tempest-VolumesSnapshotsTestJSON-2127342445-project] 10.222.0.89 "GET /compute/v2.1/os-volumes/ebd2eee8-0fa8-48cb-940c-2d9bcb47a981" status: 200 len: 345 microversion: 2.1 time: 0.066657
Sep 07 19:09:47.165521 dv-cinder-807789-1-iscsi devstack@n-api.service[108451]: [pid: 108451|app: 0|req: 29/60] 10.222.0.89 () {58 vars in 1245 bytes} [Tue Sep 7 19:09:47 2021] GET /compute/v2.1/os-volumes/ebd2eee8-0fa8-48cb-940c-2d9bcb47a981 => generated 345 bytes in 68 msecs (HTTP/1.1 200) 9 headers in 357 bytes (2 switches on core 0)
Sep 07 19:09:47.191655 dv-cinder-807789-1-iscsi devstack@n-api.service[108452]: DEBUG nova.api.openstack.wsgi [None req-f9ad8e7d-5b6e-41da-b052-964ca9af9a1e tempest-AttachVolumeShelveTestJSON-1006556335 tempest-AttachVolumeShelveTestJSON-1006556335-project] Calling method '>' {{(pid=108452) _process_stack /opt/stack/nova/nova/api/openstack/wsgi.py:513}}
Sep 07 19:09:47.192451 dv-cinder-807789-1-iscsi devstack@n-api.service[108452]: DEBUG nova.compute.api [None req-f9ad8e7d-5b6e-41da-b052-964ca9af9a1e tempest-AttachVolumeShelveTestJSON-1006556335 tempest-AttachVolumeShelveTestJSON-1006556335-project] [instance: 18c4dfb2-42ba-4658-b6a8-86c23a99746e] Fetching instance by UUID {{(pid=108452) get /opt/stack/nova/nova/compute/api.py:2863}}
Sep 07 19:09:47.199687 dv-cinder-807789-1-iscsi devstack@n-api.service[108452]: DEBUG oslo_concurrency.lockutils [None req-f9ad8e7d-5b6e-41da-b052-964ca9af9a1e tempest-AttachVolumeShelveTestJSON-1006556335 tempest-AttachVolumeShelveTestJSON-1006556335-project] Lock "4cda4d7e-9d2f-426a-8031-ceab063a1c21" acquired by "nova.context.set_target_cell..get_or_set_cached_cell_and_set_connections" :: waited 0.000s {{(pid=108452) inner /usr/local/lib/python3.8/dist-packages/oslo_concurrency/lockutils.py:355}}
Sep 07 19:09:47.200353 dv-cinder-807789-1-iscsi devstack@n-api.service[108452]: DEBUG oslo_concurrency.lockutils [None req-f9ad8e7d-5b6e-41da-b052-964ca9af9a1e tempest-AttachVolumeShelveTestJSON-1006556335 tempest-AttachVolumeShelveTestJSON-1006556335-project] Lock "4cda4d7e-9d2f-426a-8031-ceab063a1c21" released by "nova.context.set_target_cell..get_or_set_cached_cell_and_set_connections" :: held 0.001s {{(pid=108452) inner /usr/local/lib/python3.8/dist-packages/oslo_concurrency/lockutils.py:367}}
Sep 07 19:09:47.201284 dv-cinder-807789-1-iscsi devstack@n-api.service[108452]: DEBUG oslo_concurrency.lockutils [None req-f9ad8e7d-5b6e-41da-b052-964ca9af9a1e tempest-AttachVolumeShelveTestJSON-1006556335 tempest-AttachVolumeShelveTestJSON-1006556335-project] Lock "4cda4d7e-9d2f-426a-8031-ceab063a1c21" acquired by "nova.context.set_target_cell..get_or_set_cached_cell_and_set_connections" :: waited 0.000s {{(pid=108452) inner /usr/local/lib/python3.8/dist-packages/oslo_concurrency/lockutils.py:355}}
Sep 07 19:09:47.201819 dv-cinder-807789-1-iscsi devstack@n-api.service[108452]: DEBUG oslo_concurrency.lockutils [None req-f9ad8e7d-5b6e-41da-b052-964ca9af9a1e tempest-AttachVolumeShelveTestJSON-1006556335 tempest-AttachVolumeShelveTestJSON-1006556335-project] Lock "4cda4d7e-9d2f-426a-8031-ceab063a1c21" released by "nova.context.set_target_cell..get_or_set_cached_cell_and_set_connections" :: held 0.001s {{(pid=108452) inner /usr/local/lib/python3.8/dist-packages/oslo_concurrency/lockutils.py:367}}
Sep 07 19:09:47.267715 dv-cinder-807789-1-iscsi devstack@n-api.service[108452]: DEBUG nova.policy [None req-f9ad8e7d-5b6e-41da-b052-964ca9af9a1e tempest-AttachVolumeShelveTestJSON-1006556335 tempest-AttachVolumeShelveTestJSON-1006556335-project] Policy check for os_compute_api:os-extended-server-attributes failed with credentials {'is_admin': False, 'user_id': 'a35e6d1e0bcc4f9391634a4f90df2fce', 'user_domain_id': 'default', 'system_scope': None, 'domain_id': None, 'project_id': '4c67c217b9b441a39be9a263b5459a26', 'project_domain_id': 'default', 'roles': ['member', 'reader'], 'is_admin_project': True, 'service_user_id': None, 'service_user_domain_id': None, 'service_project_id': None, 'service_project_domain_id': None, 'service_roles': []} {{(pid=108452) authorize /opt/stack/nova/nova/policy.py:199}}
Sep 07 19:09:47.275790 dv-cinder-807789-1-iscsi devstack@n-api.service[108452]: DEBUG nova.policy [None req-f9ad8e7d-5b6e-41da-b052-964ca9af9a1e tempest-AttachVolumeShelveTestJSON-1006556335 tempest-AttachVolumeShelveTestJSON-1006556335-project] Policy check for os_compute_api:servers:show:host_status failed with credentials {'is_admin': False, 'user_id': 'a35e6d1e0bcc4f9391634a4f90df2fce', 'user_domain_id': 'default', 'system_scope': None, 'domain_id': None, 'project_id': '4c67c217b9b441a39be9a263b5459a26', 'project_domain_id': 'default', 'roles': ['member', 'reader'], 'is_admin_project': True, 'service_user_id': None, 'service_user_domain_id': None, 'service_project_id': None, 'service_project_domain_id': None, 'service_roles': []} {{(pid=108452) authorize /opt/stack/nova/nova/policy.py:199}}
Sep 07 19:09:47.277450 dv-cinder-807789-1-iscsi devstack@n-api.service[108452]: DEBUG nova.policy [None req-f9ad8e7d-5b6e-41da-b052-964ca9af9a1e tempest-AttachVolumeShelveTestJSON-1006556335 tempest-AttachVolumeShelveTestJSON-1006556335-project] Policy check for os_compute_api:servers:show:host_status:unknown-only failed with credentials {'is_admin': False, 'user_id': 'a35e6d1e0bcc4f9391634a4f90df2fce', 'user_domain_id': 'default', 'system_scope': None, 'domain_id': None, 'project_id': '4c67c217b9b441a39be9a263b5459a26', 'project_domain_id': 'default', 'roles': ['member', 'reader'], 'is_admin_project': True, 'service_user_id': None, 'service_user_domain_id': None, 'service_project_id': None, 'service_project_domain_id': None, 'service_roles': []} {{(pid=108452) authorize /opt/stack/nova/nova/policy.py:199}}
Sep 07 19:09:47.278706 dv-cinder-807789-1-iscsi devstack@n-api.service[108452]: INFO nova.api.openstack.requestlog [None req-f9ad8e7d-5b6e-41da-b052-964ca9af9a1e tempest-AttachVolumeShelveTestJSON-1006556335 tempest-AttachVolumeShelveTestJSON-1006556335-project] 10.222.0.89 "GET /compute/v2.1/servers/18c4dfb2-42ba-4658-b6a8-86c23a99746e" status: 200 len: 1285 microversion: 2.20 time: 0.090671
Sep 07 19:09:47.288883 dv-cinder-807789-1-iscsi devstack@n-api.service[108452]: [pid: 108452|app: 0|req: 32/61] 10.222.0.89 () {60 vars in 1277 bytes} [Tue Sep 7 19:09:47 2021] GET /compute/v2.1/servers/18c4dfb2-42ba-4658-b6a8-86c23a99746e => generated 1285 bytes in 92 msecs (HTTP/1.1 200) 9 headers in 360 bytes (2 switches on core 0)
Sep 07 19:09:47.356670 dv-cinder-807789-1-iscsi devstack@n-api.service[108451]: DEBUG nova.api.openstack.wsgi [None req-039d4e7e-684a-429f-b7d8-7191c1c2dc2f tempest-VolumesTestJSON-1407082429 tempest-VolumesTestJSON-1407082429-project] Calling method '.version_select at 0x7f0682de1ee0>' {{(pid=108451) _process_stack /opt/stack/nova/nova/api/openstack/wsgi.py:513}}
Sep 07 19:09:47.415287 dv-cinder-807789-1-iscsi devstack@n-api.service[108451]: INFO nova.api.openstack.requestlog [None req-039d4e7e-684a-429f-b7d8-7191c1c2dc2f tempest-VolumesTestJSON-1407082429 tempest-VolumesTestJSON-1407082429-project] 10.222.0.89 "GET /compute/v2.1/os-volumes/06f08792-bc57-425a-885b-62ee986cdd71" status: 200 len: 350 microversion: 2.1 time: 0.062488
Sep 07 19:09:47.415866 dv-cinder-807789-1-iscsi devstack@n-api.service[108451]: [pid: 108451|app: 0|req: 30/62] 10.222.0.89 () {58 vars in 1245 bytes} [Tue Sep 7 19:09:47 2021] GET /compute/v2.1/os-volumes/06f08792-bc57-425a-885b-62ee986cdd71 => generated 350 bytes in 64 msecs (HTTP/1.1 200) 9 headers in 357 bytes (2 switches on core 0)
Sep 07 19:09:47.427778 dv-cinder-807789-1-iscsi devstack@n-api.service[108452]: DEBUG nova.api.openstack.wsgi [None req-f289ea3c-cd0a-45bc-9428-39c41b6977e3 tempest-VolumesTestJSON-1407082429 tempest-VolumesTestJSON-1407082429-project] Calling method '.version_select at 0x7f0683e3fca0>' {{(pid=108452) _process_stack /opt/stack/nova/nova/api/openstack/wsgi.py:513}}
Sep 07 19:09:47.520225 dv-cinder-807789-1-iscsi devstack@n-api.service[108452]: INFO nova.api.openstack.requestlog [None req-f289ea3c-cd0a-45bc-9428-39c41b6977e3 tempest-VolumesTestJSON-1407082429 tempest-VolumesTestJSON-1407082429-project] 10.222.0.89 "GET /compute/v2.1/os-volumes" status: 200 len: 1034 microversion: 2.1 time: 0.096351
Sep 07 19:09:47.521036 dv-cinder-807789-1-iscsi devstack@n-api.service[108452]: [pid: 108452|app: 0|req: 33/63] 10.222.0.89 () {58 vars in 1134 bytes} [Tue Sep 7 19:09:47 2021] GET /compute/v2.1/os-volumes => generated 1034 bytes in 98 msecs (HTTP/1.1 200) 9 headers in 358 bytes (1 switches on core 0)
Sep 07 19:09:47.534469 dv-cinder-807789-1-iscsi devstack@n-api.service[108451]: DEBUG nova.api.openstack.wsgi [None req-cb7a1b1e-899d-4da6-b80a-a0e368ecef57 tempest-VolumesTestJSON-1407082429 tempest-VolumesTestJSON-1407082429-project] Calling method '.version_select at 0x7f0682de13a0>' {{(pid=108451) _process_stack /opt/stack/nova/nova/api/openstack/wsgi.py:513}}
Sep 07 19:09:47.588075 dv-cinder-807789-1-iscsi devstack@n-api.service[108452]: DEBUG nova.api.openstack.wsgi [None req-2f6104f1-681e-4f7a-8997-dfb5b4bfb546 tempest-AttachVolumeTestJSON-1935931293 tempest-AttachVolumeTestJSON-1935931293-project] Calling method '>' {{(pid=108452) _process_stack /opt/stack/nova/nova/api/openstack/wsgi.py:513}}
Sep 07 19:09:47.590120 dv-cinder-807789-1-iscsi devstack@n-api.service[108452]: DEBUG nova.compute.api [None req-2f6104f1-681e-4f7a-8997-dfb5b4bfb546 tempest-AttachVolumeTestJSON-1935931293 tempest-AttachVolumeTestJSON-1935931293-project] [instance: ffe2c6c1-4c49-436f-8834-9a72665504c4] Fetching instance by UUID {{(pid=108452) get /opt/stack/nova/nova/compute/api.py:2863}}
Sep 07 19:09:47.609716 dv-cinder-807789-1-iscsi devstack@n-api.service[108452]: DEBUG oslo_concurrency.lockutils [None req-2f6104f1-681e-4f7a-8997-dfb5b4bfb546 tempest-AttachVolumeTestJSON-1935931293 tempest-AttachVolumeTestJSON-1935931293-project] Lock "4cda4d7e-9d2f-426a-8031-ceab063a1c21" acquired by "nova.context.set_target_cell..get_or_set_cached_cell_and_set_connections" :: waited 0.000s {{(pid=108452) inner /usr/local/lib/python3.8/dist-packages/oslo_concurrency/lockutils.py:355}}
Sep 07 19:09:47.610299 dv-cinder-807789-1-iscsi devstack@n-api.service[108452]: DEBUG oslo_concurrency.lockutils [None req-2f6104f1-681e-4f7a-8997-dfb5b4bfb546 tempest-AttachVolumeTestJSON-1935931293 tempest-AttachVolumeTestJSON-1935931293-project] Lock "4cda4d7e-9d2f-426a-8031-ceab063a1c21" released by "nova.context.set_target_cell..get_or_set_cached_cell_and_set_connections" :: held 0.001s {{(pid=108452) inner /usr/local/lib/python3.8/dist-packages/oslo_concurrency/lockutils.py:367}}
Sep 07 19:09:47.611317 dv-cinder-807789-1-iscsi devstack@n-api.service[108452]: DEBUG oslo_concurrency.lockutils [None req-2f6104f1-681e-4f7a-8997-dfb5b4bfb546 tempest-AttachVolumeTestJSON-1935931293 tempest-AttachVolumeTestJSON-1935931293-project] Lock "4cda4d7e-9d2f-426a-8031-ceab063a1c21" acquired by "nova.context.set_target_cell..get_or_set_cached_cell_and_set_connections" :: waited 0.000s {{(pid=108452) inner /usr/local/lib/python3.8/dist-packages/oslo_concurrency/lockutils.py:355}}
Sep 07 19:09:47.611827 dv-cinder-807789-1-iscsi devstack@n-api.service[108452]: DEBUG oslo_concurrency.lockutils [None req-2f6104f1-681e-4f7a-8997-dfb5b4bfb546 tempest-AttachVolumeTestJSON-1935931293 tempest-AttachVolumeTestJSON-1935931293-project] Lock "4cda4d7e-9d2f-426a-8031-ceab063a1c21" released by "nova.context.set_target_cell..get_or_set_cached_cell_and_set_connections" :: held 0.001s {{(pid=108452) inner /usr/local/lib/python3.8/dist-packages/oslo_concurrency/lockutils.py:367}}
Sep 07 19:09:47.657068 dv-cinder-807789-1-iscsi devstack@n-api.service[108451]: INFO nova.api.openstack.requestlog [None req-cb7a1b1e-899d-4da6-b80a-a0e368ecef57 tempest-VolumesTestJSON-1407082429 tempest-VolumesTestJSON-1407082429-project] 10.222.0.89 "GET /compute/v2.1/os-volumes?limit=2" status: 200 len: 693 microversion: 2.1 time: 0.126781
Sep 07 19:09:47.658082 dv-cinder-807789-1-iscsi devstack@n-api.service[108451]: [pid: 108451|app: 0|req: 31/64] 10.222.0.89 () {58 vars in 1149 bytes} [Tue Sep 7 19:09:47 2021] GET /compute/v2.1/os-volumes?limit=2 => generated 693 bytes in 129 msecs (HTTP/1.1 200) 9 headers in 357 bytes (1 switches on core 0)
Sep 07 19:09:47.670309 dv-cinder-807789-1-iscsi devstack@n-api.service[108451]: DEBUG nova.api.openstack.wsgi [None req-60dad15b-ad21-4370-9f1b-2ce6d16e476c tempest-DeleteServersTestJSON-347116477 tempest-DeleteServersTestJSON-347116477-project] Calling method '>' {{(pid=108451) _process_stack /opt/stack/nova/nova/api/openstack/wsgi.py:513}}
Sep 07 19:09:47.670942 dv-cinder-807789-1-iscsi devstack@n-api.service[108451]: DEBUG nova.compute.api [None req-60dad15b-ad21-4370-9f1b-2ce6d16e476c tempest-DeleteServersTestJSON-347116477 tempest-DeleteServersTestJSON-347116477-project] [instance: c1416d53-cf19-4439-8c4d-95e3e27132e5] Fetching instance by UUID {{(pid=108451) get /opt/stack/nova/nova/compute/api.py:2863}}
Sep 07 19:09:47.678473 dv-cinder-807789-1-iscsi devstack@n-api.service[108451]: DEBUG oslo_concurrency.lockutils [None req-60dad15b-ad21-4370-9f1b-2ce6d16e476c tempest-DeleteServersTestJSON-347116477 tempest-DeleteServersTestJSON-347116477-project] Lock "4cda4d7e-9d2f-426a-8031-ceab063a1c21" acquired by "nova.context.set_target_cell..get_or_set_cached_cell_and_set_connections" :: waited 0.000s {{(pid=108451) inner /usr/local/lib/python3.8/dist-packages/oslo_concurrency/lockutils.py:355}}
Sep 07 19:09:47.679437 dv-cinder-807789-1-iscsi devstack@n-api.service[108451]: DEBUG oslo_concurrency.lockutils [None req-60dad15b-ad21-4370-9f1b-2ce6d16e476c tempest-DeleteServersTestJSON-347116477 tempest-DeleteServersTestJSON-347116477-project] Lock "4cda4d7e-9d2f-426a-8031-ceab063a1c21" released by "nova.context.set_target_cell..get_or_set_cached_cell_and_set_connections" :: held 0.001s {{(pid=108451) inner /usr/local/lib/python3.8/dist-packages/oslo_concurrency/lockutils.py:367}}
Sep 07 19:09:47.680798 dv-cinder-807789-1-iscsi devstack@n-api.service[108451]: DEBUG oslo_concurrency.lockutils [None req-60dad15b-ad21-4370-9f1b-2ce6d16e476c tempest-DeleteServersTestJSON-347116477 tempest-DeleteServersTestJSON-347116477-project] Lock "4cda4d7e-9d2f-426a-8031-ceab063a1c21" acquired by "nova.context.set_target_cell..get_or_set_cached_cell_and_set_connections" :: waited 0.000s {{(pid=108451) inner /usr/local/lib/python3.8/dist-packages/oslo_concurrency/lockutils.py:355}}
Sep 07 19:09:47.681436 dv-cinder-807789-1-iscsi devstack@n-api.service[108451]: DEBUG oslo_concurrency.lockutils [None req-60dad15b-ad21-4370-9f1b-2ce6d16e476c tempest-DeleteServersTestJSON-347116477 tempest-DeleteServersTestJSON-347116477-project] Lock "4cda4d7e-9d2f-426a-8031-ceab063a1c21" released by "nova.context.set_target_cell..get_or_set_cached_cell_and_set_connections" :: held 0.001s {{(pid=108451) inner /usr/local/lib/python3.8/dist-packages/oslo_concurrency/lockutils.py:367}}
Sep 07 19:09:47.700693 dv-cinder-807789-1-iscsi devstack@n-api.service[108452]: DEBUG nova.policy [None req-2f6104f1-681e-4f7a-8997-dfb5b4bfb546 tempest-AttachVolumeTestJSON-1935931293 tempest-AttachVolumeTestJSON-1935931293-project] Policy check for os_compute_api:os-extended-server-attributes failed with credentials {'is_admin': False, 'user_id': '7f44dfff58244b57b40f0332d04e86de', 'user_domain_id': 'default', 'system_scope': None, 'domain_id': None, 'project_id': 'bbfee35e7ac945a4a8bfebb67f4ff647', 'project_domain_id': 'default', 'roles': ['member', 'reader'], 'is_admin_project': True, 'service_user_id': None, 'service_user_domain_id': None, 'service_project_id': None, 'service_project_domain_id': None, 'service_roles': []} {{(pid=108452) authorize /opt/stack/nova/nova/policy.py:199}}
Sep 07 19:09:47.714912 dv-cinder-807789-1-iscsi devstack@n-api.service[108452]: INFO nova.api.openstack.requestlog [None req-2f6104f1-681e-4f7a-8997-dfb5b4bfb546 tempest-AttachVolumeTestJSON-1935931293 tempest-AttachVolumeTestJSON-1935931293-project] 10.222.0.89 "GET /compute/v2.1/servers/ffe2c6c1-4c49-436f-8834-9a72665504c4" status: 200 len: 1234 microversion: 2.1 time: 0.130751
Sep 07 19:09:47.722435 dv-cinder-807789-1-iscsi devstack@n-api.service[108452]: [pid: 108452|app: 0|req: 34/65] 10.222.0.89 () {58 vars in 1236 bytes} [Tue Sep 7 19:09:47 2021] GET /compute/v2.1/servers/ffe2c6c1-4c49-436f-8834-9a72665504c4 => generated 1234 bytes in 139 msecs (HTTP/1.1 200) 9 headers in 358 bytes (2 switches on core 0)
Sep 07 19:09:47.734986 dv-cinder-807789-1-iscsi devstack@n-api.service[108452]: DEBUG nova.api.openstack.wsgi [None req-33e4c076-4355-433c-9901-9feedbe0fbf5 tempest-VolumesTestJSON-1407082429 tempest-VolumesTestJSON-1407082429-project] Calling method '.version_select at 0x7f0683e0bdc0>' {{(pid=108452) _process_stack /opt/stack/nova/nova/api/openstack/wsgi.py:513}}
Sep 07 19:09:47.872432 dv-cinder-807789-1-iscsi devstack@n-api.service[108451]: DEBUG nova.policy [None req-60dad15b-ad21-4370-9f1b-2ce6d16e476c tempest-DeleteServersTestJSON-347116477 tempest-DeleteServersTestJSON-347116477-project] Policy check for os_compute_api:os-extended-server-attributes failed with credentials {'is_admin': False, 'user_id': 'a7c884163ba24920815e4c31e474665d', 'user_domain_id': 'default', 'system_scope': None, 'domain_id': None, 'project_id': '6a0685bd5b774ac98debe25987bb775d', 'project_domain_id': 'default', 'roles': ['member', 'reader'], 'is_admin_project': True, 'service_user_id': None, 'service_user_domain_id': None, 'service_project_id': None, 'service_project_domain_id': None, 'service_roles': []} {{(pid=108451) authorize /opt/stack/nova/nova/policy.py:199}}
Sep 07 19:09:47.884211 dv-cinder-807789-1-iscsi devstack@n-api.service[108451]: INFO nova.api.openstack.requestlog [None req-60dad15b-ad21-4370-9f1b-2ce6d16e476c tempest-DeleteServersTestJSON-347116477 tempest-DeleteServersTestJSON-347116477-project] 10.222.0.89 "GET /compute/v2.1/servers/c1416d53-cf19-4439-8c4d-95e3e27132e5" status: 200 len: 1314 microversion: 2.1 time: 0.224339
Sep 07 19:09:47.884892 dv-cinder-807789-1-iscsi devstack@n-api.service[108451]: [pid: 108451|app: 0|req: 32/66] 10.222.0.89 () {58 vars in 1236 bytes} [Tue Sep 7 19:09:47 2021] GET /compute/v2.1/servers/c1416d53-cf19-4439-8c4d-95e3e27132e5 => generated 1314 bytes in 226 msecs (HTTP/1.1 200) 9 headers in 358 bytes (1 switches on core 0)
Sep 07 19:09:47.996116 dv-cinder-807789-1-iscsi devstack@n-api.service[108452]: INFO nova.api.openstack.requestlog [None req-33e4c076-4355-433c-9901-9feedbe0fbf5 tempest-VolumesTestJSON-1407082429 tempest-VolumesTestJSON-1407082429-project] 10.222.0.89 "GET /compute/v2.1/os-volumes" status: 200 len: 1034 microversion: 2.1 time: 0.272563
Sep 07 19:09:47.996931 dv-cinder-807789-1-iscsi devstack@n-api.service[108452]: [pid: 108452|app: 0|req: 35/67] 10.222.0.89 () {58 vars in 1134 bytes} [Tue Sep 7 19:09:47 2021] GET /compute/v2.1/os-volumes => generated 1034 bytes in 274 msecs (HTTP/1.1 200) 9 headers in 358 bytes (1 switches on core 0)
Sep 07 19:09:48.008032 dv-cinder-807789-1-iscsi devstack@n-api.service[108451]: DEBUG nova.api.openstack.wsgi [None req-84956c81-4180-4f64-8ed7-b5dce79136ff tempest-VolumesTestJSON-1407082429 tempest-VolumesTestJSON-1407082429-project] Calling method '.version_select at 0x7f0682df3790>' {{(pid=108451) _process_stack /opt/stack/nova/nova/api/openstack/wsgi.py:513}}
Sep 07 19:09:48.091965 dv-cinder-807789-1-iscsi devstack@n-api.service[108452]: DEBUG nova.api.openstack.wsgi [None req-5db872e3-7565-4569-b405-d940acbec99a tempest-ServerRescueNegativeTestJSON-518972489 tempest-ServerRescueNegativeTestJSON-518972489-project] Calling method '>' {{(pid=108452) _process_stack /opt/stack/nova/nova/api/openstack/wsgi.py:513}}
Sep 07 19:09:48.092977 dv-cinder-807789-1-iscsi devstack@n-api.service[108452]: DEBUG nova.compute.api [None req-5db872e3-7565-4569-b405-d940acbec99a tempest-ServerRescueNegativeTestJSON-518972489 tempest-ServerRescueNegativeTestJSON-518972489-project] [instance: 8c30d5cf-6069-4674-b0b4-0fa9b72051a7] Fetching instance by UUID {{(pid=108452) get /opt/stack/nova/nova/compute/api.py:2863}}
Sep 07 19:09:48.099691 dv-cinder-807789-1-iscsi devstack@n-api.service[108452]: DEBUG oslo_concurrency.lockutils [None req-5db872e3-7565-4569-b405-d940acbec99a tempest-ServerRescueNegativeTestJSON-518972489 tempest-ServerRescueNegativeTestJSON-518972489-project] Lock "4cda4d7e-9d2f-426a-8031-ceab063a1c21" acquired by "nova.context.set_target_cell..get_or_set_cached_cell_and_set_connections" :: waited 0.000s {{(pid=108452) inner /usr/local/lib/python3.8/dist-packages/oslo_concurrency/lockutils.py:355}}
Sep 07 19:09:48.100243 dv-cinder-807789-1-iscsi devstack@n-api.service[108452]: DEBUG oslo_concurrency.lockutils [None req-5db872e3-7565-4569-b405-d940acbec99a tempest-ServerRescueNegativeTestJSON-518972489 tempest-ServerRescueNegativeTestJSON-518972489-project] Lock "4cda4d7e-9d2f-426a-8031-ceab063a1c21" released by "nova.context.set_target_cell..get_or_set_cached_cell_and_set_connections" :: held 0.001s {{(pid=108452) inner /usr/local/lib/python3.8/dist-packages/oslo_concurrency/lockutils.py:367}}
Sep 07 19:09:48.102066 dv-cinder-807789-1-iscsi devstack@n-api.service[108452]: DEBUG oslo_concurrency.lockutils [None req-5db872e3-7565-4569-b405-d940acbec99a tempest-ServerRescueNegativeTestJSON-518972489 tempest-ServerRescueNegativeTestJSON-518972489-project] Lock "4cda4d7e-9d2f-426a-8031-ceab063a1c21" acquired by "nova.context.set_target_cell..get_or_set_cached_cell_and_set_connections" :: waited 0.000s {{(pid=108452) inner /usr/local/lib/python3.8/dist-packages/oslo_concurrency/lockutils.py:355}}
Sep 07 19:09:48.102578 dv-cinder-807789-1-iscsi devstack@n-api.service[108452]: DEBUG oslo_concurrency.lockutils [None req-5db872e3-7565-4569-b405-d940acbec99a tempest-ServerRescueNegativeTestJSON-518972489 tempest-ServerRescueNegativeTestJSON-518972489-project] Lock "4cda4d7e-9d2f-426a-8031-ceab063a1c21" released by "nova.context.set_target_cell..get_or_set_cached_cell_and_set_connections" :: held 0.000s {{(pid=108452) inner /usr/local/lib/python3.8/dist-packages/oslo_concurrency/lockutils.py:367}}
Sep 07 19:09:48.222066 dv-cinder-807789-1-iscsi devstack@n-api.service[108451]: INFO nova.api.openstack.requestlog [None req-84956c81-4180-4f64-8ed7-b5dce79136ff tempest-VolumesTestJSON-1407082429 tempest-VolumesTestJSON-1407082429-project] 10.222.0.89 "GET /compute/v2.1/os-volumes?offset=1&limit=1" status: 200 len: 353 microversion: 2.1 time: 0.217088
Sep 07 19:09:48.222688 dv-cinder-807789-1-iscsi devstack@n-api.service[108452]: DEBUG nova.policy [None req-5db872e3-7565-4569-b405-d940acbec99a tempest-ServerRescueNegativeTestJSON-518972489 tempest-ServerRescueNegativeTestJSON-518972489-project] Policy check for os_compute_api:os-extended-server-attributes failed with credentials {'is_admin': False, 'user_id': 'd3ade1cedfd44c48a65f2bb74971ba60', 'user_domain_id': 'default', 'system_scope': None, 'domain_id': None, 'project_id': '3725992de79d4d5e8312b330056bd4fb', 'project_domain_id': 'default', 'roles': ['member', 'reader'], 'is_admin_project': True, 'service_user_id': None, 'service_user_domain_id': None, 'service_project_id': None, 'service_project_domain_id': None, 'service_roles': []} {{(pid=108452) authorize /opt/stack/nova/nova/policy.py:199}}
Sep 07 19:09:48.223298 dv-cinder-807789-1-iscsi devstack@n-api.service[108451]: [pid: 108451|app: 0|req: 33/68] 10.222.0.89 () {58 vars in 1167 bytes} [Tue Sep 7 19:09:48 2021] GET /compute/v2.1/os-volumes?offset=1&limit=1 => generated 353 bytes in 219 msecs (HTTP/1.1 200) 9 headers in 357 bytes (1 switches on core 0)
Sep 07 19:09:48.237072 dv-cinder-807789-1-iscsi devstack@n-api.service[108451]: DEBUG nova.api.openstack.wsgi [None req-4da3c835-0d66-4eae-86b4-15628a49d3e6 tempest-VolumesSnapshotsTestJSON-2127342445 tempest-VolumesSnapshotsTestJSON-2127342445-project] Calling method '.version_select at 0x7f0682de1a60>' {{(pid=108451) _process_stack /opt/stack/nova/nova/api/openstack/wsgi.py:513}}
Sep 07 19:09:48.249007 dv-cinder-807789-1-iscsi devstack@n-api.service[108452]: INFO nova.api.openstack.requestlog [None req-5db872e3-7565-4569-b405-d940acbec99a tempest-ServerRescueNegativeTestJSON-518972489 tempest-ServerRescueNegativeTestJSON-518972489-project] 10.222.0.89 "GET /compute/v2.1/servers/8c30d5cf-6069-4674-b0b4-0fa9b72051a7" status: 200 len: 1225 microversion: 2.1 time: 0.160760
Sep 07 19:09:48.259608 dv-cinder-807789-1-iscsi devstack@n-api.service[108452]: [pid: 108452|app: 0|req: 36/69] 10.222.0.89 () {58 vars in 1236 bytes} [Tue Sep 7 19:09:48 2021] GET /compute/v2.1/servers/8c30d5cf-6069-4674-b0b4-0fa9b72051a7 => generated 1225 bytes in 172 msecs (HTTP/1.1 200) 9 headers in 358 bytes (2 switches on core 0)
Sep 07 19:09:48.265156 dv-cinder-807789-1-iscsi devstack@n-api.service[108452]: DEBUG nova.api.openstack.wsgi [None req-afac6790-78bd-4d07-bf07-8b821a79240a tempest-VolumesTestJSON-1407082429 tempest-VolumesTestJSON-1407082429-project] Calling method '.version_select at 0x7f0683e0bdc0>' {{(pid=108452) _process_stack /opt/stack/nova/nova/api/openstack/wsgi.py:513}}
Sep 07 19:09:48.289966 dv-cinder-807789-1-iscsi devstack@n-api.service[108451]: INFO nova.api.openstack.wsgi [None req-4da3c835-0d66-4eae-86b4-15628a49d3e6 tempest-VolumesSnapshotsTestJSON-2127342445 tempest-VolumesSnapshotsTestJSON-2127342445-project] HTTP exception thrown: Volume ebd2eee8-0fa8-48cb-940c-2d9bcb47a981 could not be found.
Sep 07 19:09:48.290584 dv-cinder-807789-1-iscsi devstack@n-api.service[108451]: DEBUG nova.api.openstack.wsgi [None req-4da3c835-0d66-4eae-86b4-15628a49d3e6 tempest-VolumesSnapshotsTestJSON-2127342445 tempest-VolumesSnapshotsTestJSON-2127342445-project] Returning 404 to user: Volume ebd2eee8-0fa8-48cb-940c-2d9bcb47a981 could not be found. {{(pid=108451) __call__ /opt/stack/nova/nova/api/openstack/wsgi.py:936}}
Sep 07 19:09:48.291402 dv-cinder-807789-1-iscsi devstack@n-api.service[108451]: INFO nova.api.openstack.requestlog [None req-4da3c835-0d66-4eae-86b4-15628a49d3e6 tempest-VolumesSnapshotsTestJSON-2127342445 tempest-VolumesSnapshotsTestJSON-2127342445-project] 10.222.0.89 "GET /compute/v2.1/os-volumes/ebd2eee8-0fa8-48cb-940c-2d9bcb47a981" status: 404 len: 109 microversion: 2.1 time: 0.066550
Sep 07 19:09:48.307734 dv-cinder-807789-1-iscsi devstack@n-api.service[108451]: [pid: 108451|app: 0|req: 34/70] 10.222.0.89 () {58 vars in 1245 bytes} [Tue Sep 7 19:09:48 2021] GET /compute/v2.1/os-volumes/ebd2eee8-0fa8-48cb-940c-2d9bcb47a981 => generated 109 bytes in 84 msecs (HTTP/1.1 404) 9 headers in 379 bytes (1 switches on core 0)
Sep 07 19:09:48.314013 dv-cinder-807789-1-iscsi devstack@n-api.service[108451]: DEBUG nova.api.openstack.wsgi [None req-b247f9d4-7be0-434a-9e3c-e2de5ec4f8bd tempest-AttachVolumeShelveTestJSON-1006556335 tempest-AttachVolumeShelveTestJSON-1006556335-project] Calling method '>' {{(pid=108451) _process_stack /opt/stack/nova/nova/api/openstack/wsgi.py:513}}
Sep 07 19:09:48.315028 dv-cinder-807789-1-iscsi devstack@n-api.service[108451]: DEBUG nova.compute.api [None req-b247f9d4-7be0-434a-9e3c-e2de5ec4f8bd tempest-AttachVolumeShelveTestJSON-1006556335 tempest-AttachVolumeShelveTestJSON-1006556335-project] [instance: 18c4dfb2-42ba-4658-b6a8-86c23a99746e] Fetching instance by UUID {{(pid=108451) get /opt/stack/nova/nova/compute/api.py:2863}}
Sep 07 19:09:48.324371 dv-cinder-807789-1-iscsi devstack@n-api.service[108451]: DEBUG oslo_concurrency.lockutils [None req-b247f9d4-7be0-434a-9e3c-e2de5ec4f8bd tempest-AttachVolumeShelveTestJSON-1006556335 tempest-AttachVolumeShelveTestJSON-1006556335-project] Lock "4cda4d7e-9d2f-426a-8031-ceab063a1c21" acquired by "nova.context.set_target_cell..get_or_set_cached_cell_and_set_connections" :: waited 0.000s {{(pid=108451) inner /usr/local/lib/python3.8/dist-packages/oslo_concurrency/lockutils.py:355}}
Sep 07 19:09:48.325111 dv-cinder-807789-1-iscsi devstack@n-api.service[108451]: DEBUG oslo_concurrency.lockutils [None req-b247f9d4-7be0-434a-9e3c-e2de5ec4f8bd tempest-AttachVolumeShelveTestJSON-1006556335 tempest-AttachVolumeShelveTestJSON-1006556335-project] Lock "4cda4d7e-9d2f-426a-8031-ceab063a1c21" released by "nova.context.set_target_cell..get_or_set_cached_cell_and_set_connections" :: held 0.001s {{(pid=108451) inner /usr/local/lib/python3.8/dist-packages/oslo_concurrency/lockutils.py:367}}
Sep 07 19:09:48.326112 dv-cinder-807789-1-iscsi devstack@n-api.service[108451]: DEBUG oslo_concurrency.lockutils [None req-b247f9d4-7be0-434a-9e3c-e2de5ec4f8bd tempest-AttachVolumeShelveTestJSON-1006556335 tempest-AttachVolumeShelveTestJSON-1006556335-project] Lock "4cda4d7e-9d2f-426a-8031-ceab063a1c21" acquired by "nova.context.set_target_cell..get_or_set_cached_cell_and_set_connections" :: waited 0.000s {{(pid=108451) inner /usr/local/lib/python3.8/dist-packages/oslo_concurrency/lockutils.py:355}}
Sep 07 19:09:48.326736 dv-cinder-807789-1-iscsi devstack@n-api.service[108451]: DEBUG oslo_concurrency.lockutils [None req-b247f9d4-7be0-434a-9e3c-e2de5ec4f8bd tempest-AttachVolumeShelveTestJSON-1006556335 tempest-AttachVolumeShelveTestJSON-1006556335-project] Lock "4cda4d7e-9d2f-426a-8031-ceab063a1c21" released by "nova.context.set_target_cell..get_or_set_cached_cell_and_set_connections" :: held 0.001s {{(pid=108451) inner /usr/local/lib/python3.8/dist-packages/oslo_concurrency/lockutils.py:367}}
Sep 07 19:09:48.423022 dv-cinder-807789-1-iscsi devstack@n-api.service[108451]: DEBUG nova.policy [None req-b247f9d4-7be0-434a-9e3c-e2de5ec4f8bd tempest-AttachVolumeShelveTestJSON-1006556335 tempest-AttachVolumeShelveTestJSON-1006556335-project] Policy check for os_compute_api:os-extended-server-attributes failed with credentials {'is_admin': False, 'user_id': 'a35e6d1e0bcc4f9391634a4f90df2fce', 'user_domain_id': 'default', 'system_scope': None, 'domain_id': None, 'project_id': '4c67c217b9b441a39be9a263b5459a26', 'project_domain_id': 'default', 'roles': ['member', 'reader'], 'is_admin_project': True, 'service_user_id': None, 'service_user_domain_id': None, 'service_project_id': None, 'service_project_domain_id': None, 'service_roles': []} {{(pid=108451) authorize /opt/stack/nova/nova/policy.py:199}}
Sep 07 19:09:48.446518 dv-cinder-807789-1-iscsi devstack@n-api.service[108451]: DEBUG nova.policy [None req-b247f9d4-7be0-434a-9e3c-e2de5ec4f8bd tempest-AttachVolumeShelveTestJSON-1006556335 tempest-AttachVolumeShelveTestJSON-1006556335-project] Policy check for os_compute_api:servers:show:host_status failed with credentials {'is_admin': False, 'user_id': 'a35e6d1e0bcc4f9391634a4f90df2fce', 'user_domain_id': 'default', 'system_scope': None, 'domain_id': None, 'project_id': '4c67c217b9b441a39be9a263b5459a26', 'project_domain_id': 'default', 'roles': ['member', 'reader'], 'is_admin_project': True, 'service_user_id': None, 'service_user_domain_id': None, 'service_project_id': None, 'service_project_domain_id': None, 'service_roles': []} {{(pid=108451) authorize /opt/stack/nova/nova/policy.py:199}}
