Sep 06 09:08:27.108146 dv-cinder-807541-1-smb devstack@c-api.service[100878]: INFO cinder.api.openstack.wsgi [None req-b1a0dac0-c576-48ea-b520-d3efe09ce48d tempest-GroupSnapshotsTest-1751397338 tempest-GroupSnapshotsTest-1751397338-project] GET http://10.222.0.13/volume/v3/e9c3cd15911948c5b991b7bc7796438a/volumes/de6a9aaf-261b-4778-996a-b2ac6fbf90e2
Sep 06 09:08:27.108637 dv-cinder-807541-1-smb devstack@c-api.service[100878]: DEBUG cinder.api.openstack.wsgi [None req-b1a0dac0-c576-48ea-b520-d3efe09ce48d tempest-GroupSnapshotsTest-1751397338 tempest-GroupSnapshotsTest-1751397338-project] Empty body provided in request {{(pid=100878) get_body /opt/stack/cinder/cinder/api/openstack/wsgi.py:703}}
Sep 06 09:08:27.108808 dv-cinder-807541-1-smb devstack@c-api.service[100878]: /usr/local/lib/python3.8/dist-packages/webob/acceptparse.py:1047: DeprecationWarning: The behavior of AcceptValidHeader.best_match is currently being maintained for backward compatibility, but it will be deprecated in the future, as it does not conform to the RFC.
Sep 06 09:08:27.108808 dv-cinder-807541-1-smb devstack@c-api.service[100878]: warnings.warn(
Sep 06 09:08:27.109122 dv-cinder-807541-1-smb devstack@c-api.service[100878]: DEBUG cinder.api.openstack.wsgi [None req-b1a0dac0-c576-48ea-b520-d3efe09ce48d tempest-GroupSnapshotsTest-1751397338 tempest-GroupSnapshotsTest-1751397338-project] Calling method 'show' {{(pid=100878) _process_stack /opt/stack/cinder/cinder/api/openstack/wsgi.py:856}}
Sep 06 09:08:27.133121 dv-cinder-807541-1-smb devstack@c-api.service[100878]: /usr/local/lib/python3.8/dist-packages/oslo_context/context.py:105: DeprecationWarning: Policy enforcement is depending on the value of is_admin. This key is deprecated. Please update your policy file to use the standard policy values.
Sep 06 09:08:27.133121 dv-cinder-807541-1-smb devstack@c-api.service[100878]: warnings.warn('Policy enforcement is depending on the value of '
Sep 06 09:08:27.150671 dv-cinder-807541-1-smb devstack@c-api.service[100878]: INFO cinder.volume.api [None req-b1a0dac0-c576-48ea-b520-d3efe09ce48d tempest-GroupSnapshotsTest-1751397338 tempest-GroupSnapshotsTest-1751397338-project] Volume info retrieved successfully.
Sep 06 09:08:27.168079 dv-cinder-807541-1-smb devstack@c-api.service[100878]: WARNING stevedore.named [None req-b1a0dac0-c576-48ea-b520-d3efe09ce48d tempest-GroupSnapshotsTest-1751397338 tempest-GroupSnapshotsTest-1751397338-project] Could not load cinder.keymgr.conf_key_mgr.ConfKeyManager
Sep 06 09:08:27.169623 dv-cinder-807541-1-smb devstack@c-api.service[100878]: WARNING castellan.key_manager [None req-b1a0dac0-c576-48ea-b520-d3efe09ce48d tempest-GroupSnapshotsTest-1751397338 tempest-GroupSnapshotsTest-1751397338-project] Deprecation Warning : cinder.keymgr.conf_key_mgr.ConfKeyManager is not a stevedore based driver, trying to load it as a class: stevedore.exception.NoMatches: No 'castellan.drivers' driver found, looking for 'cinder.keymgr.conf_key_mgr.ConfKeyManager'
Sep 06 09:08:27.183502 dv-cinder-807541-1-smb devstack@c-api.service[100878]: DEBUG oslo_db.sqlalchemy.engines [None req-b1a0dac0-c576-48ea-b520-d3efe09ce48d tempest-GroupSnapshotsTest-1751397338 tempest-GroupSnapshotsTest-1751397338-project] MySQL server mode set to STRICT_TRANS_TABLES,STRICT_ALL_TABLES,NO_ZERO_IN_DATE,NO_ZERO_DATE,ERROR_FOR_DIVISION_BY_ZERO,TRADITIONAL,NO_ENGINE_SUBSTITUTION {{(pid=100878) _check_effective_sql_mode /usr/local/lib/python3.8/dist-packages/oslo_db/sqlalchemy/engines.py:314}}
Sep 06 09:08:27.189582 dv-cinder-807541-1-smb devstack@c-api.service[100878]: /usr/local/lib/python3.8/dist-packages/oslo_context/context.py:105: DeprecationWarning: Policy enforcement is depending on the value of is_admin. This key is deprecated. Please update your policy file to use the standard policy values.
Sep 06 09:08:27.189582 dv-cinder-807541-1-smb devstack@c-api.service[100878]: warnings.warn('Policy enforcement is depending on the value of '
Sep 06 09:08:27.206912 dv-cinder-807541-1-smb devstack@c-api.service[100878]: INFO cinder.api.openstack.wsgi [None req-b1a0dac0-c576-48ea-b520-d3efe09ce48d tempest-GroupSnapshotsTest-1751397338 tempest-GroupSnapshotsTest-1751397338-project] http://10.222.0.13/volume/v3/e9c3cd15911948c5b991b7bc7796438a/volumes/de6a9aaf-261b-4778-996a-b2ac6fbf90e2 returned with HTTP 200
Sep 06 09:08:27.209618 dv-cinder-807541-1-smb devstack@c-api.service[100878]: [pid: 100878|app: 0|req: 96/187] 10.222.0.13 () {60 vars in 1366 bytes} [Mon Sep 6 09:08:27 2021] GET /volume/v3/e9c3cd15911948c5b991b7bc7796438a/volumes/de6a9aaf-261b-4778-996a-b2ac6fbf90e2 => generated 999 bytes in 106 msecs (HTTP/1.1 200) 7 headers in 286 bytes (1 switches on core 0)
Sep 06 09:08:27.699432 dv-cinder-807541-1-smb devstack@c-api.service[100879]: INFO cinder.api.openstack.wsgi [None req-543772aa-78b2-4705-9494-32f202bd6784 tempest-SnapshotsActionsTest-105223256 tempest-SnapshotsActionsTest-105223256-project] POST http://10.222.0.13/volume/v3/b6e6820e06f342679e7e7b2c20bf708f/volumes
Sep 06 09:08:27.700412 dv-cinder-807541-1-smb devstack@c-api.service[100879]: /usr/local/lib/python3.8/dist-packages/webob/acceptparse.py:1047: DeprecationWarning: The behavior of AcceptValidHeader.best_match is currently being maintained for backward compatibility, but it will be deprecated in the future, as it does not conform to the RFC.
Sep 06 09:08:27.700412 dv-cinder-807541-1-smb devstack@c-api.service[100879]: warnings.warn(
Sep 06 09:08:27.701372 dv-cinder-807541-1-smb devstack@c-api.service[100879]: DEBUG cinder.api.openstack.wsgi [None req-543772aa-78b2-4705-9494-32f202bd6784 tempest-SnapshotsActionsTest-105223256 tempest-SnapshotsActionsTest-105223256-project] Action: 'create', calling method: create, body: {"volume": {"size": 1, "name": "tempest-SnapshotsActionsTest-Volume-430059252"}} {{(pid=100879) _process_stack /opt/stack/cinder/cinder/api/openstack/wsgi.py:854}}
Sep 06 09:08:27.702503 dv-cinder-807541-1-smb devstack@c-api.service[100879]: DEBUG cinder.api.v3.volumes [None req-543772aa-78b2-4705-9494-32f202bd6784 tempest-SnapshotsActionsTest-105223256 tempest-SnapshotsActionsTest-105223256-project] Create volume request body: {'volume': {'size': 1, 'name': 'tempest-SnapshotsActionsTest-Volume-430059252'}} {{(pid=100879) create /opt/stack/cinder/cinder/api/v3/volumes.py:298}}
Sep 06 09:08:27.703015 dv-cinder-807541-1-smb devstack@c-api.service[100879]: INFO cinder.api.v3.volumes [None req-543772aa-78b2-4705-9494-32f202bd6784 tempest-SnapshotsActionsTest-105223256 tempest-SnapshotsActionsTest-105223256-project] Create volume of 1 GB
Sep 06 09:08:27.712810 dv-cinder-807541-1-smb devstack@c-api.service[100879]: INFO cinder.volume.api [None req-543772aa-78b2-4705-9494-32f202bd6784 tempest-SnapshotsActionsTest-105223256 tempest-SnapshotsActionsTest-105223256-project] Availability Zones retrieved successfully.
Sep 06 09:08:27.734492 dv-cinder-807541-1-smb devstack@c-api.service[100879]: DEBUG cinder.volume.api [None req-543772aa-78b2-4705-9494-32f202bd6784 tempest-SnapshotsActionsTest-105223256 tempest-SnapshotsActionsTest-105223256-project] Flow 'volume_create_api' (1dca1741-f47e-440a-a359-d92309113016) transitioned into state 'RUNNING' from state 'PENDING' {{(pid=100879) _flow_receiver /usr/local/lib/python3.8/dist-packages/taskflow/listeners/logging.py:141}}
Sep 06 09:08:27.739133 dv-cinder-807541-1-smb devstack@c-api.service[100879]: DEBUG cinder.volume.api [None req-543772aa-78b2-4705-9494-32f202bd6784 tempest-SnapshotsActionsTest-105223256 tempest-SnapshotsActionsTest-105223256-project] Task 'cinder.volume.flows.api.create_volume.ExtractVolumeRequestTask;volume:create' (4c25acce-6f33-46cd-b5e5-bd64f7b16db7) transitioned into state 'RUNNING' from state 'PENDING' {{(pid=100879) _task_receiver /usr/local/lib/python3.8/dist-packages/taskflow/listeners/logging.py:190}}
Sep 06 09:08:27.744170 dv-cinder-807541-1-smb devstack@c-api.service[100879]: DEBUG cinder.volume.flows.api.create_volume [None req-543772aa-78b2-4705-9494-32f202bd6784 tempest-SnapshotsActionsTest-105223256 tempest-SnapshotsActionsTest-105223256-project] Validating volume size '1' using validate_int {{(pid=100879) _extract_size /opt/stack/cinder/cinder/volume/flows/api/create_volume.py:225}}
Sep 06 09:08:27.799205 dv-cinder-807541-1-smb devstack@c-api.service[100879]: DEBUG cinder.volume.api [None req-543772aa-78b2-4705-9494-32f202bd6784 tempest-SnapshotsActionsTest-105223256 tempest-SnapshotsActionsTest-105223256-project] Task 'cinder.volume.flows.api.create_volume.ExtractVolumeRequestTask;volume:create' (4c25acce-6f33-46cd-b5e5-bd64f7b16db7) transitioned into state 'SUCCESS' from state 'RUNNING' with result '{'size': 1, 'snapshot_id': None, 'source_volid': None, 'volume_type': VolumeType(created_at=2021-09-06T08:58:48Z,deleted=False,deleted_at=None,description='Default Volume Type',extra_specs={},id=2ca21b37-39a1-4cc4-ae84-0f6f11b0d0e6,is_public=True,name='__DEFAULT__',projects=[],qos_specs=,qos_specs_id=None,updated_at=2021-09-06T08:58:48Z), 'volume_type_id': '2ca21b37-39a1-4cc4-ae84-0f6f11b0d0e6', 'encryption_key_id': None, 'qos_specs': None, 'consistencygroup_id': None, 'cgsnapshot_id': None, 'group_id': None, 'replication_status': 'disabled', 'refresh_az': False, 'backup_id': None, 'multiattach': False, 'availability_zones': ['nova']}' {{(pid=100879) _task_receiver /usr/local/lib/python3.8/dist-packages/taskflow/listeners/logging.py:178}}
Sep 06 09:08:27.802876 dv-cinder-807541-1-smb devstack@c-api.service[100879]: DEBUG cinder.volume.api [None req-543772aa-78b2-4705-9494-32f202bd6784 tempest-SnapshotsActionsTest-105223256 tempest-SnapshotsActionsTest-105223256-project] Task 'cinder.volume.flows.api.create_volume.QuotaReserveTask;volume:create' (9cead125-7ad6-41f3-b982-23341c368d45) transitioned into state 'RUNNING' from state 'PENDING' {{(pid=100879) _task_receiver /usr/local/lib/python3.8/dist-packages/taskflow/listeners/logging.py:190}}
Sep 06 09:08:27.815448 dv-cinder-807541-1-smb devstack@c-api.service[100878]: INFO cinder.api.openstack.wsgi [None req-cc67cdd4-e8ee-4103-b533-e06c9e8d224e tempest-VolumeManageAdminTest-317008631 tempest-VolumeManageAdminTest-317008631-project-admin] GET http://10.222.0.13/volume/v3/010c66b182874cba9bb6855946dfe980/volumes/0989cb05-bf02-4c27-96cc-d47a93dc5bc4
Sep 06 09:08:27.815943 dv-cinder-807541-1-smb devstack@c-api.service[100878]: DEBUG cinder.api.openstack.wsgi [None req-cc67cdd4-e8ee-4103-b533-e06c9e8d224e tempest-VolumeManageAdminTest-317008631 tempest-VolumeManageAdminTest-317008631-project-admin] Empty body provided in request {{(pid=100878) get_body /opt/stack/cinder/cinder/api/openstack/wsgi.py:703}}
Sep 06 09:08:27.816465 dv-cinder-807541-1-smb devstack@c-api.service[100878]: /usr/local/lib/python3.8/dist-packages/webob/acceptparse.py:1047: DeprecationWarning: The behavior of AcceptValidHeader.best_match is currently being maintained for backward compatibility, but it will be deprecated in the future, as it does not conform to the RFC.
Sep 06 09:08:27.816465 dv-cinder-807541-1-smb devstack@c-api.service[100878]: warnings.warn(
Sep 06 09:08:27.816606 dv-cinder-807541-1-smb devstack@c-api.service[100878]: DEBUG cinder.api.openstack.wsgi [None req-cc67cdd4-e8ee-4103-b533-e06c9e8d224e tempest-VolumeManageAdminTest-317008631 tempest-VolumeManageAdminTest-317008631-project-admin] Calling method 'show' {{(pid=100878) _process_stack /opt/stack/cinder/cinder/api/openstack/wsgi.py:856}}
Sep 06 09:08:27.976514 dv-cinder-807541-1-smb devstack@c-api.service[100879]: DEBUG cinder.quota [None req-543772aa-78b2-4705-9494-32f202bd6784 tempest-SnapshotsActionsTest-105223256 tempest-SnapshotsActionsTest-105223256-project] Created reservations ['5c0df4fe-8aef-4311-a291-41af90a03bb8', 'fdf7c4fb-660b-4982-bc46-a6694c3b1dd6', '9c3c8989-fd41-4b7b-b667-8b769df9422b', '2e1149ba-5873-46fb-8dc0-126a90d6a1bc'] {{(pid=100879) reserve /opt/stack/cinder/cinder/quota.py:755}}
Sep 06 09:08:27.979432 dv-cinder-807541-1-smb devstack@c-api.service[100879]: DEBUG cinder.volume.api [None req-543772aa-78b2-4705-9494-32f202bd6784 tempest-SnapshotsActionsTest-105223256 tempest-SnapshotsActionsTest-105223256-project] Task 'cinder.volume.flows.api.create_volume.QuotaReserveTask;volume:create' (9cead125-7ad6-41f3-b982-23341c368d45) transitioned into state 'SUCCESS' from state 'RUNNING' with result '{'reservations': ['5c0df4fe-8aef-4311-a291-41af90a03bb8', 'fdf7c4fb-660b-4982-bc46-a6694c3b1dd6', '9c3c8989-fd41-4b7b-b667-8b769df9422b', '2e1149ba-5873-46fb-8dc0-126a90d6a1bc']}' {{(pid=100879) _task_receiver /usr/local/lib/python3.8/dist-packages/taskflow/listeners/logging.py:178}}
Sep 06 09:08:27.980824 dv-cinder-807541-1-smb devstack@c-api.service[100878]: INFO cinder.api.openstack.wsgi [None req-cc67cdd4-e8ee-4103-b533-e06c9e8d224e tempest-VolumeManageAdminTest-317008631 tempest-VolumeManageAdminTest-317008631-project-admin] http://10.222.0.13/volume/v3/010c66b182874cba9bb6855946dfe980/volumes/0989cb05-bf02-4c27-96cc-d47a93dc5bc4 returned with HTTP 404
Sep 06 09:08:27.983361 dv-cinder-807541-1-smb devstack@c-api.service[100879]: DEBUG cinder.volume.api [None req-543772aa-78b2-4705-9494-32f202bd6784 tempest-SnapshotsActionsTest-105223256 tempest-SnapshotsActionsTest-105223256-project] Task 'cinder.volume.flows.api.create_volume.EntryCreateTask;volume:create' (68562ba6-f99b-4fd7-bf24-8e3e6f3ee982) transitioned into state 'RUNNING' from state 'PENDING' {{(pid=100879) _task_receiver /usr/local/lib/python3.8/dist-packages/taskflow/listeners/logging.py:190}}
Sep 06 09:08:27.984272 dv-cinder-807541-1-smb devstack@c-api.service[100878]: [pid: 100878|app: 0|req: 97/188] 10.222.0.13 () {58 vars in 1325 bytes} [Mon Sep 6 09:08:27 2021] GET /volume/v3/010c66b182874cba9bb6855946dfe980/volumes/0989cb05-bf02-4c27-96cc-d47a93dc5bc4 => generated 109 bytes in 177 msecs (HTTP/1.1 404) 7 headers in 292 bytes (1 switches on core 0)
Sep 06 09:08:27.993919 dv-cinder-807541-1-smb devstack@c-api.service[100878]: INFO cinder.api.openstack.wsgi [None req-353e87a8-b8dc-4308-be9f-f4629f865160 tempest-VolumeManageAdminTest-317008631 tempest-VolumeManageAdminTest-317008631-project-admin] GET http://10.222.0.13/volume/v3/010c66b182874cba9bb6855946dfe980/volumes/detail?all_tenants=1
Sep 06 09:08:27.994499 dv-cinder-807541-1-smb devstack@c-api.service[100878]: DEBUG cinder.api.openstack.wsgi [None req-353e87a8-b8dc-4308-be9f-f4629f865160 tempest-VolumeManageAdminTest-317008631 tempest-VolumeManageAdminTest-317008631-project-admin] Empty body provided in request {{(pid=100878) get_body /opt/stack/cinder/cinder/api/openstack/wsgi.py:703}}
Sep 06 09:08:27.994906 dv-cinder-807541-1-smb devstack@c-api.service[100878]: DEBUG cinder.api.openstack.wsgi [None req-353e87a8-b8dc-4308-be9f-f4629f865160 tempest-VolumeManageAdminTest-317008631 tempest-VolumeManageAdminTest-317008631-project-admin] Calling method 'detail' {{(pid=100878) _process_stack /opt/stack/cinder/cinder/api/openstack/wsgi.py:856}}
Sep 06 09:08:28.000946 dv-cinder-807541-1-smb devstack@c-api.service[100878]: DEBUG cinder.volume.api [None req-353e87a8-b8dc-4308-be9f-f4629f865160 tempest-VolumeManageAdminTest-317008631 tempest-VolumeManageAdminTest-317008631-project-admin] Searching by: MultiDict([('all_tenants', 1)]). {{(pid=100878) get_all /opt/stack/cinder/cinder/volume/api.py:619}}
Sep 06 09:08:28.055321 dv-cinder-807541-1-smb devstack@c-api.service[100879]: DEBUG cinder.volume.api [None req-543772aa-78b2-4705-9494-32f202bd6784 tempest-SnapshotsActionsTest-105223256 tempest-SnapshotsActionsTest-105223256-project] Task 'cinder.volume.flows.api.create_volume.EntryCreateTask;volume:create' (68562ba6-f99b-4fd7-bf24-8e3e6f3ee982) transitioned into state 'SUCCESS' from state 'RUNNING' with result '{'volume_id': '2695421c-8097-4eaf-8901-e4b5d04f4343', 'volume_properties': VolumeProperties(attach_status='detached',availability_zone='nova',cgsnapshot_id=None,consistencygroup_id=None,display_description=None,display_name='tempest-SnapshotsActionsTest-Volume-430059252',encryption_key_id=None,group_id=None,group_type_id=,metadata={},multiattach=False,project_id='b6e6820e06f342679e7e7b2c20bf708f',qos_specs=None,replication_status=,reservations=['5c0df4fe-8aef-4311-a291-41af90a03bb8','fdf7c4fb-660b-4982-bc46-a6694c3b1dd6','9c3c8989-fd41-4b7b-b667-8b769df9422b','2e1149ba-5873-46fb-8dc0-126a90d6a1bc'],size=1,snapshot_id=None,source_replicaid=,source_volid=None,status='creating',user_id='fe17e71372394f0db4daa2cbfe3242f8',volume_type_id=2ca21b37-39a1-4cc4-ae84-0f6f11b0d0e6), 'volume': Volume(_name_id=None,admin_metadata=,attach_status='detached',availability_zone='nova',bootable=False,cluster=,cluster_name=None,consistencygroup=,consistencygroup_id=None,created_at=2021-09-06T09:08:27Z,deleted=False,deleted_at=None,display_description=None,display_name='tempest-SnapshotsActionsTest-Volume-430059252',ec2_id=None,encryption_key_id=None,glance_metadata=,group=,group_id=None,host=None,id=2695421c-8097-4eaf-8901-e4b5d04f4343,launched_at=None,metadata={},migration_status=None,multiattach=False,previous_status=None,project_id='b6e6820e06f342679e7e7b2c20bf708f',provider_auth=None,provider_geometry=None,provider_id=None,provider_location=None,replication_driver_data=None,replication_extended_status=None,replication_status=None,scheduled_at=None,service_uuid=None,shared_targets=True,size=1,snapshot_id=None,snapshots=,source_volid=None,status='creating',terminated_at=None,updated_at=None,use_quota=True,user_id='fe17e71372394f0db4daa2cbfe3242f8',volume_attachment=,volume_type=VolumeType(2ca21b37-39a1-4cc4-ae84-0f6f11b0d0e6),volume_type_id=2ca21b37-39a1-4cc4-ae84-0f6f11b0d0e6)}' {{(pid=100879) _task_receiver /usr/local/lib/python3.8/dist-packages/taskflow/listeners/logging.py:178}}
Sep 06 09:08:28.061063 dv-cinder-807541-1-smb devstack@c-api.service[100879]: DEBUG cinder.volume.api [None req-543772aa-78b2-4705-9494-32f202bd6784 tempest-SnapshotsActionsTest-105223256 tempest-SnapshotsActionsTest-105223256-project] Task 'cinder.volume.flows.api.create_volume.QuotaCommitTask;volume:create' (4add6600-1312-4d12-bef9-a66192a3f02b) transitioned into state 'RUNNING' from state 'PENDING' {{(pid=100879) _task_receiver /usr/local/lib/python3.8/dist-packages/taskflow/listeners/logging.py:190}}
Sep 06 09:08:28.114402 dv-cinder-807541-1-smb devstack@c-api.service[100879]: DEBUG cinder.volume.api [None req-543772aa-78b2-4705-9494-32f202bd6784 tempest-SnapshotsActionsTest-105223256 tempest-SnapshotsActionsTest-105223256-project] Task 'cinder.volume.flows.api.create_volume.QuotaCommitTask;volume:create' (4add6600-1312-4d12-bef9-a66192a3f02b) transitioned into state 'SUCCESS' from state 'RUNNING' with result '{'volume_properties': VolumeProperties(attach_status='detached',availability_zone='nova',cgsnapshot_id=None,consistencygroup_id=None,display_description=None,display_name='tempest-SnapshotsActionsTest-Volume-430059252',encryption_key_id=None,group_id=None,group_type_id=,metadata={},multiattach=False,project_id='b6e6820e06f342679e7e7b2c20bf708f',qos_specs=None,replication_status=,reservations=['5c0df4fe-8aef-4311-a291-41af90a03bb8','fdf7c4fb-660b-4982-bc46-a6694c3b1dd6','9c3c8989-fd41-4b7b-b667-8b769df9422b','2e1149ba-5873-46fb-8dc0-126a90d6a1bc'],size=1,snapshot_id=None,source_replicaid=,source_volid=None,status='creating',user_id='fe17e71372394f0db4daa2cbfe3242f8',volume_type_id=2ca21b37-39a1-4cc4-ae84-0f6f11b0d0e6)}' {{(pid=100879) _task_receiver /usr/local/lib/python3.8/dist-packages/taskflow/listeners/logging.py:178}}
Sep 06 09:08:28.116412 dv-cinder-807541-1-smb devstack@c-api.service[100879]: DEBUG cinder.volume.api [None req-543772aa-78b2-4705-9494-32f202bd6784 tempest-SnapshotsActionsTest-105223256 tempest-SnapshotsActionsTest-105223256-project] Task 'cinder.volume.flows.api.create_volume.VolumeCastTask;volume:create' (bf0c80da-0f1d-4589-babc-d9240126a080) transitioned into state 'RUNNING' from state 'PENDING' {{(pid=100879) _task_receiver /usr/local/lib/python3.8/dist-packages/taskflow/listeners/logging.py:190}}
Sep 06 09:08:28.137981 dv-cinder-807541-1-smb devstack@c-api.service[100878]: INFO cinder.volume.api [None req-353e87a8-b8dc-4308-be9f-f4629f865160 tempest-VolumeManageAdminTest-317008631 tempest-VolumeManageAdminTest-317008631-project-admin] Get all volumes completed successfully.
Sep 06 09:08:28.140048 dv-cinder-807541-1-smb devstack@c-api.service[100878]: /usr/local/lib/python3.8/dist-packages/oslo_context/context.py:105: DeprecationWarning: Policy enforcement is depending on the value of is_admin. This key is deprecated. Please update your policy file to use the standard policy values.
Sep 06 09:08:28.140048 dv-cinder-807541-1-smb devstack@c-api.service[100878]: warnings.warn('Policy enforcement is depending on the value of '
Sep 06 09:08:28.159192 dv-cinder-807541-1-smb devstack@c-api.service[100878]: INFO cinder.api.openstack.wsgi [None req-353e87a8-b8dc-4308-be9f-f4629f865160 tempest-VolumeManageAdminTest-317008631 tempest-VolumeManageAdminTest-317008631-project-admin] http://10.222.0.13/volume/v3/010c66b182874cba9bb6855946dfe980/volumes/detail?all_tenants=1 returned with HTTP 200
Sep 06 09:08:28.167229 dv-cinder-807541-1-smb devstack@c-api.service[100879]: DEBUG cinder.volume.api [None req-543772aa-78b2-4705-9494-32f202bd6784 tempest-SnapshotsActionsTest-105223256 tempest-SnapshotsActionsTest-105223256-project] Task 'cinder.volume.flows.api.create_volume.VolumeCastTask;volume:create' (bf0c80da-0f1d-4589-babc-d9240126a080) transitioned into state 'SUCCESS' from state 'RUNNING' with result 'None' {{(pid=100879) _task_receiver /usr/local/lib/python3.8/dist-packages/taskflow/listeners/logging.py:178}}
Sep 06 09:08:28.173390 dv-cinder-807541-1-smb devstack@c-api.service[100879]: DEBUG cinder.volume.api [None req-543772aa-78b2-4705-9494-32f202bd6784 tempest-SnapshotsActionsTest-105223256 tempest-SnapshotsActionsTest-105223256-project] Flow 'volume_create_api' (1dca1741-f47e-440a-a359-d92309113016) transitioned into state 'SUCCESS' from state 'RUNNING' {{(pid=100879) _flow_receiver /usr/local/lib/python3.8/dist-packages/taskflow/listeners/logging.py:141}}
Sep 06 09:08:28.176670 dv-cinder-807541-1-smb devstack@c-api.service[100878]: [pid: 100878|app: 0|req: 98/189] 10.222.0.13 () {58 vars in 1262 bytes} [Mon Sep 6 09:08:27 2021] GET /volume/v3/010c66b182874cba9bb6855946dfe980/volumes/detail?all_tenants=1 => generated 1027 bytes in 188 msecs (HTTP/1.1 200) 7 headers in 286 bytes (1 switches on core 0)
Sep 06 09:08:28.177057 dv-cinder-807541-1-smb devstack@c-api.service[100879]: INFO cinder.volume.api [None req-543772aa-78b2-4705-9494-32f202bd6784 tempest-SnapshotsActionsTest-105223256 tempest-SnapshotsActionsTest-105223256-project] Create volume request issued successfully.
Sep 06 09:08:28.193400 dv-cinder-807541-1-smb devstack@c-api.service[100879]: INFO cinder.api.openstack.wsgi [None req-543772aa-78b2-4705-9494-32f202bd6784 tempest-SnapshotsActionsTest-105223256 tempest-SnapshotsActionsTest-105223256-project] http://10.222.0.13/volume/v3/b6e6820e06f342679e7e7b2c20bf708f/volumes returned with HTTP 202
Sep 06 09:08:28.198345 dv-cinder-807541-1-smb devstack@c-api.service[100879]: [pid: 100879|app: 0|req: 92/190] 10.222.0.13 () {60 vars in 1235 bytes} [Mon Sep 6 09:08:27 2021] POST /volume/v3/b6e6820e06f342679e7e7b2c20bf708f/volumes => generated 819 bytes in 791 msecs (HTTP/1.1 202) 7 headers in 291 bytes (1 switches on core 0)
Sep 06 09:08:28.203535 dv-cinder-807541-1-smb devstack@c-api.service[100878]: INFO cinder.api.openstack.wsgi [None req-c6086d25-3b2b-4914-a779-df5acd98afc1 tempest-VolumeManageAdminTest-317008631 tempest-VolumeManageAdminTest-317008631-project-admin] POST http://10.222.0.13/volume/v3/010c66b182874cba9bb6855946dfe980/os-volume-manage
Sep 06 09:08:28.205235 dv-cinder-807541-1-smb devstack@c-api.service[100878]: /usr/local/lib/python3.8/dist-packages/webob/acceptparse.py:1047: DeprecationWarning: The behavior of AcceptValidHeader.best_match is currently being maintained for backward compatibility, but it will be deprecated in the future, as it does not conform to the RFC.
Sep 06 09:08:28.205235 dv-cinder-807541-1-smb devstack@c-api.service[100878]: warnings.warn(
Sep 06 09:08:28.207248 dv-cinder-807541-1-smb devstack@c-api.service[100878]: DEBUG cinder.api.openstack.wsgi [None req-c6086d25-3b2b-4914-a779-df5acd98afc1 tempest-VolumeManageAdminTest-317008631 tempest-VolumeManageAdminTest-317008631-project-admin] Action: 'create', calling method: create, body: {"volume": {"name": "tempest-VolumeManageAdminTest-volume-1480333584", "host": "hv-cinder-80754@wincnd#smbshare", "ref": {"source-name": "//127.0.0.1/smbshare/volume-0989cb05-bf02-4c27-96cc-d47a93dc5bc4.vhdx"}, "volume_type": "__DEFAULT__", "availability_zone": "nova"}} {{(pid=100878) _process_stack /opt/stack/cinder/cinder/api/openstack/wsgi.py:854}}
Sep 06 09:08:28.212719 dv-cinder-807541-1-smb devstack@c-api.service[100878]: DEBUG cinder.api.contrib.volume_manage [None req-c6086d25-3b2b-4914-a779-df5acd98afc1 tempest-VolumeManageAdminTest-317008631 tempest-VolumeManageAdminTest-317008631-project-admin] Manage volume request body: {'volume': {'name': 'tempest-VolumeManageAdminTest-volume-1480333584', 'host': 'hv-cinder-80754@wincnd#smbshare', 'ref': {'source-name': '//127.0.0.1/smbshare/volume-0989cb05-bf02-4c27-96cc-d47a93dc5bc4.vhdx'}, 'volume_type': '__DEFAULT__', 'availability_zone': 'nova'}} {{(pid=100878) create /opt/stack/cinder/cinder/api/contrib/volume_manage.py:113}}
Sep 06 09:08:28.213231 dv-cinder-807541-1-smb devstack@c-api.service[100879]: INFO cinder.api.openstack.wsgi [None req-ecd24976-01a9-4501-b40b-c696fdda7a30 tempest-SnapshotsActionsTest-105223256 tempest-SnapshotsActionsTest-105223256-project] GET http://10.222.0.13/volume/v3/b6e6820e06f342679e7e7b2c20bf708f/volumes/2695421c-8097-4eaf-8901-e4b5d04f4343
Sep 06 09:08:28.213680 dv-cinder-807541-1-smb devstack@c-api.service[100879]: DEBUG cinder.api.openstack.wsgi [None req-ecd24976-01a9-4501-b40b-c696fdda7a30 tempest-SnapshotsActionsTest-105223256 tempest-SnapshotsActionsTest-105223256-project] Empty body provided in request {{(pid=100879) get_body /opt/stack/cinder/cinder/api/openstack/wsgi.py:703}}
Sep 06 09:08:28.213850 dv-cinder-807541-1-smb devstack@c-api.service[100879]: /usr/local/lib/python3.8/dist-packages/webob/acceptparse.py:1047: DeprecationWarning: The behavior of AcceptValidHeader.best_match is currently being maintained for backward compatibility, but it will be deprecated in the future, as it does not conform to the RFC.
Sep 06 09:08:28.213850 dv-cinder-807541-1-smb devstack@c-api.service[100879]: warnings.warn(
Sep 06 09:08:28.214201 dv-cinder-807541-1-smb devstack@c-api.service[100879]: DEBUG cinder.api.openstack.wsgi [None req-ecd24976-01a9-4501-b40b-c696fdda7a30 tempest-SnapshotsActionsTest-105223256 tempest-SnapshotsActionsTest-105223256-project] Calling method 'show' {{(pid=100879) _process_stack /opt/stack/cinder/cinder/api/openstack/wsgi.py:856}}
Sep 06 09:08:28.245640 dv-cinder-807541-1-smb devstack@c-api.service[100879]: /usr/local/lib/python3.8/dist-packages/oslo_context/context.py:105: DeprecationWarning: Policy enforcement is depending on the value of is_admin. This key is deprecated. Please update your policy file to use the standard policy values.
Sep 06 09:08:28.245640 dv-cinder-807541-1-smb devstack@c-api.service[100879]: warnings.warn('Policy enforcement is depending on the value of '
Sep 06 09:08:28.264514 dv-cinder-807541-1-smb devstack@c-api.service[100879]: INFO cinder.volume.api [None req-ecd24976-01a9-4501-b40b-c696fdda7a30 tempest-SnapshotsActionsTest-105223256 tempest-SnapshotsActionsTest-105223256-project] Volume info retrieved successfully.
Sep 06 09:08:28.278719 dv-cinder-807541-1-smb devstack@c-api.service[100878]: DEBUG cinder.volume.api [None req-c6086d25-3b2b-4914-a779-df5acd98afc1 tempest-VolumeManageAdminTest-317008631 tempest-VolumeManageAdminTest-317008631-project-admin] Flow 'volume_manage_existing_api' (ff2c3d9f-f41d-4511-88ec-9ff7b9126f54) transitioned into state 'RUNNING' from state 'PENDING' {{(pid=100878) _flow_receiver /usr/local/lib/python3.8/dist-packages/taskflow/listeners/logging.py:141}}
Sep 06 09:08:28.285185 dv-cinder-807541-1-smb devstack@c-api.service[100878]: DEBUG cinder.volume.api [None req-c6086d25-3b2b-4914-a779-df5acd98afc1 tempest-VolumeManageAdminTest-317008631 tempest-VolumeManageAdminTest-317008631-project-admin] Task 'cinder.volume.flows.api.create_volume.QuotaReserveTask;volume:create' (3a8f3263-f91c-4f16-813d-e102b7e44359) transitioned into state 'RUNNING' from state 'PENDING' {{(pid=100878) _task_receiver /usr/local/lib/python3.8/dist-packages/taskflow/listeners/logging.py:190}}
Sep 06 09:08:28.296458 dv-cinder-807541-1-smb devstack@c-api.service[100879]: INFO cinder.api.openstack.wsgi [None req-ecd24976-01a9-4501-b40b-c696fdda7a30 tempest-SnapshotsActionsTest-105223256 tempest-SnapshotsActionsTest-105223256-project] http://10.222.0.13/volume/v3/b6e6820e06f342679e7e7b2c20bf708f/volumes/2695421c-8097-4eaf-8901-e4b5d04f4343 returned with HTTP 200
Sep 06 09:08:28.300034 dv-cinder-807541-1-smb devstack@c-api.service[100879]: [pid: 100879|app: 0|req: 93/191] 10.222.0.13 () {58 vars in 1325 bytes} [Mon Sep 6 09:08:28 2021] GET /volume/v3/b6e6820e06f342679e7e7b2c20bf708f/volumes/2695421c-8097-4eaf-8901-e4b5d04f4343 => generated 887 bytes in 91 msecs (HTTP/1.1 200) 7 headers in 285 bytes (1 switches on core 0)
Sep 06 09:08:28.312565 dv-cinder-807541-1-smb devstack@c-api.service[100879]: INFO cinder.api.openstack.wsgi [None req-2a307bff-27ac-4fe5-8b41-1d63d6860cab tempest-GroupSnapshotsTest-1751397338 tempest-GroupSnapshotsTest-1751397338-project] GET http://10.222.0.13/volume/v3/e9c3cd15911948c5b991b7bc7796438a/volumes/de6a9aaf-261b-4778-996a-b2ac6fbf90e2
Sep 06 09:08:28.315545 dv-cinder-807541-1-smb devstack@c-api.service[100879]: DEBUG cinder.api.openstack.wsgi [None req-2a307bff-27ac-4fe5-8b41-1d63d6860cab tempest-GroupSnapshotsTest-1751397338 tempest-GroupSnapshotsTest-1751397338-project] Empty body provided in request {{(pid=100879) get_body /opt/stack/cinder/cinder/api/openstack/wsgi.py:703}}
Sep 06 09:08:28.315545 dv-cinder-807541-1-smb devstack@c-api.service[100879]: /usr/local/lib/python3.8/dist-packages/webob/acceptparse.py:1047: DeprecationWarning: The behavior of AcceptValidHeader.best_match is currently being maintained for backward compatibility, but it will be deprecated in the future, as it does not conform to the RFC.
Sep 06 09:08:28.315545 dv-cinder-807541-1-smb devstack@c-api.service[100879]: warnings.warn(
Sep 06 09:08:28.315963 dv-cinder-807541-1-smb devstack@c-api.service[100879]: DEBUG cinder.api.openstack.wsgi [None req-2a307bff-27ac-4fe5-8b41-1d63d6860cab tempest-GroupSnapshotsTest-1751397338 tempest-GroupSnapshotsTest-1751397338-project] Calling method 'show' {{(pid=100879) _process_stack /opt/stack/cinder/cinder/api/openstack/wsgi.py:856}}
Sep 06 09:08:28.354056 dv-cinder-807541-1-smb devstack@c-api.service[100879]: INFO cinder.api.openstack.wsgi [None req-2a307bff-27ac-4fe5-8b41-1d63d6860cab tempest-GroupSnapshotsTest-1751397338 tempest-GroupSnapshotsTest-1751397338-project] http://10.222.0.13/volume/v3/e9c3cd15911948c5b991b7bc7796438a/volumes/de6a9aaf-261b-4778-996a-b2ac6fbf90e2 returned with HTTP 404
Sep 06 09:08:28.357106 dv-cinder-807541-1-smb devstack@c-api.service[100879]: [pid: 100879|app: 0|req: 94/192] 10.222.0.13 () {60 vars in 1366 bytes} [Mon Sep 6 09:08:28 2021] GET /volume/v3/e9c3cd15911948c5b991b7bc7796438a/volumes/de6a9aaf-261b-4778-996a-b2ac6fbf90e2 => generated 109 bytes in 56 msecs (HTTP/1.1 404) 7 headers in 293 bytes (1 switches on core 0)
Sep 06 09:08:28.365742 dv-cinder-807541-1-smb devstack@c-api.service[100879]: INFO cinder.api.openstack.wsgi [None req-be104d03-22b5-4627-8089-553cae8b1fbe tempest-GroupSnapshotsTest-1751397338 tempest-GroupSnapshotsTest-1751397338-project] GET http://10.222.0.13/volume/v3/e9c3cd15911948c5b991b7bc7796438a/volumes/971e448f-5fcd-4850-aab6-8d520f7c3671
Sep 06 09:08:28.366235 dv-cinder-807541-1-smb devstack@c-api.service[100879]: DEBUG cinder.api.openstack.wsgi [None req-be104d03-22b5-4627-8089-553cae8b1fbe tempest-GroupSnapshotsTest-1751397338 tempest-GroupSnapshotsTest-1751397338-project] Empty body provided in request {{(pid=100879) get_body /opt/stack/cinder/cinder/api/openstack/wsgi.py:703}}
Sep 06 09:08:28.366737 dv-cinder-807541-1-smb devstack@c-api.service[100879]: DEBUG cinder.api.openstack.wsgi [None req-be104d03-22b5-4627-8089-553cae8b1fbe tempest-GroupSnapshotsTest-1751397338 tempest-GroupSnapshotsTest-1751397338-project] Calling method 'show' {{(pid=100879) _process_stack /opt/stack/cinder/cinder/api/openstack/wsgi.py:856}}
Sep 06 09:08:28.406262 dv-cinder-807541-1-smb devstack@c-api.service[100879]: INFO cinder.api.openstack.wsgi [None req-be104d03-22b5-4627-8089-553cae8b1fbe tempest-GroupSnapshotsTest-1751397338 tempest-GroupSnapshotsTest-1751397338-project] http://10.222.0.13/volume/v3/e9c3cd15911948c5b991b7bc7796438a/volumes/971e448f-5fcd-4850-aab6-8d520f7c3671 returned with HTTP 404
Sep 06 09:08:28.407237 dv-cinder-807541-1-smb devstack@c-api.service[100879]: [pid: 100879|app: 0|req: 95/193] 10.222.0.13 () {60 vars in 1366 bytes} [Mon Sep 6 09:08:28 2021] GET /volume/v3/e9c3cd15911948c5b991b7bc7796438a/volumes/971e448f-5fcd-4850-aab6-8d520f7c3671 => generated 109 bytes in 47 msecs (HTTP/1.1 404) 7 headers in 293 bytes (1 switches on core 0)
Sep 06 09:08:28.418858 dv-cinder-807541-1-smb devstack@c-api.service[100879]: INFO cinder.api.openstack.wsgi [None req-634e1625-9cde-4225-9d60-55bf45a6bcb1 tempest-GroupSnapshotsTest-1751397338 tempest-GroupSnapshotsTest-1751397338-project] GET http://10.222.0.13/volume/v3/e9c3cd15911948c5b991b7bc7796438a/groups/9dcf6367-1a2f-40b3-bcda-fb75ecf1cddb
Sep 06 09:08:28.419346 dv-cinder-807541-1-smb devstack@c-api.service[100879]: DEBUG cinder.api.openstack.wsgi [None req-634e1625-9cde-4225-9d60-55bf45a6bcb1 tempest-GroupSnapshotsTest-1751397338 tempest-GroupSnapshotsTest-1751397338-project] Empty body provided in request {{(pid=100879) get_body /opt/stack/cinder/cinder/api/openstack/wsgi.py:703}}
Sep 06 09:08:28.419753 dv-cinder-807541-1-smb devstack@c-api.service[100879]: DEBUG cinder.api.openstack.wsgi [None req-634e1625-9cde-4225-9d60-55bf45a6bcb1 tempest-GroupSnapshotsTest-1751397338 tempest-GroupSnapshotsTest-1751397338-project] Calling method 'version_select' {{(pid=100879) _process_stack /opt/stack/cinder/cinder/api/openstack/wsgi.py:856}}
Sep 06 09:08:28.420095 dv-cinder-807541-1-smb devstack@c-api.service[100879]: DEBUG cinder.api.v3.groups [None req-634e1625-9cde-4225-9d60-55bf45a6bcb1 tempest-GroupSnapshotsTest-1751397338 tempest-GroupSnapshotsTest-1751397338-project] show called for member 9dcf6367-1a2f-40b3-bcda-fb75ecf1cddb {{(pid=100879) show /opt/stack/cinder/cinder/api/v3/groups.py:58}}
Sep 06 09:08:28.436440 dv-cinder-807541-1-smb devstack@c-api.service[100879]: INFO cinder.api.openstack.wsgi [None req-634e1625-9cde-4225-9d60-55bf45a6bcb1 tempest-GroupSnapshotsTest-1751397338 tempest-GroupSnapshotsTest-1751397338-project] http://10.222.0.13/volume/v3/e9c3cd15911948c5b991b7bc7796438a/groups/9dcf6367-1a2f-40b3-bcda-fb75ecf1cddb returned with HTTP 404
Sep 06 09:08:28.437934 dv-cinder-807541-1-smb devstack@c-api.service[100879]: [pid: 100879|app: 0|req: 96/194] 10.222.0.13 () {60 vars in 1363 bytes} [Mon Sep 6 09:08:28 2021] GET /volume/v3/e9c3cd15911948c5b991b7bc7796438a/groups/9dcf6367-1a2f-40b3-bcda-fb75ecf1cddb => generated 108 bytes in 23 msecs (HTTP/1.1 404) 7 headers in 293 bytes (1 switches on core 0)
Sep 06 09:08:28.448111 dv-cinder-807541-1-smb devstack@c-api.service[100879]: INFO cinder.api.openstack.wsgi [None req-0d21fb4f-14a5-4c42-a4fe-81a7ae7464f2 tempest-GroupSnapshotsTest-23300572 tempest-GroupSnapshotsTest-23300572-project-admin] DELETE http://10.222.0.13/volume/v3/4dc75555bc2c4ec99406e95f9f70ce52/group_types/2b954877-e9b9-4f50-b593-ecaf65fa0c06
Sep 06 09:08:28.448666 dv-cinder-807541-1-smb devstack@c-api.service[100879]: DEBUG cinder.api.openstack.wsgi [None req-0d21fb4f-14a5-4c42-a4fe-81a7ae7464f2 tempest-GroupSnapshotsTest-23300572 tempest-GroupSnapshotsTest-23300572-project-admin] Empty body provided in request {{(pid=100879) get_body /opt/stack/cinder/cinder/api/openstack/wsgi.py:703}}
Sep 06 09:08:28.449138 dv-cinder-807541-1-smb devstack@c-api.service[100879]: DEBUG cinder.api.openstack.wsgi [None req-0d21fb4f-14a5-4c42-a4fe-81a7ae7464f2 tempest-GroupSnapshotsTest-23300572 tempest-GroupSnapshotsTest-23300572-project-admin] Calling method 'version_select' {{(pid=100879) _process_stack /opt/stack/cinder/cinder/api/openstack/wsgi.py:856}}
Sep 06 09:08:28.479878 dv-cinder-807541-1-smb devstack@c-api.service[100879]: INFO cinder.api.openstack.wsgi [None req-0d21fb4f-14a5-4c42-a4fe-81a7ae7464f2 tempest-GroupSnapshotsTest-23300572 tempest-GroupSnapshotsTest-23300572-project-admin] http://10.222.0.13/volume/v3/4dc75555bc2c4ec99406e95f9f70ce52/group_types/2b954877-e9b9-4f50-b593-ecaf65fa0c06 returned with HTTP 202
Sep 06 09:08:28.481105 dv-cinder-807541-1-smb devstack@c-api.service[100879]: [pid: 100879|app: 0|req: 97/195] 10.222.0.13 () {60 vars in 1381 bytes} [Mon Sep 6 09:08:28 2021] DELETE /volume/v3/4dc75555bc2c4ec99406e95f9f70ce52/group_types/2b954877-e9b9-4f50-b593-ecaf65fa0c06 => generated 0 bytes in 40 msecs (HTTP/1.1 202) 6 headers in 234 bytes (1 switches on core 0)
Sep 06 09:08:28.493694 dv-cinder-807541-1-smb devstack@c-api.service[100879]: INFO cinder.api.openstack.wsgi [None req-7e75edbf-5266-4c50-aee9-62b443f3df4b tempest-GroupSnapshotsTest-23300572 tempest-GroupSnapshotsTest-23300572-project-admin] POST http://10.222.0.13/volume/v3/4dc75555bc2c4ec99406e95f9f70ce52/types
Sep 06 09:08:28.494569 dv-cinder-807541-1-smb devstack@c-api.service[100879]: DEBUG cinder.api.openstack.wsgi [None req-7e75edbf-5266-4c50-aee9-62b443f3df4b tempest-GroupSnapshotsTest-23300572 tempest-GroupSnapshotsTest-23300572-project-admin] Action: 'create', calling method: _create, body: {"volume_type": {"name": "tempest-GroupSnapshotsTest-volume-type-1079087051"}} {{(pid=100879) _process_stack /opt/stack/cinder/cinder/api/openstack/wsgi.py:854}}
Sep 06 09:08:28.497546 dv-cinder-807541-1-smb devstack@c-api.service[100878]: DEBUG cinder.quota [None req-c6086d25-3b2b-4914-a779-df5acd98afc1 tempest-VolumeManageAdminTest-317008631 tempest-VolumeManageAdminTest-317008631-project-admin] Created reservations ['413b5f47-93da-43d8-84ab-f48519b54189', '3cacaeba-4e80-4b71-88be-3c22eb922c1c', '78319ed8-9b25-4ed8-8fc8-c36dba812de1', '114856bd-de70-4344-a0ce-0e549eb6e9b4'] {{(pid=100878) reserve /opt/stack/cinder/cinder/quota.py:755}}
Sep 06 09:08:28.499890 dv-cinder-807541-1-smb devstack@c-api.service[100878]: DEBUG cinder.volume.api [None req-c6086d25-3b2b-4914-a779-df5acd98afc1 tempest-VolumeManageAdminTest-317008631 tempest-VolumeManageAdminTest-317008631-project-admin] Task 'cinder.volume.flows.api.create_volume.QuotaReserveTask;volume:create' (3a8f3263-f91c-4f16-813d-e102b7e44359) transitioned into state 'SUCCESS' from state 'RUNNING' with result '{'reservations': ['413b5f47-93da-43d8-84ab-f48519b54189', '3cacaeba-4e80-4b71-88be-3c22eb922c1c', '78319ed8-9b25-4ed8-8fc8-c36dba812de1', '114856bd-de70-4344-a0ce-0e549eb6e9b4']}' {{(pid=100878) _task_receiver /usr/local/lib/python3.8/dist-packages/taskflow/listeners/logging.py:178}}
Sep 06 09:08:28.503604 dv-cinder-807541-1-smb devstack@c-api.service[100878]: DEBUG cinder.volume.api [None req-c6086d25-3b2b-4914-a779-df5acd98afc1 tempest-VolumeManageAdminTest-317008631 tempest-VolumeManageAdminTest-317008631-project-admin] Task 'cinder.volume.flows.api.manage_existing.EntryCreateTask;volume:manage_existing' (82a9e903-5b61-4f39-9890-f3cae1f42c16) transitioned into state 'RUNNING' from state 'PENDING' {{(pid=100878) _task_receiver /usr/local/lib/python3.8/dist-packages/taskflow/listeners/logging.py:190}}
Sep 06 09:08:28.541484 dv-cinder-807541-1-smb devstack@c-api.service[100879]: INFO cinder.api.openstack.wsgi [None req-7e75edbf-5266-4c50-aee9-62b443f3df4b tempest-GroupSnapshotsTest-23300572 tempest-GroupSnapshotsTest-23300572-project-admin] http://10.222.0.13/volume/v3/4dc75555bc2c4ec99406e95f9f70ce52/types returned with HTTP 200
Sep 06 09:08:28.543236 dv-cinder-807541-1-smb devstack@c-api.service[100879]: [pid: 100879|app: 0|req: 98/196] 10.222.0.13 () {60 vars in 1229 bytes} [Mon Sep 6 09:08:28 2021] POST /volume/v3/4dc75555bc2c4ec99406e95f9f70ce52/types => generated 224 bytes in 54 msecs (HTTP/1.1 200) 7 headers in 285 bytes (1 switches on core 0)
Sep 06 09:08:28.556155 dv-cinder-807541-1-smb devstack@c-api.service[100879]: INFO cinder.api.openstack.wsgi [None req-9cca2c10-9bc5-4a6e-a674-daa0e7763729 tempest-GroupSnapshotsTest-23300572 tempest-GroupSnapshotsTest-23300572-project-admin] POST http://10.222.0.13/volume/v3/4dc75555bc2c4ec99406e95f9f70ce52/group_types
Sep 06 09:08:28.557596 dv-cinder-807541-1-smb devstack@c-api.service[100879]: DEBUG cinder.api.openstack.wsgi [None req-9cca2c10-9bc5-4a6e-a674-daa0e7763729 tempest-GroupSnapshotsTest-23300572 tempest-GroupSnapshotsTest-23300572-project-admin] Action: 'create', calling method: version_select, body: {"group_type": {"name": "tempest-GroupSnapshotsTest-group-type-320426356"}} {{(pid=100879) _process_stack /opt/stack/cinder/cinder/api/openstack/wsgi.py:854}}
Sep 06 09:08:28.576897 dv-cinder-807541-1-smb devstack@c-api.service[100878]: DEBUG cinder.volume.api [None req-c6086d25-3b2b-4914-a779-df5acd98afc1 tempest-VolumeManageAdminTest-317008631 tempest-VolumeManageAdminTest-317008631-project-admin] Task 'cinder.volume.flows.api.manage_existing.EntryCreateTask;volume:manage_existing' (82a9e903-5b61-4f39-9890-f3cae1f42c16) transitioned into state 'SUCCESS' from state 'RUNNING' with result '{'volume_properties': {'size': 0, 'user_id': '22510150c03a4172a64a7f50a4a340c9', 'project_id': '010c66b182874cba9bb6855946dfe980', 'status': 'managing', 'attach_status': 'detached', 'display_description': None, 'display_name': 'tempest-VolumeManageAdminTest-volume-1480333584', 'host': 'hv-cinder-80754@wincnd#smbshare', 'cluster_name': None, 'availability_zone': 'nova', 'volume_type_id': '2ca21b37-39a1-4cc4-ae84-0f6f11b0d0e6', 'metadata': {}, 'bootable': False, 'multiattach': False}, 'volume': Volume(_name_id=None,admin_metadata={},attach_status='detached',availability_zone='nova',bootable=False,cluster=,cluster_name=None,consistencygroup=,consistencygroup_id=None,created_at=2021-09-06T09:08:28Z,deleted=False,deleted_at=None,display_description=None,display_name='tempest-VolumeManageAdminTest-volume-1480333584',ec2_id=None,encryption_key_id=None,glance_metadata=,group=,group_id=None,host='hv-cinder-80754@wincnd#smbshare',id=e90702bf-a041-41f7-9fc0-533f2371a0ef,launched_at=None,metadata={},migration_status=None,multiattach=False,previous_status=None,project_id='010c66b182874cba9bb6855946dfe980',provider_auth=None,provider_geometry=None,provider_id=None,provider_location=None,replication_driver_data=None,replication_extended_status=None,replication_status=None,scheduled_at=None,service_uuid=None,shared_targets=True,size=0,snapshot_id=None,snapshots=,source_volid=None,status='managing',terminated_at=None,updated_at=None,use_quota=True,user_id='22510150c03a4172a64a7f50a4a340c9',volume_attachment=,volume_type=VolumeType(2ca21b37-39a1-4cc4-ae84-0f6f11b0d0e6),volume_type_id=2ca21b37-39a1-4cc4-ae84-0f6f11b0d0e6)}' {{(pid=100878) _task_receiver /usr/local/lib/python3.8/dist-packages/taskflow/listeners/logging.py:178}}
Sep 06 09:08:28.583536 dv-cinder-807541-1-smb devstack@c-api.service[100878]: DEBUG cinder.volume.api [None req-c6086d25-3b2b-4914-a779-df5acd98afc1 tempest-VolumeManageAdminTest-317008631 tempest-VolumeManageAdminTest-317008631-project-admin] Task 'cinder.volume.flows.api.create_volume.QuotaCommitTask;volume:create' (5df6be11-3f2c-4bc2-97ae-b9cbc068c103) transitioned into state 'RUNNING' from state 'PENDING' {{(pid=100878) _task_receiver /usr/local/lib/python3.8/dist-packages/taskflow/listeners/logging.py:190}}
Sep 06 09:08:28.590705 dv-cinder-807541-1-smb devstack@c-api.service[100879]: INFO cinder.api.openstack.wsgi [None req-9cca2c10-9bc5-4a6e-a674-daa0e7763729 tempest-GroupSnapshotsTest-23300572 tempest-GroupSnapshotsTest-23300572-project-admin] http://10.222.0.13/volume/v3/4dc75555bc2c4ec99406e95f9f70ce52/group_types returned with HTTP 202
Sep 06 09:08:28.596534 dv-cinder-807541-1-smb devstack@c-api.service[100879]: [pid: 100879|app: 0|req: 99/197] 10.222.0.13 () {62 vars in 1288 bytes} [Mon Sep 6 09:08:28 2021] POST /volume/v3/4dc75555bc2c4ec99406e95f9f70ce52/group_types => generated 180 bytes in 43 msecs (HTTP/1.1 202) 7 headers in 292 bytes (1 switches on core 0)
Sep 06 09:08:28.602888 dv-cinder-807541-1-smb devstack@c-api.service[100879]: INFO cinder.api.openstack.wsgi [None req-d4549c19-7366-4a8e-9a36-466fd4919442 tempest-GroupSnapshotsTest-1751397338 tempest-GroupSnapshotsTest-1751397338-project] POST http://10.222.0.13/volume/v3/e9c3cd15911948c5b991b7bc7796438a/groups
Sep 06 09:08:28.606064 dv-cinder-807541-1-smb devstack@c-api.service[100879]: DEBUG cinder.api.openstack.wsgi [None req-d4549c19-7366-4a8e-9a36-466fd4919442 tempest-GroupSnapshotsTest-1751397338 tempest-GroupSnapshotsTest-1751397338-project] Action: 'create', calling method: version_select, body: {"group": {"group_type": "7d9ada96-64fd-440c-86f9-5c05ac63ed18", "volume_types": ["979d3485-cbb4-4a4d-871a-a169ecfcd8db"], "name": "tempest-GroupSnapshotsTest-Group-1819705869"}} {{(pid=100879) _process_stack /opt/stack/cinder/cinder/api/openstack/wsgi.py:854}}
Sep 06 09:08:28.613703 dv-cinder-807541-1-smb devstack@c-api.service[100879]: DEBUG cinder.api.v3.groups [None req-d4549c19-7366-4a8e-9a36-466fd4919442 tempest-GroupSnapshotsTest-1751397338 tempest-GroupSnapshotsTest-1751397338-project] Creating new group {'group': {'group_type': '7d9ada96-64fd-440c-86f9-5c05ac63ed18', 'volume_types': ['979d3485-cbb4-4a4d-871a-a169ecfcd8db'], 'name': 'tempest-GroupSnapshotsTest-Group-1819705869'}} {{(pid=100879) create /opt/stack/cinder/cinder/api/v3/groups.py:190}}
Sep 06 09:08:28.621295 dv-cinder-807541-1-smb devstack@c-api.service[100879]: INFO cinder.api.v3.groups [None req-d4549c19-7366-4a8e-9a36-466fd4919442 tempest-GroupSnapshotsTest-1751397338 tempest-GroupSnapshotsTest-1751397338-project] Creating group tempest-GroupSnapshotsTest-Group-1819705869.
Sep 06 09:08:28.623978 dv-cinder-807541-1-smb devstack@c-api.service[100878]: DEBUG cinder.volume.api [None req-c6086d25-3b2b-4914-a779-df5acd98afc1 tempest-VolumeManageAdminTest-317008631 tempest-VolumeManageAdminTest-317008631-project-admin] Task 'cinder.volume.flows.api.create_volume.QuotaCommitTask;volume:create' (5df6be11-3f2c-4bc2-97ae-b9cbc068c103) transitioned into state 'SUCCESS' from state 'RUNNING' with result '{'volume_properties': {'size': 0, 'user_id': '22510150c03a4172a64a7f50a4a340c9', 'project_id': '010c66b182874cba9bb6855946dfe980', 'status': 'managing', 'attach_status': 'detached', 'display_description': None, 'display_name': 'tempest-VolumeManageAdminTest-volume-1480333584', 'host': 'hv-cinder-80754@wincnd#smbshare', 'cluster_name': None, 'availability_zone': 'nova', 'volume_type_id': '2ca21b37-39a1-4cc4-ae84-0f6f11b0d0e6', 'metadata': {}, 'bootable': False, 'multiattach': False}}' {{(pid=100878) _task_receiver /usr/local/lib/python3.8/dist-packages/taskflow/listeners/logging.py:178}}
Sep 06 09:08:28.626396 dv-cinder-807541-1-smb devstack@c-api.service[100878]: DEBUG cinder.volume.api [None req-c6086d25-3b2b-4914-a779-df5acd98afc1 tempest-VolumeManageAdminTest-317008631 tempest-VolumeManageAdminTest-317008631-project-admin] Task 'cinder.volume.flows.api.manage_existing.ManageCastTask;volume:manage_existing' (6edaeadf-87f8-493e-ba0e-03de6080a064) transitioned into state 'RUNNING' from state 'PENDING' {{(pid=100878) _task_receiver /usr/local/lib/python3.8/dist-packages/taskflow/listeners/logging.py:190}}
Sep 06 09:08:28.635835 dv-cinder-807541-1-smb devstack@c-api.service[100879]: INFO cinder.volume.api [None req-d4549c19-7366-4a8e-9a36-466fd4919442 tempest-GroupSnapshotsTest-1751397338 tempest-GroupSnapshotsTest-1751397338-project] Availability Zones retrieved successfully.
Sep 06 09:08:28.649126 dv-cinder-807541-1-smb devstack@c-api.service[100878]: DEBUG cinder.volume.api [None req-c6086d25-3b2b-4914-a779-df5acd98afc1 tempest-VolumeManageAdminTest-317008631 tempest-VolumeManageAdminTest-317008631-project-admin] Task 'cinder.volume.flows.api.manage_existing.ManageCastTask;volume:manage_existing' (6edaeadf-87f8-493e-ba0e-03de6080a064) transitioned into state 'SUCCESS' from state 'RUNNING' with result 'None' {{(pid=100878) _task_receiver /usr/local/lib/python3.8/dist-packages/taskflow/listeners/logging.py:178}}
Sep 06 09:08:28.654394 dv-cinder-807541-1-smb devstack@c-api.service[100878]: DEBUG cinder.volume.api [None req-c6086d25-3b2b-4914-a779-df5acd98afc1 tempest-VolumeManageAdminTest-317008631 tempest-VolumeManageAdminTest-317008631-project-admin] Flow 'volume_manage_existing_api' (ff2c3d9f-f41d-4511-88ec-9ff7b9126f54) transitioned into state 'SUCCESS' from state 'RUNNING' {{(pid=100878) _flow_receiver /usr/local/lib/python3.8/dist-packages/taskflow/listeners/logging.py:141}}
Sep 06 09:08:28.655045 dv-cinder-807541-1-smb devstack@c-api.service[100878]: INFO cinder.volume.api [None req-c6086d25-3b2b-4914-a779-df5acd98afc1 tempest-VolumeManageAdminTest-317008631 tempest-VolumeManageAdminTest-317008631-project-admin] Manage volume request issued successfully.
Sep 06 09:08:28.671667 dv-cinder-807541-1-smb devstack@c-api.service[100878]: INFO cinder.api.openstack.wsgi [None req-c6086d25-3b2b-4914-a779-df5acd98afc1 tempest-VolumeManageAdminTest-317008631 tempest-VolumeManageAdminTest-317008631-project-admin] http://10.222.0.13/volume/v3/010c66b182874cba9bb6855946dfe980/os-volume-manage returned with HTTP 202
