Sep 05 12:37:00.849227 dv-cinder-807469-1-iscsi devstack@n-api.service[114671]: DEBUG nova.api.openstack.wsgi [None req-f7e3a85d-78ce-404f-bd7f-8e759473f902 tempest-AttachVolumeTestJSON-1291976850 tempest-AttachVolumeTestJSON-1291976850-project] Calling method '>' {{(pid=114671) _process_stack /opt/stack/nova/nova/api/openstack/wsgi.py:513}}
Sep 05 12:37:00.850245 dv-cinder-807469-1-iscsi devstack@n-api.service[114671]: DEBUG nova.compute.api [None req-f7e3a85d-78ce-404f-bd7f-8e759473f902 tempest-AttachVolumeTestJSON-1291976850 tempest-AttachVolumeTestJSON-1291976850-project] [instance: 685d3907-0930-4b23-9e76-445cdca18adf] Fetching instance by UUID {{(pid=114671) get /opt/stack/nova/nova/compute/api.py:2863}}
Sep 05 12:37:00.858246 dv-cinder-807469-1-iscsi devstack@n-api.service[114671]: DEBUG oslo_concurrency.lockutils [None req-f7e3a85d-78ce-404f-bd7f-8e759473f902 tempest-AttachVolumeTestJSON-1291976850 tempest-AttachVolumeTestJSON-1291976850-project] Lock "ae35bef3-ddc9-49bf-aa40-68bbaaa05491" acquired by "nova.context.set_target_cell..get_or_set_cached_cell_and_set_connections" :: waited 0.000s {{(pid=114671) inner /usr/local/lib/python3.8/dist-packages/oslo_concurrency/lockutils.py:355}}
Sep 05 12:37:00.864351 dv-cinder-807469-1-iscsi devstack@n-api.service[114671]: DEBUG oslo_concurrency.lockutils [None req-f7e3a85d-78ce-404f-bd7f-8e759473f902 tempest-AttachVolumeTestJSON-1291976850 tempest-AttachVolumeTestJSON-1291976850-project] Lock "ae35bef3-ddc9-49bf-aa40-68bbaaa05491" released by "nova.context.set_target_cell..get_or_set_cached_cell_and_set_connections" :: held 0.006s {{(pid=114671) inner /usr/local/lib/python3.8/dist-packages/oslo_concurrency/lockutils.py:367}}
Sep 05 12:37:00.865427 dv-cinder-807469-1-iscsi devstack@n-api.service[114671]: DEBUG oslo_concurrency.lockutils [None req-f7e3a85d-78ce-404f-bd7f-8e759473f902 tempest-AttachVolumeTestJSON-1291976850 tempest-AttachVolumeTestJSON-1291976850-project] Lock "ae35bef3-ddc9-49bf-aa40-68bbaaa05491" acquired by "nova.context.set_target_cell..get_or_set_cached_cell_and_set_connections" :: waited 0.000s {{(pid=114671) inner /usr/local/lib/python3.8/dist-packages/oslo_concurrency/lockutils.py:355}}
Sep 05 12:37:00.866077 dv-cinder-807469-1-iscsi devstack@n-api.service[114671]: DEBUG oslo_concurrency.lockutils [None req-f7e3a85d-78ce-404f-bd7f-8e759473f902 tempest-AttachVolumeTestJSON-1291976850 tempest-AttachVolumeTestJSON-1291976850-project] Lock "ae35bef3-ddc9-49bf-aa40-68bbaaa05491" released by "nova.context.set_target_cell..get_or_set_cached_cell_and_set_connections" :: held 0.001s {{(pid=114671) inner /usr/local/lib/python3.8/dist-packages/oslo_concurrency/lockutils.py:367}}
Sep 05 12:37:01.038377 dv-cinder-807469-1-iscsi devstack@n-api.service[114671]: DEBUG nova.policy [None req-f7e3a85d-78ce-404f-bd7f-8e759473f902 tempest-AttachVolumeTestJSON-1291976850 tempest-AttachVolumeTestJSON-1291976850-project] Policy check for os_compute_api:os-extended-server-attributes failed with credentials {'is_admin': False, 'user_id': 'b5cbd33c9f2549a0bea3aa6bc3a55958', 'user_domain_id': 'default', 'system_scope': None, 'domain_id': None, 'project_id': '90123eb5ab6f48cb8dc11b8d83df9696', 'project_domain_id': 'default', 'roles': ['member', 'reader'], 'is_admin_project': True, 'service_user_id': None, 'service_user_domain_id': None, 'service_project_id': None, 'service_project_domain_id': None, 'service_roles': []} {{(pid=114671) authorize /opt/stack/nova/nova/policy.py:199}}
Sep 05 12:37:01.048896 dv-cinder-807469-1-iscsi devstack@n-api.service[114671]: INFO nova.api.openstack.requestlog [None req-f7e3a85d-78ce-404f-bd7f-8e759473f902 tempest-AttachVolumeTestJSON-1291976850 tempest-AttachVolumeTestJSON-1291976850-project] 10.222.0.16 "GET /compute/v2.1/servers/685d3907-0930-4b23-9e76-445cdca18adf" status: 200 len: 1290 microversion: 2.1 time: 0.204052
Sep 05 12:37:01.053840 dv-cinder-807469-1-iscsi devstack@n-api.service[114672]: DEBUG nova.policy [None req-64d8907b-2d46-46dc-b1b0-d9a07084c39b tempest-DeleteServersTestJSON-1018236975 tempest-DeleteServersTestJSON-1018236975-project] Policy check for os_compute_api:os-extended-server-attributes failed with credentials {'is_admin': False, 'user_id': '66bad60272f44eafae89528c88ad9ba8', 'user_domain_id': 'default', 'system_scope': None, 'domain_id': None, 'project_id': 'ad70f5a03a5749eebadd6c9578930204', 'project_domain_id': 'default', 'roles': ['member', 'reader'], 'is_admin_project': True, 'service_user_id': None, 'service_user_domain_id': None, 'service_project_id': None, 'service_project_domain_id': None, 'service_roles': []} {{(pid=114672) authorize /opt/stack/nova/nova/policy.py:199}}
Sep 05 12:37:01.054348 dv-cinder-807469-1-iscsi devstack@n-api.service[114671]: [pid: 114671|app: 0|req: 31/63] 10.222.0.16 () {58 vars in 1236 bytes} [Sun Sep 5 12:37:00 2021] GET /compute/v2.1/servers/685d3907-0930-4b23-9e76-445cdca18adf => generated 1290 bytes in 210 msecs (HTTP/1.1 200) 9 headers in 358 bytes (2 switches on core 0)
Sep 05 12:37:01.067843 dv-cinder-807469-1-iscsi devstack@n-api.service[114672]: INFO nova.api.openstack.requestlog [None req-64d8907b-2d46-46dc-b1b0-d9a07084c39b tempest-DeleteServersTestJSON-1018236975 tempest-DeleteServersTestJSON-1018236975-project] 10.222.0.16 "GET /compute/v2.1/servers/1e4d82fc-0fe2-401d-8aa3-cd2d121a1043" status: 200 len: 1315 microversion: 2.1 time: 0.662725
Sep 05 12:37:01.070076 dv-cinder-807469-1-iscsi devstack@n-api.service[114672]: [pid: 114672|app: 0|req: 33/64] 10.222.0.16 () {58 vars in 1236 bytes} [Sun Sep 5 12:37:00 2021] GET /compute/v2.1/servers/1e4d82fc-0fe2-401d-8aa3-cd2d121a1043 => generated 1315 bytes in 667 msecs (HTTP/1.1 200) 9 headers in 358 bytes (2 switches on core 0)
Sep 05 12:37:01.070193 dv-cinder-807469-1-iscsi devstack@n-api.service[114671]: DEBUG nova.api.openstack.wsgi [None req-2a7383d8-0c1a-469f-a0b8-d6659745c605 tempest-ServerRescueNegativeTestJSON-57665360 tempest-ServerRescueNegativeTestJSON-57665360-project] Calling method '>' {{(pid=114671) _process_stack /opt/stack/nova/nova/api/openstack/wsgi.py:513}}
Sep 05 12:37:01.070741 dv-cinder-807469-1-iscsi devstack@n-api.service[114671]: DEBUG nova.compute.api [None req-2a7383d8-0c1a-469f-a0b8-d6659745c605 tempest-ServerRescueNegativeTestJSON-57665360 tempest-ServerRescueNegativeTestJSON-57665360-project] [instance: a0d3a685-38cc-4ad7-b7dc-53460b8e3356] Fetching instance by UUID {{(pid=114671) get /opt/stack/nova/nova/compute/api.py:2863}}
Sep 05 12:37:01.087175 dv-cinder-807469-1-iscsi devstack@n-api.service[114671]: DEBUG oslo_concurrency.lockutils [None req-2a7383d8-0c1a-469f-a0b8-d6659745c605 tempest-ServerRescueNegativeTestJSON-57665360 tempest-ServerRescueNegativeTestJSON-57665360-project] Lock "ae35bef3-ddc9-49bf-aa40-68bbaaa05491" acquired by "nova.context.set_target_cell..get_or_set_cached_cell_and_set_connections" :: waited 0.000s {{(pid=114671) inner /usr/local/lib/python3.8/dist-packages/oslo_concurrency/lockutils.py:355}}
Sep 05 12:37:01.090697 dv-cinder-807469-1-iscsi devstack@n-api.service[114671]: DEBUG oslo_concurrency.lockutils [None req-2a7383d8-0c1a-469f-a0b8-d6659745c605 tempest-ServerRescueNegativeTestJSON-57665360 tempest-ServerRescueNegativeTestJSON-57665360-project] Lock "ae35bef3-ddc9-49bf-aa40-68bbaaa05491" released by "nova.context.set_target_cell..get_or_set_cached_cell_and_set_connections" :: held 0.004s {{(pid=114671) inner /usr/local/lib/python3.8/dist-packages/oslo_concurrency/lockutils.py:367}}
Sep 05 12:37:01.092978 dv-cinder-807469-1-iscsi devstack@n-api.service[114671]: DEBUG oslo_concurrency.lockutils [None req-2a7383d8-0c1a-469f-a0b8-d6659745c605 tempest-ServerRescueNegativeTestJSON-57665360 tempest-ServerRescueNegativeTestJSON-57665360-project] Lock "ae35bef3-ddc9-49bf-aa40-68bbaaa05491" acquired by "nova.context.set_target_cell..get_or_set_cached_cell_and_set_connections" :: waited 0.000s {{(pid=114671) inner /usr/local/lib/python3.8/dist-packages/oslo_concurrency/lockutils.py:355}}
Sep 05 12:37:01.094183 dv-cinder-807469-1-iscsi devstack@n-api.service[114671]: DEBUG oslo_concurrency.lockutils [None req-2a7383d8-0c1a-469f-a0b8-d6659745c605 tempest-ServerRescueNegativeTestJSON-57665360 tempest-ServerRescueNegativeTestJSON-57665360-project] Lock "ae35bef3-ddc9-49bf-aa40-68bbaaa05491" released by "nova.context.set_target_cell..get_or_set_cached_cell_and_set_connections" :: held 0.002s {{(pid=114671) inner /usr/local/lib/python3.8/dist-packages/oslo_concurrency/lockutils.py:367}}
Sep 05 12:37:01.254182 dv-cinder-807469-1-iscsi devstack@n-api.service[114671]: DEBUG nova.policy [None req-2a7383d8-0c1a-469f-a0b8-d6659745c605 tempest-ServerRescueNegativeTestJSON-57665360 tempest-ServerRescueNegativeTestJSON-57665360-project] Policy check for os_compute_api:os-extended-server-attributes failed with credentials {'is_admin': False, 'user_id': '00b5c721573043de9857bb1076344d7d', 'user_domain_id': 'default', 'system_scope': None, 'domain_id': None, 'project_id': '6ef11a2a6b0040a89a42e64ee03f8885', 'project_domain_id': 'default', 'roles': ['member', 'reader'], 'is_admin_project': True, 'service_user_id': None, 'service_user_domain_id': None, 'service_project_id': None, 'service_project_domain_id': None, 'service_roles': []} {{(pid=114671) authorize /opt/stack/nova/nova/policy.py:199}}
Sep 05 12:37:01.262642 dv-cinder-807469-1-iscsi devstack@n-api.service[114671]: INFO nova.api.openstack.requestlog [None req-2a7383d8-0c1a-469f-a0b8-d6659745c605 tempest-ServerRescueNegativeTestJSON-57665360 tempest-ServerRescueNegativeTestJSON-57665360-project] 10.222.0.16 "GET /compute/v2.1/servers/a0d3a685-38cc-4ad7-b7dc-53460b8e3356" status: 200 len: 1279 microversion: 2.1 time: 0.196068
Sep 05 12:37:01.265721 dv-cinder-807469-1-iscsi devstack@n-api.service[114671]: [pid: 114671|app: 0|req: 32/65] 10.222.0.16 () {58 vars in 1236 bytes} [Sun Sep 5 12:37:01 2021] GET /compute/v2.1/servers/a0d3a685-38cc-4ad7-b7dc-53460b8e3356 => generated 1279 bytes in 200 msecs (HTTP/1.1 200) 9 headers in 358 bytes (2 switches on core 0)
Sep 05 12:37:02.070544 dv-cinder-807469-1-iscsi devstack@n-api.service[114671]: DEBUG nova.api.openstack.wsgi [None req-f87ba91a-9979-4d90-8e99-bb385e2ee1fd tempest-AttachVolumeTestJSON-1291976850 tempest-AttachVolumeTestJSON-1291976850-project] Calling method '>' {{(pid=114671) _process_stack /opt/stack/nova/nova/api/openstack/wsgi.py:513}}
Sep 05 12:37:02.073377 dv-cinder-807469-1-iscsi devstack@n-api.service[114671]: DEBUG nova.compute.api [None req-f87ba91a-9979-4d90-8e99-bb385e2ee1fd tempest-AttachVolumeTestJSON-1291976850 tempest-AttachVolumeTestJSON-1291976850-project] [instance: 685d3907-0930-4b23-9e76-445cdca18adf] Fetching instance by UUID {{(pid=114671) get /opt/stack/nova/nova/compute/api.py:2863}}
Sep 05 12:37:02.095460 dv-cinder-807469-1-iscsi devstack@n-api.service[114672]: DEBUG nova.api.openstack.wsgi [req-48cdaca8-853e-47eb-bece-eec5e15ba2c6 req-8ac867c4-4758-4b0a-b205-32e7751fec71 service nova] Action: 'create', calling method: >, body: {"events": [{"name": "network-changed", "server_uuid": "ed462216-27d2-4550-88f1-ef653d0e15fc", "tag": "f1fcaac5-f1a7-449d-80d5-c792418b4064"}]} {{(pid=114672) _process_stack /opt/stack/nova/nova/api/openstack/wsgi.py:511}}
Sep 05 12:37:02.099098 dv-cinder-807469-1-iscsi devstack@n-api.service[114672]: /usr/local/lib/python3.8/dist-packages/oslo_policy/policy.py:1064: UserWarning: Policy os_compute_api:os-server-external-events:create failed scope check. The token used to make the request was project scoped but the policy requires ['system'] scope. This behavior may change in the future where using the intended scope is required
Sep 05 12:37:02.099098 dv-cinder-807469-1-iscsi devstack@n-api.service[114672]: warnings.warn(msg)
Sep 05 12:37:02.123009 dv-cinder-807469-1-iscsi devstack@n-api.service[114671]: DEBUG oslo_concurrency.lockutils [None req-f87ba91a-9979-4d90-8e99-bb385e2ee1fd tempest-AttachVolumeTestJSON-1291976850 tempest-AttachVolumeTestJSON-1291976850-project] Lock "ae35bef3-ddc9-49bf-aa40-68bbaaa05491" acquired by "nova.context.set_target_cell..get_or_set_cached_cell_and_set_connections" :: waited 0.000s {{(pid=114671) inner /usr/local/lib/python3.8/dist-packages/oslo_concurrency/lockutils.py:355}}
Sep 05 12:37:02.126686 dv-cinder-807469-1-iscsi devstack@n-api.service[114671]: DEBUG oslo_concurrency.lockutils [None req-f87ba91a-9979-4d90-8e99-bb385e2ee1fd tempest-AttachVolumeTestJSON-1291976850 tempest-AttachVolumeTestJSON-1291976850-project] Lock "ae35bef3-ddc9-49bf-aa40-68bbaaa05491" released by "nova.context.set_target_cell..get_or_set_cached_cell_and_set_connections" :: held 0.002s {{(pid=114671) inner /usr/local/lib/python3.8/dist-packages/oslo_concurrency/lockutils.py:367}}
Sep 05 12:37:02.130196 dv-cinder-807469-1-iscsi devstack@n-api.service[114671]: DEBUG oslo_concurrency.lockutils [None req-f87ba91a-9979-4d90-8e99-bb385e2ee1fd tempest-AttachVolumeTestJSON-1291976850 tempest-AttachVolumeTestJSON-1291976850-project] Lock "ae35bef3-ddc9-49bf-aa40-68bbaaa05491" acquired by "nova.context.set_target_cell..get_or_set_cached_cell_and_set_connections" :: waited 0.001s {{(pid=114671) inner /usr/local/lib/python3.8/dist-packages/oslo_concurrency/lockutils.py:355}}
Sep 05 12:37:02.131466 dv-cinder-807469-1-iscsi devstack@n-api.service[114671]: DEBUG oslo_concurrency.lockutils [None req-f87ba91a-9979-4d90-8e99-bb385e2ee1fd tempest-AttachVolumeTestJSON-1291976850 tempest-AttachVolumeTestJSON-1291976850-project] Lock "ae35bef3-ddc9-49bf-aa40-68bbaaa05491" released by "nova.context.set_target_cell..get_or_set_cached_cell_and_set_connections" :: held 0.001s {{(pid=114671) inner /usr/local/lib/python3.8/dist-packages/oslo_concurrency/lockutils.py:367}}
Sep 05 12:37:02.155414 dv-cinder-807469-1-iscsi devstack@n-api.service[114672]: DEBUG oslo_concurrency.lockutils [req-48cdaca8-853e-47eb-bece-eec5e15ba2c6 req-8ac867c4-4758-4b0a-b205-32e7751fec71 service nova] Lock "ae35bef3-ddc9-49bf-aa40-68bbaaa05491" acquired by "nova.context.set_target_cell..get_or_set_cached_cell_and_set_connections" :: waited 0.000s {{(pid=114672) inner /usr/local/lib/python3.8/dist-packages/oslo_concurrency/lockutils.py:355}}
Sep 05 12:37:02.157527 dv-cinder-807469-1-iscsi devstack@n-api.service[114672]: DEBUG oslo_concurrency.lockutils [req-48cdaca8-853e-47eb-bece-eec5e15ba2c6 req-8ac867c4-4758-4b0a-b205-32e7751fec71 service nova] Lock "ae35bef3-ddc9-49bf-aa40-68bbaaa05491" released by "nova.context.set_target_cell..get_or_set_cached_cell_and_set_connections" :: held 0.002s {{(pid=114672) inner /usr/local/lib/python3.8/dist-packages/oslo_concurrency/lockutils.py:367}}
Sep 05 12:37:02.202486 dv-cinder-807469-1-iscsi devstack@n-api.service[114672]: INFO nova.api.openstack.compute.server_external_events [req-48cdaca8-853e-47eb-bece-eec5e15ba2c6 req-8ac867c4-4758-4b0a-b205-32e7751fec71 service nova] Creating event network-changed:f1fcaac5-f1a7-449d-80d5-c792418b4064 for instance ed462216-27d2-4550-88f1-ef653d0e15fc on hv-cinder-80746
Sep 05 12:37:02.203728 dv-cinder-807469-1-iscsi devstack@n-api.service[114672]: DEBUG oslo_concurrency.lockutils [req-48cdaca8-853e-47eb-bece-eec5e15ba2c6 req-8ac867c4-4758-4b0a-b205-32e7751fec71 service nova] Acquired lock "compute-rpcapi-router" {{(pid=114672) lock /usr/local/lib/python3.8/dist-packages/oslo_concurrency/lockutils.py:266}}
Sep 05 12:37:02.204968 dv-cinder-807469-1-iscsi devstack@n-api.service[114672]: DEBUG oslo_concurrency.lockutils [None req-8b7cf1d0-37c4-4bef-bde1-ad22a12776a9 None None] Lock "00000000-0000-0000-0000-000000000000" acquired by "nova.context.set_target_cell..get_or_set_cached_cell_and_set_connections" :: waited 0.000s {{(pid=114672) inner /usr/local/lib/python3.8/dist-packages/oslo_concurrency/lockutils.py:355}}
Sep 05 12:37:02.205716 dv-cinder-807469-1-iscsi devstack@n-api.service[114672]: DEBUG oslo_concurrency.lockutils [None req-8b7cf1d0-37c4-4bef-bde1-ad22a12776a9 None None] Lock "00000000-0000-0000-0000-000000000000" released by "nova.context.set_target_cell..get_or_set_cached_cell_and_set_connections" :: held 0.001s {{(pid=114672) inner /usr/local/lib/python3.8/dist-packages/oslo_concurrency/lockutils.py:367}}
Sep 05 12:37:02.206817 dv-cinder-807469-1-iscsi devstack@n-api.service[114672]: DEBUG oslo_concurrency.lockutils [None req-8b7cf1d0-37c4-4bef-bde1-ad22a12776a9 None None] Lock "ae35bef3-ddc9-49bf-aa40-68bbaaa05491" acquired by "nova.context.set_target_cell..get_or_set_cached_cell_and_set_connections" :: waited 0.000s {{(pid=114672) inner /usr/local/lib/python3.8/dist-packages/oslo_concurrency/lockutils.py:355}}
Sep 05 12:37:02.207407 dv-cinder-807469-1-iscsi devstack@n-api.service[114672]: DEBUG oslo_concurrency.lockutils [None req-8b7cf1d0-37c4-4bef-bde1-ad22a12776a9 None None] Lock "ae35bef3-ddc9-49bf-aa40-68bbaaa05491" released by "nova.context.set_target_cell..get_or_set_cached_cell_and_set_connections" :: held 0.001s {{(pid=114672) inner /usr/local/lib/python3.8/dist-packages/oslo_concurrency/lockutils.py:367}}
Sep 05 12:37:02.221234 dv-cinder-807469-1-iscsi devstack@n-api.service[114672]: INFO nova.compute.rpcapi [None req-8b7cf1d0-37c4-4bef-bde1-ad22a12776a9 None None] Automatically selected compute RPC version 6.0 from minimum service version 60
Sep 05 12:37:02.223577 dv-cinder-807469-1-iscsi devstack@n-api.service[114672]: DEBUG oslo_concurrency.lockutils [None req-8b7cf1d0-37c4-4bef-bde1-ad22a12776a9 None None] Releasing lock "compute-rpcapi-router" {{(pid=114672) lock /usr/local/lib/python3.8/dist-packages/oslo_concurrency/lockutils.py:282}}
Sep 05 12:37:02.268076 dv-cinder-807469-1-iscsi devstack@n-api.service[114672]: INFO nova.api.openstack.requestlog [None req-8b7cf1d0-37c4-4bef-bde1-ad22a12776a9 None None] 10.222.0.16 "POST /compute/v2.1/os-server-external-events" status: 200 len: 179 microversion: 2.1 time: 0.268982
Sep 05 12:37:02.268878 dv-cinder-807469-1-iscsi devstack@n-api.service[114672]: [pid: 114672|app: 0|req: 34/66] 10.222.0.16 () {64 vars in 1318 bytes} [Sun Sep 5 12:37:01 2021] POST /compute/v2.1/os-server-external-events => generated 179 bytes in 271 msecs (HTTP/1.1 200) 9 headers in 357 bytes (1 switches on core 0)
Sep 05 12:37:02.277667 dv-cinder-807469-1-iscsi devstack@n-api.service[114672]: DEBUG nova.api.openstack.wsgi [None req-ca757895-b5a4-4bd9-8c37-52f784ae6087 tempest-DeleteServersTestJSON-1018236975 tempest-DeleteServersTestJSON-1018236975-project] Calling method '>' {{(pid=114672) _process_stack /opt/stack/nova/nova/api/openstack/wsgi.py:513}}
Sep 05 12:37:02.278684 dv-cinder-807469-1-iscsi devstack@n-api.service[114672]: DEBUG nova.compute.api [None req-ca757895-b5a4-4bd9-8c37-52f784ae6087 tempest-DeleteServersTestJSON-1018236975 tempest-DeleteServersTestJSON-1018236975-project] [instance: 1e4d82fc-0fe2-401d-8aa3-cd2d121a1043] Fetching instance by UUID {{(pid=114672) get /opt/stack/nova/nova/compute/api.py:2863}}
Sep 05 12:37:02.288021 dv-cinder-807469-1-iscsi devstack@n-api.service[114672]: DEBUG oslo_concurrency.lockutils [None req-ca757895-b5a4-4bd9-8c37-52f784ae6087 tempest-DeleteServersTestJSON-1018236975 tempest-DeleteServersTestJSON-1018236975-project] Lock "ae35bef3-ddc9-49bf-aa40-68bbaaa05491" acquired by "nova.context.set_target_cell..get_or_set_cached_cell_and_set_connections" :: waited 0.000s {{(pid=114672) inner /usr/local/lib/python3.8/dist-packages/oslo_concurrency/lockutils.py:355}}
Sep 05 12:37:02.288759 dv-cinder-807469-1-iscsi devstack@n-api.service[114672]: DEBUG oslo_concurrency.lockutils [None req-ca757895-b5a4-4bd9-8c37-52f784ae6087 tempest-DeleteServersTestJSON-1018236975 tempest-DeleteServersTestJSON-1018236975-project] Lock "ae35bef3-ddc9-49bf-aa40-68bbaaa05491" released by "nova.context.set_target_cell..get_or_set_cached_cell_and_set_connections" :: held 0.001s {{(pid=114672) inner /usr/local/lib/python3.8/dist-packages/oslo_concurrency/lockutils.py:367}}
Sep 05 12:37:02.289222 dv-cinder-807469-1-iscsi devstack@n-api.service[114671]: DEBUG nova.policy [None req-f87ba91a-9979-4d90-8e99-bb385e2ee1fd tempest-AttachVolumeTestJSON-1291976850 tempest-AttachVolumeTestJSON-1291976850-project] Policy check for os_compute_api:os-extended-server-attributes failed with credentials {'is_admin': False, 'user_id': 'b5cbd33c9f2549a0bea3aa6bc3a55958', 'user_domain_id': 'default', 'system_scope': None, 'domain_id': None, 'project_id': '90123eb5ab6f48cb8dc11b8d83df9696', 'project_domain_id': 'default', 'roles': ['member', 'reader'], 'is_admin_project': True, 'service_user_id': None, 'service_user_domain_id': None, 'service_project_id': None, 'service_project_domain_id': None, 'service_roles': []} {{(pid=114671) authorize /opt/stack/nova/nova/policy.py:199}}
Sep 05 12:37:02.290675 dv-cinder-807469-1-iscsi devstack@n-api.service[114672]: DEBUG oslo_concurrency.lockutils [None req-ca757895-b5a4-4bd9-8c37-52f784ae6087 tempest-DeleteServersTestJSON-1018236975 tempest-DeleteServersTestJSON-1018236975-project] Lock "ae35bef3-ddc9-49bf-aa40-68bbaaa05491" acquired by "nova.context.set_target_cell..get_or_set_cached_cell_and_set_connections" :: waited 0.000s {{(pid=114672) inner /usr/local/lib/python3.8/dist-packages/oslo_concurrency/lockutils.py:355}}
Sep 05 12:37:02.292067 dv-cinder-807469-1-iscsi devstack@n-api.service[114672]: DEBUG oslo_concurrency.lockutils [None req-ca757895-b5a4-4bd9-8c37-52f784ae6087 tempest-DeleteServersTestJSON-1018236975 tempest-DeleteServersTestJSON-1018236975-project] Lock "ae35bef3-ddc9-49bf-aa40-68bbaaa05491" released by "nova.context.set_target_cell..get_or_set_cached_cell_and_set_connections" :: held 0.001s {{(pid=114672) inner /usr/local/lib/python3.8/dist-packages/oslo_concurrency/lockutils.py:367}}
Sep 05 12:37:02.297432 dv-cinder-807469-1-iscsi devstack@n-api.service[114671]: INFO nova.api.openstack.requestlog [None req-f87ba91a-9979-4d90-8e99-bb385e2ee1fd tempest-AttachVolumeTestJSON-1291976850 tempest-AttachVolumeTestJSON-1291976850-project] 10.222.0.16 "GET /compute/v2.1/servers/685d3907-0930-4b23-9e76-445cdca18adf" status: 200 len: 1296 microversion: 2.1 time: 0.234624
Sep 05 12:37:02.302903 dv-cinder-807469-1-iscsi devstack@n-api.service[114671]: [pid: 114671|app: 0|req: 33/67] 10.222.0.16 () {58 vars in 1236 bytes} [Sun Sep 5 12:37:02 2021] GET /compute/v2.1/servers/685d3907-0930-4b23-9e76-445cdca18adf => generated 1296 bytes in 241 msecs (HTTP/1.1 200) 9 headers in 358 bytes (1 switches on core 0)
Sep 05 12:37:02.326727 dv-cinder-807469-1-iscsi devstack@n-api.service[114671]: DEBUG nova.api.openstack.wsgi [None req-d80c176d-5520-4194-b90d-e1344b285ae8 tempest-ServerRescueNegativeTestJSON-57665360 tempest-ServerRescueNegativeTestJSON-57665360-project] Calling method '>' {{(pid=114671) _process_stack /opt/stack/nova/nova/api/openstack/wsgi.py:513}}
Sep 05 12:37:02.327541 dv-cinder-807469-1-iscsi devstack@n-api.service[114671]: DEBUG nova.compute.api [None req-d80c176d-5520-4194-b90d-e1344b285ae8 tempest-ServerRescueNegativeTestJSON-57665360 tempest-ServerRescueNegativeTestJSON-57665360-project] [instance: a0d3a685-38cc-4ad7-b7dc-53460b8e3356] Fetching instance by UUID {{(pid=114671) get /opt/stack/nova/nova/compute/api.py:2863}}
Sep 05 12:37:02.343349 dv-cinder-807469-1-iscsi devstack@n-api.service[114671]: DEBUG oslo_concurrency.lockutils [None req-d80c176d-5520-4194-b90d-e1344b285ae8 tempest-ServerRescueNegativeTestJSON-57665360 tempest-ServerRescueNegativeTestJSON-57665360-project] Lock "ae35bef3-ddc9-49bf-aa40-68bbaaa05491" acquired by "nova.context.set_target_cell..get_or_set_cached_cell_and_set_connections" :: waited 0.000s {{(pid=114671) inner /usr/local/lib/python3.8/dist-packages/oslo_concurrency/lockutils.py:355}}
Sep 05 12:37:02.344059 dv-cinder-807469-1-iscsi devstack@n-api.service[114671]: DEBUG oslo_concurrency.lockutils [None req-d80c176d-5520-4194-b90d-e1344b285ae8 tempest-ServerRescueNegativeTestJSON-57665360 tempest-ServerRescueNegativeTestJSON-57665360-project] Lock "ae35bef3-ddc9-49bf-aa40-68bbaaa05491" released by "nova.context.set_target_cell..get_or_set_cached_cell_and_set_connections" :: held 0.001s {{(pid=114671) inner /usr/local/lib/python3.8/dist-packages/oslo_concurrency/lockutils.py:367}}
Sep 05 12:37:02.345176 dv-cinder-807469-1-iscsi devstack@n-api.service[114671]: DEBUG oslo_concurrency.lockutils [None req-d80c176d-5520-4194-b90d-e1344b285ae8 tempest-ServerRescueNegativeTestJSON-57665360 tempest-ServerRescueNegativeTestJSON-57665360-project] Lock "ae35bef3-ddc9-49bf-aa40-68bbaaa05491" acquired by "nova.context.set_target_cell..get_or_set_cached_cell_and_set_connections" :: waited 0.000s {{(pid=114671) inner /usr/local/lib/python3.8/dist-packages/oslo_concurrency/lockutils.py:355}}
Sep 05 12:37:02.345829 dv-cinder-807469-1-iscsi devstack@n-api.service[114671]: DEBUG oslo_concurrency.lockutils [None req-d80c176d-5520-4194-b90d-e1344b285ae8 tempest-ServerRescueNegativeTestJSON-57665360 tempest-ServerRescueNegativeTestJSON-57665360-project] Lock "ae35bef3-ddc9-49bf-aa40-68bbaaa05491" released by "nova.context.set_target_cell..get_or_set_cached_cell_and_set_connections" :: held 0.001s {{(pid=114671) inner /usr/local/lib/python3.8/dist-packages/oslo_concurrency/lockutils.py:367}}
Sep 05 12:37:02.486874 dv-cinder-807469-1-iscsi devstack@n-api.service[114671]: DEBUG nova.policy [None req-d80c176d-5520-4194-b90d-e1344b285ae8 tempest-ServerRescueNegativeTestJSON-57665360 tempest-ServerRescueNegativeTestJSON-57665360-project] Policy check for os_compute_api:os-extended-server-attributes failed with credentials {'is_admin': False, 'user_id': '00b5c721573043de9857bb1076344d7d', 'user_domain_id': 'default', 'system_scope': None, 'domain_id': None, 'project_id': '6ef11a2a6b0040a89a42e64ee03f8885', 'project_domain_id': 'default', 'roles': ['member', 'reader'], 'is_admin_project': True, 'service_user_id': None, 'service_user_domain_id': None, 'service_project_id': None, 'service_project_domain_id': None, 'service_roles': []} {{(pid=114671) authorize /opt/stack/nova/nova/policy.py:199}}
Sep 05 12:37:02.500243 dv-cinder-807469-1-iscsi devstack@n-api.service[114671]: INFO nova.api.openstack.requestlog [None req-d80c176d-5520-4194-b90d-e1344b285ae8 tempest-ServerRescueNegativeTestJSON-57665360 tempest-ServerRescueNegativeTestJSON-57665360-project] 10.222.0.16 "GET /compute/v2.1/servers/a0d3a685-38cc-4ad7-b7dc-53460b8e3356" status: 200 len: 1279 microversion: 2.1 time: 0.194217
Sep 05 12:37:02.501584 dv-cinder-807469-1-iscsi devstack@n-api.service[114671]: [pid: 114671|app: 0|req: 34/68] 10.222.0.16 () {58 vars in 1236 bytes} [Sun Sep 5 12:37:02 2021] GET /compute/v2.1/servers/a0d3a685-38cc-4ad7-b7dc-53460b8e3356 => generated 1279 bytes in 198 msecs (HTTP/1.1 200) 9 headers in 358 bytes (1 switches on core 0)
Sep 05 12:37:02.538936 dv-cinder-807469-1-iscsi devstack@n-api.service[114671]: DEBUG nova.api.openstack.wsgi [None req-4f9dbba5-9a85-4e03-b016-0b0c7ed3e4c1 tempest-VolumesTestJSON-1483920787 tempest-VolumesTestJSON-1483920787-project] Calling method '.version_select at 0x7f1dae96f310>' {{(pid=114671) _process_stack /opt/stack/nova/nova/api/openstack/wsgi.py:513}}
Sep 05 12:37:02.609015 dv-cinder-807469-1-iscsi devstack@n-api.service[114671]: INFO nova.api.openstack.requestlog [None req-4f9dbba5-9a85-4e03-b016-0b0c7ed3e4c1 tempest-VolumesTestJSON-1483920787 tempest-VolumesTestJSON-1483920787-project] 10.222.0.16 "GET /compute/v2.1/os-volumes/62767b5d-7ec7-423e-93fe-aa72a2ea7951" status: 200 len: 350 microversion: 2.1 time: 0.073509
Sep 05 12:37:02.609669 dv-cinder-807469-1-iscsi devstack@n-api.service[114671]: [pid: 114671|app: 0|req: 35/69] 10.222.0.16 () {58 vars in 1245 bytes} [Sun Sep 5 12:37:02 2021] GET /compute/v2.1/os-volumes/62767b5d-7ec7-423e-93fe-aa72a2ea7951 => generated 350 bytes in 75 msecs (HTTP/1.1 200) 9 headers in 357 bytes (2 switches on core 0)
Sep 05 12:37:02.621865 dv-cinder-807469-1-iscsi devstack@n-api.service[114671]: DEBUG nova.api.openstack.wsgi [None req-a11ce347-5825-4c68-9f93-931f91145a44 tempest-VolumesTestJSON-1483920787 tempest-VolumesTestJSON-1483920787-project] Calling method '.version_select at 0x7f1daf200af0>' {{(pid=114671) _process_stack /opt/stack/nova/nova/api/openstack/wsgi.py:513}}
Sep 05 12:37:02.709130 dv-cinder-807469-1-iscsi devstack@n-api.service[114672]: DEBUG nova.policy [None req-ca757895-b5a4-4bd9-8c37-52f784ae6087 tempest-DeleteServersTestJSON-1018236975 tempest-DeleteServersTestJSON-1018236975-project] Policy check for os_compute_api:os-extended-server-attributes failed with credentials {'is_admin': False, 'user_id': '66bad60272f44eafae89528c88ad9ba8', 'user_domain_id': 'default', 'system_scope': None, 'domain_id': None, 'project_id': 'ad70f5a03a5749eebadd6c9578930204', 'project_domain_id': 'default', 'roles': ['member', 'reader'], 'is_admin_project': True, 'service_user_id': None, 'service_user_domain_id': None, 'service_project_id': None, 'service_project_domain_id': None, 'service_roles': []} {{(pid=114672) authorize /opt/stack/nova/nova/policy.py:199}}
Sep 05 12:37:02.719197 dv-cinder-807469-1-iscsi devstack@n-api.service[114672]: INFO nova.api.openstack.requestlog [None req-ca757895-b5a4-4bd9-8c37-52f784ae6087 tempest-DeleteServersTestJSON-1018236975 tempest-DeleteServersTestJSON-1018236975-project] 10.222.0.16 "GET /compute/v2.1/servers/1e4d82fc-0fe2-401d-8aa3-cd2d121a1043" status: 200 len: 1315 microversion: 2.1 time: 0.447760
Sep 05 12:37:02.724092 dv-cinder-807469-1-iscsi devstack@n-api.service[114672]: [pid: 114672|app: 0|req: 35/70] 10.222.0.16 () {58 vars in 1236 bytes} [Sun Sep 5 12:37:02 2021] GET /compute/v2.1/servers/1e4d82fc-0fe2-401d-8aa3-cd2d121a1043 => generated 1315 bytes in 454 msecs (HTTP/1.1 200) 9 headers in 358 bytes (1 switches on core 0)
Sep 05 12:37:02.749865 dv-cinder-807469-1-iscsi devstack@n-api.service[114671]: INFO nova.api.openstack.requestlog [None req-a11ce347-5825-4c68-9f93-931f91145a44 tempest-VolumesTestJSON-1483920787 tempest-VolumesTestJSON-1483920787-project] 10.222.0.16 "GET /compute/v2.1/os-volumes" status: 200 len: 1034 microversion: 2.1 time: 0.132133
Sep 05 12:37:02.757834 dv-cinder-807469-1-iscsi devstack@n-api.service[114671]: [pid: 114671|app: 0|req: 36/71] 10.222.0.16 () {58 vars in 1134 bytes} [Sun Sep 5 12:37:02 2021] GET /compute/v2.1/os-volumes => generated 1034 bytes in 135 msecs (HTTP/1.1 200) 9 headers in 358 bytes (1 switches on core 0)
Sep 05 12:37:02.763156 dv-cinder-807469-1-iscsi devstack@n-api.service[114672]: DEBUG nova.api.openstack.wsgi [None req-b318773c-711d-4d38-9850-18411ab590aa tempest-VolumesTestJSON-1483920787 tempest-VolumesTestJSON-1483920787-project] Calling method '.version_select at 0x7f1daf278c10>' {{(pid=114672) _process_stack /opt/stack/nova/nova/api/openstack/wsgi.py:513}}
Sep 05 12:37:02.879362 dv-cinder-807469-1-iscsi devstack@n-api.service[114672]: INFO nova.api.openstack.requestlog [None req-b318773c-711d-4d38-9850-18411ab590aa tempest-VolumesTestJSON-1483920787 tempest-VolumesTestJSON-1483920787-project] 10.222.0.16 "GET /compute/v2.1/os-volumes?limit=2" status: 200 len: 693 microversion: 2.1 time: 0.119267
Sep 05 12:37:02.880015 dv-cinder-807469-1-iscsi devstack@n-api.service[114672]: [pid: 114672|app: 0|req: 36/72] 10.222.0.16 () {58 vars in 1149 bytes} [Sun Sep 5 12:37:02 2021] GET /compute/v2.1/os-volumes?limit=2 => generated 693 bytes in 121 msecs (HTTP/1.1 200) 9 headers in 357 bytes (1 switches on core 0)
Sep 05 12:37:02.894474 dv-cinder-807469-1-iscsi devstack@n-api.service[114671]: DEBUG nova.api.openstack.wsgi [None req-583a7536-d79a-48d2-92e5-17bf4657133c tempest-VolumesTestJSON-1483920787 tempest-VolumesTestJSON-1483920787-project] Calling method '.version_select at 0x7f1daf200160>' {{(pid=114671) _process_stack /opt/stack/nova/nova/api/openstack/wsgi.py:513}}
Sep 05 12:37:03.012434 dv-cinder-807469-1-iscsi devstack@n-api.service[114671]: INFO nova.api.openstack.requestlog [None req-583a7536-d79a-48d2-92e5-17bf4657133c tempest-VolumesTestJSON-1483920787 tempest-VolumesTestJSON-1483920787-project] 10.222.0.16 "GET /compute/v2.1/os-volumes" status: 200 len: 1034 microversion: 2.1 time: 0.122850
Sep 05 12:37:03.013447 dv-cinder-807469-1-iscsi devstack@n-api.service[114671]: [pid: 114671|app: 0|req: 37/73] 10.222.0.16 () {58 vars in 1134 bytes} [Sun Sep 5 12:37:02 2021] GET /compute/v2.1/os-volumes => generated 1034 bytes in 124 msecs (HTTP/1.1 200) 9 headers in 358 bytes (1 switches on core 0)
Sep 05 12:37:03.026266 dv-cinder-807469-1-iscsi devstack@n-api.service[114672]: DEBUG nova.api.openstack.wsgi [None req-f99fa721-43fa-4ff3-9c2c-3b7977225f5f tempest-VolumesTestJSON-1483920787 tempest-VolumesTestJSON-1483920787-project] Calling method '.version_select at 0x7f1daf1f2e50>' {{(pid=114672) _process_stack /opt/stack/nova/nova/api/openstack/wsgi.py:513}}
Sep 05 12:37:03.162104 dv-cinder-807469-1-iscsi devstack@n-api.service[114672]: INFO nova.api.openstack.requestlog [None req-f99fa721-43fa-4ff3-9c2c-3b7977225f5f tempest-VolumesTestJSON-1483920787 tempest-VolumesTestJSON-1483920787-project] 10.222.0.16 "GET /compute/v2.1/os-volumes?offset=1&limit=1" status: 200 len: 353 microversion: 2.1 time: 0.140078
Sep 05 12:37:03.162674 dv-cinder-807469-1-iscsi devstack@n-api.service[114672]: [pid: 114672|app: 0|req: 37/74] 10.222.0.16 () {58 vars in 1167 bytes} [Sun Sep 5 12:37:03 2021] GET /compute/v2.1/os-volumes?offset=1&limit=1 => generated 353 bytes in 141 msecs (HTTP/1.1 200) 9 headers in 357 bytes (1 switches on core 0)
Sep 05 12:37:03.174895 dv-cinder-807469-1-iscsi devstack@n-api.service[114671]: DEBUG nova.api.openstack.wsgi [None req-a4f8244a-17d4-4f84-8875-d1232c937ceb tempest-VolumesTestJSON-1483920787 tempest-VolumesTestJSON-1483920787-project] Calling method '.version_select at 0x7f1daf280b80>' {{(pid=114671) _process_stack /opt/stack/nova/nova/api/openstack/wsgi.py:513}}
Sep 05 12:37:03.321852 dv-cinder-807469-1-iscsi devstack@n-api.service[114672]: DEBUG nova.api.openstack.wsgi [None req-d4160ae5-4c7d-42eb-88b7-c27c767db95a tempest-AttachVolumeTestJSON-1291976850 tempest-AttachVolumeTestJSON-1291976850-project] Calling method '>' {{(pid=114672) _process_stack /opt/stack/nova/nova/api/openstack/wsgi.py:513}}
Sep 05 12:37:03.323176 dv-cinder-807469-1-iscsi devstack@n-api.service[114672]: DEBUG nova.compute.api [None req-d4160ae5-4c7d-42eb-88b7-c27c767db95a tempest-AttachVolumeTestJSON-1291976850 tempest-AttachVolumeTestJSON-1291976850-project] [instance: 685d3907-0930-4b23-9e76-445cdca18adf] Fetching instance by UUID {{(pid=114672) get /opt/stack/nova/nova/compute/api.py:2863}}
Sep 05 12:37:03.340285 dv-cinder-807469-1-iscsi devstack@n-api.service[114671]: INFO nova.api.openstack.requestlog [None req-a4f8244a-17d4-4f84-8875-d1232c937ceb tempest-VolumesTestJSON-1483920787 tempest-VolumesTestJSON-1483920787-project] 10.222.0.16 "GET /compute/v2.1/os-volumes/detail?limit=2" status: 200 len: 693 microversion: 2.1 time: 0.168223
Sep 05 12:37:03.340516 dv-cinder-807469-1-iscsi devstack@n-api.service[114672]: DEBUG oslo_concurrency.lockutils [None req-d4160ae5-4c7d-42eb-88b7-c27c767db95a tempest-AttachVolumeTestJSON-1291976850 tempest-AttachVolumeTestJSON-1291976850-project] Lock "ae35bef3-ddc9-49bf-aa40-68bbaaa05491" acquired by "nova.context.set_target_cell..get_or_set_cached_cell_and_set_connections" :: waited 0.000s {{(pid=114672) inner /usr/local/lib/python3.8/dist-packages/oslo_concurrency/lockutils.py:355}}
Sep 05 12:37:03.341183 dv-cinder-807469-1-iscsi devstack@n-api.service[114672]: DEBUG oslo_concurrency.lockutils [None req-d4160ae5-4c7d-42eb-88b7-c27c767db95a tempest-AttachVolumeTestJSON-1291976850 tempest-AttachVolumeTestJSON-1291976850-project] Lock "ae35bef3-ddc9-49bf-aa40-68bbaaa05491" released by "nova.context.set_target_cell..get_or_set_cached_cell_and_set_connections" :: held 0.001s {{(pid=114672) inner /usr/local/lib/python3.8/dist-packages/oslo_concurrency/lockutils.py:367}}
Sep 05 12:37:03.341608 dv-cinder-807469-1-iscsi devstack@n-api.service[114671]: [pid: 114671|app: 0|req: 38/75] 10.222.0.16 () {58 vars in 1170 bytes} [Sun Sep 5 12:37:03 2021] GET /compute/v2.1/os-volumes/detail?limit=2 => generated 693 bytes in 171 msecs (HTTP/1.1 200) 9 headers in 357 bytes (1 switches on core 0)
Sep 05 12:37:03.342848 dv-cinder-807469-1-iscsi devstack@n-api.service[114672]: DEBUG oslo_concurrency.lockutils [None req-d4160ae5-4c7d-42eb-88b7-c27c767db95a tempest-AttachVolumeTestJSON-1291976850 tempest-AttachVolumeTestJSON-1291976850-project] Lock "ae35bef3-ddc9-49bf-aa40-68bbaaa05491" acquired by "nova.context.set_target_cell..get_or_set_cached_cell_and_set_connections" :: waited 0.000s {{(pid=114672) inner /usr/local/lib/python3.8/dist-packages/oslo_concurrency/lockutils.py:355}}
Sep 05 12:37:03.346013 dv-cinder-807469-1-iscsi devstack@n-api.service[114672]: DEBUG oslo_concurrency.lockutils [None req-d4160ae5-4c7d-42eb-88b7-c27c767db95a tempest-AttachVolumeTestJSON-1291976850 tempest-AttachVolumeTestJSON-1291976850-project] Lock "ae35bef3-ddc9-49bf-aa40-68bbaaa05491" released by "nova.context.set_target_cell..get_or_set_cached_cell_and_set_connections" :: held 0.000s {{(pid=114672) inner /usr/local/lib/python3.8/dist-packages/oslo_concurrency/lockutils.py:367}}
Sep 05 12:37:03.353483 dv-cinder-807469-1-iscsi devstack@n-api.service[114671]: DEBUG nova.api.openstack.wsgi [None req-61e30d6d-fe5b-4e1f-913c-7f678f027153 tempest-VolumesTestJSON-1483920787 tempest-VolumesTestJSON-1483920787-project] Calling method '.version_select at 0x7f1dae954b80>' {{(pid=114671) _process_stack /opt/stack/nova/nova/api/openstack/wsgi.py:513}}
Sep 05 12:37:03.489650 dv-cinder-807469-1-iscsi devstack@n-api.service[114671]: INFO nova.api.openstack.requestlog [None req-61e30d6d-fe5b-4e1f-913c-7f678f027153 tempest-VolumesTestJSON-1483920787 tempest-VolumesTestJSON-1483920787-project] 10.222.0.16 "GET /compute/v2.1/os-volumes/detail" status: 200 len: 1034 microversion: 2.1 time: 0.139944
Sep 05 12:37:03.490366 dv-cinder-807469-1-iscsi devstack@n-api.service[114671]: [pid: 114671|app: 0|req: 39/76] 10.222.0.16 () {58 vars in 1155 bytes} [Sun Sep 5 12:37:03 2021] GET /compute/v2.1/os-volumes/detail => generated 1034 bytes in 141 msecs (HTTP/1.1 200) 9 headers in 358 bytes (1 switches on core 0)
Sep 05 12:37:03.502228 dv-cinder-807469-1-iscsi devstack@n-api.service[114671]: DEBUG nova.api.openstack.wsgi [None req-21207cf6-16d0-4304-9dfe-556d87183a65 tempest-VolumesTestJSON-1483920787 tempest-VolumesTestJSON-1483920787-project] Calling method '.version_select at 0x7f1daf2490d0>' {{(pid=114671) _process_stack /opt/stack/nova/nova/api/openstack/wsgi.py:513}}
Sep 05 12:37:03.619388 dv-cinder-807469-1-iscsi devstack@n-api.service[114671]: INFO nova.api.openstack.requestlog [None req-21207cf6-16d0-4304-9dfe-556d87183a65 tempest-VolumesTestJSON-1483920787 tempest-VolumesTestJSON-1483920787-project] 10.222.0.16 "GET /compute/v2.1/os-volumes/detail?offset=1&limit=1" status: 200 len: 353 microversion: 2.1 time: 0.121406
Sep 05 12:37:03.620279 dv-cinder-807469-1-iscsi devstack@n-api.service[114671]: [pid: 114671|app: 0|req: 40/77] 10.222.0.16 () {58 vars in 1188 bytes} [Sun Sep 5 12:37:03 2021] GET /compute/v2.1/os-volumes/detail?offset=1&limit=1 => generated 353 bytes in 123 msecs (HTTP/1.1 200) 9 headers in 357 bytes (1 switches on core 0)
Sep 05 12:37:03.625091 dv-cinder-807469-1-iscsi devstack@n-api.service[114671]: DEBUG nova.api.openstack.wsgi [None req-18a9bb8d-2c62-4235-833f-2aa4ba9a7171 tempest-ServerRescueNegativeTestJSON-57665360 tempest-ServerRescueNegativeTestJSON-57665360-project] Calling method '>' {{(pid=114671) _process_stack /opt/stack/nova/nova/api/openstack/wsgi.py:513}}
Sep 05 12:37:03.626689 dv-cinder-807469-1-iscsi devstack@n-api.service[114671]: DEBUG nova.compute.api [None req-18a9bb8d-2c62-4235-833f-2aa4ba9a7171 tempest-ServerRescueNegativeTestJSON-57665360 tempest-ServerRescueNegativeTestJSON-57665360-project] [instance: a0d3a685-38cc-4ad7-b7dc-53460b8e3356] Fetching instance by UUID {{(pid=114671) get /opt/stack/nova/nova/compute/api.py:2863}}
Sep 05 12:37:03.633083 dv-cinder-807469-1-iscsi devstack@n-api.service[114671]: DEBUG oslo_concurrency.lockutils [None req-18a9bb8d-2c62-4235-833f-2aa4ba9a7171 tempest-ServerRescueNegativeTestJSON-57665360 tempest-ServerRescueNegativeTestJSON-57665360-project] Lock "ae35bef3-ddc9-49bf-aa40-68bbaaa05491" acquired by "nova.context.set_target_cell..get_or_set_cached_cell_and_set_connections" :: waited 0.000s {{(pid=114671) inner /usr/local/lib/python3.8/dist-packages/oslo_concurrency/lockutils.py:355}}
Sep 05 12:37:03.633668 dv-cinder-807469-1-iscsi devstack@n-api.service[114671]: DEBUG oslo_concurrency.lockutils [None req-18a9bb8d-2c62-4235-833f-2aa4ba9a7171 tempest-ServerRescueNegativeTestJSON-57665360 tempest-ServerRescueNegativeTestJSON-57665360-project] Lock "ae35bef3-ddc9-49bf-aa40-68bbaaa05491" released by "nova.context.set_target_cell..get_or_set_cached_cell_and_set_connections" :: held 0.001s {{(pid=114671) inner /usr/local/lib/python3.8/dist-packages/oslo_concurrency/lockutils.py:367}}
Sep 05 12:37:03.634610 dv-cinder-807469-1-iscsi devstack@n-api.service[114671]: DEBUG oslo_concurrency.lockutils [None req-18a9bb8d-2c62-4235-833f-2aa4ba9a7171 tempest-ServerRescueNegativeTestJSON-57665360 tempest-ServerRescueNegativeTestJSON-57665360-project] Lock "ae35bef3-ddc9-49bf-aa40-68bbaaa05491" acquired by "nova.context.set_target_cell..get_or_set_cached_cell_and_set_connections" :: waited 0.000s {{(pid=114671) inner /usr/local/lib/python3.8/dist-packages/oslo_concurrency/lockutils.py:355}}
Sep 05 12:37:03.635329 dv-cinder-807469-1-iscsi devstack@n-api.service[114671]: DEBUG oslo_concurrency.lockutils [None req-18a9bb8d-2c62-4235-833f-2aa4ba9a7171 tempest-ServerRescueNegativeTestJSON-57665360 tempest-ServerRescueNegativeTestJSON-57665360-project] Lock "ae35bef3-ddc9-49bf-aa40-68bbaaa05491" released by "nova.context.set_target_cell..get_or_set_cached_cell_and_set_connections" :: held 0.001s {{(pid=114671) inner /usr/local/lib/python3.8/dist-packages/oslo_concurrency/lockutils.py:367}}
Sep 05 12:37:03.687373 dv-cinder-807469-1-iscsi devstack@n-api.service[114672]: DEBUG nova.policy [None req-d4160ae5-4c7d-42eb-88b7-c27c767db95a tempest-AttachVolumeTestJSON-1291976850 tempest-AttachVolumeTestJSON-1291976850-project] Policy check for os_compute_api:os-extended-server-attributes failed with credentials {'is_admin': False, 'user_id': 'b5cbd33c9f2549a0bea3aa6bc3a55958', 'user_domain_id': 'default', 'system_scope': None, 'domain_id': None, 'project_id': '90123eb5ab6f48cb8dc11b8d83df9696', 'project_domain_id': 'default', 'roles': ['member', 'reader'], 'is_admin_project': True, 'service_user_id': None, 'service_user_domain_id': None, 'service_project_id': None, 'service_project_domain_id': None, 'service_roles': []} {{(pid=114672) authorize /opt/stack/nova/nova/policy.py:199}}
Sep 05 12:37:03.709435 dv-cinder-807469-1-iscsi devstack@n-api.service[114672]: INFO nova.api.openstack.requestlog [None req-d4160ae5-4c7d-42eb-88b7-c27c767db95a tempest-AttachVolumeTestJSON-1291976850 tempest-AttachVolumeTestJSON-1291976850-project] 10.222.0.16 "GET /compute/v2.1/servers/685d3907-0930-4b23-9e76-445cdca18adf" status: 200 len: 1363 microversion: 2.1 time: 0.388782
Sep 05 12:37:03.715855 dv-cinder-807469-1-iscsi devstack@n-api.service[114672]: [pid: 114672|app: 0|req: 38/78] 10.222.0.16 () {58 vars in 1236 bytes} [Sun Sep 5 12:37:03 2021] GET /compute/v2.1/servers/685d3907-0930-4b23-9e76-445cdca18adf => generated 1363 bytes in 400 msecs (HTTP/1.1 200) 9 headers in 358 bytes (1 switches on core 0)
Sep 05 12:37:03.730083 dv-cinder-807469-1-iscsi devstack@n-api.service[114672]: DEBUG nova.api.openstack.wsgi [None req-3f436049-0925-4bae-b18f-9c3bb118a58e tempest-VolumesTestJSON-1483920787 tempest-VolumesTestJSON-1483920787-project] Calling method '.version_select at 0x7f1daf278310>' {{(pid=114672) _process_stack /opt/stack/nova/nova/api/openstack/wsgi.py:513}}
Sep 05 12:37:03.830149 dv-cinder-807469-1-iscsi devstack@n-api.service[114671]: DEBUG nova.policy [None req-18a9bb8d-2c62-4235-833f-2aa4ba9a7171 tempest-ServerRescueNegativeTestJSON-57665360 tempest-ServerRescueNegativeTestJSON-57665360-project] Policy check for os_compute_api:os-extended-server-attributes failed with credentials {'is_admin': False, 'user_id': '00b5c721573043de9857bb1076344d7d', 'user_domain_id': 'default', 'system_scope': None, 'domain_id': None, 'project_id': '6ef11a2a6b0040a89a42e64ee03f8885', 'project_domain_id': 'default', 'roles': ['member', 'reader'], 'is_admin_project': True, 'service_user_id': None, 'service_user_domain_id': None, 'service_project_id': None, 'service_project_domain_id': None, 'service_roles': []} {{(pid=114671) authorize /opt/stack/nova/nova/policy.py:199}}
Sep 05 12:37:03.842643 dv-cinder-807469-1-iscsi devstack@n-api.service[114671]: INFO nova.api.openstack.requestlog [None req-18a9bb8d-2c62-4235-833f-2aa4ba9a7171 tempest-ServerRescueNegativeTestJSON-57665360 tempest-ServerRescueNegativeTestJSON-57665360-project] 10.222.0.16 "GET /compute/v2.1/servers/a0d3a685-38cc-4ad7-b7dc-53460b8e3356" status: 200 len: 1321 microversion: 2.1 time: 0.220932
Sep 05 12:37:03.843439 dv-cinder-807469-1-iscsi devstack@n-api.service[114671]: [pid: 114671|app: 0|req: 41/79] 10.222.0.16 () {58 vars in 1236 bytes} [Sun Sep 5 12:37:03 2021] GET /compute/v2.1/servers/a0d3a685-38cc-4ad7-b7dc-53460b8e3356 => generated 1321 bytes in 222 msecs (HTTP/1.1 200) 9 headers in 358 bytes (1 switches on core 0)
Sep 05 12:37:03.848972 dv-cinder-807469-1-iscsi devstack@n-api.service[114671]: DEBUG nova.api.openstack.wsgi [None req-83f64a4a-ad7c-4d82-b1da-0e670e7b9428 tempest-DeleteServersTestJSON-1018236975 tempest-DeleteServersTestJSON-1018236975-project] Calling method '>' {{(pid=114671) _process_stack /opt/stack/nova/nova/api/openstack/wsgi.py:513}}
Sep 05 12:37:03.850092 dv-cinder-807469-1-iscsi devstack@n-api.service[114671]: DEBUG nova.compute.api [None req-83f64a4a-ad7c-4d82-b1da-0e670e7b9428 tempest-DeleteServersTestJSON-1018236975 tempest-DeleteServersTestJSON-1018236975-project] [instance: 1e4d82fc-0fe2-401d-8aa3-cd2d121a1043] Fetching instance by UUID {{(pid=114671) get /opt/stack/nova/nova/compute/api.py:2863}}
Sep 05 12:37:03.858579 dv-cinder-807469-1-iscsi devstack@n-api.service[114671]: DEBUG oslo_concurrency.lockutils [None req-83f64a4a-ad7c-4d82-b1da-0e670e7b9428 tempest-DeleteServersTestJSON-1018236975 tempest-DeleteServersTestJSON-1018236975-project] Lock "ae35bef3-ddc9-49bf-aa40-68bbaaa05491" acquired by "nova.context.set_target_cell..get_or_set_cached_cell_and_set_connections" :: waited 0.000s {{(pid=114671) inner /usr/local/lib/python3.8/dist-packages/oslo_concurrency/lockutils.py:355}}
Sep 05 12:37:03.859522 dv-cinder-807469-1-iscsi devstack@n-api.service[114671]: DEBUG oslo_concurrency.lockutils [None req-83f64a4a-ad7c-4d82-b1da-0e670e7b9428 tempest-DeleteServersTestJSON-1018236975 tempest-DeleteServersTestJSON-1018236975-project] Lock "ae35bef3-ddc9-49bf-aa40-68bbaaa05491" released by "nova.context.set_target_cell..get_or_set_cached_cell_and_set_connections" :: held 0.001s {{(pid=114671) inner /usr/local/lib/python3.8/dist-packages/oslo_concurrency/lockutils.py:367}}
Sep 05 12:37:03.862027 dv-cinder-807469-1-iscsi devstack@n-api.service[114671]: DEBUG oslo_concurrency.lockutils [None req-83f64a4a-ad7c-4d82-b1da-0e670e7b9428 tempest-DeleteServersTestJSON-1018236975 tempest-DeleteServersTestJSON-1018236975-project] Lock "ae35bef3-ddc9-49bf-aa40-68bbaaa05491" acquired by "nova.context.set_target_cell..get_or_set_cached_cell_and_set_connections" :: waited 0.000s {{(pid=114671) inner /usr/local/lib/python3.8/dist-packages/oslo_concurrency/lockutils.py:355}}
Sep 05 12:37:03.863116 dv-cinder-807469-1-iscsi devstack@n-api.service[114671]: DEBUG oslo_concurrency.lockutils [None req-83f64a4a-ad7c-4d82-b1da-0e670e7b9428 tempest-DeleteServersTestJSON-1018236975 tempest-DeleteServersTestJSON-1018236975-project] Lock "ae35bef3-ddc9-49bf-aa40-68bbaaa05491" released by "nova.context.set_target_cell..get_or_set_cached_cell_and_set_connections" :: held 0.001s {{(pid=114671) inner /usr/local/lib/python3.8/dist-packages/oslo_concurrency/lockutils.py:367}}
Sep 05 12:37:03.956180 dv-cinder-807469-1-iscsi devstack@n-api.service[114672]: INFO nova.api.openstack.requestlog [None req-3f436049-0925-4bae-b18f-9c3bb118a58e tempest-VolumesTestJSON-1483920787 tempest-VolumesTestJSON-1483920787-project] 10.222.0.16 "GET /compute/v2.1/os-volumes/detail" status: 200 len: 1034 microversion: 2.1 time: 0.238788
Sep 05 12:37:03.956912 dv-cinder-807469-1-iscsi devstack@n-api.service[114672]: [pid: 114672|app: 0|req: 39/80] 10.222.0.16 () {58 vars in 1155 bytes} [Sun Sep 5 12:37:03 2021] GET /compute/v2.1/os-volumes/detail => generated 1034 bytes in 240 msecs (HTTP/1.1 200) 9 headers in 358 bytes (1 switches on core 0)
Sep 05 12:37:03.974247 dv-cinder-807469-1-iscsi devstack@n-api.service[114672]: DEBUG nova.api.openstack.wsgi [req-f1fa8641-c9c1-4fe6-90df-1d445b1ff36b req-7a9f6d06-75d3-4bab-90ce-6697486a049e service nova] Action: 'create', calling method: >, body: {"events": [{"name": "network-changed", "server_uuid": "a0d3a685-38cc-4ad7-b7dc-53460b8e3356", "tag": "97ec8fb6-e189-49a2-9f26-4085336d50e0"}]} {{(pid=114672) _process_stack /opt/stack/nova/nova/api/openstack/wsgi.py:511}}
Sep 05 12:37:03.977529 dv-cinder-807469-1-iscsi devstack@n-api.service[114672]: /usr/local/lib/python3.8/dist-packages/oslo_policy/policy.py:1064: UserWarning: Policy os_compute_api:os-server-external-events:create failed scope check. The token used to make the request was project scoped but the policy requires ['system'] scope. This behavior may change in the future where using the intended scope is required
Sep 05 12:37:03.977529 dv-cinder-807469-1-iscsi devstack@n-api.service[114672]: warnings.warn(msg)
