Sep 05 12:36:59.808811 dv-cinder-807469-1-iscsi devstack@c-api.service[100847]: /usr/local/lib/python3.8/dist-packages/oslo_context/context.py:105: DeprecationWarning: Policy enforcement is depending on the value of is_admin. This key is deprecated. Please update your policy file to use the standard policy values.
Sep 05 12:36:59.808811 dv-cinder-807469-1-iscsi devstack@c-api.service[100847]: warnings.warn('Policy enforcement is depending on the value of '
Sep 05 12:36:59.810533 dv-cinder-807469-1-iscsi devstack@c-api.service[100847]: INFO cinder.api.openstack.wsgi [None req-b62dfbc3-8f36-4ee1-baf2-b9c0541e1852 tempest-VolumeServicesNegativeTest-1743800100 tempest-VolumeServicesNegativeTest-1743800100-project-admin] http://10.222.0.16/volume/v3/162f69572c0f463397f9f63e1e69c489/os-services/disable-log-reason returned with HTTP 400
Sep 05 12:36:59.816066 dv-cinder-807469-1-iscsi devstack@c-api.service[100847]: [pid: 100847|app: 0|req: 59/136] 10.222.0.16 () {60 vars in 1303 bytes} [Sun Sep 5 12:36:59 2021] PUT /volume/v3/162f69572c0f463397f9f63e1e69c489/os-services/disable-log-reason => generated 136 bytes in 9 msecs (HTTP/1.1 400) 7 headers in 294 bytes (2 switches on core 0)
Sep 05 12:36:59.821102 dv-cinder-807469-1-iscsi devstack@c-api.service[100848]: INFO cinder.api.openstack.wsgi [None req-4da370ed-98a7-44ce-88a7-1eb70db98a1f tempest-VolumeServicesNegativeTest-1743800100 tempest-VolumeServicesNegativeTest-1743800100-project-admin] PUT http://10.222.0.16/volume/v3/162f69572c0f463397f9f63e1e69c489/os-services/disable
Sep 05 12:36:59.821808 dv-cinder-807469-1-iscsi devstack@c-api.service[100848]: DEBUG cinder.api.openstack.wsgi [None req-4da370ed-98a7-44ce-88a7-1eb70db98a1f tempest-VolumeServicesNegativeTest-1743800100 tempest-VolumeServicesNegativeTest-1743800100-project-admin] Action: 'update', calling method: update, body: {"host": "dv-cinder-807469-1-iscsi", "binary": "invalid_binary"} {{(pid=100848) _process_stack /opt/stack/cinder/cinder/api/openstack/wsgi.py:854}}
Sep 05 12:36:59.834265 dv-cinder-807469-1-iscsi devstack@c-api.service[100848]: INFO cinder.api.openstack.wsgi [None req-4da370ed-98a7-44ce-88a7-1eb70db98a1f tempest-VolumeServicesNegativeTest-1743800100 tempest-VolumeServicesNegativeTest-1743800100-project-admin] http://10.222.0.16/volume/v3/162f69572c0f463397f9f63e1e69c489/os-services/disable returned with HTTP 404
Sep 05 12:36:59.838539 dv-cinder-807469-1-iscsi devstack@c-api.service[100848]: [pid: 100848|app: 0|req: 78/137] 10.222.0.16 () {60 vars in 1270 bytes} [Sun Sep 5 12:36:59 2021] PUT /volume/v3/162f69572c0f463397f9f63e1e69c489/os-services/disable => generated 121 bytes in 18 msecs (HTTP/1.1 404) 7 headers in 292 bytes (2 switches on core 0)
Sep 05 12:36:59.845064 dv-cinder-807469-1-iscsi devstack@c-api.service[100847]: INFO cinder.api.openstack.wsgi [None req-f987f855-9b1c-4d64-96bb-2b599975b1f5 tempest-VolumeServicesNegativeTest-1743800100 tempest-VolumeServicesNegativeTest-1743800100-project-admin] PUT http://10.222.0.16/volume/v3/162f69572c0f463397f9f63e1e69c489/os-services/enable
Sep 05 12:36:59.847083 dv-cinder-807469-1-iscsi devstack@c-api.service[100847]: DEBUG cinder.api.openstack.wsgi [None req-f987f855-9b1c-4d64-96bb-2b599975b1f5 tempest-VolumeServicesNegativeTest-1743800100 tempest-VolumeServicesNegativeTest-1743800100-project-admin] Action: 'update', calling method: update, body: {"host": "invalid_host", "binary": "cinder-scheduler"} {{(pid=100847) _process_stack /opt/stack/cinder/cinder/api/openstack/wsgi.py:854}}
Sep 05 12:36:59.857342 dv-cinder-807469-1-iscsi devstack@c-api.service[100847]: INFO cinder.api.openstack.wsgi [None req-f987f855-9b1c-4d64-96bb-2b599975b1f5 tempest-VolumeServicesNegativeTest-1743800100 tempest-VolumeServicesNegativeTest-1743800100-project-admin] http://10.222.0.16/volume/v3/162f69572c0f463397f9f63e1e69c489/os-services/enable returned with HTTP 404
Sep 05 12:36:59.858240 dv-cinder-807469-1-iscsi devstack@c-api.service[100847]: [pid: 100847|app: 0|req: 60/138] 10.222.0.16 () {60 vars in 1267 bytes} [Sun Sep 5 12:36:59 2021] PUT /volume/v3/162f69572c0f463397f9f63e1e69c489/os-services/enable => generated 111 bytes in 19 msecs (HTTP/1.1 404) 7 headers in 292 bytes (1 switches on core 0)
Sep 05 12:36:59.868294 dv-cinder-807469-1-iscsi devstack@c-api.service[100848]: INFO cinder.api.openstack.wsgi [None req-42bae4b4-da23-448e-9af6-aaeda57ab981 tempest-VolumeServicesNegativeTest-1743800100 tempest-VolumeServicesNegativeTest-1743800100-project-admin] PUT http://10.222.0.16/volume/v3/162f69572c0f463397f9f63e1e69c489/os-services/freeze
Sep 05 12:36:59.868939 dv-cinder-807469-1-iscsi devstack@c-api.service[100848]: DEBUG cinder.api.openstack.wsgi [None req-42bae4b4-da23-448e-9af6-aaeda57ab981 tempest-VolumeServicesNegativeTest-1743800100 tempest-VolumeServicesNegativeTest-1743800100-project-admin] Action: 'update', calling method: update, body: {"host": "invalid_host"} {{(pid=100848) _process_stack /opt/stack/cinder/cinder/api/openstack/wsgi.py:854}}
Sep 05 12:36:59.879949 dv-cinder-807469-1-iscsi devstack@c-api.service[100848]: INFO cinder.api.openstack.wsgi [None req-42bae4b4-da23-448e-9af6-aaeda57ab981 tempest-VolumeServicesNegativeTest-1743800100 tempest-VolumeServicesNegativeTest-1743800100-project-admin] http://10.222.0.16/volume/v3/162f69572c0f463397f9f63e1e69c489/os-services/freeze returned with HTTP 400
Sep 05 12:36:59.883769 dv-cinder-807469-1-iscsi devstack@c-api.service[100848]: [pid: 100848|app: 0|req: 79/139] 10.222.0.16 () {60 vars in 1267 bytes} [Sun Sep 5 12:36:59 2021] PUT /volume/v3/162f69572c0f463397f9f63e1e69c489/os-services/freeze => generated 83 bytes in 18 msecs (HTTP/1.1 400) 7 headers in 293 bytes (2 switches on core 0)
Sep 05 12:36:59.890469 dv-cinder-807469-1-iscsi devstack@c-api.service[100847]: INFO cinder.api.openstack.wsgi [None req-a881747f-5b4a-4382-bf8c-62ab73f24bd8 tempest-VolumeServicesNegativeTest-1743800100 tempest-VolumeServicesNegativeTest-1743800100-project-admin] PUT http://10.222.0.16/volume/v3/162f69572c0f463397f9f63e1e69c489/os-services/thaw
Sep 05 12:36:59.891189 dv-cinder-807469-1-iscsi devstack@c-api.service[100847]: DEBUG cinder.api.openstack.wsgi [None req-a881747f-5b4a-4382-bf8c-62ab73f24bd8 tempest-VolumeServicesNegativeTest-1743800100 tempest-VolumeServicesNegativeTest-1743800100-project-admin] Action: 'update', calling method: update, body: {"host": "invalid_host"} {{(pid=100847) _process_stack /opt/stack/cinder/cinder/api/openstack/wsgi.py:854}}
Sep 05 12:36:59.902024 dv-cinder-807469-1-iscsi devstack@c-api.service[100847]: INFO cinder.api.openstack.wsgi [None req-a881747f-5b4a-4382-bf8c-62ab73f24bd8 tempest-VolumeServicesNegativeTest-1743800100 tempest-VolumeServicesNegativeTest-1743800100-project-admin] http://10.222.0.16/volume/v3/162f69572c0f463397f9f63e1e69c489/os-services/thaw returned with HTTP 400
Sep 05 12:36:59.902890 dv-cinder-807469-1-iscsi devstack@c-api.service[100847]: [pid: 100847|app: 0|req: 61/140] 10.222.0.16 () {60 vars in 1261 bytes} [Sun Sep 5 12:36:59 2021] PUT /volume/v3/162f69572c0f463397f9f63e1e69c489/os-services/thaw => generated 83 bytes in 17 msecs (HTTP/1.1 400) 7 headers in 293 bytes (2 switches on core 0)
Sep 05 12:37:00.177034 dv-cinder-807469-1-iscsi devstack@c-api.service[100848]: INFO cinder.api.openstack.wsgi [None req-ffd85e93-e7f7-4dea-ab15-d0e32ae8cfb9 tempest-GroupsV314Test-301017333 tempest-GroupsV314Test-301017333-project] GET http://10.222.0.16/volume/v3/f00025cbe595483fa03ecb6380fa56f8/volumes/71578690-01da-4e2d-aded-8eed094871ea
Sep 05 12:37:00.177608 dv-cinder-807469-1-iscsi devstack@c-api.service[100848]: DEBUG cinder.api.openstack.wsgi [None req-ffd85e93-e7f7-4dea-ab15-d0e32ae8cfb9 tempest-GroupsV314Test-301017333 tempest-GroupsV314Test-301017333-project] Empty body provided in request {{(pid=100848) get_body /opt/stack/cinder/cinder/api/openstack/wsgi.py:703}}
Sep 05 12:37:00.178049 dv-cinder-807469-1-iscsi devstack@c-api.service[100848]: DEBUG cinder.api.openstack.wsgi [None req-ffd85e93-e7f7-4dea-ab15-d0e32ae8cfb9 tempest-GroupsV314Test-301017333 tempest-GroupsV314Test-301017333-project] Calling method 'show' {{(pid=100848) _process_stack /opt/stack/cinder/cinder/api/openstack/wsgi.py:856}}
Sep 05 12:37:00.191761 dv-cinder-807469-1-iscsi devstack@c-api.service[100848]: /usr/local/lib/python3.8/dist-packages/oslo_context/context.py:105: DeprecationWarning: Policy enforcement is depending on the value of is_admin. This key is deprecated. Please update your policy file to use the standard policy values.
Sep 05 12:37:00.191761 dv-cinder-807469-1-iscsi devstack@c-api.service[100848]: warnings.warn('Policy enforcement is depending on the value of '
Sep 05 12:37:00.199238 dv-cinder-807469-1-iscsi devstack@c-api.service[100848]: INFO cinder.volume.api [None req-ffd85e93-e7f7-4dea-ab15-d0e32ae8cfb9 tempest-GroupsV314Test-301017333 tempest-GroupsV314Test-301017333-project] Volume info retrieved successfully.
Sep 05 12:37:00.217140 dv-cinder-807469-1-iscsi devstack@c-api.service[100848]: WARNING stevedore.named [None req-ffd85e93-e7f7-4dea-ab15-d0e32ae8cfb9 tempest-GroupsV314Test-301017333 tempest-GroupsV314Test-301017333-project] Could not load cinder.keymgr.conf_key_mgr.ConfKeyManager
Sep 05 12:37:00.217836 dv-cinder-807469-1-iscsi devstack@c-api.service[100848]: WARNING castellan.key_manager [None req-ffd85e93-e7f7-4dea-ab15-d0e32ae8cfb9 tempest-GroupsV314Test-301017333 tempest-GroupsV314Test-301017333-project] Deprecation Warning : cinder.keymgr.conf_key_mgr.ConfKeyManager is not a stevedore based driver, trying to load it as a class: stevedore.exception.NoMatches: No 'castellan.drivers' driver found, looking for 'cinder.keymgr.conf_key_mgr.ConfKeyManager'
Sep 05 12:37:00.228813 dv-cinder-807469-1-iscsi devstack@c-api.service[100848]: DEBUG oslo_db.sqlalchemy.engines [None req-ffd85e93-e7f7-4dea-ab15-d0e32ae8cfb9 tempest-GroupsV314Test-301017333 tempest-GroupsV314Test-301017333-project] MySQL server mode set to STRICT_TRANS_TABLES,STRICT_ALL_TABLES,NO_ZERO_IN_DATE,NO_ZERO_DATE,ERROR_FOR_DIVISION_BY_ZERO,TRADITIONAL,NO_ENGINE_SUBSTITUTION {{(pid=100848) _check_effective_sql_mode /usr/local/lib/python3.8/dist-packages/oslo_db/sqlalchemy/engines.py:314}}
Sep 05 12:37:00.234534 dv-cinder-807469-1-iscsi devstack@c-api.service[100848]: /usr/local/lib/python3.8/dist-packages/oslo_context/context.py:105: DeprecationWarning: Policy enforcement is depending on the value of is_admin. This key is deprecated. Please update your policy file to use the standard policy values.
Sep 05 12:37:00.234534 dv-cinder-807469-1-iscsi devstack@c-api.service[100848]: warnings.warn('Policy enforcement is depending on the value of '
Sep 05 12:37:00.249873 dv-cinder-807469-1-iscsi devstack@c-api.service[100848]: INFO cinder.api.openstack.wsgi [None req-ffd85e93-e7f7-4dea-ab15-d0e32ae8cfb9 tempest-GroupsV314Test-301017333 tempest-GroupsV314Test-301017333-project] http://10.222.0.16/volume/v3/f00025cbe595483fa03ecb6380fa56f8/volumes/71578690-01da-4e2d-aded-8eed094871ea returned with HTTP 200
Sep 05 12:37:00.251471 dv-cinder-807469-1-iscsi devstack@c-api.service[100848]: [pid: 100848|app: 0|req: 80/141] 10.222.0.16 () {60 vars in 1366 bytes} [Sun Sep 5 12:37:00 2021] GET /volume/v3/f00025cbe595483fa03ecb6380fa56f8/volumes/71578690-01da-4e2d-aded-8eed094871ea => generated 988 bytes in 78 msecs (HTTP/1.1 200) 7 headers in 286 bytes (1 switches on core 0)
Sep 05 12:37:00.265886 dv-cinder-807469-1-iscsi devstack@c-api.service[100847]: INFO cinder.api.openstack.wsgi [None req-65025b92-1822-46ec-b675-d9df4ab5a4ac tempest-GroupsV314Test-301017333 tempest-GroupsV314Test-301017333-project] GET http://10.222.0.16/volume/v3/f00025cbe595483fa03ecb6380fa56f8/groups/8e287318-7a6d-4302-bef1-a454aea044f2
Sep 05 12:37:00.266536 dv-cinder-807469-1-iscsi devstack@c-api.service[100847]: DEBUG cinder.api.openstack.wsgi [None req-65025b92-1822-46ec-b675-d9df4ab5a4ac tempest-GroupsV314Test-301017333 tempest-GroupsV314Test-301017333-project] Empty body provided in request {{(pid=100847) get_body /opt/stack/cinder/cinder/api/openstack/wsgi.py:703}}
Sep 05 12:37:00.266828 dv-cinder-807469-1-iscsi devstack@c-api.service[100847]: DEBUG cinder.api.openstack.wsgi [None req-65025b92-1822-46ec-b675-d9df4ab5a4ac tempest-GroupsV314Test-301017333 tempest-GroupsV314Test-301017333-project] Calling method 'version_select' {{(pid=100847) _process_stack /opt/stack/cinder/cinder/api/openstack/wsgi.py:856}}
Sep 05 12:37:00.267680 dv-cinder-807469-1-iscsi devstack@c-api.service[100847]: DEBUG cinder.api.v3.groups [None req-65025b92-1822-46ec-b675-d9df4ab5a4ac tempest-GroupsV314Test-301017333 tempest-GroupsV314Test-301017333-project] show called for member 8e287318-7a6d-4302-bef1-a454aea044f2 {{(pid=100847) show /opt/stack/cinder/cinder/api/v3/groups.py:58}}
Sep 05 12:37:00.273306 dv-cinder-807469-1-iscsi devstack@c-api.service[100847]: /usr/local/lib/python3.8/dist-packages/oslo_context/context.py:105: DeprecationWarning: Policy enforcement is depending on the value of is_admin. This key is deprecated. Please update your policy file to use the standard policy values.
Sep 05 12:37:00.273306 dv-cinder-807469-1-iscsi devstack@c-api.service[100847]: warnings.warn('Policy enforcement is depending on the value of '
Sep 05 12:37:00.278755 dv-cinder-807469-1-iscsi devstack@c-api.service[100848]: INFO cinder.api.openstack.wsgi [None req-46d1bd46-cb9e-48a7-b635-cb5f4c7618eb tempest-GroupSnapshotsTest-648109769 tempest-GroupSnapshotsTest-648109769-project] GET http://10.222.0.16/volume/v3/d5d7611fa7ba4a9c9d7fb81d7eae77f6/groups/4c30f599-e44b-4869-8e71-8a3ef94405cb
Sep 05 12:37:00.279268 dv-cinder-807469-1-iscsi devstack@c-api.service[100848]: DEBUG cinder.api.openstack.wsgi [None req-46d1bd46-cb9e-48a7-b635-cb5f4c7618eb tempest-GroupSnapshotsTest-648109769 tempest-GroupSnapshotsTest-648109769-project] Empty body provided in request {{(pid=100848) get_body /opt/stack/cinder/cinder/api/openstack/wsgi.py:703}}
Sep 05 12:37:00.279556 dv-cinder-807469-1-iscsi devstack@c-api.service[100848]: /usr/local/lib/python3.8/dist-packages/webob/acceptparse.py:1047: DeprecationWarning: The behavior of AcceptValidHeader.best_match is currently being maintained for backward compatibility, but it will be deprecated in the future, as it does not conform to the RFC.
Sep 05 12:37:00.279556 dv-cinder-807469-1-iscsi devstack@c-api.service[100848]: warnings.warn(
Sep 05 12:37:00.280933 dv-cinder-807469-1-iscsi devstack@c-api.service[100848]: DEBUG cinder.api.openstack.wsgi [None req-46d1bd46-cb9e-48a7-b635-cb5f4c7618eb tempest-GroupSnapshotsTest-648109769 tempest-GroupSnapshotsTest-648109769-project] Calling method 'version_select' {{(pid=100848) _process_stack /opt/stack/cinder/cinder/api/openstack/wsgi.py:856}}
Sep 05 12:37:00.281365 dv-cinder-807469-1-iscsi devstack@c-api.service[100848]: DEBUG cinder.api.v3.groups [None req-46d1bd46-cb9e-48a7-b635-cb5f4c7618eb tempest-GroupSnapshotsTest-648109769 tempest-GroupSnapshotsTest-648109769-project] show called for member 4c30f599-e44b-4869-8e71-8a3ef94405cb {{(pid=100848) show /opt/stack/cinder/cinder/api/v3/groups.py:58}}
Sep 05 12:37:00.290546 dv-cinder-807469-1-iscsi devstack@c-api.service[100848]: /usr/local/lib/python3.8/dist-packages/oslo_context/context.py:105: DeprecationWarning: Policy enforcement is depending on the value of is_admin. This key is deprecated. Please update your policy file to use the standard policy values.
Sep 05 12:37:00.290546 dv-cinder-807469-1-iscsi devstack@c-api.service[100848]: warnings.warn('Policy enforcement is depending on the value of '
Sep 05 12:37:00.291944 dv-cinder-807469-1-iscsi devstack@c-api.service[100847]: INFO cinder.api.openstack.wsgi [None req-65025b92-1822-46ec-b675-d9df4ab5a4ac tempest-GroupsV314Test-301017333 tempest-GroupsV314Test-301017333-project] http://10.222.0.16/volume/v3/f00025cbe595483fa03ecb6380fa56f8/groups/8e287318-7a6d-4302-bef1-a454aea044f2 returned with HTTP 200
Sep 05 12:37:00.294518 dv-cinder-807469-1-iscsi devstack@c-api.service[100847]: [pid: 100847|app: 0|req: 62/142] 10.222.0.16 () {60 vars in 1363 bytes} [Sun Sep 5 12:37:00 2021] GET /volume/v3/f00025cbe595483fa03ecb6380fa56f8/groups/8e287318-7a6d-4302-bef1-a454aea044f2 => generated 417 bytes in 32 msecs (HTTP/1.1 200) 7 headers in 286 bytes (1 switches on core 0)
Sep 05 12:37:00.304566 dv-cinder-807469-1-iscsi devstack@c-api.service[100847]: INFO cinder.api.openstack.wsgi [None req-9cdf4bf2-79d3-4d41-8b64-9ece69183a74 tempest-VolumesTestJSON-1483920787 tempest-VolumesTestJSON-1483920787-project] GET http://10.222.0.16/volume/v3/7c5f7007a59f47069253f8d9b94e910c/volumes/b4096cc5-328c-47d3-9f62-6859692d8069
Sep 05 12:37:00.305034 dv-cinder-807469-1-iscsi devstack@c-api.service[100847]: DEBUG cinder.api.openstack.wsgi [None req-9cdf4bf2-79d3-4d41-8b64-9ece69183a74 tempest-VolumesTestJSON-1483920787 tempest-VolumesTestJSON-1483920787-project] Empty body provided in request {{(pid=100847) get_body /opt/stack/cinder/cinder/api/openstack/wsgi.py:703}}
Sep 05 12:37:00.305208 dv-cinder-807469-1-iscsi devstack@c-api.service[100847]: /usr/local/lib/python3.8/dist-packages/webob/acceptparse.py:1047: DeprecationWarning: The behavior of AcceptValidHeader.best_match is currently being maintained for backward compatibility, but it will be deprecated in the future, as it does not conform to the RFC.
Sep 05 12:37:00.305208 dv-cinder-807469-1-iscsi devstack@c-api.service[100847]: warnings.warn(
Sep 05 12:37:00.305533 dv-cinder-807469-1-iscsi devstack@c-api.service[100847]: DEBUG cinder.api.openstack.wsgi [None req-9cdf4bf2-79d3-4d41-8b64-9ece69183a74 tempest-VolumesTestJSON-1483920787 tempest-VolumesTestJSON-1483920787-project] Calling method 'show' {{(pid=100847) _process_stack /opt/stack/cinder/cinder/api/openstack/wsgi.py:856}}
Sep 05 12:37:00.318607 dv-cinder-807469-1-iscsi devstack@c-api.service[100848]: INFO cinder.api.openstack.wsgi [None req-46d1bd46-cb9e-48a7-b635-cb5f4c7618eb tempest-GroupSnapshotsTest-648109769 tempest-GroupSnapshotsTest-648109769-project] http://10.222.0.16/volume/v3/d5d7611fa7ba4a9c9d7fb81d7eae77f6/groups/4c30f599-e44b-4869-8e71-8a3ef94405cb returned with HTTP 200
Sep 05 12:37:00.322913 dv-cinder-807469-1-iscsi devstack@c-api.service[100847]: /usr/local/lib/python3.8/dist-packages/oslo_context/context.py:105: DeprecationWarning: Policy enforcement is depending on the value of is_admin. This key is deprecated. Please update your policy file to use the standard policy values.
Sep 05 12:37:00.322913 dv-cinder-807469-1-iscsi devstack@c-api.service[100847]: warnings.warn('Policy enforcement is depending on the value of '
Sep 05 12:37:00.331816 dv-cinder-807469-1-iscsi devstack@c-api.service[100848]: [pid: 100848|app: 0|req: 81/143] 10.222.0.16 () {60 vars in 1363 bytes} [Sun Sep 5 12:37:00 2021] GET /volume/v3/d5d7611fa7ba4a9c9d7fb81d7eae77f6/groups/4c30f599-e44b-4869-8e71-8a3ef94405cb => generated 393 bytes in 58 msecs (HTTP/1.1 200) 7 headers in 286 bytes (1 switches on core 0)
Sep 05 12:37:00.334641 dv-cinder-807469-1-iscsi devstack@c-api.service[100847]: INFO cinder.volume.api [None req-9cdf4bf2-79d3-4d41-8b64-9ece69183a74 tempest-VolumesTestJSON-1483920787 tempest-VolumesTestJSON-1483920787-project] Volume info retrieved successfully.
Sep 05 12:37:00.342241 dv-cinder-807469-1-iscsi devstack@c-api.service[100848]: INFO cinder.api.openstack.wsgi [None req-d2f587b0-c155-4aa0-add5-45e094489315 tempest-GroupsV314Test-301017333 tempest-GroupsV314Test-301017333-project] GET http://10.222.0.16/volume/v3/f00025cbe595483fa03ecb6380fa56f8/volumes/detail
Sep 05 12:37:00.342901 dv-cinder-807469-1-iscsi devstack@c-api.service[100848]: DEBUG cinder.api.openstack.wsgi [None req-d2f587b0-c155-4aa0-add5-45e094489315 tempest-GroupsV314Test-301017333 tempest-GroupsV314Test-301017333-project] Empty body provided in request {{(pid=100848) get_body /opt/stack/cinder/cinder/api/openstack/wsgi.py:703}}
Sep 05 12:37:00.343169 dv-cinder-807469-1-iscsi devstack@c-api.service[100848]: /usr/local/lib/python3.8/dist-packages/webob/acceptparse.py:1047: DeprecationWarning: The behavior of AcceptValidHeader.best_match is currently being maintained for backward compatibility, but it will be deprecated in the future, as it does not conform to the RFC.
Sep 05 12:37:00.343169 dv-cinder-807469-1-iscsi devstack@c-api.service[100848]: warnings.warn(
Sep 05 12:37:00.343628 dv-cinder-807469-1-iscsi devstack@c-api.service[100848]: DEBUG cinder.api.openstack.wsgi [None req-d2f587b0-c155-4aa0-add5-45e094489315 tempest-GroupsV314Test-301017333 tempest-GroupsV314Test-301017333-project] Calling method 'detail' {{(pid=100848) _process_stack /opt/stack/cinder/cinder/api/openstack/wsgi.py:856}}
Sep 05 12:37:00.345949 dv-cinder-807469-1-iscsi devstack@c-api.service[100848]: DEBUG cinder.api.api_utils [None req-d2f587b0-c155-4aa0-add5-45e094489315 tempest-GroupsV314Test-301017333 tempest-GroupsV314Test-301017333-project] Removing options '' from query. {{(pid=100848) remove_invalid_filter_options /opt/stack/cinder/cinder/api/api_utils.py:73}}
Sep 05 12:37:00.347043 dv-cinder-807469-1-iscsi devstack@c-api.service[100848]: /usr/local/lib/python3.8/dist-packages/oslo_context/context.py:105: DeprecationWarning: Policy enforcement is depending on the value of is_admin. This key is deprecated. Please update your policy file to use the standard policy values.
Sep 05 12:37:00.347043 dv-cinder-807469-1-iscsi devstack@c-api.service[100848]: warnings.warn('Policy enforcement is depending on the value of '
Sep 05 12:37:00.349193 dv-cinder-807469-1-iscsi devstack@c-api.service[100848]: DEBUG cinder.volume.api [None req-d2f587b0-c155-4aa0-add5-45e094489315 tempest-GroupsV314Test-301017333 tempest-GroupsV314Test-301017333-project] Searching by: MultiDict([('no_migration_targets', True)]). {{(pid=100848) get_all /opt/stack/cinder/cinder/volume/api.py:619}}
Sep 05 12:37:00.355078 dv-cinder-807469-1-iscsi devstack@c-api.service[100847]: INFO cinder.api.openstack.wsgi [None req-9cdf4bf2-79d3-4d41-8b64-9ece69183a74 tempest-VolumesTestJSON-1483920787 tempest-VolumesTestJSON-1483920787-project] http://10.222.0.16/volume/v3/7c5f7007a59f47069253f8d9b94e910c/volumes/b4096cc5-328c-47d3-9f62-6859692d8069 returned with HTTP 200
Sep 05 12:37:00.356093 dv-cinder-807469-1-iscsi devstack@c-api.service[100847]: [pid: 100847|app: 0|req: 63/144] 10.222.0.16 () {58 vars in 1325 bytes} [Sun Sep 5 12:37:00 2021] GET /volume/v3/7c5f7007a59f47069253f8d9b94e910c/volumes/b4096cc5-328c-47d3-9f62-6859692d8069 => generated 921 bytes in 59 msecs (HTTP/1.1 200) 7 headers in 285 bytes (1 switches on core 0)
Sep 05 12:37:00.370699 dv-cinder-807469-1-iscsi devstack@c-api.service[100847]: INFO cinder.api.openstack.wsgi [None req-132759ca-9c89-4954-85de-385bc67dbcab tempest-GroupSnapshotsTest-648109769 tempest-GroupSnapshotsTest-648109769-project] POST http://10.222.0.16/volume/v3/d5d7611fa7ba4a9c9d7fb81d7eae77f6/volumes
Sep 05 12:37:00.371115 dv-cinder-807469-1-iscsi devstack@c-api.service[100847]: /usr/local/lib/python3.8/dist-packages/webob/acceptparse.py:1047: DeprecationWarning: The behavior of AcceptValidHeader.best_match is currently being maintained for backward compatibility, but it will be deprecated in the future, as it does not conform to the RFC.
Sep 05 12:37:00.371115 dv-cinder-807469-1-iscsi devstack@c-api.service[100847]: warnings.warn(
Sep 05 12:37:00.371540 dv-cinder-807469-1-iscsi devstack@c-api.service[100847]: DEBUG cinder.api.openstack.wsgi [None req-132759ca-9c89-4954-85de-385bc67dbcab tempest-GroupSnapshotsTest-648109769 tempest-GroupSnapshotsTest-648109769-project] Action: 'create', calling method: create, body: {"volume": {"volume_type": "19b782b5-f84a-4721-9140-872d699d58cc", "group_id": "4c30f599-e44b-4869-8e71-8a3ef94405cb", "size": 1, "name": "tempest-GroupSnapshotsTest-Volume-1721416855"}} {{(pid=100847) _process_stack /opt/stack/cinder/cinder/api/openstack/wsgi.py:854}}
Sep 05 12:37:00.372559 dv-cinder-807469-1-iscsi devstack@c-api.service[100847]: DEBUG cinder.api.v3.volumes [None req-132759ca-9c89-4954-85de-385bc67dbcab tempest-GroupSnapshotsTest-648109769 tempest-GroupSnapshotsTest-648109769-project] Create volume request body: {'volume': {'volume_type': '19b782b5-f84a-4721-9140-872d699d58cc', 'group_id': '4c30f599-e44b-4869-8e71-8a3ef94405cb', 'size': 1, 'name': 'tempest-GroupSnapshotsTest-Volume-1721416855'}} {{(pid=100847) create /opt/stack/cinder/cinder/api/v3/volumes.py:298}}
Sep 05 12:37:00.385887 dv-cinder-807469-1-iscsi devstack@c-api.service[100847]: /usr/local/lib/python3.8/dist-packages/oslo_context/context.py:105: DeprecationWarning: Policy enforcement is depending on the value of is_admin. This key is deprecated. Please update your policy file to use the standard policy values.
Sep 05 12:37:00.385887 dv-cinder-807469-1-iscsi devstack@c-api.service[100847]: warnings.warn('Policy enforcement is depending on the value of '
Sep 05 12:37:00.387726 dv-cinder-807469-1-iscsi devstack@c-api.service[100847]: INFO cinder.api.v3.volumes [None req-132759ca-9c89-4954-85de-385bc67dbcab tempest-GroupSnapshotsTest-648109769 tempest-GroupSnapshotsTest-648109769-project] Create volume of 1 GB
Sep 05 12:37:00.400611 dv-cinder-807469-1-iscsi devstack@c-api.service[100847]: INFO cinder.volume.api [None req-132759ca-9c89-4954-85de-385bc67dbcab tempest-GroupSnapshotsTest-648109769 tempest-GroupSnapshotsTest-648109769-project] Availability Zones retrieved successfully.
Sep 05 12:37:00.422217 dv-cinder-807469-1-iscsi devstack@c-api.service[100847]: DEBUG cinder.volume.api [None req-132759ca-9c89-4954-85de-385bc67dbcab tempest-GroupSnapshotsTest-648109769 tempest-GroupSnapshotsTest-648109769-project] Flow 'volume_create_api' (9468d639-617e-42aa-b490-55bff231ee28) transitioned into state 'RUNNING' from state 'PENDING' {{(pid=100847) _flow_receiver /usr/local/lib/python3.8/dist-packages/taskflow/listeners/logging.py:141}}
Sep 05 12:37:00.426063 dv-cinder-807469-1-iscsi devstack@c-api.service[100847]: DEBUG cinder.volume.api [None req-132759ca-9c89-4954-85de-385bc67dbcab tempest-GroupSnapshotsTest-648109769 tempest-GroupSnapshotsTest-648109769-project] Task 'cinder.volume.flows.api.create_volume.ExtractVolumeRequestTask;volume:create' (2e3a2627-09d6-4424-aa2f-7332b4d39269) transitioned into state 'RUNNING' from state 'PENDING' {{(pid=100847) _task_receiver /usr/local/lib/python3.8/dist-packages/taskflow/listeners/logging.py:190}}
Sep 05 12:37:00.428107 dv-cinder-807469-1-iscsi devstack@c-api.service[100847]: /usr/local/lib/python3.8/dist-packages/oslo_context/context.py:105: DeprecationWarning: Policy enforcement is depending on the value of is_admin. This key is deprecated. Please update your policy file to use the standard policy values.
Sep 05 12:37:00.428107 dv-cinder-807469-1-iscsi devstack@c-api.service[100847]: warnings.warn('Policy enforcement is depending on the value of '
Sep 05 12:37:00.429017 dv-cinder-807469-1-iscsi devstack@c-api.service[100847]: DEBUG cinder.volume.flows.api.create_volume [None req-132759ca-9c89-4954-85de-385bc67dbcab tempest-GroupSnapshotsTest-648109769 tempest-GroupSnapshotsTest-648109769-project] Validating volume size '1' using validate_int {{(pid=100847) _extract_size /opt/stack/cinder/cinder/volume/flows/api/create_volume.py:225}}
Sep 05 12:37:00.443989 dv-cinder-807469-1-iscsi devstack@c-api.service[100848]: INFO cinder.volume.api [None req-d2f587b0-c155-4aa0-add5-45e094489315 tempest-GroupsV314Test-301017333 tempest-GroupsV314Test-301017333-project] Get all volumes completed successfully.
Sep 05 12:37:00.450786 dv-cinder-807469-1-iscsi devstack@c-api.service[100848]: WARNING stevedore.named [None req-d2f587b0-c155-4aa0-add5-45e094489315 tempest-GroupsV314Test-301017333 tempest-GroupsV314Test-301017333-project] Could not load cinder.keymgr.conf_key_mgr.ConfKeyManager
Sep 05 12:37:00.451985 dv-cinder-807469-1-iscsi devstack@c-api.service[100848]: WARNING castellan.key_manager [None req-d2f587b0-c155-4aa0-add5-45e094489315 tempest-GroupsV314Test-301017333 tempest-GroupsV314Test-301017333-project] Deprecation Warning : cinder.keymgr.conf_key_mgr.ConfKeyManager is not a stevedore based driver, trying to load it as a class: stevedore.exception.NoMatches: No 'castellan.drivers' driver found, looking for 'cinder.keymgr.conf_key_mgr.ConfKeyManager'
Sep 05 12:37:00.463662 dv-cinder-807469-1-iscsi devstack@c-api.service[100847]: DEBUG cinder.volume.api [None req-132759ca-9c89-4954-85de-385bc67dbcab tempest-GroupSnapshotsTest-648109769 tempest-GroupSnapshotsTest-648109769-project] Task 'cinder.volume.flows.api.create_volume.ExtractVolumeRequestTask;volume:create' (2e3a2627-09d6-4424-aa2f-7332b4d39269) transitioned into state 'SUCCESS' from state 'RUNNING' with result '{'size': 1, 'snapshot_id': None, 'source_volid': None, 'volume_type': VolumeType(created_at=2021-09-05T12:36:59Z,deleted=False,deleted_at=None,description=None,extra_specs={},id=19b782b5-f84a-4721-9140-872d699d58cc,is_public=True,name='tempest-GroupSnapshotsTest-volume-type-1486414857',projects=[],qos_specs=,qos_specs_id=None,updated_at=None), 'volume_type_id': '19b782b5-f84a-4721-9140-872d699d58cc', 'encryption_key_id': None, 'qos_specs': None, 'consistencygroup_id': None, 'cgsnapshot_id': None, 'group_id': '4c30f599-e44b-4869-8e71-8a3ef94405cb', 'replication_status': 'disabled', 'refresh_az': False, 'backup_id': None, 'multiattach': False, 'availability_zones': ['nova']}' {{(pid=100847) _task_receiver /usr/local/lib/python3.8/dist-packages/taskflow/listeners/logging.py:178}}
Sep 05 12:37:00.466280 dv-cinder-807469-1-iscsi devstack@c-api.service[100847]: DEBUG cinder.volume.api [None req-132759ca-9c89-4954-85de-385bc67dbcab tempest-GroupSnapshotsTest-648109769 tempest-GroupSnapshotsTest-648109769-project] Task 'cinder.volume.flows.api.create_volume.QuotaReserveTask;volume:create' (9bcdca35-acc9-495f-a178-b6a259f4e3ec) transitioned into state 'RUNNING' from state 'PENDING' {{(pid=100847) _task_receiver /usr/local/lib/python3.8/dist-packages/taskflow/listeners/logging.py:190}}
Sep 05 12:37:00.470270 dv-cinder-807469-1-iscsi devstack@c-api.service[100848]: DEBUG oslo_db.sqlalchemy.engines [None req-d2f587b0-c155-4aa0-add5-45e094489315 tempest-GroupsV314Test-301017333 tempest-GroupsV314Test-301017333-project] MySQL server mode set to STRICT_TRANS_TABLES,STRICT_ALL_TABLES,NO_ZERO_IN_DATE,NO_ZERO_DATE,ERROR_FOR_DIVISION_BY_ZERO,TRADITIONAL,NO_ENGINE_SUBSTITUTION {{(pid=100848) _check_effective_sql_mode /usr/local/lib/python3.8/dist-packages/oslo_db/sqlalchemy/engines.py:314}}
Sep 05 12:37:00.478663 dv-cinder-807469-1-iscsi devstack@c-api.service[100848]: /usr/local/lib/python3.8/dist-packages/oslo_context/context.py:105: DeprecationWarning: Policy enforcement is depending on the value of is_admin. This key is deprecated. Please update your policy file to use the standard policy values.
Sep 05 12:37:00.478663 dv-cinder-807469-1-iscsi devstack@c-api.service[100848]: warnings.warn('Policy enforcement is depending on the value of '
Sep 05 12:37:00.490196 dv-cinder-807469-1-iscsi devstack@c-api.service[100848]: WARNING stevedore.named [None req-d2f587b0-c155-4aa0-add5-45e094489315 tempest-GroupsV314Test-301017333 tempest-GroupsV314Test-301017333-project] Could not load cinder.keymgr.conf_key_mgr.ConfKeyManager
Sep 05 12:37:00.491593 dv-cinder-807469-1-iscsi devstack@c-api.service[100848]: WARNING castellan.key_manager [None req-d2f587b0-c155-4aa0-add5-45e094489315 tempest-GroupsV314Test-301017333 tempest-GroupsV314Test-301017333-project] Deprecation Warning : cinder.keymgr.conf_key_mgr.ConfKeyManager is not a stevedore based driver, trying to load it as a class: stevedore.exception.NoMatches: No 'castellan.drivers' driver found, looking for 'cinder.keymgr.conf_key_mgr.ConfKeyManager'
Sep 05 12:37:00.515264 dv-cinder-807469-1-iscsi devstack@c-api.service[100848]: DEBUG oslo_db.sqlalchemy.engines [None req-d2f587b0-c155-4aa0-add5-45e094489315 tempest-GroupsV314Test-301017333 tempest-GroupsV314Test-301017333-project] MySQL server mode set to STRICT_TRANS_TABLES,STRICT_ALL_TABLES,NO_ZERO_IN_DATE,NO_ZERO_DATE,ERROR_FOR_DIVISION_BY_ZERO,TRADITIONAL,NO_ENGINE_SUBSTITUTION {{(pid=100848) _check_effective_sql_mode /usr/local/lib/python3.8/dist-packages/oslo_db/sqlalchemy/engines.py:314}}
Sep 05 12:37:00.528166 dv-cinder-807469-1-iscsi devstack@c-api.service[100848]: /usr/local/lib/python3.8/dist-packages/oslo_context/context.py:105: DeprecationWarning: Policy enforcement is depending on the value of is_admin. This key is deprecated. Please update your policy file to use the standard policy values.
Sep 05 12:37:00.528166 dv-cinder-807469-1-iscsi devstack@c-api.service[100848]: warnings.warn('Policy enforcement is depending on the value of '
Sep 05 12:37:00.545383 dv-cinder-807469-1-iscsi devstack@c-api.service[100848]: INFO cinder.api.openstack.wsgi [None req-d2f587b0-c155-4aa0-add5-45e094489315 tempest-GroupsV314Test-301017333 tempest-GroupsV314Test-301017333-project] http://10.222.0.16/volume/v3/f00025cbe595483fa03ecb6380fa56f8/volumes/detail returned with HTTP 200
Sep 05 12:37:00.556681 dv-cinder-807469-1-iscsi devstack@c-api.service[100848]: [pid: 100848|app: 0|req: 82/145] 10.222.0.16 () {60 vars in 1276 bytes} [Sun Sep 5 12:37:00 2021] GET /volume/v3/f00025cbe595483fa03ecb6380fa56f8/volumes/detail => generated 1973 bytes in 224 msecs (HTTP/1.1 200) 7 headers in 287 bytes (1 switches on core 0)
Sep 05 12:37:00.564652 dv-cinder-807469-1-iscsi devstack@c-api.service[100848]: INFO cinder.api.openstack.wsgi [req-fea5d710-f0d3-477b-94aa-baaba107a614 req-a8c1499b-2204-4309-9e06-341b9f3608ab tempest-VolumesTestJSON-1483920787 tempest-VolumesTestJSON-1483920787-project] GET http://10.222.0.16/volume/v3/7c5f7007a59f47069253f8d9b94e910c/volumes/b4096cc5-328c-47d3-9f62-6859692d8069
Sep 05 12:37:00.565108 dv-cinder-807469-1-iscsi devstack@c-api.service[100848]: DEBUG cinder.api.openstack.wsgi [req-fea5d710-f0d3-477b-94aa-baaba107a614 req-a8c1499b-2204-4309-9e06-341b9f3608ab tempest-VolumesTestJSON-1483920787 tempest-VolumesTestJSON-1483920787-project] Empty body provided in request {{(pid=100848) get_body /opt/stack/cinder/cinder/api/openstack/wsgi.py:703}}
Sep 05 12:37:00.565275 dv-cinder-807469-1-iscsi devstack@c-api.service[100848]: /usr/local/lib/python3.8/dist-packages/webob/acceptparse.py:1047: DeprecationWarning: The behavior of AcceptValidHeader.best_match is currently being maintained for backward compatibility, but it will be deprecated in the future, as it does not conform to the RFC.
Sep 05 12:37:00.565275 dv-cinder-807469-1-iscsi devstack@c-api.service[100848]: warnings.warn(
Sep 05 12:37:00.569888 dv-cinder-807469-1-iscsi devstack@c-api.service[100848]: DEBUG cinder.api.openstack.wsgi [req-fea5d710-f0d3-477b-94aa-baaba107a614 req-a8c1499b-2204-4309-9e06-341b9f3608ab tempest-VolumesTestJSON-1483920787 tempest-VolumesTestJSON-1483920787-project] Calling method 'show' {{(pid=100848) _process_stack /opt/stack/cinder/cinder/api/openstack/wsgi.py:856}}
Sep 05 12:37:00.596118 dv-cinder-807469-1-iscsi devstack@c-api.service[100848]: /usr/local/lib/python3.8/dist-packages/oslo_context/context.py:105: DeprecationWarning: Policy enforcement is depending on the value of is_admin. This key is deprecated. Please update your policy file to use the standard policy values.
Sep 05 12:37:00.596118 dv-cinder-807469-1-iscsi devstack@c-api.service[100848]: warnings.warn('Policy enforcement is depending on the value of '
Sep 05 12:37:00.625275 dv-cinder-807469-1-iscsi devstack@c-api.service[100848]: INFO cinder.volume.api [req-fea5d710-f0d3-477b-94aa-baaba107a614 req-a8c1499b-2204-4309-9e06-341b9f3608ab tempest-VolumesTestJSON-1483920787 tempest-VolumesTestJSON-1483920787-project] Volume info retrieved successfully.
Sep 05 12:37:00.645601 dv-cinder-807469-1-iscsi devstack@c-api.service[100848]: INFO cinder.api.openstack.wsgi [req-fea5d710-f0d3-477b-94aa-baaba107a614 req-a8c1499b-2204-4309-9e06-341b9f3608ab tempest-VolumesTestJSON-1483920787 tempest-VolumesTestJSON-1483920787-project] http://10.222.0.16/volume/v3/7c5f7007a59f47069253f8d9b94e910c/volumes/b4096cc5-328c-47d3-9f62-6859692d8069 returned with HTTP 200
Sep 05 12:37:00.647091 dv-cinder-807469-1-iscsi devstack@c-api.service[100848]: [pid: 100848|app: 0|req: 83/146] 10.222.0.16 () {60 vars in 1579 bytes} [Sun Sep 5 12:37:00 2021] GET /volume/v3/7c5f7007a59f47069253f8d9b94e910c/volumes/b4096cc5-328c-47d3-9f62-6859692d8069 => generated 921 bytes in 90 msecs (HTTP/1.1 200) 7 headers in 285 bytes (1 switches on core 0)
Sep 05 12:37:00.652562 dv-cinder-807469-1-iscsi devstack@c-api.service[100848]: INFO cinder.api.openstack.wsgi [None req-87f6fff2-9673-42c6-8c85-afc0200d5e83 tempest-GroupsV320Test-806363150 tempest-GroupsV320Test-806363150-project] GET http://10.222.0.16/volume/v3/798c87b199fa4ef1af283864730f3c75/groups/c0424bf8-207c-4e1e-90e6-602ce771cb0f
Sep 05 12:37:00.653521 dv-cinder-807469-1-iscsi devstack@c-api.service[100848]: DEBUG cinder.api.openstack.wsgi [None req-87f6fff2-9673-42c6-8c85-afc0200d5e83 tempest-GroupsV320Test-806363150 tempest-GroupsV320Test-806363150-project] Empty body provided in request {{(pid=100848) get_body /opt/stack/cinder/cinder/api/openstack/wsgi.py:703}}
Sep 05 12:37:00.653897 dv-cinder-807469-1-iscsi devstack@c-api.service[100848]: /usr/local/lib/python3.8/dist-packages/webob/acceptparse.py:1047: DeprecationWarning: The behavior of AcceptValidHeader.best_match is currently being maintained for backward compatibility, but it will be deprecated in the future, as it does not conform to the RFC.
Sep 05 12:37:00.653897 dv-cinder-807469-1-iscsi devstack@c-api.service[100848]: warnings.warn(
Sep 05 12:37:00.654721 dv-cinder-807469-1-iscsi devstack@c-api.service[100848]: DEBUG cinder.api.openstack.wsgi [None req-87f6fff2-9673-42c6-8c85-afc0200d5e83 tempest-GroupsV320Test-806363150 tempest-GroupsV320Test-806363150-project] Calling method 'version_select' {{(pid=100848) _process_stack /opt/stack/cinder/cinder/api/openstack/wsgi.py:856}}
Sep 05 12:37:00.655291 dv-cinder-807469-1-iscsi devstack@c-api.service[100848]: DEBUG cinder.api.v3.groups [None req-87f6fff2-9673-42c6-8c85-afc0200d5e83 tempest-GroupsV320Test-806363150 tempest-GroupsV320Test-806363150-project] show called for member c0424bf8-207c-4e1e-90e6-602ce771cb0f {{(pid=100848) show /opt/stack/cinder/cinder/api/v3/groups.py:58}}
Sep 05 12:37:00.661663 dv-cinder-807469-1-iscsi devstack@c-api.service[100848]: INFO cinder.api.openstack.wsgi [None req-87f6fff2-9673-42c6-8c85-afc0200d5e83 tempest-GroupsV320Test-806363150 tempest-GroupsV320Test-806363150-project] http://10.222.0.16/volume/v3/798c87b199fa4ef1af283864730f3c75/groups/c0424bf8-207c-4e1e-90e6-602ce771cb0f returned with HTTP 404
Sep 05 12:37:00.663129 dv-cinder-807469-1-iscsi devstack@c-api.service[100848]: [pid: 100848|app: 0|req: 84/147] 10.222.0.16 () {60 vars in 1363 bytes} [Sun Sep 5 12:37:00 2021] GET /volume/v3/798c87b199fa4ef1af283864730f3c75/groups/c0424bf8-207c-4e1e-90e6-602ce771cb0f => generated 108 bytes in 15 msecs (HTTP/1.1 404) 7 headers in 293 bytes (1 switches on core 0)
Sep 05 12:37:00.670173 dv-cinder-807469-1-iscsi devstack@c-api.service[100848]: INFO cinder.api.openstack.wsgi [None req-76896c8a-b6dc-4ee0-bdf0-44e84091b2f7 tempest-GroupsV314Test-301017333 tempest-GroupsV314Test-301017333-project] POST http://10.222.0.16/volume/v3/f00025cbe595483fa03ecb6380fa56f8/groups/8e287318-7a6d-4302-bef1-a454aea044f2/action
Sep 05 12:37:00.671982 dv-cinder-807469-1-iscsi devstack@c-api.service[100848]: DEBUG cinder.api.openstack.wsgi [None req-76896c8a-b6dc-4ee0-bdf0-44e84091b2f7 tempest-GroupsV314Test-301017333 tempest-GroupsV314Test-301017333-project] Action body: b'{"delete": {"delete-volumes": true}}' {{(pid=100848) get_method /opt/stack/cinder/cinder/api/openstack/wsgi.py:971}}
Sep 05 12:37:00.672592 dv-cinder-807469-1-iscsi devstack@c-api.service[100848]: DEBUG cinder.api.openstack.wsgi [None req-76896c8a-b6dc-4ee0-bdf0-44e84091b2f7 tempest-GroupsV314Test-301017333 tempest-GroupsV314Test-301017333-project] Action: 'action', calling method: delete_group, body: {"delete": {"delete-volumes": true}} {{(pid=100848) _process_stack /opt/stack/cinder/cinder/api/openstack/wsgi.py:854}}
Sep 05 12:37:00.674683 dv-cinder-807469-1-iscsi devstack@c-api.service[100848]: DEBUG cinder.api.v3.groups [None req-76896c8a-b6dc-4ee0-bdf0-44e84091b2f7 tempest-GroupsV314Test-301017333 tempest-GroupsV314Test-301017333-project] delete called for group 8e287318-7a6d-4302-bef1-a454aea044f2 {{(pid=100848) _delete /opt/stack/cinder/cinder/api/v3/groups.py:117}}
Sep 05 12:37:00.675182 dv-cinder-807469-1-iscsi devstack@c-api.service[100848]: INFO cinder.api.v3.groups [None req-76896c8a-b6dc-4ee0-bdf0-44e84091b2f7 tempest-GroupsV314Test-301017333 tempest-GroupsV314Test-301017333-project] Delete group with id: 8e287318-7a6d-4302-bef1-a454aea044f2
Sep 05 12:37:00.682349 dv-cinder-807469-1-iscsi devstack@c-api.service[100848]: /usr/local/lib/python3.8/dist-packages/oslo_context/context.py:105: DeprecationWarning: Policy enforcement is depending on the value of is_admin. This key is deprecated. Please update your policy file to use the standard policy values.
Sep 05 12:37:00.682349 dv-cinder-807469-1-iscsi devstack@c-api.service[100848]: warnings.warn('Policy enforcement is depending on the value of '
Sep 05 12:37:00.730261 dv-cinder-807469-1-iscsi devstack@c-api.service[100847]: WARNING cinder.quota [None req-132759ca-9c89-4954-85de-385bc67dbcab tempest-GroupSnapshotsTest-648109769 tempest-GroupSnapshotsTest-648109769-project] Deprecated: Default quota for resource: volumes_tempest-GroupSnapshotsTest-volume-type-1486414857 is set by the default quota flag: quota_volumes_tempest-GroupSnapshotsTest-volume-type-1486414857, it is now deprecated. Please use the default quota class for default quota.
Sep 05 12:37:00.731025 dv-cinder-807469-1-iscsi devstack@c-api.service[100847]: WARNING cinder.quota [None req-132759ca-9c89-4954-85de-385bc67dbcab tempest-GroupSnapshotsTest-648109769 tempest-GroupSnapshotsTest-648109769-project] Deprecated: Default quota for resource: gigabytes_tempest-GroupSnapshotsTest-volume-type-1486414857 is set by the default quota flag: quota_gigabytes_tempest-GroupSnapshotsTest-volume-type-1486414857, it is now deprecated. Please use the default quota class for default quota.
Sep 05 12:37:00.774264 dv-cinder-807469-1-iscsi devstack@c-api.service[100848]: INFO cinder.api.openstack.wsgi [None req-76896c8a-b6dc-4ee0-bdf0-44e84091b2f7 tempest-GroupsV314Test-301017333 tempest-GroupsV314Test-301017333-project] http://10.222.0.16/volume/v3/f00025cbe595483fa03ecb6380fa56f8/groups/8e287318-7a6d-4302-bef1-a454aea044f2/action returned with HTTP 202
Sep 05 12:37:00.775400 dv-cinder-807469-1-iscsi devstack@c-api.service[100848]: [pid: 100848|app: 0|req: 85/148] 10.222.0.16 () {62 vars in 1405 bytes} [Sun Sep 5 12:37:00 2021] POST /volume/v3/f00025cbe595483fa03ecb6380fa56f8/groups/8e287318-7a6d-4302-bef1-a454aea044f2/action => generated 0 bytes in 111 msecs (HTTP/1.1 202) 6 headers in 234 bytes (1 switches on core 0)
Sep 05 12:37:00.781245 dv-cinder-807469-1-iscsi devstack@c-api.service[100848]: INFO cinder.api.openstack.wsgi [None req-f052576c-1ffb-45b0-8033-8cb3073c0f1a tempest-VolumesTestJSON-1483920787 tempest-VolumesTestJSON-1483920787-project] POST http://10.222.0.16/volume/v3/7c5f7007a59f47069253f8d9b94e910c/volumes
Sep 05 12:37:00.781704 dv-cinder-807469-1-iscsi devstack@c-api.service[100848]: /usr/local/lib/python3.8/dist-packages/webob/acceptparse.py:1047: DeprecationWarning: The behavior of AcceptValidHeader.best_match is currently being maintained for backward compatibility, but it will be deprecated in the future, as it does not conform to the RFC.
Sep 05 12:37:00.781704 dv-cinder-807469-1-iscsi devstack@c-api.service[100848]: warnings.warn(
Sep 05 12:37:00.783740 dv-cinder-807469-1-iscsi devstack@c-api.service[100848]: DEBUG cinder.api.openstack.wsgi [None req-f052576c-1ffb-45b0-8033-8cb3073c0f1a tempest-VolumesTestJSON-1483920787 tempest-VolumesTestJSON-1483920787-project] Action: 'create', calling method: create, body: {"volume": {"metadata": {"Type": "work"}, "size": 1, "display_name": "tempest-VolumesTestJSON-volume-198356409"}} {{(pid=100848) _process_stack /opt/stack/cinder/cinder/api/openstack/wsgi.py:854}}
Sep 05 12:37:00.783870 dv-cinder-807469-1-iscsi devstack@c-api.service[100848]: DEBUG cinder.api.v3.volumes [None req-f052576c-1ffb-45b0-8033-8cb3073c0f1a tempest-VolumesTestJSON-1483920787 tempest-VolumesTestJSON-1483920787-project] Create volume request body: {'volume': {'metadata': {'Type': 'work'}, 'size': 1, 'display_name': 'tempest-VolumesTestJSON-volume-198356409'}} {{(pid=100848) create /opt/stack/cinder/cinder/api/v3/volumes.py:298}}
Sep 05 12:37:00.784936 dv-cinder-807469-1-iscsi devstack@c-api.service[100848]: INFO cinder.api.v3.volumes [None req-f052576c-1ffb-45b0-8033-8cb3073c0f1a tempest-VolumesTestJSON-1483920787 tempest-VolumesTestJSON-1483920787-project] Create volume of 1 GB
Sep 05 12:37:00.790801 dv-cinder-807469-1-iscsi devstack@c-api.service[100847]: DEBUG cinder.quota [None req-132759ca-9c89-4954-85de-385bc67dbcab tempest-GroupSnapshotsTest-648109769 tempest-GroupSnapshotsTest-648109769-project] Created reservations ['a14a84fd-a30a-4ef4-b83c-4f4513b3439e', '296d7fbd-2280-43bd-9e5f-185c258c0da0', '33b7c9d2-d274-4fb4-80b7-ccab82ebf578', '21181788-4f3b-4d23-921d-dbc745b9e850'] {{(pid=100847) reserve /opt/stack/cinder/cinder/quota.py:755}}
Sep 05 12:37:00.791245 dv-cinder-807469-1-iscsi devstack@c-api.service[100848]: INFO cinder.volume.api [None req-f052576c-1ffb-45b0-8033-8cb3073c0f1a tempest-VolumesTestJSON-1483920787 tempest-VolumesTestJSON-1483920787-project] Availability Zones retrieved successfully.
Sep 05 12:37:00.792650 dv-cinder-807469-1-iscsi devstack@c-api.service[100847]: DEBUG cinder.volume.api [None req-132759ca-9c89-4954-85de-385bc67dbcab tempest-GroupSnapshotsTest-648109769 tempest-GroupSnapshotsTest-648109769-project] Task 'cinder.volume.flows.api.create_volume.QuotaReserveTask;volume:create' (9bcdca35-acc9-495f-a178-b6a259f4e3ec) transitioned into state 'SUCCESS' from state 'RUNNING' with result '{'reservations': ['a14a84fd-a30a-4ef4-b83c-4f4513b3439e', '296d7fbd-2280-43bd-9e5f-185c258c0da0', '33b7c9d2-d274-4fb4-80b7-ccab82ebf578', '21181788-4f3b-4d23-921d-dbc745b9e850']}' {{(pid=100847) _task_receiver /usr/local/lib/python3.8/dist-packages/taskflow/listeners/logging.py:178}}
Sep 05 12:37:00.795105 dv-cinder-807469-1-iscsi devstack@c-api.service[100847]: DEBUG cinder.volume.api [None req-132759ca-9c89-4954-85de-385bc67dbcab tempest-GroupSnapshotsTest-648109769 tempest-GroupSnapshotsTest-648109769-project] Task 'cinder.volume.flows.api.create_volume.EntryCreateTask;volume:create' (6bf55ebd-b0ac-49fa-932e-ac8b776f1480) transitioned into state 'RUNNING' from state 'PENDING' {{(pid=100847) _task_receiver /usr/local/lib/python3.8/dist-packages/taskflow/listeners/logging.py:190}}
Sep 05 12:37:00.809735 dv-cinder-807469-1-iscsi devstack@c-api.service[100848]: DEBUG cinder.volume.api [None req-f052576c-1ffb-45b0-8033-8cb3073c0f1a tempest-VolumesTestJSON-1483920787 tempest-VolumesTestJSON-1483920787-project] Flow 'volume_create_api' (a3d189bd-26f0-41b1-a4e0-375256c094d2) transitioned into state 'RUNNING' from state 'PENDING' {{(pid=100848) _flow_receiver /usr/local/lib/python3.8/dist-packages/taskflow/listeners/logging.py:141}}
Sep 05 12:37:00.814450 dv-cinder-807469-1-iscsi devstack@c-api.service[100848]: DEBUG cinder.volume.api [None req-f052576c-1ffb-45b0-8033-8cb3073c0f1a tempest-VolumesTestJSON-1483920787 tempest-VolumesTestJSON-1483920787-project] Task 'cinder.volume.flows.api.create_volume.ExtractVolumeRequestTask;volume:create' (89642f3a-7db3-4fd5-960b-d3bebf92c967) transitioned into state 'RUNNING' from state 'PENDING' {{(pid=100848) _task_receiver /usr/local/lib/python3.8/dist-packages/taskflow/listeners/logging.py:190}}
Sep 05 12:37:00.816024 dv-cinder-807469-1-iscsi devstack@c-api.service[100848]: DEBUG cinder.volume.flows.api.create_volume [None req-f052576c-1ffb-45b0-8033-8cb3073c0f1a tempest-VolumesTestJSON-1483920787 tempest-VolumesTestJSON-1483920787-project] Validating volume size '1' using validate_int {{(pid=100848) _extract_size /opt/stack/cinder/cinder/volume/flows/api/create_volume.py:225}}
