Jul 01 07:08:24.756173 dv-cinder-807215-2-smb neutron-server[104126]: DEBUG neutron.pecan_wsgi.hooks.policy_enforcement [None req-531e6586-9ae8-4b37-8e06-e6a9a354a8fa admin admin] Attributes excluded by policy engine: ['standard_attr_id', 'shared', 'network'] {{(pid=104126) _exclude_attributes_by_policy /opt/stack/neutron/neutron/pecan_wsgi/hooks/policy_enforcement.py:259}}
Jul 01 07:08:24.757163 dv-cinder-807215-2-smb neutron-server[104126]: DEBUG neutron_lib.callbacks.manager [None req-531e6586-9ae8-4b37-8e06-e6a9a354a8fa admin admin] Publish callbacks ['neutron.api.rpc.agentnotifiers.dhcp_rpc_agent_api.DhcpAgentNotifyAPI._send_dhcp_notification-528660'] for subnet (None), before_response {{(pid=104126) _notify_loop /usr/local/lib/python3.8/dist-packages/neutron_lib/callbacks/manager.py:176}}
Jul 01 07:08:24.778178 dv-cinder-807215-2-smb neutron-server[104128]: DEBUG neutron.plugins.ml2.managers [None req-ebf3eda8-0920-4507-bac5-8b2675a82924 None None] Attempting to bind port 6601684f-661f-4f19-bb39-c4290ab360f2 on host dv-cinder-807215-2-smb for vnic_type normal with profile {{(pid=104128) bind_port /opt/stack/neutron/neutron/plugins/ml2/managers.py:811}}
Jul 01 07:08:24.778613 dv-cinder-807215-2-smb neutron-server[104128]: DEBUG neutron.plugins.ml2.managers [None req-ebf3eda8-0920-4507-bac5-8b2675a82924 None None] Attempting to bind port 6601684f-661f-4f19-bb39-c4290ab360f2 by drivers openvswitch,hyperv on host dv-cinder-807215-2-smb at level 0 using segments [{'id': '48170676-66f6-434f-a188-223b8c062c72', 'network_type': 'vlan', 'physical_network': 'physnet1', 'segmentation_id': 373, 'network_id': '064043a4-5fc0-4f1a-a05e-385fbab960b2'}] {{(pid=104128) _bind_port_level /opt/stack/neutron/neutron/plugins/ml2/managers.py:836}}
Jul 01 07:08:24.778980 dv-cinder-807215-2-smb neutron-server[104128]: DEBUG neutron.plugins.ml2.drivers.mech_agent [None req-ebf3eda8-0920-4507-bac5-8b2675a82924 None None] Attempting to bind port 6601684f-661f-4f19-bb39-c4290ab360f2 on network 064043a4-5fc0-4f1a-a05e-385fbab960b2 {{(pid=104128) bind_port /opt/stack/neutron/neutron/plugins/ml2/drivers/mech_agent.py:91}}
Jul 01 07:08:24.800217 dv-cinder-807215-2-smb neutron-server[104128]: DEBUG neutron_lib.callbacks.manager [None req-e0bcf842-c576-4151-a726-9b4d393a0678 None None] Publish callbacks ['neutron.services.segments.db._update_segment_host_mapping_for_agent-8746235831628', 'neutron.plugins.ml2.plugin.Ml2Plugin._retry_binding_revived_agents-1516244'] for agent (c10e71c4-b1db-4c98-8fc2-64bb4288067a), after_update {{(pid=104128) _notify_loop /usr/local/lib/python3.8/dist-packages/neutron_lib/callbacks/manager.py:176}}
Jul 01 07:08:24.806942 dv-cinder-807215-2-smb neutron-server[104126]: DEBUG dbcounter [-] [104126] Writing DB stats neutron:SELECT=95,neutron:UPDATE=2,neutron:INSERT=3 {{(pid=104126) stat_writer /usr/local/lib/python3.8/dist-packages/dbcounter.py:114}}
Jul 01 07:08:24.807216 dv-cinder-807215-2-smb neutron-server[104128]: DEBUG neutron.api.rpc.handlers.dhcp_rpc [None req-0eff5e8f-2f69-4496-9990-b22a1eb36e03 None None] Network c0e75868-9eff-498c-9c43-aee5ea7485fb requested from dv-cinder-807215-2-smb {{(pid=104128) get_network_info /opt/stack/neutron/neutron/api/rpc/handlers/dhcp_rpc.py:191}}
Jul 01 07:08:24.893690 dv-cinder-807215-2-smb neutron-server[104127]: DEBUG neutron.wsgi [-] (104127) accepted ('10.222.0.33', 36884) {{(pid=104127) server /usr/local/lib/python3.8/dist-packages/eventlet/wsgi.py:1004}}
Jul 01 07:08:24.928959 dv-cinder-807215-2-smb neutron-server[104128]: DEBUG dbcounter [-] [104128] Writing DB stats neutron:SELECT=89,neutron:INSERT=6,neutron:UPDATE=5 {{(pid=104128) stat_writer /usr/local/lib/python3.8/dist-packages/dbcounter.py:114}}
Jul 01 07:08:24.928959 dv-cinder-807215-2-smb neutron-server[104128]: DEBUG neutron.plugins.ml2.drivers.mech_agent [None req-ebf3eda8-0920-4507-bac5-8b2675a82924 None None] Checking agent: {'id': 'f35352ac-91b2-4650-a922-ac91bf64cc48', 'agent_type': 'Open vSwitch agent', 'binary': 'neutron-openvswitch-agent', 'topic': 'N/A', 'host': 'dv-cinder-807215-2-smb', 'admin_state_up': True, 'created_at': datetime.datetime(2022, 7, 1, 7, 0, 12), 'started_at': datetime.datetime(2022, 7, 1, 7, 0, 42), 'heartbeat_timestamp': datetime.datetime(2022, 7, 1, 7, 8, 12), 'description': None, 'resources_synced': None, 'availability_zone': None, 'alive': True, 'configurations': {'arp_responder_enabled': False, 'baremetal_smartnic': False, 'bridge_mappings': {'physnet1': 'br-data'}, 'datapath_type': 'system', 'devices': 0, 'enable_distributed_routing': False, 'extensions': [], 'in_distributed_mode': False, 'integration_bridge': 'br-int', 'l2_population': False, 'log_agent_heartbeats': False, 'ovs_capabilities': {'datapath_types': ['netdev', 'system'], 'iface_types': ['erspan', 'geneve', 'gre', 'internal', 'ip6erspan', 'ip6gre', 'lisp', 'patch', 'stt', 'system', 'tap', 'vxlan']}, 'ovs_hybrid_plug': False, 'resource_provider_bandwidths': {}, 'resource_provider_hypervisors': {'br-data': 'dv-cinder-807215-2-smb'}, 'resource_provider_inventory_defaults': {'allocation_ratio': 1.0, 'min_unit': 1, 'step_size': 1, 'reserved': 0}, 'resource_provider_packet_processing_inventory_defaults': {'allocation_ratio': 1.0, 'min_unit': 1, 'step_size': 1, 'reserved': 0}, 'resource_provider_packet_processing_with_direction': {}, 'resource_provider_packet_processing_without_direction': {}, 'tunnel_types': [], 'tunneling_ip': None, 'vhostuser_socket_dir': '/var/run/openvswitch'}, 'resource_versions': {'AddressGroup': '1.2', 'Agent': '1.1', 'ConntrackHelper': '1.0', 'LocalIPAssociation': '1.0', 'Log': '1.0', 'NDPProxy': '1.0', 'Network': '1.1', 'Port': '1.7', 'PortForwarding': '1.3', 'QosPolicy': '1.10', 'SecurityGroup': '1.5', 'SecurityGroupRule': '1.2', 'SubPort': '1.0', 'Subnet': '1.1', 'Trunk': '1.1'}} {{(pid=104128) bind_port /opt/stack/neutron/neutron/plugins/ml2/drivers/mech_agent.py:110}}
Jul 01 07:08:24.928959 dv-cinder-807215-2-smb neutron-server[104128]: DEBUG neutron.plugins.ml2.drivers.mech_agent [None req-ebf3eda8-0920-4507-bac5-8b2675a82924 None None] Checking segment: {'id': '48170676-66f6-434f-a188-223b8c062c72', 'network_type': 'vlan', 'physical_network': 'physnet1', 'segmentation_id': 373, 'network_id': '064043a4-5fc0-4f1a-a05e-385fbab960b2'} for mappings: {'physnet1': 'br-data'} with network types: ['local', 'flat', 'vlan'] {{(pid=104128) check_segment_for_agent /opt/stack/neutron/neutron/plugins/ml2/drivers/mech_agent.py:373}}
Jul 01 07:08:24.928959 dv-cinder-807215-2-smb neutron-server[104128]: DEBUG neutron_lib.callbacks.manager [None req-ebf3eda8-0920-4507-bac5-8b2675a82924 None None] Publish callbacks [] for ovs_bridge_name (None), before_read {{(pid=104128) _notify_loop /usr/local/lib/python3.8/dist-packages/neutron_lib/callbacks/manager.py:176}}
Jul 01 07:08:24.928959 dv-cinder-807215-2-smb neutron-server[104128]: DEBUG neutron.plugins.ml2.drivers.mech_agent [None req-ebf3eda8-0920-4507-bac5-8b2675a82924 None None] Bound using segment: {'id': '48170676-66f6-434f-a188-223b8c062c72', 'network_type': 'vlan', 'physical_network': 'physnet1', 'segmentation_id': 373, 'network_id': '064043a4-5fc0-4f1a-a05e-385fbab960b2'} {{(pid=104128) bind_port /opt/stack/neutron/neutron/plugins/ml2/drivers/mech_agent.py:120}}
Jul 01 07:08:24.928959 dv-cinder-807215-2-smb neutron-server[104128]: DEBUG neutron.plugins.ml2.managers [None req-ebf3eda8-0920-4507-bac5-8b2675a82924 None None] Bound port: 6601684f-661f-4f19-bb39-c4290ab360f2, host: dv-cinder-807215-2-smb, vif_type: ovs, vif_details: {"connectivity": "l2", "port_filter": true, "ovs_hybrid_plug": false, "datapath_type": "system", "bridge_name": "br-int"}, binding_levels: [{'bound_driver': 'openvswitch', 'bound_segment': {'id': '48170676-66f6-434f-a188-223b8c062c72', 'network_type': 'vlan', 'physical_network': 'physnet1', 'segmentation_id': 373, 'network_id': '064043a4-5fc0-4f1a-a05e-385fbab960b2'}}] {{(pid=104128) _bind_port_level /opt/stack/neutron/neutron/plugins/ml2/managers.py:948}}
Jul 01 07:08:24.928959 dv-cinder-807215-2-smb neutron-server[104128]: DEBUG neutron_lib.callbacks.manager [None req-ebf3eda8-0920-4507-bac5-8b2675a82924 None None] Publish callbacks ['neutron.plugins.ml2.plugin.SecurityGroupDbMixin._ensure_default_security_group_handler-1638897'] for port (6601684f-661f-4f19-bb39-c4290ab360f2), before_update {{(pid=104128) _notify_loop /usr/local/lib/python3.8/dist-packages/neutron_lib/callbacks/manager.py:176}}
Jul 01 07:08:24.951622 dv-cinder-807215-2-smb neutron-server[104127]: DEBUG neutron_lib.callbacks.manager [None req-c211a5b0-71b4-4b0b-b53f-d39d98db794c admin admin] Publish callbacks [] for security_group (None), before_create {{(pid=104127) _notify_loop /usr/local/lib/python3.8/dist-packages/neutron_lib/callbacks/manager.py:176}}
Jul 01 07:08:24.981106 dv-cinder-807215-2-smb neutron-server[104126]: INFO neutron.wsgi [None req-531e6586-9ae8-4b37-8e06-e6a9a354a8fa admin admin] 10.222.0.33 "POST /v2.0/subnets HTTP/1.1" status: 201 len: 848 time: 3.8692143
Jul 01 07:08:24.984505 dv-cinder-807215-2-smb neutron-server[104127]: DEBUG neutron.wsgi [-] (104127) accepted ('10.222.0.33', 36886) {{(pid=104127) server /usr/local/lib/python3.8/dist-packages/eventlet/wsgi.py:1004}}
Jul 01 07:08:24.992556 dv-cinder-807215-2-smb neutron-server[104127]: DEBUG neutron.api.v2.base [None req-3efcf334-2efd-4cc8-8165-78e5118ff3ee admin admin] Request body: {'router': {'name': 'tempest-DeleteServersTestJSON-1739382642-router', 'tenant_id': 'a85978208ae84f72aa794de4c370752c', 'external_gateway_info': {'network_id': 'd3863f3c-379e-4ef2-8f43-bcb7bf0ddc55'}}} {{(pid=104127) prepare_request_body /opt/stack/neutron/neutron/api/v2/base.py:730}}
Jul 01 07:08:25.037590 dv-cinder-807215-2-smb neutron-server[104128]: DEBUG dbcounter [-] [104128] Writing DB stats neutron:SELECT=97,neutron:UPDATE=3 {{(pid=104128) stat_writer /usr/local/lib/python3.8/dist-packages/dbcounter.py:114}}
Jul 01 07:08:25.084134 dv-cinder-807215-2-smb neutron-server[104128]: DEBUG neutron.plugins.ml2.plugin [None req-e59a1afe-fb4d-4f51-a9bc-6a0118245109 None None] Current status of the port d9e651fd-3990-413c-9189-04a1eac0a7d2 is: DOWN; New status is: ACTIVE {{(pid=104128) _update_individual_port_db_status /opt/stack/neutron/neutron/plugins/ml2/plugin.py:2292}}
Jul 01 07:08:25.084522 dv-cinder-807215-2-smb neutron-server[104128]: DEBUG neutron_lib.callbacks.manager [None req-e59a1afe-fb4d-4f51-a9bc-6a0118245109 None None] Publish callbacks ['neutron.plugins.ml2.plugin.SecurityGroupDbMixin._ensure_default_security_group_handler-1638897'] for port (d9e651fd-3990-413c-9189-04a1eac0a7d2), before_update {{(pid=104128) _notify_loop /usr/local/lib/python3.8/dist-packages/neutron_lib/callbacks/manager.py:176}}
Jul 01 07:08:25.100903 dv-cinder-807215-2-smb neutron-server[104129]: DEBUG neutron.db.l3_hamode_db [None req-e70569ac-064e-463b-9720-b5b20e7430a1 None None] neutron.services.l3_router.l3_router_plugin.L3RouterPlugin method _process_sync_ha_data called with arguments (, [{'id': '93f20bd4-aa3a-40b0-a39b-0cb3b85729db', 'name': 'tempest-AttachVolumeTestJSON-1476426150-router', 'tenant_id': 'b1c7145e174544e9a6e34a413d6c225f', 'admin_state_up': True, 'status': 'ACTIVE', 'external_gateway_info': {'network_id': 'd3863f3c-379e-4ef2-8f43-bcb7bf0ddc55', 'external_fixed_ips': [{'subnet_id': 'ede14b1f-b89b-4160-aa2f-54df1f22acd6', 'ip_address': '172.28.3.6'}], 'enable_snat': True}, 'gw_port_id': 'b2c12f7f-62d0-44ef-a6d5-7e4c5440ec61', 'description': '', 'availability_zones': ['nova'], 'distributed': False, 'ha': False, 'ha_vr_id': 0, 'availability_zone_hints': [], 'routes': [], 'flavor_id': None, 'tags': [], 'created_at': '2022-07-01T07:08:20Z', 'updated_at': '2022-07-01T07:08:22Z', 'revision_number': 3, 'project_id': 'b1c7145e174544e9a6e34a413d6c225f', 'gw_port': {'id': 'b2c12f7f-62d0-44ef-a6d5-7e4c5440ec61', 'name': '', 'network_id': 'd3863f3c-379e-4ef2-8f43-bcb7bf0ddc55', 'tenant_id': '', 'mac_address': 'fa:16:3e:b3:f2:bf', 'admin_state_up': True, 'status': 'DOWN', 'device_id': '93f20bd4-aa3a-40b0-a39b-0cb3b85729db', 'device_owner': 'network:router_gateway', 'standard_attr_id': 75, 'fixed_ips': [{'subnet_id': 'ede14b1f-b89b-4160-aa2f-54df1f22acd6', 'ip_address': '172.28.3.6', 'prefixlen': 24}], 'allowed_address_pairs': [], 'extra_dhcp_opts': [], 'security_groups': [], 'description': '', 'binding:vnic_type': 'normal', 'binding:profile': {}, 'binding:host_id': '', 'binding:vif_type': 'unbound', 'binding:vif_details': {}, 'port_security_enabled': False, 'tags': [], 'created_at': '2022-07-01T07:08:21Z', 'updated_at': '2022-07-01T07:08:22Z', 'revision_number': 1, 'project_id': '', 'subnets': [{'id': 'ede14b1f-b89b-4160-aa2f-54df1f22acd6', 'cidr': '172.28.3.0/24', 'gateway_ip': '172.28.3.1', 'dns_nameservers': [], 'ipv6_ra_mode': None, 'subnetpool_id': None}], 'extra_subnets': [], 'address_scopes': {4: None, 6: None}, 'mtu': 1500}, 'enable_snat': True, 'gw_port_host': 'dv-cinder-807215-2-smb'}], 'dv-cinder-807215-2-smb', False) {} {{(pid=104129) wrapper /usr/local/lib/python3.8/dist-packages/oslo_log/helpers.py:65}}
Jul 01 07:08:25.115021 dv-cinder-807215-2-smb neutron-server[104127]: DEBUG neutron_lib.callbacks.manager [None req-3efcf334-2efd-4cc8-8165-78e5118ff3ee admin admin] Publish callbacks ['neutron.services.l3_router.l3_router_plugin.L3_HA_NAT_db_mixin._before_router_create_handler-583517', 'neutron.services.l3_router.service_providers.driver_controller.DriverController._check_router_request-74448'] for router (ba74515f-2b0b-4b41-927b-06bb698d12b6), before_create {{(pid=104127) _notify_loop /usr/local/lib/python3.8/dist-packages/neutron_lib/callbacks/manager.py:176}}
Jul 01 07:08:25.116047 dv-cinder-807215-2-smb neutron-server[104127]: DEBUG neutron_lib.callbacks.manager [None req-3efcf334-2efd-4cc8-8165-78e5118ff3ee admin admin] Publish callbacks ['neutron.services.l3_router.l3_router_plugin.L3_HA_NAT_db_mixin._precommit_router_create-583387', 'neutron.services.l3_router.l3_router_plugin.DVRResourceOperationHandler._set_distributed_flag-586906', 'neutron.services.l3_router.l3_router_plugin.RouterAvailabilityZoneMixin._process_az_request-509680', 'neutron.services.l3_router.service_providers.driver_controller.DriverController._set_router_provider-74457'] for router (ba74515f-2b0b-4b41-927b-06bb698d12b6), precommit_create {{(pid=104127) _notify_loop /usr/local/lib/python3.8/dist-packages/neutron_lib/callbacks/manager.py:176}}
Jul 01 07:08:25.131179 dv-cinder-807215-2-smb neutron-server[104128]: DEBUG neutron.plugins.ml2.db [None req-ebf3eda8-0920-4507-bac5-8b2675a82924 None None] For port 6601684f-661f-4f19-bb39-c4290ab360f2, host dv-cinder-807215-2-smb, cleared binding levels {{(pid=104128) clear_binding_levels /opt/stack/neutron/neutron/plugins/ml2/db.py:87}}
Jul 01 07:08:25.139572 dv-cinder-807215-2-smb neutron-server[104129]: DEBUG neutron.api.rpc.handlers.l3_rpc [None req-e70569ac-064e-463b-9720-b5b20e7430a1 None None] Checking router: 93f20bd4-aa3a-40b0-a39b-0cb3b85729db for host: dv-cinder-807215-2-smb {{(pid=104129) _ensure_host_set_on_ports /opt/stack/neutron/neutron/api/rpc/handlers/l3_rpc.py:155}}
Jul 01 07:08:25.140296 dv-cinder-807215-2-smb neutron-server[104129]: DEBUG neutron.api.rpc.handlers.l3_rpc [None req-e70569ac-064e-463b-9720-b5b20e7430a1 None None] Updating router 93f20bd4-aa3a-40b0-a39b-0cb3b85729db port b2c12f7f-62d0-44ef-a6d5-7e4c5440ec61 binding host dv-cinder-807215-2-smb {{(pid=104129) _ensure_host_set_on_port /opt/stack/neutron/neutron/api/rpc/handlers/l3_rpc.py:205}}
Jul 01 07:08:25.176661 dv-cinder-807215-2-smb neutron-server[104128]: DEBUG neutron.db.provisioning_blocks [None req-74f249d7-6cfc-4093-8113-d23b5526f201 None None] Provisioning complete for port d9e651fd-3990-413c-9189-04a1eac0a7d2 triggered by entity L2. {{(pid=104128) provisioning_complete /opt/stack/neutron/neutron/db/provisioning_blocks.py:145}}
Jul 01 07:08:25.177054 dv-cinder-807215-2-smb neutron-server[104128]: DEBUG neutron_lib.callbacks.manager [None req-74f249d7-6cfc-4093-8113-d23b5526f201 None None] Publish callbacks ['neutron.plugins.ml2.plugin.Ml2Plugin._port_provisioned-1516042'] for port (d9e651fd-3990-413c-9189-04a1eac0a7d2), provisioning_complete {{(pid=104128) _notify_loop /usr/local/lib/python3.8/dist-packages/neutron_lib/callbacks/manager.py:176}}
Jul 01 07:08:25.199741 dv-cinder-807215-2-smb neutron-server[104129]: DEBUG neutron_lib.callbacks.manager [None req-e70569ac-064e-463b-9720-b5b20e7430a1 None None] Publish callbacks ['neutron.plugins.ml2.plugin.SecurityGroupDbMixin._ensure_default_security_group_handler-1638897'] for port (b2c12f7f-62d0-44ef-a6d5-7e4c5440ec61), before_update {{(pid=104129) _notify_loop /usr/local/lib/python3.8/dist-packages/neutron_lib/callbacks/manager.py:176}}
Jul 01 07:08:25.219387 dv-cinder-807215-2-smb neutron-server[104128]: DEBUG neutron.plugins.ml2.db [None req-ebf3eda8-0920-4507-bac5-8b2675a82924 None None] For port 6601684f-661f-4f19-bb39-c4290ab360f2, host dv-cinder-807215-2-smb, set binding levels [PortBindingLevel(driver='openvswitch',host='dv-cinder-807215-2-smb',level=0,port_id=6601684f-661f-4f19-bb39-c4290ab360f2,segment=NetworkSegment(48170676-66f6-434f-a188-223b8c062c72),segment_id=48170676-66f6-434f-a188-223b8c062c72)] {{(pid=104128) set_binding_levels /opt/stack/neutron/neutron/plugins/ml2/db.py:59}}
Jul 01 07:08:25.222099 dv-cinder-807215-2-smb neutron-server[104126]: DEBUG neutron_lib.callbacks.manager [None req-6d120087-9ece-4bb6-9598-339538a900fb admin admin] Publish callbacks ['neutron.plugins.ml2.ovo_rpc._ObjectChangeHandler.handle_event-536573'] for security_group (47beb874-a16c-43c7-89d4-3ce141c70c16), after_delete {{(pid=104126) _notify_loop /usr/local/lib/python3.8/dist-packages/neutron_lib/callbacks/manager.py:176}}
Jul 01 07:08:25.224515 dv-cinder-807215-2-smb neutron-server[104126]: DEBUG neutron_lib.callbacks.manager [None req-6d120087-9ece-4bb6-9598-339538a900fb admin admin] Publish callbacks [] for security_group (None), before_response {{(pid=104126) _notify_loop /usr/local/lib/python3.8/dist-packages/neutron_lib/callbacks/manager.py:176}}
Jul 01 07:08:25.227693 dv-cinder-807215-2-smb neutron-server[104126]: INFO neutron.wsgi [None req-6d120087-9ece-4bb6-9598-339538a900fb admin admin] 10.222.0.33 "DELETE /v2.0/security-groups/47beb874-a16c-43c7-89d4-3ce141c70c16 HTTP/1.1" status: 204 len: 168 time: 1.3018363
Jul 01 07:08:25.265693 dv-cinder-807215-2-smb neutron-server[104126]: DEBUG neutron_lib.callbacks.manager [None req-59d4e531-51da-441c-b5ce-1c48a071da5a admin admin] Publish callbacks [] for router_gateway (67dc8865-85b6-4138-a3c2-f43e62c79f18), before_create {{(pid=104126) _notify_loop /usr/local/lib/python3.8/dist-packages/neutron_lib/callbacks/manager.py:176}}
Jul 01 07:08:25.272585 dv-cinder-807215-2-smb neutron-server[104126]: DEBUG neutron.api.rpc.handlers.resources_rpc [None req-6d120087-9ece-4bb6-9598-339538a900fb admin admin] Pushing event deleted for resources: {'SecurityGroup': ['ID=47beb874-a16c-43c7-89d4-3ce141c70c16,revision_number=None']} {{(pid=104126) push /opt/stack/neutron/neutron/api/rpc/handlers/resources_rpc.py:237}}
Jul 01 07:08:25.277236 dv-cinder-807215-2-smb neutron-server[104126]: DEBUG neutron.db.db_base_plugin_common [None req-9e441886-161b-41e8-9f1d-d38ab094f2fe admin admin] Allocated IP 172.28.3.142 (d3863f3c-379e-4ef2-8f43-bcb7bf0ddc55/ede14b1f-b89b-4160-aa2f-54df1f22acd6/51481c8a-f629-4eb8-82c5-70057b8bf983) {{(pid=104126) _store_ip_allocation /opt/stack/neutron/neutron/db/db_base_plugin_common.py:131}}
Jul 01 07:08:25.319544 dv-cinder-807215-2-smb neutron-server[104128]: DEBUG neutron.plugins.ml2.db [None req-e59a1afe-fb4d-4f51-a9bc-6a0118245109 None None] For port d9e651fd-3990-413c-9189-04a1eac0a7d2, host dv-cinder-807215-2-smb, got binding levels [PortBindingLevel(driver='openvswitch',host='dv-cinder-807215-2-smb',level=0,port_id=d9e651fd-3990-413c-9189-04a1eac0a7d2,segment=NetworkSegment(15c0db7c-6003-49c0-98b8-f59c2f1a0ecb),segment_id=15c0db7c-6003-49c0-98b8-f59c2f1a0ecb)] {{(pid=104128) get_binding_level_objs /opt/stack/neutron/neutron/plugins/ml2/db.py:74}}
Jul 01 07:08:25.323998 dv-cinder-807215-2-smb neutron-server[104127]: DEBUG neutron_lib.callbacks.manager [None req-3efcf334-2efd-4cc8-8165-78e5118ff3ee admin admin] Publish callbacks [] for router_controller (ba74515f-2b0b-4b41-927b-06bb698d12b6), precommit_add_association {{(pid=104127) _notify_loop /usr/local/lib/python3.8/dist-packages/neutron_lib/callbacks/manager.py:176}}
Jul 01 07:08:25.341077 dv-cinder-807215-2-smb neutron-server[104126]: DEBUG neutron_lib.callbacks.manager [None req-59d4e531-51da-441c-b5ce-1c48a071da5a admin admin] Publish callbacks ['neutron.plugins.ml2.plugin.SecurityGroupDbMixin._ensure_default_security_group_handler-1638897'] for port (None), before_create {{(pid=104126) _notify_loop /usr/local/lib/python3.8/dist-packages/neutron_lib/callbacks/manager.py:176}}
Jul 01 07:08:25.361557 dv-cinder-807215-2-smb neutron-server[104126]: DEBUG neutron.api.rpc.agentnotifiers.l3_rpc_agent_api [None req-c355227e-fb31-4f1e-a095-0e0a474f1eea admin admin] Notify agent at l3_agent.dv-cinder-807215-2-smb the message routers_updated {{(pid=104126) _agent_notification /opt/stack/neutron/neutron/api/rpc/agentnotifiers/l3_rpc_agent_api.py:65}}
Jul 01 07:08:25.379617 dv-cinder-807215-2-smb neutron-server[104128]: DEBUG neutron.api.rpc.handlers.l3_rpc [None req-fa184c93-ba29-43e0-8a48-036f64f01b14 None None] Sync routers for ids ['cd2ef6d1-a7fd-441d-98de-3e7c786fef30'] in dv-cinder-807215-2-smb {{(pid=104128) sync_routers /opt/stack/neutron/neutron/api/rpc/handlers/l3_rpc.py:125}}
Jul 01 07:08:25.382265 dv-cinder-807215-2-smb neutron-server[104128]: DEBUG neutron_lib.callbacks.manager [None req-ebf3eda8-0920-4507-bac5-8b2675a82924 None None] Publish callbacks ['neutron.plugins.ml2.plugin.SecurityGroupServerNotifierRpcMixin._notify_sg_on_port_change-1638846', 'neutron.plugins.ml2.ovo_rpc._ObjectChangeHandler.handle_event-976978', 'neutron.api.rpc.agentnotifiers.dhcp_rpc_agent_api.DhcpAgentNotifyAPI._native_event_send_dhcp_notification-528678', 'neutron.db.l3_db.L3RpcNotifierMixin._notify_gateway_port_ip_changed-8746235972298', 'neutron.db.l3_dvrscheduler_db._notify_l3_agent_port_update-8746235448167', 'neutron.db.l3_hascheduler_db._notify_l3_agent_ha_port_update-8746235448185'] for port (6601684f-661f-4f19-bb39-c4290ab360f2), after_update {{(pid=104128) _notify_loop /usr/local/lib/python3.8/dist-packages/neutron_lib/callbacks/manager.py:176}}
Jul 01 07:08:25.386385 dv-cinder-807215-2-smb neutron-server[104128]: DEBUG neutron_lib.callbacks.manager [None req-e59a1afe-fb4d-4f51-a9bc-6a0118245109 None None] Publish callbacks ['neutron.plugins.ml2.plugin.SecurityGroupServerNotifierRpcMixin._notify_sg_on_port_change-1638846', 'neutron.plugins.ml2.ovo_rpc._ObjectChangeHandler.handle_event-976978', 'neutron.api.rpc.agentnotifiers.dhcp_rpc_agent_api.DhcpAgentNotifyAPI._native_event_send_dhcp_notification-528678', 'neutron.db.l3_db.L3RpcNotifierMixin._notify_gateway_port_ip_changed-8746235972298', 'neutron.db.l3_dvrscheduler_db._notify_l3_agent_port_update-8746235448167', 'neutron.db.l3_hascheduler_db._notify_l3_agent_ha_port_update-8746235448185'] for port (d9e651fd-3990-413c-9189-04a1eac0a7d2), after_update {{(pid=104128) _notify_loop /usr/local/lib/python3.8/dist-packages/neutron_lib/callbacks/manager.py:176}}
Jul 01 07:08:25.444125 dv-cinder-807215-2-smb neutron-server[104128]: DEBUG neutron.api.rpc.handlers.dhcp_rpc [None req-e718e213-86f3-4c86-8eb0-fdc247bd9f86 None None] Create dhcp port {'port': {'name': '', 'admin_state_up': True, 'device_id': 'dhcp5b9dc77a-5e6e-5368-b055-f21694c7eb87-c0e75868-9eff-498c-9c43-aee5ea7485fb', 'network_id': 'c0e75868-9eff-498c-9c43-aee5ea7485fb', 'project_id': 'a85978208ae84f72aa794de4c370752c', 'fixed_ips': [{'subnet_id': 'ed041d7a-3f36-45a3-877a-a383bf2fc719'}]}} from dv-cinder-807215-2-smb. {{(pid=104128) create_dhcp_port /opt/stack/neutron/neutron/api/rpc/handlers/dhcp_rpc.py:268}}
Jul 01 07:08:25.445041 dv-cinder-807215-2-smb neutron-server[104128]: DEBUG neutron_lib.callbacks.manager [None req-e718e213-86f3-4c86-8eb0-fdc247bd9f86 None None] Publish callbacks ['neutron.plugins.ml2.plugin.SecurityGroupDbMixin._ensure_default_security_group_handler-1638897'] for port (None), before_create {{(pid=104128) _notify_loop /usr/local/lib/python3.8/dist-packages/neutron_lib/callbacks/manager.py:176}}
Jul 01 07:08:25.529958 dv-cinder-807215-2-smb neutron-server[104126]: DEBUG neutron_lib.callbacks.manager [None req-9e441886-161b-41e8-9f1d-d38ab094f2fe admin admin] Publish callbacks [] for port (51481c8a-f629-4eb8-82c5-70057b8bf983), precommit_create {{(pid=104126) _notify_loop /usr/local/lib/python3.8/dist-packages/neutron_lib/callbacks/manager.py:176}}
Jul 01 07:08:25.561170 dv-cinder-807215-2-smb neutron-server[104128]: DEBUG neutron.db.l3_dvrscheduler_db [None req-fa184c93-ba29-43e0-8a48-036f64f01b14 None None] Routers {'cd2ef6d1-a7fd-441d-98de-3e7c786fef30'} bound to L3 agent in host dv-cinder-807215-2-smb {{(pid=104128) _get_router_ids_for_agent /opt/stack/neutron/neutron/db/l3_dvrscheduler_db.py:426}}
Jul 01 07:08:25.561801 dv-cinder-807215-2-smb neutron-server[104128]: DEBUG neutron.db.l3_hamode_db [None req-fa184c93-ba29-43e0-8a48-036f64f01b14 None None] neutron.services.l3_router.l3_router_plugin.L3RouterPlugin method get_ha_sync_data_for_host called with arguments (, 'dv-cinder-807215-2-smb', Agent(admin_state_up=True,agent_type='L3 agent',availability_zone='nova',binary='neutron-l3-agent',configurations={"agent_mode": "legacy", "ex_gw_ports": 1, "extensions": [], "floating_ips": 0, "handle_internal_only_routers": true, "interface_driver": "openvswitch", "interfaces": 1, "log_agent_heartbeats": false, "routers": 1},created_at=2022-07-01T07:00:09Z,description=,heartbeat_timestamp=2022-07-01T07:08:09Z,host='dv-cinder-807215-2-smb',id=004b8c3f-c9be-41e0-a764-008d9f51f526,load=0,resource_versions=,resources_synced=,started_at=2022-07-01T07:00:09Z,topic='l3_agent')) {'router_ids': ['cd2ef6d1-a7fd-441d-98de-3e7c786fef30'], 'active': True} {{(pid=104128) wrapper /usr/local/lib/python3.8/dist-packages/oslo_log/helpers.py:65}}
Jul 01 07:08:25.564149 dv-cinder-807215-2-smb neutron-server[104126]: DEBUG dbcounter [-] [104126] Writing DB stats neutron:SELECT=88,neutron:INSERT=3,neutron:DELETE=6,neutron:UPDATE=3 {{(pid=104126) stat_writer /usr/local/lib/python3.8/dist-packages/dbcounter.py:114}}
Jul 01 07:08:25.606223 dv-cinder-807215-2-smb neutron-server[104127]: DEBUG neutron_lib.callbacks.manager [None req-3efcf334-2efd-4cc8-8165-78e5118ff3ee admin admin] Publish callbacks [] for router_gateway (ba74515f-2b0b-4b41-927b-06bb698d12b6), precommit_update {{(pid=104127) _notify_loop /usr/local/lib/python3.8/dist-packages/neutron_lib/callbacks/manager.py:176}}
Jul 01 07:08:25.607650 dv-cinder-807215-2-smb neutron-server[104126]: DEBUG neutron_lib.callbacks.manager [None req-9e441886-161b-41e8-9f1d-d38ab094f2fe admin admin] Publish callbacks ['neutron.plugins.ml2.plugin.SecurityGroupServerNotifierRpcMixin._notify_sg_on_port_change-1638846', 'neutron.plugins.ml2.ovo_rpc._ObjectChangeHandler.handle_event-976978', 'neutron.api.rpc.agentnotifiers.dhcp_rpc_agent_api.DhcpAgentNotifyAPI._native_event_send_dhcp_notification-528678', 'neutron.db.l3_dvrscheduler_db._notify_l3_agent_new_port-8746235448149'] for port (51481c8a-f629-4eb8-82c5-70057b8bf983), after_create {{(pid=104126) _notify_loop /usr/local/lib/python3.8/dist-packages/neutron_lib/callbacks/manager.py:176}}
Jul 01 07:08:25.699125 dv-cinder-807215-2-smb neutron-server[104126]: DEBUG neutron_lib.callbacks.manager [None req-c355227e-fb31-4f1e-a095-0e0a474f1eea admin admin] Publish callbacks [] for router (None), before_response {{(pid=104126) _notify_loop /usr/local/lib/python3.8/dist-packages/neutron_lib/callbacks/manager.py:176}}
Jul 01 07:08:25.704749 dv-cinder-807215-2-smb neutron-server[104126]: INFO neutron.wsgi [None req-c355227e-fb31-4f1e-a095-0e0a474f1eea admin admin] 10.222.0.33 "POST /v2.0/routers HTTP/1.1" status: 201 len: 929 time: 7.2322495
Jul 01 07:08:25.705771 dv-cinder-807215-2-smb neutron-server[104127]: DEBUG neutron.wsgi [-] (104127) accepted ('10.222.0.33', 36892) {{(pid=104127) server /usr/local/lib/python3.8/dist-packages/eventlet/wsgi.py:1004}}
Jul 01 07:08:25.708512 dv-cinder-807215-2-smb neutron-server[104126]: DEBUG neutron.scheduler.dhcp_agent_scheduler [None req-9e441886-161b-41e8-9f1d-d38ab094f2fe admin admin] Network d3863f3c-379e-4ef2-8f43-bcb7bf0ddc55 is already hosted by enough agents. {{(pid=104126) _get_dhcp_agents_hosting_network /opt/stack/neutron/neutron/scheduler/dhcp_agent_scheduler.py:275}}
Jul 01 07:08:25.733053 dv-cinder-807215-2-smb neutron-server[104126]: DEBUG neutron.scheduler.base_scheduler [None req-9e441886-161b-41e8-9f1d-d38ab094f2fe admin admin] Resources bound (agent type, host, resource id): {{(pid=104126) schedule /opt/stack/neutron/neutron/scheduler/base_scheduler.py:57}}
Jul 01 07:08:25.741694 dv-cinder-807215-2-smb neutron-server[104126]: DEBUG neutron.db.l3_dvrscheduler_db [None req-9e441886-161b-41e8-9f1d-d38ab094f2fe admin admin] Received port after_create {{(pid=104126) _notify_l3_agent_new_port /opt/stack/neutron/neutron/db/l3_dvrscheduler_db.py:542}}
Jul 01 07:08:25.742100 dv-cinder-807215-2-smb neutron-server[104128]: DEBUG neutron.api.rpc.handlers.resources_rpc [None req-ebf3eda8-0920-4507-bac5-8b2675a82924 None None] Pushing event updated for resources: {'Port': ['ID=6601684f-661f-4f19-bb39-c4290ab360f2,revision_number=2']} {{(pid=104128) push /opt/stack/neutron/neutron/api/rpc/handlers/resources_rpc.py:237}}
Jul 01 07:08:25.800220 dv-cinder-807215-2-smb neutron-server[104129]: DEBUG neutron_lib.callbacks.manager [None req-e70569ac-064e-463b-9720-b5b20e7430a1 None None] Publish callbacks [] for port (b2c12f7f-62d0-44ef-a6d5-7e4c5440ec61), precommit_update {{(pid=104129) _notify_loop /usr/local/lib/python3.8/dist-packages/neutron_lib/callbacks/manager.py:176}}
Jul 01 07:08:25.817749 dv-cinder-807215-2-smb neutron-server[104127]: DEBUG neutron_lib.callbacks.manager [None req-c211a5b0-71b4-4b0b-b53f-d39d98db794c admin admin] Publish callbacks [] for security_group (9e488870-98ee-484a-8a13-076c6b0a092c), precommit_create {{(pid=104127) _notify_loop /usr/local/lib/python3.8/dist-packages/neutron_lib/callbacks/manager.py:176}}
Jul 01 07:08:25.817936 dv-cinder-807215-2-smb neutron-server[104128]: DEBUG neutron.db.provisioning_blocks [None req-daca001d-314c-4205-af33-130d8f9340c9 None None] Provisioning complete for port d9e651fd-3990-413c-9189-04a1eac0a7d2 triggered by entity DHCP. {{(pid=104128) provisioning_complete /opt/stack/neutron/neutron/db/provisioning_blocks.py:145}}
Jul 01 07:08:25.818136 dv-cinder-807215-2-smb neutron-server[104128]: DEBUG neutron_lib.callbacks.manager [None req-daca001d-314c-4205-af33-130d8f9340c9 None None] Publish callbacks ['neutron.plugins.ml2.plugin.Ml2Plugin._port_provisioned-1516042'] for port (d9e651fd-3990-413c-9189-04a1eac0a7d2), provisioning_complete {{(pid=104128) _notify_loop /usr/local/lib/python3.8/dist-packages/neutron_lib/callbacks/manager.py:176}}
Jul 01 07:08:25.824657 dv-cinder-807215-2-smb neutron-server[104129]: DEBUG neutron_lib.callbacks.manager [None req-e70569ac-064e-463b-9720-b5b20e7430a1 None None] Publish callbacks ['neutron.plugins.ml2.plugin.SecurityGroupServerNotifierRpcMixin._notify_sg_on_port_change-1638846', 'neutron.plugins.ml2.ovo_rpc._ObjectChangeHandler.handle_event-976978', 'neutron.api.rpc.agentnotifiers.dhcp_rpc_agent_api.DhcpAgentNotifyAPI._native_event_send_dhcp_notification-528678', 'neutron.db.l3_db.L3RpcNotifierMixin._notify_gateway_port_ip_changed-8746235972298', 'neutron.db.l3_dvrscheduler_db._notify_l3_agent_port_update-8746235448167', 'neutron.db.l3_hascheduler_db._notify_l3_agent_ha_port_update-8746235448185'] for port (b2c12f7f-62d0-44ef-a6d5-7e4c5440ec61), after_update {{(pid=104129) _notify_loop /usr/local/lib/python3.8/dist-packages/neutron_lib/callbacks/manager.py:176}}
Jul 01 07:08:25.850231 dv-cinder-807215-2-smb neutron-server[104127]: DEBUG neutron_lib.callbacks.manager [None req-43de21a6-f26c-46c1-be49-67e89f8a524e admin admin] Publish callbacks ['neutron.plugins.ml2.plugin.SecurityGroupDbMixin._ensure_default_security_group_handler-1638897'] for port (None), before_create {{(pid=104127) _notify_loop /usr/local/lib/python3.8/dist-packages/neutron_lib/callbacks/manager.py:176}}
Jul 01 07:08:25.879110 dv-cinder-807215-2-smb neutron-server[104126]: DEBUG neutron.api.rpc.handlers.resources_rpc [None req-9e441886-161b-41e8-9f1d-d38ab094f2fe admin admin] Pushing event updated for resources: {'Port': ['ID=51481c8a-f629-4eb8-82c5-70057b8bf983,revision_number=1']} {{(pid=104126) push /opt/stack/neutron/neutron/api/rpc/handlers/resources_rpc.py:237}}
Jul 01 07:08:25.981012 dv-cinder-807215-2-smb neutron-server[104127]: DEBUG neutron_lib.callbacks.manager [None req-c211a5b0-71b4-4b0b-b53f-d39d98db794c admin admin] Publish callbacks ['neutron.plugins.ml2.ovo_rpc._ObjectChangeHandler.handle_event-536573'] for security_group (9e488870-98ee-484a-8a13-076c6b0a092c), after_create {{(pid=104127) _notify_loop /usr/local/lib/python3.8/dist-packages/neutron_lib/callbacks/manager.py:176}}
Jul 01 07:08:26.001381 dv-cinder-807215-2-smb neutron-server[104126]: DEBUG neutron.wsgi [-] (104126) accepted ('10.222.0.33', 36898) {{(pid=104126) server /usr/local/lib/python3.8/dist-packages/eventlet/wsgi.py:1004}}
Jul 01 07:08:26.012314 dv-cinder-807215-2-smb neutron-server[104128]: DEBUG neutron.plugins.ml2.plugin [None req-74f249d7-6cfc-4093-8113-d23b5526f201 None None] Current status of the port d9e651fd-3990-413c-9189-04a1eac0a7d2 is: ACTIVE; New status is: ACTIVE {{(pid=104128) _update_individual_port_db_status /opt/stack/neutron/neutron/plugins/ml2/plugin.py:2292}}
Jul 01 07:08:26.013169 dv-cinder-807215-2-smb neutron-server[104129]: DEBUG neutron.plugins.ml2.managers [None req-e70569ac-064e-463b-9720-b5b20e7430a1 None None] Attempting to bind port b2c12f7f-62d0-44ef-a6d5-7e4c5440ec61 on host dv-cinder-807215-2-smb for vnic_type normal with profile {{(pid=104129) bind_port /opt/stack/neutron/neutron/plugins/ml2/managers.py:811}}
Jul 01 07:08:26.013704 dv-cinder-807215-2-smb neutron-server[104129]: DEBUG neutron.plugins.ml2.managers [None req-e70569ac-064e-463b-9720-b5b20e7430a1 None None] Attempting to bind port b2c12f7f-62d0-44ef-a6d5-7e4c5440ec61 by drivers openvswitch,hyperv on host dv-cinder-807215-2-smb at level 0 using segments [{'id': 'a3790f6d-6387-4c6f-ae95-8b57f28f5acb', 'network_type': 'flat', 'physical_network': 'physnet1', 'segmentation_id': None, 'network_id': 'd3863f3c-379e-4ef2-8f43-bcb7bf0ddc55'}] {{(pid=104129) _bind_port_level /opt/stack/neutron/neutron/plugins/ml2/managers.py:836}}
Jul 01 07:08:26.014204 dv-cinder-807215-2-smb neutron-server[104129]: DEBUG neutron.plugins.ml2.drivers.mech_agent [None req-e70569ac-064e-463b-9720-b5b20e7430a1 None None] Attempting to bind port b2c12f7f-62d0-44ef-a6d5-7e4c5440ec61 on network d3863f3c-379e-4ef2-8f43-bcb7bf0ddc55 {{(pid=104129) bind_port /opt/stack/neutron/neutron/plugins/ml2/drivers/mech_agent.py:91}}
Jul 01 07:08:26.015276 dv-cinder-807215-2-smb neutron-server[104128]: DEBUG neutron.plugins.ml2.rpc [None req-74f249d7-6cfc-4093-8113-d23b5526f201 None None] Device d3064a57-d2a6-42d7-b62f-a2fc8ceb15b8 up at agent ovs-agent-dv-cinder-807215-2-smb {{(pid=104128) update_device_up /opt/stack/neutron/neutron/plugins/ml2/rpc.py:296}}
Jul 01 07:08:26.023058 dv-cinder-807215-2-smb neutron-server[104129]: DEBUG neutron.api.rpc.handlers.resources_rpc [None req-a3cc5821-01ed-447b-aae8-13ac49623734 None None] Pushing event updated for resources: {'Port': ['ID=b2c12f7f-62d0-44ef-a6d5-7e4c5440ec61,revision_number=2']} {{(pid=104129) push /opt/stack/neutron/neutron/api/rpc/handlers/resources_rpc.py:237}}
Jul 01 07:08:26.028087 dv-cinder-807215-2-smb neutron-server[104126]: DEBUG neutron.db.db_base_plugin_common [None req-59d4e531-51da-441c-b5ce-1c48a071da5a admin admin] Allocated IP 172.28.3.224 (d3863f3c-379e-4ef2-8f43-bcb7bf0ddc55/ede14b1f-b89b-4160-aa2f-54df1f22acd6/28ea38f5-2732-4e41-a876-d492ebdc627e) {{(pid=104126) _store_ip_allocation /opt/stack/neutron/neutron/db/db_base_plugin_common.py:131}}
Jul 01 07:08:26.032364 dv-cinder-807215-2-smb neutron-server[104126]: DEBUG neutron_lib.callbacks.manager [None req-5aa4f152-0d52-4cc4-a8e7-30c6cdd8a5b1 admin admin] Publish callbacks [] for security_group (None), before_create {{(pid=104126) _notify_loop /usr/local/lib/python3.8/dist-packages/neutron_lib/callbacks/manager.py:176}}
Jul 01 07:08:26.038143 dv-cinder-807215-2-smb neutron-server[104129]: DEBUG neutron.plugins.ml2.drivers.mech_agent [None req-e70569ac-064e-463b-9720-b5b20e7430a1 None None] Checking agent: {'id': 'f35352ac-91b2-4650-a922-ac91bf64cc48', 'agent_type': 'Open vSwitch agent', 'binary': 'neutron-openvswitch-agent', 'topic': 'N/A', 'host': 'dv-cinder-807215-2-smb', 'admin_state_up': True, 'created_at': datetime.datetime(2022, 7, 1, 7, 0, 12), 'started_at': datetime.datetime(2022, 7, 1, 7, 0, 42), 'heartbeat_timestamp': datetime.datetime(2022, 7, 1, 7, 8, 12), 'description': None, 'resources_synced': None, 'availability_zone': None, 'alive': True, 'configurations': {'arp_responder_enabled': False, 'baremetal_smartnic': False, 'bridge_mappings': {'physnet1': 'br-data'}, 'datapath_type': 'system', 'devices': 0, 'enable_distributed_routing': False, 'extensions': [], 'in_distributed_mode': False, 'integration_bridge': 'br-int', 'l2_population': False, 'log_agent_heartbeats': False, 'ovs_capabilities': {'datapath_types': ['netdev', 'system'], 'iface_types': ['erspan', 'geneve', 'gre', 'internal', 'ip6erspan', 'ip6gre', 'lisp', 'patch', 'stt', 'system', 'tap', 'vxlan']}, 'ovs_hybrid_plug': False, 'resource_provider_bandwidths': {}, 'resource_provider_hypervisors': {'br-data': 'dv-cinder-807215-2-smb'}, 'resource_provider_inventory_defaults': {'allocation_ratio': 1.0, 'min_unit': 1, 'step_size': 1, 'reserved': 0}, 'resource_provider_packet_processing_inventory_defaults': {'allocation_ratio': 1.0, 'min_unit': 1, 'step_size': 1, 'reserved': 0}, 'resource_provider_packet_processing_with_direction': {}, 'resource_provider_packet_processing_without_direction': {}, 'tunnel_types': [], 'tunneling_ip': None, 'vhostuser_socket_dir': '/var/run/openvswitch'}, 'resource_versions': {'AddressGroup': '1.2', 'Agent': '1.1', 'ConntrackHelper': '1.0', 'LocalIPAssociation': '1.0', 'Log': '1.0', 'NDPProxy': '1.0', 'Network': '1.1', 'Port': '1.7', 'PortForwarding': '1.3', 'QosPolicy': '1.10', 'SecurityGroup': '1.5', 'SecurityGroupRule': '1.2', 'SubPort': '1.0', 'Subnet': '1.1', 'Trunk': '1.1'}} {{(pid=104129) bind_port /opt/stack/neutron/neutron/plugins/ml2/drivers/mech_agent.py:110}}
Jul 01 07:08:26.038531 dv-cinder-807215-2-smb neutron-server[104129]: DEBUG neutron.plugins.ml2.drivers.mech_agent [None req-e70569ac-064e-463b-9720-b5b20e7430a1 None None] Checking segment: {'id': 'a3790f6d-6387-4c6f-ae95-8b57f28f5acb', 'network_type': 'flat', 'physical_network': 'physnet1', 'segmentation_id': None, 'network_id': 'd3863f3c-379e-4ef2-8f43-bcb7bf0ddc55'} for mappings: {'physnet1': 'br-data'} with network types: ['local', 'flat', 'vlan'] {{(pid=104129) check_segment_for_agent /opt/stack/neutron/neutron/plugins/ml2/drivers/mech_agent.py:373}}
Jul 01 07:08:26.050035 dv-cinder-807215-2-smb neutron-server[104129]: DEBUG neutron_lib.callbacks.manager [None req-e70569ac-064e-463b-9720-b5b20e7430a1 None None] Publish callbacks [] for ovs_bridge_name (None), before_read {{(pid=104129) _notify_loop /usr/local/lib/python3.8/dist-packages/neutron_lib/callbacks/manager.py:176}}
Jul 01 07:08:26.050768 dv-cinder-807215-2-smb neutron-server[104129]: DEBUG neutron.plugins.ml2.drivers.mech_agent [None req-e70569ac-064e-463b-9720-b5b20e7430a1 None None] Bound using segment: {'id': 'a3790f6d-6387-4c6f-ae95-8b57f28f5acb', 'network_type': 'flat', 'physical_network': 'physnet1', 'segmentation_id': None, 'network_id': 'd3863f3c-379e-4ef2-8f43-bcb7bf0ddc55'} {{(pid=104129) bind_port /opt/stack/neutron/neutron/plugins/ml2/drivers/mech_agent.py:120}}
Jul 01 07:08:26.051443 dv-cinder-807215-2-smb neutron-server[104129]: DEBUG neutron.plugins.ml2.managers [None req-e70569ac-064e-463b-9720-b5b20e7430a1 None None] Bound port: b2c12f7f-62d0-44ef-a6d5-7e4c5440ec61, host: dv-cinder-807215-2-smb, vif_type: ovs, vif_details: {"connectivity": "l2", "port_filter": true, "ovs_hybrid_plug": false, "datapath_type": "system", "bridge_name": "br-int"}, binding_levels: [{'bound_driver': 'openvswitch', 'bound_segment': {'id': 'a3790f6d-6387-4c6f-ae95-8b57f28f5acb', 'network_type': 'flat', 'physical_network': 'physnet1', 'segmentation_id': None, 'network_id': 'd3863f3c-379e-4ef2-8f43-bcb7bf0ddc55'}}] {{(pid=104129) _bind_port_level /opt/stack/neutron/neutron/plugins/ml2/managers.py:948}}
Jul 01 07:08:26.053994 dv-cinder-807215-2-smb neutron-server[104129]: DEBUG neutron_lib.callbacks.manager [None req-e70569ac-064e-463b-9720-b5b20e7430a1 None None] Publish callbacks ['neutron.plugins.ml2.plugin.SecurityGroupDbMixin._ensure_default_security_group_handler-1638897'] for port (b2c12f7f-62d0-44ef-a6d5-7e4c5440ec61), before_update {{(pid=104129) _notify_loop /usr/local/lib/python3.8/dist-packages/neutron_lib/callbacks/manager.py:176}}
Jul 01 07:08:26.062274 dv-cinder-807215-2-smb neutron-server[104129]: DEBUG neutron.api.rpc.callbacks.version_manager [None req-a3cc5821-01ed-447b-aae8-13ac49623734 None None] Version for resource type AddressGroup changed None to 1.2 on consumer Open vSwitch agent@dv-cinder-807215-2-smb {{(pid=104129) _set_version /opt/stack/neutron/neutron/api/rpc/callbacks/version_manager.py:113}}
Jul 01 07:08:26.064182 dv-cinder-807215-2-smb neutron-server[104129]: DEBUG neutron.api.rpc.callbacks.version_manager [None req-a3cc5821-01ed-447b-aae8-13ac49623734 None None] Version for resource type Agent changed None to 1.1 on consumer Open vSwitch agent@dv-cinder-807215-2-smb {{(pid=104129) _set_version /opt/stack/neutron/neutron/api/rpc/callbacks/version_manager.py:113}}
Jul 01 07:08:26.064690 dv-cinder-807215-2-smb neutron-server[104129]: DEBUG neutron.api.rpc.callbacks.version_manager [None req-a3cc5821-01ed-447b-aae8-13ac49623734 None None] Version for resource type ConntrackHelper changed None to 1.0 on consumer Open vSwitch agent@dv-cinder-807215-2-smb {{(pid=104129) _set_version /opt/stack/neutron/neutron/api/rpc/callbacks/version_manager.py:113}}
Jul 01 07:08:26.065183 dv-cinder-807215-2-smb neutron-server[104129]: DEBUG neutron.api.rpc.callbacks.version_manager [None req-a3cc5821-01ed-447b-aae8-13ac49623734 None None] Version for resource type LocalIPAssociation changed None to 1.0 on consumer Open vSwitch agent@dv-cinder-807215-2-smb {{(pid=104129) _set_version /opt/stack/neutron/neutron/api/rpc/callbacks/version_manager.py:113}}
Jul 01 07:08:26.069798 dv-cinder-807215-2-smb neutron-server[104129]: DEBUG neutron.api.rpc.callbacks.version_manager [None req-a3cc5821-01ed-447b-aae8-13ac49623734 None None] Version for resource type Log changed None to 1.0 on consumer Open vSwitch agent@dv-cinder-807215-2-smb {{(pid=104129) _set_version /opt/stack/neutron/neutron/api/rpc/callbacks/version_manager.py:113}}
Jul 01 07:08:26.070528 dv-cinder-807215-2-smb neutron-server[104129]: DEBUG neutron.api.rpc.callbacks.version_manager [None req-a3cc5821-01ed-447b-aae8-13ac49623734 None None] Version for resource type NDPProxy changed None to 1.0 on consumer Open vSwitch agent@dv-cinder-807215-2-smb {{(pid=104129) _set_version /opt/stack/neutron/neutron/api/rpc/callbacks/version_manager.py:113}}
Jul 01 07:08:26.071095 dv-cinder-807215-2-smb neutron-server[104129]: DEBUG neutron.api.rpc.callbacks.version_manager [None req-a3cc5821-01ed-447b-aae8-13ac49623734 None None] Version for resource type Network changed None to 1.1 on consumer Open vSwitch agent@dv-cinder-807215-2-smb {{(pid=104129) _set_version /opt/stack/neutron/neutron/api/rpc/callbacks/version_manager.py:113}}
Jul 01 07:08:26.075895 dv-cinder-807215-2-smb neutron-server[104129]: DEBUG neutron.api.rpc.callbacks.version_manager [None req-a3cc5821-01ed-447b-aae8-13ac49623734 None None] Version for resource type Port changed None to 1.7 on consumer Open vSwitch agent@dv-cinder-807215-2-smb {{(pid=104129) _set_version /opt/stack/neutron/neutron/api/rpc/callbacks/version_manager.py:113}}
Jul 01 07:08:26.076589 dv-cinder-807215-2-smb neutron-server[104129]: DEBUG neutron.api.rpc.callbacks.version_manager [None req-a3cc5821-01ed-447b-aae8-13ac49623734 None None] Version for resource type PortForwarding changed None to 1.3 on consumer Open vSwitch agent@dv-cinder-807215-2-smb {{(pid=104129) _set_version /opt/stack/neutron/neutron/api/rpc/callbacks/version_manager.py:113}}
Jul 01 07:08:26.077067 dv-cinder-807215-2-smb neutron-server[104129]: DEBUG neutron.api.rpc.callbacks.version_manager [None req-a3cc5821-01ed-447b-aae8-13ac49623734 None None] Version for resource type QosPolicy changed None to 1.10 on consumer Open vSwitch agent@dv-cinder-807215-2-smb {{(pid=104129) _set_version /opt/stack/neutron/neutron/api/rpc/callbacks/version_manager.py:113}}
Jul 01 07:08:26.077834 dv-cinder-807215-2-smb neutron-server[104129]: DEBUG neutron.api.rpc.callbacks.version_manager [None req-a3cc5821-01ed-447b-aae8-13ac49623734 None None] Version for resource type SecurityGroup changed None to 1.5 on consumer Open vSwitch agent@dv-cinder-807215-2-smb {{(pid=104129) _set_version /opt/stack/neutron/neutron/api/rpc/callbacks/version_manager.py:113}}
Jul 01 07:08:26.078320 dv-cinder-807215-2-smb neutron-server[104129]: DEBUG neutron.api.rpc.callbacks.version_manager [None req-a3cc5821-01ed-447b-aae8-13ac49623734 None None] Version for resource type SecurityGroupRule changed None to 1.2 on consumer Open vSwitch agent@dv-cinder-807215-2-smb {{(pid=104129) _set_version /opt/stack/neutron/neutron/api/rpc/callbacks/version_manager.py:113}}
Jul 01 07:08:26.079119 dv-cinder-807215-2-smb neutron-server[104129]: DEBUG neutron.api.rpc.callbacks.version_manager [None req-a3cc5821-01ed-447b-aae8-13ac49623734 None None] Version for resource type SubPort changed None to 1.0 on consumer Open vSwitch agent@dv-cinder-807215-2-smb {{(pid=104129) _set_version /opt/stack/neutron/neutron/api/rpc/callbacks/version_manager.py:113}}
Jul 01 07:08:26.079799 dv-cinder-807215-2-smb neutron-server[104129]: DEBUG neutron.api.rpc.callbacks.version_manager [None req-a3cc5821-01ed-447b-aae8-13ac49623734 None None] Version for resource type Subnet changed None to 1.1 on consumer Open vSwitch agent@dv-cinder-807215-2-smb {{(pid=104129) _set_version /opt/stack/neutron/neutron/api/rpc/callbacks/version_manager.py:113}}
Jul 01 07:08:26.080265 dv-cinder-807215-2-smb neutron-server[104129]: DEBUG neutron.api.rpc.callbacks.version_manager [None req-a3cc5821-01ed-447b-aae8-13ac49623734 None None] Version for resource type Trunk changed None to 1.1 on consumer Open vSwitch agent@dv-cinder-807215-2-smb {{(pid=104129) _set_version /opt/stack/neutron/neutron/api/rpc/callbacks/version_manager.py:113}}
Jul 01 07:08:26.081536 dv-cinder-807215-2-smb neutron-server[104129]: DEBUG neutron.api.rpc.callbacks.version_manager [None req-a3cc5821-01ed-447b-aae8-13ac49623734 None None] Tracked resource versions report:
Jul 01 07:08:26.081536 dv-cinder-807215-2-smb neutron-server[104129]: pushed versions:
Jul 01 07:08:26.081536 dv-cinder-807215-2-smb neutron-server[104129]: { 'AddressGroup': {'1.2'},
Jul 01 07:08:26.081536 dv-cinder-807215-2-smb neutron-server[104129]: 'Agent': {'1.1'},
Jul 01 07:08:26.081536 dv-cinder-807215-2-smb neutron-server[104129]: 'ConntrackHelper': {'1.0'},
Jul 01 07:08:26.081536 dv-cinder-807215-2-smb neutron-server[104129]: 'LocalIPAssociation': {'1.0'},
Jul 01 07:08:26.081536 dv-cinder-807215-2-smb neutron-server[104129]: 'Log': {'1.0'},
Jul 01 07:08:26.081536 dv-cinder-807215-2-smb neutron-server[104129]: 'NDPProxy': {'1.0'},
Jul 01 07:08:26.081536 dv-cinder-807215-2-smb neutron-server[104129]: 'Network': {'1.1'},
Jul 01 07:08:26.081536 dv-cinder-807215-2-smb neutron-server[104129]: 'Port': {'1.7'},
Jul 01 07:08:26.081536 dv-cinder-807215-2-smb neutron-server[104129]: 'PortForwarding': {'1.3'},
Jul 01 07:08:26.081536 dv-cinder-807215-2-smb neutron-server[104129]: 'QosPolicy': {'1.10'},
Jul 01 07:08:26.081536 dv-cinder-807215-2-smb neutron-server[104129]: 'SecurityGroup': {'1.5'},
Jul 01 07:08:26.081536 dv-cinder-807215-2-smb neutron-server[104129]: 'SecurityGroupRule': {'1.2'},
Jul 01 07:08:26.081536 dv-cinder-807215-2-smb neutron-server[104129]: 'SubPort': {'1.0'},
Jul 01 07:08:26.081536 dv-cinder-807215-2-smb neutron-server[104129]: 'Subnet': {'1.1'},
Jul 01 07:08:26.081536 dv-cinder-807215-2-smb neutron-server[104129]: 'Trunk': {'1.1'}}
Jul 01 07:08:26.081536 dv-cinder-807215-2-smb neutron-server[104129]: consumer versions:
Jul 01 07:08:26.081536 dv-cinder-807215-2-smb neutron-server[104129]: { DHCP agent@dv-cinder-807215-2-smb: {},
Jul 01 07:08:26.081536 dv-cinder-807215-2-smb neutron-server[104129]: HyperV agent@hv-cinder-80721: {},
Jul 01 07:08:26.081536 dv-cinder-807215-2-smb neutron-server[104129]: L3 agent@dv-cinder-807215-2-smb: {},
Jul 01 07:08:26.081536 dv-cinder-807215-2-smb neutron-server[104129]: Metadata agent@dv-cinder-807215-2-smb: {},
Jul 01 07:08:26.081536 dv-cinder-807215-2-smb neutron-server[104129]: Metering agent@dv-cinder-807215-2-smb: {},
Jul 01 07:08:26.081536 dv-cinder-807215-2-smb neutron-server[104129]: Open vSwitch agent@dv-cinder-807215-2-smb: { 'AddressGroup': '1.2',
Jul 01 07:08:26.081536 dv-cinder-807215-2-smb neutron-server[104129]: 'Agent': '1.1',
Jul 01 07:08:26.081536 dv-cinder-807215-2-smb neutron-server[104129]: 'ConntrackHelper': '1.0',
Jul 01 07:08:26.081536 dv-cinder-807215-2-smb neutron-server[104129]: 'LocalIPAssociation': '1.0',
Jul 01 07:08:26.081536 dv-cinder-807215-2-smb neutron-server[104129]: 'Log': '1.0',
Jul 01 07:08:26.081536 dv-cinder-807215-2-smb neutron-server[104129]: 'NDPProxy': '1.0',
