Sep 07 10:03:35.289497 dv-cinder-807083-6-smb neutron-server[94363]: DEBUG neutron_lib.callbacks.manager [None req-0701b7e1-3ad7-4cec-aea1-e0a34f74a243 admin admin] Notify callbacks [] for security_group, precommit_create {{(pid=94363) _notify_loop /usr/local/lib/python3.8/dist-packages/neutron_lib/callbacks/manager.py:192}}
Sep 07 10:03:35.472390 dv-cinder-807083-6-smb neutron-server[94362]: DEBUG neutron.pecan_wsgi.hooks.policy_enforcement [req-6e603003-194b-4324-a1d2-43415ab8e3b2 req-62148403-158c-47f9-9f1d-79a9c37f2833 tempest-ServerRescueNegativeTestJSON-925481301 tempest-ServerRescueNegativeTestJSON-925481301-project] Attributes excluded by policy engine: ['standard_attr_id', 'binding:profile', 'binding:host_id', 'binding:vif_type', 'binding:vif_details'] {{(pid=94362) _exclude_attributes_by_policy /opt/stack/neutron/neutron/pecan_wsgi/hooks/policy_enforcement.py:255}}
Sep 07 10:03:35.474176 dv-cinder-807083-6-smb neutron-server[94362]: INFO neutron.wsgi [req-6e603003-194b-4324-a1d2-43415ab8e3b2 req-62148403-158c-47f9-9f1d-79a9c37f2833 tempest-ServerRescueNegativeTestJSON-925481301 tempest-ServerRescueNegativeTestJSON-925481301-project] 10.222.0.15 "GET /v2.0/ports?device_id=34cfefe2-587e-42c5-85f0-422272395d04 HTTP/1.1" status: 200 len: 946 time: 0.0508351
Sep 07 10:03:35.512185 dv-cinder-807083-6-smb neutron-server[94362]: INFO neutron.wsgi [req-6e603003-194b-4324-a1d2-43415ab8e3b2 req-1e869a13-9a20-4287-b465-03608b909f11 tempest-ServerRescueNegativeTestJSON-925481301 tempest-ServerRescueNegativeTestJSON-925481301-project] 10.222.0.15 "GET /v2.0/security-groups?id=03af29e0-093d-455a-8642-139da0505650&fields=id&fields=name HTTP/1.1" status: 200 len: 286 time: 0.0320411
Sep 07 10:03:35.649362 dv-cinder-807083-6-smb neutron-server[94364]: DEBUG neutron.plugins.ml2.rpc [None req-697e94f2-be80-4528-8fe8-5eba9bea4d47 None None] Device 73aa18b9-9e3d-4a5a-8ac8-26749310028d up at agent hyperv_hv-cinder-80708 {{(pid=94364) update_device_up /opt/stack/neutron/neutron/plugins/ml2/rpc.py:296}}
Sep 07 10:03:35.753038 dv-cinder-807083-6-smb neutron-server[94363]: DEBUG neutron_lib.callbacks.manager [None req-0701b7e1-3ad7-4cec-aea1-e0a34f74a243 admin admin] Notify callbacks ['neutron.plugins.ml2.ovo_rpc._ObjectChangeHandler.handle_event-8207322'] for security_group, after_create {{(pid=94363) _notify_loop /usr/local/lib/python3.8/dist-packages/neutron_lib/callbacks/manager.py:192}}
Sep 07 10:03:35.788669 dv-cinder-807083-6-smb neutron-server[94363]: INFO neutron.wsgi [None req-0701b7e1-3ad7-4cec-aea1-e0a34f74a243 admin admin] 10.222.0.15 "GET /v2.0/security-groups?tenant_id=6026a50e059747778fc511bf5bebea8e&name=default HTTP/1.1" status: 200 len: 2979 time: 0.6913297
Sep 07 10:03:35.791279 dv-cinder-807083-6-smb neutron-server[94362]: DEBUG neutron.wsgi [-] (94362) accepted ('10.222.0.15', 46130) {{(pid=94362) server /usr/local/lib/python3.8/dist-packages/eventlet/wsgi.py:982}}
Sep 07 10:03:35.795196 dv-cinder-807083-6-smb neutron-server[94363]: DEBUG neutron.api.rpc.handlers.resources_rpc [None req-0701b7e1-3ad7-4cec-aea1-e0a34f74a243 admin admin] Pushing event updated for resources: {'SecurityGroup': ['ID=a0b417ab-b9a2-45b3-ab7e-c955a5d0b1b7,revision_number=1']} {{(pid=94363) push /opt/stack/neutron/neutron/api/rpc/handlers/resources_rpc.py:237}}
Sep 07 10:03:35.843923 dv-cinder-807083-6-smb neutron-server[94362]: DEBUG neutron_lib.callbacks.manager [None req-6c745c13-e3c4-4b74-b0c2-61031a6e3a15 admin admin] Notify callbacks [] for security_group, before_delete {{(pid=94362) _notify_loop /usr/local/lib/python3.8/dist-packages/neutron_lib/callbacks/manager.py:192}}
Sep 07 10:03:35.865004 dv-cinder-807083-6-smb neutron-server[94362]: DEBUG neutron_lib.callbacks.manager [None req-6c745c13-e3c4-4b74-b0c2-61031a6e3a15 admin admin] Notify callbacks [] for security_group, precommit_delete {{(pid=94362) _notify_loop /usr/local/lib/python3.8/dist-packages/neutron_lib/callbacks/manager.py:192}}
Sep 07 10:03:35.923831 dv-cinder-807083-6-smb neutron-server[94364]: DEBUG neutron.db.provisioning_blocks [None req-697e94f2-be80-4528-8fe8-5eba9bea4d47 None None] Provisioning for port 73aa18b9-9e3d-4a5a-8ac8-26749310028d completed by entity L2. {{(pid=94364) provisioning_complete /opt/stack/neutron/neutron/db/provisioning_blocks.py:133}}
Sep 07 10:03:35.924277 dv-cinder-807083-6-smb neutron-server[94364]: DEBUG neutron.db.provisioning_blocks [None req-697e94f2-be80-4528-8fe8-5eba9bea4d47 None None] Provisioning complete for port 73aa18b9-9e3d-4a5a-8ac8-26749310028d triggered by entity L2. {{(pid=94364) provisioning_complete /opt/stack/neutron/neutron/db/provisioning_blocks.py:139}}
Sep 07 10:03:35.924681 dv-cinder-807083-6-smb neutron-server[94364]: DEBUG neutron_lib.callbacks.manager [None req-697e94f2-be80-4528-8fe8-5eba9bea4d47 None None] Notify callbacks ['neutron.plugins.ml2.plugin.Ml2Plugin._port_provisioned-741367'] for port, provisioning_complete {{(pid=94364) _notify_loop /usr/local/lib/python3.8/dist-packages/neutron_lib/callbacks/manager.py:192}}
Sep 07 10:03:35.996642 dv-cinder-807083-6-smb neutron-server[94362]: DEBUG neutron.pecan_wsgi.hooks.policy_enforcement [req-0ab60274-9e92-44a5-9830-5c05bdeb57c1 req-a7010392-be30-4460-934d-73e8ba1a3e63 tempest-AttachVolumeShelveTestJSON-1702301775 tempest-AttachVolumeShelveTestJSON-1702301775-project] Attributes excluded by policy engine: ['standard_attr_id', 'binding:profile', 'binding:host_id', 'binding:vif_type', 'binding:vif_details'] {{(pid=94362) _exclude_attributes_by_policy /opt/stack/neutron/neutron/pecan_wsgi/hooks/policy_enforcement.py:255}}
Sep 07 10:03:35.998315 dv-cinder-807083-6-smb neutron-server[94362]: INFO neutron.wsgi [req-0ab60274-9e92-44a5-9830-5c05bdeb57c1 req-a7010392-be30-4460-934d-73e8ba1a3e63 tempest-AttachVolumeShelveTestJSON-1702301775 tempest-AttachVolumeShelveTestJSON-1702301775-project] 10.222.0.15 "GET /v2.0/ports?device_id=699ac67a-ca4e-4216-a4a0-7fbc3c63730c HTTP/1.1" status: 200 len: 945 time: 0.0487120
Sep 07 10:03:36.012208 dv-cinder-807083-6-smb neutron-server[94364]: DEBUG neutron_lib.callbacks.manager [None req-697e94f2-be80-4528-8fe8-5eba9bea4d47 None None] Notify callbacks ['neutron.plugins.ml2.plugin.SecurityGroupDbMixin._ensure_default_security_group_handler-667311'] for port, before_update {{(pid=94364) _notify_loop /usr/local/lib/python3.8/dist-packages/neutron_lib/callbacks/manager.py:192}}
Sep 07 10:03:36.017314 dv-cinder-807083-6-smb neutron-server[94362]: DEBUG neutron_lib.callbacks.manager [None req-6c745c13-e3c4-4b74-b0c2-61031a6e3a15 admin admin] Notify callbacks ['neutron.plugins.ml2.ovo_rpc._ObjectChangeHandler.handle_event-8207322'] for security_group, after_delete {{(pid=94362) _notify_loop /usr/local/lib/python3.8/dist-packages/neutron_lib/callbacks/manager.py:192}}
Sep 07 10:03:36.023086 dv-cinder-807083-6-smb neutron-server[94362]: DEBUG neutron_lib.callbacks.manager [None req-6c745c13-e3c4-4b74-b0c2-61031a6e3a15 admin admin] Notify callbacks [] for security_group, before_response {{(pid=94362) _notify_loop /usr/local/lib/python3.8/dist-packages/neutron_lib/callbacks/manager.py:192}}
Sep 07 10:03:36.023086 dv-cinder-807083-6-smb neutron-server[94362]: INFO neutron.wsgi [None req-6c745c13-e3c4-4b74-b0c2-61031a6e3a15 admin admin] 10.222.0.15 "DELETE /v2.0/security-groups/a0b417ab-b9a2-45b3-ab7e-c955a5d0b1b7 HTTP/1.1" status: 204 len: 168 time: 0.2285933
Sep 07 10:03:36.031215 dv-cinder-807083-6-smb neutron-server[94362]: DEBUG neutron.api.rpc.handlers.resources_rpc [None req-6c745c13-e3c4-4b74-b0c2-61031a6e3a15 admin admin] Pushing event deleted for resources: {'SecurityGroup': ['ID=a0b417ab-b9a2-45b3-ab7e-c955a5d0b1b7,revision_number=None']} {{(pid=94362) push /opt/stack/neutron/neutron/api/rpc/handlers/resources_rpc.py:237}}
Sep 07 10:03:36.054141 dv-cinder-807083-6-smb neutron-server[94364]: DEBUG neutron.plugins.ml2.db [None req-697e94f2-be80-4528-8fe8-5eba9bea4d47 None None] For port 73aa18b9-9e3d-4a5a-8ac8-26749310028d, host hv-cinder-80708, got binding levels [PortBindingLevel(driver='hyperv',host='hv-cinder-80708',level=0,port_id=73aa18b9-9e3d-4a5a-8ac8-26749310028d,segment=NetworkSegment(027ecac3-f105-42e8-9733-0f633c4a2e8c),segment_id=027ecac3-f105-42e8-9733-0f633c4a2e8c)] {{(pid=94364) get_binding_level_objs /opt/stack/neutron/neutron/plugins/ml2/db.py:74}}
Sep 07 10:03:36.055510 dv-cinder-807083-6-smb neutron-server[94364]: DEBUG neutron.notifiers.nova [-] Sending events: [{'server_uuid': '699ac67a-ca4e-4216-a4a0-7fbc3c63730c', 'name': 'network-vif-plugged', 'status': 'completed', 'tag': '73aa18b9-9e3d-4a5a-8ac8-26749310028d'}] {{(pid=94364) send_events /opt/stack/neutron/neutron/notifiers/nova.py:262}}
Sep 07 10:03:36.057801 dv-cinder-807083-6-smb neutron-server[94364]: DEBUG novaclient.v2.client [-] REQ: curl -g -i --cacert "/opt/stack/data/ca-bundle.pem" -X POST http://10.222.0.15/compute/v2.1/os-server-external-events -H "Accept: application/json" -H "Content-Type: application/json" -H "User-Agent: python-novaclient" -H "X-Auth-Token: {SHA256}06ba8c658e9b1ae39a0263131095581897dea3e2dc48eeaf1019c3d0ad894f5f" -H "X-OpenStack-Nova-API-Version: 2.1" -H "X-OpenStack-Request-ID: req-337c733d-e332-4de2-8985-a022bf787a75" -d '{"events": [{"server_uuid": "699ac67a-ca4e-4216-a4a0-7fbc3c63730c", "name": "network-vif-plugged", "status": "completed", "tag": "73aa18b9-9e3d-4a5a-8ac8-26749310028d"}]}' {{(pid=94364) _http_log_request /usr/local/lib/python3.8/dist-packages/keystoneauth1/session.py:519}}
Sep 07 10:03:36.058226 dv-cinder-807083-6-smb neutron-server[94362]: INFO neutron.wsgi [req-0ab60274-9e92-44a5-9830-5c05bdeb57c1 req-6e84f63f-20d0-4d16-bd9f-a74dd6209879 tempest-AttachVolumeShelveTestJSON-1702301775 tempest-AttachVolumeShelveTestJSON-1702301775-project] 10.222.0.15 "GET /v2.0/security-groups?id=9531fc35-7d26-41c3-9b27-a5e930ad2e79&fields=id&fields=name HTTP/1.1" status: 200 len: 313 time: 0.0537257
Sep 07 10:03:36.166410 dv-cinder-807083-6-smb neutron-server[94364]: DEBUG neutron_lib.callbacks.manager [None req-697e94f2-be80-4528-8fe8-5eba9bea4d47 None None] Notify callbacks ['neutron.plugins.ml2.plugin.SecurityGroupServerNotifierRpcMixin._notify_sg_on_port_change-665954', 'neutron.plugins.ml2.ovo_rpc._ObjectChangeHandler.handle_event-431750', 'neutron.api.rpc.agentnotifiers.dhcp_rpc_agent_api.DhcpAgentNotifyAPI._native_event_send_dhcp_notification-7944650', 'neutron.db.l3_db.L3RpcNotifierMixin._notify_gateway_port_ip_changed-8737083778533', 'neutron.db.l3_dvrscheduler_db._notify_l3_agent_port_update-8737083257528', 'neutron.db.l3_hascheduler_db._notify_l3_agent_ha_port_update-8737083257546'] for port, after_update {{(pid=94364) _notify_loop /usr/local/lib/python3.8/dist-packages/neutron_lib/callbacks/manager.py:192}}
Sep 07 10:03:36.167464 dv-cinder-807083-6-smb neutron-server[94364]: DEBUG neutron.plugins.ml2.rpc [None req-697e94f2-be80-4528-8fe8-5eba9bea4d47 None None] Device 8fd2a197-eb8a-43b4-a91d-66f1d537f2b5 up at agent hyperv_hv-cinder-80708 {{(pid=94364) update_device_up /opt/stack/neutron/neutron/plugins/ml2/rpc.py:296}}
Sep 07 10:03:36.168936 dv-cinder-807083-6-smb neutron-server[94362]: DEBUG neutron.pecan_wsgi.hooks.policy_enforcement [req-7e3ba039-4a61-4caa-a5fd-c8da2bc5096b req-5deca40a-1012-4322-ba25-b2bd976a36b6 tempest-AttachVolumeTestJSON-1794148274 tempest-AttachVolumeTestJSON-1794148274-project] Attributes excluded by policy engine: ['standard_attr_id', 'binding:profile', 'binding:host_id', 'binding:vif_type', 'binding:vif_details'] {{(pid=94362) _exclude_attributes_by_policy /opt/stack/neutron/neutron/pecan_wsgi/hooks/policy_enforcement.py:255}}
Sep 07 10:03:36.178281 dv-cinder-807083-6-smb neutron-server[94362]: INFO neutron.wsgi [req-7e3ba039-4a61-4caa-a5fd-c8da2bc5096b req-5deca40a-1012-4322-ba25-b2bd976a36b6 tempest-AttachVolumeTestJSON-1794148274 tempest-AttachVolumeTestJSON-1794148274-project] 10.222.0.15 "GET /v2.0/ports?device_id=4de293c7-dbb7-4edf-b1d4-d71bd252d7e2 HTTP/1.1" status: 200 len: 945 time: 0.0577464
Sep 07 10:03:36.224854 dv-cinder-807083-6-smb neutron-server[94362]: INFO neutron.wsgi [req-7e3ba039-4a61-4caa-a5fd-c8da2bc5096b req-d6ed79a7-7ccc-4819-bcb5-165f4dd70521 tempest-AttachVolumeTestJSON-1794148274 tempest-AttachVolumeTestJSON-1794148274-project] 10.222.0.15 "GET /v2.0/security-groups?id=9da6a59a-e131-4f6e-ad15-ea54854125e8&fields=id&fields=name HTTP/1.1" status: 200 len: 312 time: 0.0409276
Sep 07 10:03:36.246310 dv-cinder-807083-6-smb neutron-server[94364]: DEBUG novaclient.v2.client [-] RESP: [200] Connection: close Content-Length: 183 Content-Type: application/json Date: Tue, 07 Sep 2021 10:03:36 GMT OpenStack-API-Version: compute 2.1 Server: Apache/2.4.41 (Ubuntu) Vary: OpenStack-API-Version,X-OpenStack-Nova-API-Version X-OpenStack-Nova-API-Version: 2.1 x-compute-request-id: req-42bc21f6-7b86-4768-b389-7dfb572bfb5e x-openstack-request-id: req-42bc21f6-7b86-4768-b389-7dfb572bfb5e {{(pid=94364) _http_log_response /usr/local/lib/python3.8/dist-packages/keystoneauth1/session.py:550}}
Sep 07 10:03:36.247320 dv-cinder-807083-6-smb neutron-server[94364]: DEBUG novaclient.v2.client [-] RESP BODY: {"events": [{"server_uuid": "699ac67a-ca4e-4216-a4a0-7fbc3c63730c", "name": "network-vif-plugged", "status": "completed", "tag": "73aa18b9-9e3d-4a5a-8ac8-26749310028d", "code": 200}]} {{(pid=94364) _http_log_response /usr/local/lib/python3.8/dist-packages/keystoneauth1/session.py:582}}
Sep 07 10:03:36.247320 dv-cinder-807083-6-smb neutron-server[94364]: DEBUG novaclient.v2.client [-] POST call to compute for http://10.222.0.15/compute/v2.1/os-server-external-events used request id req-42bc21f6-7b86-4768-b389-7dfb572bfb5e {{(pid=94364) request /usr/local/lib/python3.8/dist-packages/keystoneauth1/session.py:954}}
Sep 07 10:03:36.247798 dv-cinder-807083-6-smb neutron-server[94364]: INFO neutron.notifiers.nova [-] Nova event response: {'server_uuid': '699ac67a-ca4e-4216-a4a0-7fbc3c63730c', 'name': 'network-vif-plugged', 'status': 'completed', 'tag': '73aa18b9-9e3d-4a5a-8ac8-26749310028d', 'code': 200}
Sep 07 10:03:36.291254 dv-cinder-807083-6-smb neutron-server[94364]: DEBUG neutron.api.rpc.handlers.resources_rpc [None req-697e94f2-be80-4528-8fe8-5eba9bea4d47 None None] Pushing event updated for resources: {'Port': ['ID=73aa18b9-9e3d-4a5a-8ac8-26749310028d,revision_number=5']} {{(pid=94364) push /opt/stack/neutron/neutron/api/rpc/handlers/resources_rpc.py:237}}
Sep 07 10:03:36.327294 dv-cinder-807083-6-smb neutron-server[94362]: DEBUG neutron.pecan_wsgi.hooks.policy_enforcement [req-d7a896b8-fd47-4576-a676-6c23bfa6015b req-aa11a040-a9ac-4c87-aebe-697881394f66 tempest-ServerRescueNegativeTestJSON-925481301 tempest-ServerRescueNegativeTestJSON-925481301-project] Attributes excluded by policy engine: ['standard_attr_id', 'binding:profile', 'binding:host_id', 'binding:vif_type', 'binding:vif_details'] {{(pid=94362) _exclude_attributes_by_policy /opt/stack/neutron/neutron/pecan_wsgi/hooks/policy_enforcement.py:255}}
Sep 07 10:03:36.328868 dv-cinder-807083-6-smb neutron-server[94362]: INFO neutron.wsgi [req-d7a896b8-fd47-4576-a676-6c23bfa6015b req-aa11a040-a9ac-4c87-aebe-697881394f66 tempest-ServerRescueNegativeTestJSON-925481301 tempest-ServerRescueNegativeTestJSON-925481301-project] 10.222.0.15 "GET /v2.0/ports?device_id=34cfefe2-587e-42c5-85f0-422272395d04 HTTP/1.1" status: 200 len: 946 time: 0.0542622
Sep 07 10:03:36.368640 dv-cinder-807083-6-smb neutron-server[94362]: INFO neutron.wsgi [req-d7a896b8-fd47-4576-a676-6c23bfa6015b req-a86af7ce-e2b1-4401-ada0-d890a839068c tempest-ServerRescueNegativeTestJSON-925481301 tempest-ServerRescueNegativeTestJSON-925481301-project] 10.222.0.15 "GET /v2.0/security-groups?id=03af29e0-093d-455a-8642-139da0505650&fields=id&fields=name HTTP/1.1" status: 200 len: 286 time: 0.0334210
Sep 07 10:03:36.416850 dv-cinder-807083-6-smb neutron-server[94363]: DEBUG neutron.pecan_wsgi.hooks.policy_enforcement [req-51c9b0f3-d3cd-46ad-82b1-0f16d17152df req-2a328282-b4af-452f-bd3d-13046e6c7dfb service neutron] Attributes excluded by policy engine: ['standard_attr_id'] {{(pid=94363) _exclude_attributes_by_policy /opt/stack/neutron/neutron/pecan_wsgi/hooks/policy_enforcement.py:255}}
Sep 07 10:03:36.418493 dv-cinder-807083-6-smb neutron-server[94363]: INFO neutron.wsgi [req-51c9b0f3-d3cd-46ad-82b1-0f16d17152df req-2a328282-b4af-452f-bd3d-13046e6c7dfb service neutron] 10.222.0.37 "GET /v2.0/ports?tenant_id=3039914e008549619f0fcd00ad2e355d&device_id=34cfefe2-587e-42c5-85f0-422272395d04 HTTP/1.1" status: 200 len: 1099 time: 0.0545342
Sep 07 10:03:36.421523 dv-cinder-807083-6-smb neutron-server[94364]: DEBUG neutron.db.provisioning_blocks [None req-697e94f2-be80-4528-8fe8-5eba9bea4d47 None None] Provisioning for port 8fd2a197-eb8a-43b4-a91d-66f1d537f2b5 completed by entity L2. {{(pid=94364) provisioning_complete /opt/stack/neutron/neutron/db/provisioning_blocks.py:133}}
Sep 07 10:03:36.425897 dv-cinder-807083-6-smb neutron-server[94364]: DEBUG neutron.db.provisioning_blocks [None req-697e94f2-be80-4528-8fe8-5eba9bea4d47 None None] Provisioning complete for port 8fd2a197-eb8a-43b4-a91d-66f1d537f2b5 triggered by entity L2. {{(pid=94364) provisioning_complete /opt/stack/neutron/neutron/db/provisioning_blocks.py:139}}
Sep 07 10:03:36.435076 dv-cinder-807083-6-smb neutron-server[94364]: DEBUG neutron_lib.callbacks.manager [None req-697e94f2-be80-4528-8fe8-5eba9bea4d47 None None] Notify callbacks ['neutron.plugins.ml2.plugin.Ml2Plugin._port_provisioned-741367'] for port, provisioning_complete {{(pid=94364) _notify_loop /usr/local/lib/python3.8/dist-packages/neutron_lib/callbacks/manager.py:192}}
Sep 07 10:03:36.513351 dv-cinder-807083-6-smb neutron-server[94363]: DEBUG neutron.pecan_wsgi.hooks.policy_enforcement [req-51c9b0f3-d3cd-46ad-82b1-0f16d17152df req-00f75313-1505-4dbe-85df-fd955b0b36cc service neutron] Attributes excluded by policy engine: ['standard_attr_id', 'vlan_transparent'] {{(pid=94363) _exclude_attributes_by_policy /opt/stack/neutron/neutron/pecan_wsgi/hooks/policy_enforcement.py:255}}
Sep 07 10:03:36.514732 dv-cinder-807083-6-smb neutron-server[94363]: INFO neutron.wsgi [req-51c9b0f3-d3cd-46ad-82b1-0f16d17152df req-00f75313-1505-4dbe-85df-fd955b0b36cc service neutron] 10.222.0.37 "GET /v2.0/networks?id=7c41c6ae-b8c8-4f45-85aa-e36bde099c0a HTTP/1.1" status: 200 len: 920 time: 0.0890493
Sep 07 10:03:36.557840 dv-cinder-807083-6-smb neutron-server[94363]: INFO neutron.wsgi [req-51c9b0f3-d3cd-46ad-82b1-0f16d17152df req-c733c688-fb7b-4758-a7be-5e7d8f13e0ce service neutron] 10.222.0.37 "GET /v2.0/floatingips?fixed_ip_address=172.20.0.14&port_id=d1fe7214-a53c-4388-a8ee-09c47906e2b8 HTTP/1.1" status: 200 len: 217 time: 0.0352337
Sep 07 10:03:36.606350 dv-cinder-807083-6-smb neutron-server[94363]: DEBUG neutron.pecan_wsgi.hooks.policy_enforcement [req-51c9b0f3-d3cd-46ad-82b1-0f16d17152df req-13712b8e-0a53-4251-9933-8dac3e3ed896 service neutron] Attributes excluded by policy engine: ['standard_attr_id', 'shared'] {{(pid=94363) _exclude_attributes_by_policy /opt/stack/neutron/neutron/pecan_wsgi/hooks/policy_enforcement.py:255}}
Sep 07 10:03:36.607799 dv-cinder-807083-6-smb neutron-server[94363]: INFO neutron.wsgi [req-51c9b0f3-d3cd-46ad-82b1-0f16d17152df req-13712b8e-0a53-4251-9933-8dac3e3ed896 service neutron] 10.222.0.37 "GET /v2.0/subnets?id=33d86f89-5117-4b85-8474-3aaa10acb967 HTTP/1.1" status: 200 len: 859 time: 0.0432520
Sep 07 10:03:36.643516 dv-cinder-807083-6-smb neutron-server[94363]: INFO neutron.wsgi [req-51c9b0f3-d3cd-46ad-82b1-0f16d17152df req-63e5c89b-3fed-4ffb-a4c2-9b22b8dc90c3 service neutron] 10.222.0.37 "GET /v2.0/ports?network_id=7c41c6ae-b8c8-4f45-85aa-e36bde099c0a&device_owner=network%3Adhcp HTTP/1.1" status: 200 len: 210 time: 0.0284135
Sep 07 10:03:36.644051 dv-cinder-807083-6-smb neutron-server[94364]: DEBUG neutron_lib.callbacks.manager [None req-697e94f2-be80-4528-8fe8-5eba9bea4d47 None None] Notify callbacks ['neutron.plugins.ml2.plugin.SecurityGroupDbMixin._ensure_default_security_group_handler-667311'] for port, before_update {{(pid=94364) _notify_loop /usr/local/lib/python3.8/dist-packages/neutron_lib/callbacks/manager.py:192}}
Sep 07 10:03:36.678465 dv-cinder-807083-6-smb neutron-server[94364]: DEBUG neutron.plugins.ml2.db [None req-697e94f2-be80-4528-8fe8-5eba9bea4d47 None None] For port 8fd2a197-eb8a-43b4-a91d-66f1d537f2b5, host hv-cinder-80708, got binding levels [PortBindingLevel(driver='hyperv',host='hv-cinder-80708',level=0,port_id=8fd2a197-eb8a-43b4-a91d-66f1d537f2b5,segment=NetworkSegment(e4b44fa7-4b4a-4835-afd7-81f87d02c238),segment_id=e4b44fa7-4b4a-4835-afd7-81f87d02c238)] {{(pid=94364) get_binding_level_objs /opt/stack/neutron/neutron/plugins/ml2/db.py:74}}
Sep 07 10:03:36.732129 dv-cinder-807083-6-smb neutron-server[94363]: INFO neutron.wsgi [req-51c9b0f3-d3cd-46ad-82b1-0f16d17152df req-4d68b131-e1ee-4f7f-9f11-4637eddf488a service neutron] 10.222.0.37 "GET /v2.0/networks/7c41c6ae-b8c8-4f45-85aa-e36bde099c0a?fields=segments HTTP/1.1" status: 200 len: 212 time: 0.0809674
Sep 07 10:03:36.805823 dv-cinder-807083-6-smb neutron-server[94364]: DEBUG neutron_lib.callbacks.manager [None req-697e94f2-be80-4528-8fe8-5eba9bea4d47 None None] Notify callbacks ['neutron.plugins.ml2.plugin.SecurityGroupServerNotifierRpcMixin._notify_sg_on_port_change-665954', 'neutron.plugins.ml2.ovo_rpc._ObjectChangeHandler.handle_event-431750', 'neutron.api.rpc.agentnotifiers.dhcp_rpc_agent_api.DhcpAgentNotifyAPI._native_event_send_dhcp_notification-7944650', 'neutron.db.l3_db.L3RpcNotifierMixin._notify_gateway_port_ip_changed-8737083778533', 'neutron.db.l3_dvrscheduler_db._notify_l3_agent_port_update-8737083257528', 'neutron.db.l3_hascheduler_db._notify_l3_agent_ha_port_update-8737083257546'] for port, after_update {{(pid=94364) _notify_loop /usr/local/lib/python3.8/dist-packages/neutron_lib/callbacks/manager.py:192}}
Sep 07 10:03:36.847680 dv-cinder-807083-6-smb neutron-server[94363]: INFO neutron.wsgi [req-51c9b0f3-d3cd-46ad-82b1-0f16d17152df req-80b8aa4a-2845-43aa-aafc-69c1b8422dbb service neutron] 10.222.0.37 "GET /v2.0/networks/7c41c6ae-b8c8-4f45-85aa-e36bde099c0a?fields=provider%3Aphysical_network&fields=provider%3Anetwork_type HTTP/1.1" status: 200 len: 281 time: 0.1017573
Sep 07 10:03:36.860080 dv-cinder-807083-6-smb neutron-server[94364]: DEBUG neutron.api.rpc.handlers.resources_rpc [None req-697e94f2-be80-4528-8fe8-5eba9bea4d47 None None] Pushing event updated for resources: {'Port': ['ID=8fd2a197-eb8a-43b4-a91d-66f1d537f2b5,revision_number=5']} {{(pid=94364) push /opt/stack/neutron/neutron/api/rpc/handlers/resources_rpc.py:237}}
Sep 07 10:03:36.876303 dv-cinder-807083-6-smb neutron-server[94363]: DEBUG neutron.pecan_wsgi.hooks.policy_enforcement [req-6af83309-f01b-48ad-961a-f3111e27661a req-42ffc957-d176-4d6c-9676-b10c3edd1275 service neutron] Attributes excluded by policy engine: ['standard_attr_id'] {{(pid=94363) _exclude_attributes_by_policy /opt/stack/neutron/neutron/pecan_wsgi/hooks/policy_enforcement.py:255}}
Sep 07 10:03:36.877849 dv-cinder-807083-6-smb neutron-server[94363]: INFO neutron.wsgi [req-6af83309-f01b-48ad-961a-f3111e27661a req-42ffc957-d176-4d6c-9676-b10c3edd1275 service neutron] 10.222.0.37 "GET /v2.0/ports?device_id=699ac67a-ca4e-4216-a4a0-7fbc3c63730c HTTP/1.1" status: 200 len: 1099 time: 0.0443008
Sep 07 10:03:36.914743 dv-cinder-807083-6-smb neutron-server[94363]: INFO neutron.wsgi [req-6af83309-f01b-48ad-961a-f3111e27661a req-700c91a5-4e05-4f98-8f51-934902dd24f9 service neutron] 10.222.0.37 "GET /v2.0/security-groups?id=9531fc35-7d26-41c3-9b27-a5e930ad2e79&fields=id&fields=name HTTP/1.1" status: 200 len: 313 time: 0.0292568
Sep 07 10:03:37.026588 dv-cinder-807083-6-smb neutron-server[94362]: DEBUG neutron.wsgi [-] (94362) accepted ('10.222.0.15', 46160) {{(pid=94362) server /usr/local/lib/python3.8/dist-packages/eventlet/wsgi.py:982}}
Sep 07 10:03:37.039956 dv-cinder-807083-6-smb neutron-server[94362]: DEBUG neutron_lib.callbacks.manager [None req-396936ff-4524-47fb-9f3b-310976a43d06 admin admin] Notify callbacks [] for security_group, before_create {{(pid=94362) _notify_loop /usr/local/lib/python3.8/dist-packages/neutron_lib/callbacks/manager.py:192}}
Sep 07 10:03:37.129414 dv-cinder-807083-6-smb neutron-server[94362]: DEBUG neutron_lib.callbacks.manager [None req-396936ff-4524-47fb-9f3b-310976a43d06 admin admin] Notify callbacks [] for security_group, precommit_create {{(pid=94362) _notify_loop /usr/local/lib/python3.8/dist-packages/neutron_lib/callbacks/manager.py:192}}
Sep 07 10:03:37.188296 dv-cinder-807083-6-smb neutron-server[94362]: DEBUG neutron.pecan_wsgi.hooks.policy_enforcement [req-8132b4d3-2fcc-4b88-85ad-80f9132373f9 req-e2f4f793-2773-4b03-9e9e-59c035a7a497 tempest-AttachVolumeShelveTestJSON-1702301775 tempest-AttachVolumeShelveTestJSON-1702301775-project] Attributes excluded by policy engine: ['standard_attr_id', 'binding:profile', 'binding:host_id', 'binding:vif_type', 'binding:vif_details'] {{(pid=94362) _exclude_attributes_by_policy /opt/stack/neutron/neutron/pecan_wsgi/hooks/policy_enforcement.py:255}}
Sep 07 10:03:37.190178 dv-cinder-807083-6-smb neutron-server[94362]: INFO neutron.wsgi [req-8132b4d3-2fcc-4b88-85ad-80f9132373f9 req-e2f4f793-2773-4b03-9e9e-59c035a7a497 tempest-AttachVolumeShelveTestJSON-1702301775 tempest-AttachVolumeShelveTestJSON-1702301775-project] 10.222.0.15 "GET /v2.0/ports?device_id=699ac67a-ca4e-4216-a4a0-7fbc3c63730c HTTP/1.1" status: 200 len: 946 time: 0.0522454
Sep 07 10:03:37.226915 dv-cinder-807083-6-smb neutron-server[94362]: INFO neutron.wsgi [req-8132b4d3-2fcc-4b88-85ad-80f9132373f9 req-2430c168-a735-45cf-9f57-395e35734bf2 tempest-AttachVolumeShelveTestJSON-1702301775 tempest-AttachVolumeShelveTestJSON-1702301775-project] 10.222.0.15 "GET /v2.0/security-groups?id=9531fc35-7d26-41c3-9b27-a5e930ad2e79&fields=id&fields=name HTTP/1.1" status: 200 len: 313 time: 0.0300972
Sep 07 10:03:37.234395 dv-cinder-807083-6-smb neutron-server[94362]: DEBUG neutron_lib.callbacks.manager [None req-396936ff-4524-47fb-9f3b-310976a43d06 admin admin] Notify callbacks ['neutron.plugins.ml2.ovo_rpc._ObjectChangeHandler.handle_event-8207322'] for security_group, after_create {{(pid=94362) _notify_loop /usr/local/lib/python3.8/dist-packages/neutron_lib/callbacks/manager.py:192}}
Sep 07 10:03:37.279717 dv-cinder-807083-6-smb neutron-server[94362]: DEBUG neutron.api.rpc.handlers.resources_rpc [None req-396936ff-4524-47fb-9f3b-310976a43d06 admin admin] Pushing event updated for resources: {'SecurityGroup': ['ID=ebbeb9b0-71d8-4aab-8fbc-38b91d28b9d5,revision_number=1']} {{(pid=94362) push /opt/stack/neutron/neutron/api/rpc/handlers/resources_rpc.py:237}}
Sep 07 10:03:37.284469 dv-cinder-807083-6-smb neutron-server[94362]: INFO neutron.wsgi [None req-396936ff-4524-47fb-9f3b-310976a43d06 admin admin] 10.222.0.15 "GET /v2.0/security-groups?tenant_id=bc3bf3f8de904ddfbc13c99842eb97b4&name=default HTTP/1.1" status: 200 len: 2979 time: 0.2568078
Sep 07 10:03:37.287330 dv-cinder-807083-6-smb neutron-server[94363]: DEBUG neutron.wsgi [-] (94363) accepted ('10.222.0.15', 46170) {{(pid=94363) server /usr/local/lib/python3.8/dist-packages/eventlet/wsgi.py:982}}
Sep 07 10:03:37.392383 dv-cinder-807083-6-smb neutron-server[94363]: DEBUG neutron_lib.callbacks.manager [None req-776b9b6f-5890-4dde-963f-812645c88aaf admin admin] Notify callbacks [] for security_group, before_delete {{(pid=94363) _notify_loop /usr/local/lib/python3.8/dist-packages/neutron_lib/callbacks/manager.py:192}}
Sep 07 10:03:37.395326 dv-cinder-807083-6-smb neutron-server[94362]: DEBUG neutron.pecan_wsgi.hooks.policy_enforcement [req-bf5c846a-542e-4b76-9716-9a1afe677c9e req-e64aa0b8-33a5-43bb-9d45-5b1b8fb18b16 tempest-AttachVolumeTestJSON-1794148274 tempest-AttachVolumeTestJSON-1794148274-project] Attributes excluded by policy engine: ['standard_attr_id', 'binding:profile', 'binding:host_id', 'binding:vif_type', 'binding:vif_details'] {{(pid=94362) _exclude_attributes_by_policy /opt/stack/neutron/neutron/pecan_wsgi/hooks/policy_enforcement.py:255}}
Sep 07 10:03:37.407091 dv-cinder-807083-6-smb neutron-server[94362]: INFO neutron.wsgi [req-bf5c846a-542e-4b76-9716-9a1afe677c9e req-e64aa0b8-33a5-43bb-9d45-5b1b8fb18b16 tempest-AttachVolumeTestJSON-1794148274 tempest-AttachVolumeTestJSON-1794148274-project] 10.222.0.15 "GET /v2.0/ports?device_id=4de293c7-dbb7-4edf-b1d4-d71bd252d7e2 HTTP/1.1" status: 200 len: 946 time: 0.0993917
Sep 07 10:03:37.429697 dv-cinder-807083-6-smb neutron-server[94363]: DEBUG neutron_lib.callbacks.manager [None req-776b9b6f-5890-4dde-963f-812645c88aaf admin admin] Notify callbacks [] for security_group, precommit_delete {{(pid=94363) _notify_loop /usr/local/lib/python3.8/dist-packages/neutron_lib/callbacks/manager.py:192}}
Sep 07 10:03:37.484693 dv-cinder-807083-6-smb neutron-server[94362]: INFO neutron.wsgi [req-bf5c846a-542e-4b76-9716-9a1afe677c9e req-c8cf3e98-e0de-4762-bbb6-3ccd8a54d198 tempest-AttachVolumeTestJSON-1794148274 tempest-AttachVolumeTestJSON-1794148274-project] 10.222.0.15 "GET /v2.0/security-groups?id=9da6a59a-e131-4f6e-ad15-ea54854125e8&fields=id&fields=name HTTP/1.1" status: 200 len: 312 time: 0.0735285
Sep 07 10:03:37.500687 dv-cinder-807083-6-smb neutron-server[94363]: DEBUG neutron.wsgi [-] (94363) accepted ('10.222.0.15', 46196) {{(pid=94363) server /usr/local/lib/python3.8/dist-packages/eventlet/wsgi.py:982}}
Sep 07 10:03:37.564225 dv-cinder-807083-6-smb neutron-server[94362]: DEBUG neutron.pecan_wsgi.hooks.policy_enforcement [req-54fb387f-ce2d-4545-b69b-53f705593569 req-6a293add-4d36-4960-8854-678ca8aa1939 tempest-ServerRescueNegativeTestJSON-925481301 tempest-ServerRescueNegativeTestJSON-925481301-project] Attributes excluded by policy engine: ['standard_attr_id', 'binding:profile', 'binding:host_id', 'binding:vif_type', 'binding:vif_details'] {{(pid=94362) _exclude_attributes_by_policy /opt/stack/neutron/neutron/pecan_wsgi/hooks/policy_enforcement.py:255}}
Sep 07 10:03:37.572818 dv-cinder-807083-6-smb neutron-server[94362]: INFO neutron.wsgi [req-54fb387f-ce2d-4545-b69b-53f705593569 req-6a293add-4d36-4960-8854-678ca8aa1939 tempest-ServerRescueNegativeTestJSON-925481301 tempest-ServerRescueNegativeTestJSON-925481301-project] 10.222.0.15 "GET /v2.0/ports?device_id=34cfefe2-587e-42c5-85f0-422272395d04 HTTP/1.1" status: 200 len: 946 time: 0.0784986
Sep 07 10:03:37.617639 dv-cinder-807083-6-smb neutron-server[94362]: INFO neutron.wsgi [req-54fb387f-ce2d-4545-b69b-53f705593569 req-31acefbc-c5a1-4151-90d8-aea66562c6fe tempest-ServerRescueNegativeTestJSON-925481301 tempest-ServerRescueNegativeTestJSON-925481301-project] 10.222.0.15 "GET /v2.0/security-groups?id=03af29e0-093d-455a-8642-139da0505650&fields=id&fields=name HTTP/1.1" status: 200 len: 286 time: 0.0438051
Sep 07 10:03:37.654249 dv-cinder-807083-6-smb neutron-server[94363]: DEBUG neutron_lib.callbacks.manager [None req-d1399851-80a8-4a7b-b416-affd891466ed admin admin] Notify callbacks [] for security_group, before_create {{(pid=94363) _notify_loop /usr/local/lib/python3.8/dist-packages/neutron_lib/callbacks/manager.py:192}}
Sep 07 10:03:37.707829 dv-cinder-807083-6-smb neutron-server[94363]: DEBUG neutron_lib.callbacks.manager [None req-776b9b6f-5890-4dde-963f-812645c88aaf admin admin] Notify callbacks ['neutron.plugins.ml2.ovo_rpc._ObjectChangeHandler.handle_event-8207322'] for security_group, after_delete {{(pid=94363) _notify_loop /usr/local/lib/python3.8/dist-packages/neutron_lib/callbacks/manager.py:192}}
Sep 07 10:03:37.710400 dv-cinder-807083-6-smb neutron-server[94363]: DEBUG neutron_lib.callbacks.manager [None req-776b9b6f-5890-4dde-963f-812645c88aaf admin admin] Notify callbacks [] for security_group, before_response {{(pid=94363) _notify_loop /usr/local/lib/python3.8/dist-packages/neutron_lib/callbacks/manager.py:192}}
Sep 07 10:03:37.711539 dv-cinder-807083-6-smb neutron-server[94363]: INFO neutron.wsgi [None req-776b9b6f-5890-4dde-963f-812645c88aaf admin admin] 10.222.0.15 "DELETE /v2.0/security-groups/ebbeb9b0-71d8-4aab-8fbc-38b91d28b9d5 HTTP/1.1" status: 204 len: 168 time: 0.4231791
Sep 07 10:03:37.725342 dv-cinder-807083-6-smb neutron-server[94363]: DEBUG neutron.api.rpc.handlers.resources_rpc [None req-776b9b6f-5890-4dde-963f-812645c88aaf admin admin] Pushing event deleted for resources: {'SecurityGroup': ['ID=ebbeb9b0-71d8-4aab-8fbc-38b91d28b9d5,revision_number=None']} {{(pid=94363) push /opt/stack/neutron/neutron/api/rpc/handlers/resources_rpc.py:237}}
Sep 07 10:03:37.776442 dv-cinder-807083-6-smb neutron-server[94363]: DEBUG neutron_lib.callbacks.manager [None req-d1399851-80a8-4a7b-b416-affd891466ed admin admin] Notify callbacks [] for security_group, precommit_create {{(pid=94363) _notify_loop /usr/local/lib/python3.8/dist-packages/neutron_lib/callbacks/manager.py:192}}
Sep 07 10:03:37.897145 dv-cinder-807083-6-smb neutron-server[94363]: DEBUG neutron_lib.callbacks.manager [None req-d1399851-80a8-4a7b-b416-affd891466ed admin admin] Notify callbacks ['neutron.plugins.ml2.ovo_rpc._ObjectChangeHandler.handle_event-8207322'] for security_group, after_create {{(pid=94363) _notify_loop /usr/local/lib/python3.8/dist-packages/neutron_lib/callbacks/manager.py:192}}
Sep 07 10:03:37.934044 dv-cinder-807083-6-smb neutron-server[94363]: INFO neutron.wsgi [None req-d1399851-80a8-4a7b-b416-affd891466ed admin admin] 10.222.0.15 "GET /v2.0/security-groups?tenant_id=99cc6cb6441a4728af27cca4cf7897c9&name=default HTTP/1.1" status: 200 len: 2979 time: 0.4233177
Sep 07 10:03:37.935934 dv-cinder-807083-6-smb neutron-server[94363]: DEBUG neutron.api.rpc.handlers.resources_rpc [None req-d1399851-80a8-4a7b-b416-affd891466ed admin admin] Pushing event updated for resources: {'SecurityGroup': ['ID=a6b79b44-becb-45c1-a6fb-9b2d3cd5c170,revision_number=1']} {{(pid=94363) push /opt/stack/neutron/neutron/api/rpc/handlers/resources_rpc.py:237}}
Sep 07 10:03:37.937413 dv-cinder-807083-6-smb neutron-server[94362]: DEBUG neutron.wsgi [-] (94362) accepted ('10.222.0.15', 46204) {{(pid=94362) server /usr/local/lib/python3.8/dist-packages/eventlet/wsgi.py:982}}
Sep 07 10:03:37.999384 dv-cinder-807083-6-smb neutron-server[94362]: DEBUG neutron_lib.callbacks.manager [None req-b6a005f6-06d0-4a9e-b80e-8b02324db387 admin admin] Notify callbacks [] for security_group, before_delete {{(pid=94362) _notify_loop /usr/local/lib/python3.8/dist-packages/neutron_lib/callbacks/manager.py:192}}
Sep 07 10:03:38.019480 dv-cinder-807083-6-smb neutron-server[94362]: DEBUG neutron_lib.callbacks.manager [None req-b6a005f6-06d0-4a9e-b80e-8b02324db387 admin admin] Notify callbacks [] for security_group, precommit_delete {{(pid=94362) _notify_loop /usr/local/lib/python3.8/dist-packages/neutron_lib/callbacks/manager.py:192}}
Sep 07 10:03:38.140021 dv-cinder-807083-6-smb neutron-server[94363]: DEBUG neutron.wsgi [-] (94363) accepted ('10.222.0.15', 46210) {{(pid=94363) server /usr/local/lib/python3.8/dist-packages/eventlet/wsgi.py:982}}
Sep 07 10:03:38.199287 dv-cinder-807083-6-smb neutron-server[94362]: DEBUG neutron.pecan_wsgi.hooks.policy_enforcement [req-3c814602-7c80-4b94-8f11-9fe6c0cb1527 req-16432c6c-ef0f-44df-bc67-7968bb3e32ab tempest-DeleteServersTestJSON-1262587755 tempest-DeleteServersTestJSON-1262587755-project] Attributes excluded by policy engine: ['standard_attr_id', 'binding:profile', 'binding:host_id', 'binding:vif_type', 'binding:vif_details'] {{(pid=94362) _exclude_attributes_by_policy /opt/stack/neutron/neutron/pecan_wsgi/hooks/policy_enforcement.py:255}}
Sep 07 10:03:38.201564 dv-cinder-807083-6-smb neutron-server[94362]: INFO neutron.wsgi [req-3c814602-7c80-4b94-8f11-9fe6c0cb1527 req-16432c6c-ef0f-44df-bc67-7968bb3e32ab tempest-DeleteServersTestJSON-1262587755 tempest-DeleteServersTestJSON-1262587755-project] 10.222.0.15 "GET /v2.0/ports?device_id=73193bfb-82b4-4e4c-9a01-687a864a3c0d HTTP/1.1" status: 200 len: 945 time: 0.0499594
Sep 07 10:03:38.203064 dv-cinder-807083-6-smb neutron-server[94362]: DEBUG neutron_lib.callbacks.manager [None req-b6a005f6-06d0-4a9e-b80e-8b02324db387 admin admin] Notify callbacks ['neutron.plugins.ml2.ovo_rpc._ObjectChangeHandler.handle_event-8207322'] for security_group, after_delete {{(pid=94362) _notify_loop /usr/local/lib/python3.8/dist-packages/neutron_lib/callbacks/manager.py:192}}
Sep 07 10:03:38.205798 dv-cinder-807083-6-smb neutron-server[94362]: DEBUG neutron_lib.callbacks.manager [None req-b6a005f6-06d0-4a9e-b80e-8b02324db387 admin admin] Notify callbacks [] for security_group, before_response {{(pid=94362) _notify_loop /usr/local/lib/python3.8/dist-packages/neutron_lib/callbacks/manager.py:192}}
Sep 07 10:03:38.207107 dv-cinder-807083-6-smb neutron-server[94362]: INFO neutron.wsgi [None req-b6a005f6-06d0-4a9e-b80e-8b02324db387 admin admin] 10.222.0.15 "DELETE /v2.0/security-groups/a6b79b44-becb-45c1-a6fb-9b2d3cd5c170 HTTP/1.1" status: 204 len: 168 time: 0.2680018
Sep 07 10:03:38.222636 dv-cinder-807083-6-smb neutron-server[94362]: DEBUG neutron.api.rpc.handlers.resources_rpc [None req-b6a005f6-06d0-4a9e-b80e-8b02324db387 admin admin] Pushing event deleted for resources: {'SecurityGroup': ['ID=a6b79b44-becb-45c1-a6fb-9b2d3cd5c170,revision_number=None']} {{(pid=94362) push /opt/stack/neutron/neutron/api/rpc/handlers/resources_rpc.py:237}}
Sep 07 10:03:38.258892 dv-cinder-807083-6-smb neutron-server[94364]: DEBUG neutron.notifiers.nova [-] Sending events: [{'server_uuid': '4de293c7-dbb7-4edf-b1d4-d71bd252d7e2', 'name': 'network-vif-plugged', 'status': 'completed', 'tag': '8fd2a197-eb8a-43b4-a91d-66f1d537f2b5'}] {{(pid=94364) send_events /opt/stack/neutron/neutron/notifiers/nova.py:262}}
Sep 07 10:03:38.261815 dv-cinder-807083-6-smb neutron-server[94364]: DEBUG novaclient.v2.client [-] REQ: curl -g -i --cacert "/opt/stack/data/ca-bundle.pem" -X POST http://10.222.0.15/compute/v2.1/os-server-external-events -H "Accept: application/json" -H "Content-Type: application/json" -H "User-Agent: python-novaclient" -H "X-Auth-Token: {SHA256}06ba8c658e9b1ae39a0263131095581897dea3e2dc48eeaf1019c3d0ad894f5f" -H "X-OpenStack-Nova-API-Version: 2.1" -H "X-OpenStack-Request-ID: req-8481b25c-46c1-4ed7-baaf-4bd01ad38b1a" -d '{"events": [{"server_uuid": "4de293c7-dbb7-4edf-b1d4-d71bd252d7e2", "name": "network-vif-plugged", "status": "completed", "tag": "8fd2a197-eb8a-43b4-a91d-66f1d537f2b5"}]}' {{(pid=94364) _http_log_request /usr/local/lib/python3.8/dist-packages/keystoneauth1/session.py:519}}
Sep 07 10:03:38.275471 dv-cinder-807083-6-smb neutron-server[94362]: INFO neutron.wsgi [req-3c814602-7c80-4b94-8f11-9fe6c0cb1527 req-9030984f-0162-4a49-8a08-65c6a7505fbf tempest-DeleteServersTestJSON-1262587755 tempest-DeleteServersTestJSON-1262587755-project] 10.222.0.15 "GET /v2.0/security-groups?id=aa8a9bab-6c7b-47bc-bf40-850ac4259448&fields=id&fields=name HTTP/1.1" status: 200 len: 286 time: 0.0670681
Sep 07 10:03:38.323607 dv-cinder-807083-6-smb neutron-server[94363]: DEBUG neutron_lib.callbacks.manager [None req-0d92a1a7-b406-4703-8d9a-11bed1263fbf admin admin] Notify callbacks [] for security_group, before_create {{(pid=94363) _notify_loop /usr/local/lib/python3.8/dist-packages/neutron_lib/callbacks/manager.py:192}}
Sep 07 10:03:38.364390 dv-cinder-807083-6-smb neutron-server[94364]: DEBUG novaclient.v2.client [-] RESP: [200] Connection: close Content-Length: 183 Content-Type: application/json Date: Tue, 07 Sep 2021 10:03:38 GMT OpenStack-API-Version: compute 2.1 Server: Apache/2.4.41 (Ubuntu) Vary: OpenStack-API-Version,X-OpenStack-Nova-API-Version X-OpenStack-Nova-API-Version: 2.1 x-compute-request-id: req-d598258b-ef6c-4729-9abc-c144213801c8 x-openstack-request-id: req-d598258b-ef6c-4729-9abc-c144213801c8 {{(pid=94364) _http_log_response /usr/local/lib/python3.8/dist-packages/keystoneauth1/session.py:550}}
Sep 07 10:03:38.365005 dv-cinder-807083-6-smb neutron-server[94364]: DEBUG novaclient.v2.client [-] RESP BODY: {"events": [{"server_uuid": "4de293c7-dbb7-4edf-b1d4-d71bd252d7e2", "name": "network-vif-plugged", "status": "completed", "tag": "8fd2a197-eb8a-43b4-a91d-66f1d537f2b5", "code": 200}]} {{(pid=94364) _http_log_response /usr/local/lib/python3.8/dist-packages/keystoneauth1/session.py:582}}
Sep 07 10:03:38.365354 dv-cinder-807083-6-smb neutron-server[94364]: DEBUG novaclient.v2.client [-] POST call to compute for http://10.222.0.15/compute/v2.1/os-server-external-events used request id req-d598258b-ef6c-4729-9abc-c144213801c8 {{(pid=94364) request /usr/local/lib/python3.8/dist-packages/keystoneauth1/session.py:954}}
Sep 07 10:03:38.365845 dv-cinder-807083-6-smb neutron-server[94364]: INFO neutron.notifiers.nova [-] Nova event response: {'server_uuid': '4de293c7-dbb7-4edf-b1d4-d71bd252d7e2', 'name': 'network-vif-plugged', 'status': 'completed', 'tag': '8fd2a197-eb8a-43b4-a91d-66f1d537f2b5', 'code': 200}
Sep 07 10:03:38.418873 dv-cinder-807083-6-smb neutron-server[94362]: DEBUG neutron.pecan_wsgi.hooks.policy_enforcement [req-0b06c5c4-a560-4ccd-af15-cd70f5b6928e req-15a0c8e7-e20a-4b88-863b-76bbe8842034 tempest-AttachVolumeShelveTestJSON-1702301775 tempest-AttachVolumeShelveTestJSON-1702301775-project] Attributes excluded by policy engine: ['standard_attr_id', 'binding:profile', 'binding:host_id', 'binding:vif_type', 'binding:vif_details'] {{(pid=94362) _exclude_attributes_by_policy /opt/stack/neutron/neutron/pecan_wsgi/hooks/policy_enforcement.py:255}}
Sep 07 10:03:38.428052 dv-cinder-807083-6-smb neutron-server[94362]: INFO neutron.wsgi [req-0b06c5c4-a560-4ccd-af15-cd70f5b6928e req-15a0c8e7-e20a-4b88-863b-76bbe8842034 tempest-AttachVolumeShelveTestJSON-1702301775 tempest-AttachVolumeShelveTestJSON-1702301775-project] 10.222.0.15 "GET /v2.0/ports?device_id=699ac67a-ca4e-4216-a4a0-7fbc3c63730c HTTP/1.1" status: 200 len: 946 time: 0.0812633
Sep 07 10:03:38.440168 dv-cinder-807083-6-smb neutron-server[94363]: DEBUG neutron_lib.callbacks.manager [None req-0d92a1a7-b406-4703-8d9a-11bed1263fbf admin admin] Notify callbacks [] for security_group, precommit_create {{(pid=94363) _notify_loop /usr/local/lib/python3.8/dist-packages/neutron_lib/callbacks/manager.py:192}}
Sep 07 10:03:38.461686 dv-cinder-807083-6-smb neutron-server[94362]: INFO neutron.wsgi [req-0b06c5c4-a560-4ccd-af15-cd70f5b6928e req-d3aff613-2ff1-47c0-a73f-7e9ef732490c tempest-AttachVolumeShelveTestJSON-1702301775 tempest-AttachVolumeShelveTestJSON-1702301775-project] 10.222.0.15 "GET /v2.0/security-groups?id=9531fc35-7d26-41c3-9b27-a5e930ad2e79&fields=id&fields=name HTTP/1.1" status: 200 len: 313 time: 0.0331531
Sep 07 10:03:38.554147 dv-cinder-807083-6-smb neutron-server[94363]: DEBUG neutron_lib.callbacks.manager [None req-0d92a1a7-b406-4703-8d9a-11bed1263fbf admin admin] Notify callbacks ['neutron.plugins.ml2.ovo_rpc._ObjectChangeHandler.handle_event-8207322'] for security_group, after_create {{(pid=94363) _notify_loop /usr/local/lib/python3.8/dist-packages/neutron_lib/callbacks/manager.py:192}}
Sep 07 10:03:38.598974 dv-cinder-807083-6-smb neutron-server[94363]: INFO neutron.wsgi [None req-0d92a1a7-b406-4703-8d9a-11bed1263fbf admin admin] 10.222.0.15 "GET /v2.0/security-groups?tenant_id=e4670dfa1416495a8d8985e6966bf949&name=default HTTP/1.1" status: 200 len: 2979 time: 0.4582930
Sep 07 10:03:38.601196 dv-cinder-807083-6-smb neutron-server[94363]: DEBUG neutron.wsgi [-] (94363) accepted ('10.222.0.15', 46234) {{(pid=94363) server /usr/local/lib/python3.8/dist-packages/eventlet/wsgi.py:982}}
Sep 07 10:03:38.610790 dv-cinder-807083-6-smb neutron-server[94363]: DEBUG neutron.api.rpc.handlers.resources_rpc [None req-0d92a1a7-b406-4703-8d9a-11bed1263fbf admin admin] Pushing event updated for resources: {'SecurityGroup': ['ID=fc7daffb-44ae-44b2-8172-5f9fe9c62d64,revision_number=1']} {{(pid=94363) push /opt/stack/neutron/neutron/api/rpc/handlers/resources_rpc.py:237}}
Sep 07 10:03:38.666570 dv-cinder-807083-6-smb neutron-server[94362]: DEBUG neutron.pecan_wsgi.hooks.policy_enforcement [req-1303d3fe-cbe0-470c-b83b-4cbbe50969c1 req-279cd940-44d8-4cf6-8b91-e7e2db399730 tempest-AttachVolumeTestJSON-1794148274 tempest-AttachVolumeTestJSON-1794148274-project] Attributes excluded by policy engine: ['standard_attr_id', 'binding:profile', 'binding:host_id', 'binding:vif_type', 'binding:vif_details'] {{(pid=94362) _exclude_attributes_by_policy /opt/stack/neutron/neutron/pecan_wsgi/hooks/policy_enforcement.py:255}}
Sep 07 10:03:38.668310 dv-cinder-807083-6-smb neutron-server[94362]: INFO neutron.wsgi [req-1303d3fe-cbe0-470c-b83b-4cbbe50969c1 req-279cd940-44d8-4cf6-8b91-e7e2db399730 tempest-AttachVolumeTestJSON-1794148274 tempest-AttachVolumeTestJSON-1794148274-project] 10.222.0.15 "GET /v2.0/ports?device_id=4de293c7-dbb7-4edf-b1d4-d71bd252d7e2 HTTP/1.1" status: 200 len: 946 time: 0.1019309
Sep 07 10:03:38.697782 dv-cinder-807083-6-smb neutron-server[94363]: DEBUG neutron_lib.callbacks.manager [None req-fa617f48-f139-4e47-9122-3640e35d9c2e admin admin] Notify callbacks [] for security_group, before_delete {{(pid=94363) _notify_loop /usr/local/lib/python3.8/dist-packages/neutron_lib/callbacks/manager.py:192}}
Sep 07 10:03:38.718942 dv-cinder-807083-6-smb neutron-server[94362]: INFO neutron.wsgi [req-1303d3fe-cbe0-470c-b83b-4cbbe50969c1 req-1906212e-7685-4f14-b9bf-e7673438a999 tempest-AttachVolumeTestJSON-1794148274 tempest-AttachVolumeTestJSON-1794148274-project] 10.222.0.15 "GET /v2.0/security-groups?id=9da6a59a-e131-4f6e-ad15-ea54854125e8&fields=id&fields=name HTTP/1.1" status: 200 len: 312 time: 0.0430956
Sep 07 10:03:38.724828 dv-cinder-807083-6-smb neutron-server[94363]: DEBUG neutron_lib.callbacks.manager [None req-fa617f48-f139-4e47-9122-3640e35d9c2e admin admin] Notify callbacks [] for security_group, precommit_delete {{(pid=94363) _notify_loop /usr/local/lib/python3.8/dist-packages/neutron_lib/callbacks/manager.py:192}}
Sep 07 10:03:38.772395 dv-cinder-807083-6-smb neutron-server[94362]: DEBUG neutron.pecan_wsgi.hooks.policy_enforcement [req-7ce69010-0831-4f02-91d7-f72d704b320d req-bd3d96e0-f49d-4e97-a4b1-b06e700cdc4c tempest-ServerRescueNegativeTestJSON-925481301 tempest-ServerRescueNegativeTestJSON-925481301-project] Attributes excluded by policy engine: ['standard_attr_id', 'binding:profile', 'binding:host_id', 'binding:vif_type', 'binding:vif_details'] {{(pid=94362) _exclude_attributes_by_policy /opt/stack/neutron/neutron/pecan_wsgi/hooks/policy_enforcement.py:255}}
Sep 07 10:03:38.780195 dv-cinder-807083-6-smb neutron-server[94362]: INFO neutron.wsgi [req-7ce69010-0831-4f02-91d7-f72d704b320d req-bd3d96e0-f49d-4e97-a4b1-b06e700cdc4c tempest-ServerRescueNegativeTestJSON-925481301 tempest-ServerRescueNegativeTestJSON-925481301-project] 10.222.0.15 "GET /v2.0/ports?device_id=34cfefe2-587e-42c5-85f0-422272395d04 HTTP/1.1" status: 200 len: 946 time: 0.0642917
Sep 07 10:03:38.817191 dv-cinder-807083-6-smb neutron-server[94362]: INFO neutron.wsgi [req-7ce69010-0831-4f02-91d7-f72d704b320d req-6b84f6ad-1263-4294-8557-380cf1ca794d tempest-ServerRescueNegativeTestJSON-925481301 tempest-ServerRescueNegativeTestJSON-925481301-project] 10.222.0.15 "GET /v2.0/security-groups?id=03af29e0-093d-455a-8642-139da0505650&fields=id&fields=name HTTP/1.1" status: 200 len: 286 time: 0.0360985
Sep 07 10:03:38.869370 dv-cinder-807083-6-smb neutron-server[94363]: DEBUG neutron.pecan_wsgi.hooks.policy_enforcement [req-8a25c5c7-6cea-4069-85e3-9e5cb0436f48 req-18f1c7b6-4d2b-407d-93c2-72579611ff32 service neutron] Attributes excluded by policy engine: ['standard_attr_id'] {{(pid=94363) _exclude_attributes_by_policy /opt/stack/neutron/neutron/pecan_wsgi/hooks/policy_enforcement.py:255}}
Sep 07 10:03:38.870858 dv-cinder-807083-6-smb neutron-server[94363]: INFO neutron.wsgi [req-8a25c5c7-6cea-4069-85e3-9e5cb0436f48 req-18f1c7b6-4d2b-407d-93c2-72579611ff32 service neutron] 10.222.0.37 "GET /v2.0/ports?device_id=4de293c7-dbb7-4edf-b1d4-d71bd252d7e2 HTTP/1.1" status: 200 len: 1099 time: 0.0395548
Sep 07 10:03:38.886444 dv-cinder-807083-6-smb neutron-server[94363]: DEBUG neutron_lib.callbacks.manager [None req-fa617f48-f139-4e47-9122-3640e35d9c2e admin admin] Notify callbacks ['neutron.plugins.ml2.ovo_rpc._ObjectChangeHandler.handle_event-8207322'] for security_group, after_delete {{(pid=94363) _notify_loop /usr/local/lib/python3.8/dist-packages/neutron_lib/callbacks/manager.py:192}}
Sep 07 10:03:38.889379 dv-cinder-807083-6-smb neutron-server[94363]: DEBUG neutron_lib.callbacks.manager [None req-fa617f48-f139-4e47-9122-3640e35d9c2e admin admin] Notify callbacks [] for security_group, before_response {{(pid=94363) _notify_loop /usr/local/lib/python3.8/dist-packages/neutron_lib/callbacks/manager.py:192}}
Sep 07 10:03:38.890516 dv-cinder-807083-6-smb neutron-server[94363]: INFO neutron.wsgi [None req-fa617f48-f139-4e47-9122-3640e35d9c2e admin admin] 10.222.0.15 "DELETE /v2.0/security-groups/fc7daffb-44ae-44b2-8172-5f9fe9c62d64 HTTP/1.1" status: 204 len: 168 time: 0.2881193
Sep 07 10:03:38.910578 dv-cinder-807083-6-smb neutron-server[94363]: DEBUG neutron.api.rpc.handlers.resources_rpc [None req-fa617f48-f139-4e47-9122-3640e35d9c2e admin admin] Pushing event deleted for resources: {'SecurityGroup': ['ID=fc7daffb-44ae-44b2-8172-5f9fe9c62d64,revision_number=None']} {{(pid=94363) push /opt/stack/neutron/neutron/api/rpc/handlers/resources_rpc.py:237}}
Sep 07 10:03:38.937085 dv-cinder-807083-6-smb neutron-server[94363]: INFO neutron.wsgi [req-8a25c5c7-6cea-4069-85e3-9e5cb0436f48 req-5369c41d-1ba9-44ab-8df6-6231a1d69fab service neutron] 10.222.0.37 "GET /v2.0/security-groups?id=9da6a59a-e131-4f6e-ad15-ea54854125e8&fields=id&fields=name HTTP/1.1" status: 200 len: 312 time: 0.0420432
Sep 07 10:03:39.145228 dv-cinder-807083-6-smb neutron-server[94363]: DEBUG neutron.wsgi [-] (94363) accepted ('10.222.0.15', 46256) {{(pid=94363) server /usr/local/lib/python3.8/dist-packages/eventlet/wsgi.py:982}}
Sep 07 10:03:39.155248 dv-cinder-807083-6-smb neutron-server[94363]: DEBUG neutron_lib.callbacks.manager [None req-46585157-3615-469a-b30e-3c7d8d70821b admin admin] Notify callbacks [] for security_group, before_create {{(pid=94363) _notify_loop /usr/local/lib/python3.8/dist-packages/neutron_lib/callbacks/manager.py:192}}
