Sep 07 09:48:47.445691 dv-cinder-807083-6-iscsi neutron-server[105486]: DEBUG neutron.api.rpc.handlers.resources_rpc [None req-5d84c586-6476-45b1-8e3f-e4afaec20929 admin admin] Pushing event updated for resources: {'Port': ['ID=f5c203e0-8b28-456f-9409-0905d3e9653a,revision_number=1']} {{(pid=105486) push /opt/stack/neutron/neutron/api/rpc/handlers/resources_rpc.py:237}}
Sep 07 09:48:47.467655 dv-cinder-807083-6-iscsi neutron-server[105485]: DEBUG neutron.scheduler.dhcp_agent_scheduler [None req-7154a90d-df87-44d7-a9e5-30e55805b63a admin admin] Network 08f0ed38-9a77-4c8a-a4e9-e683efd414b1 is already hosted by enough agents. {{(pid=105485) _get_dhcp_agents_hosting_network /opt/stack/neutron/neutron/scheduler/dhcp_agent_scheduler.py:275}}
Sep 07 09:48:47.485743 dv-cinder-807083-6-iscsi neutron-server[105485]: DEBUG neutron.scheduler.base_scheduler [None req-7154a90d-df87-44d7-a9e5-30e55805b63a admin admin] Resources bound (agent type, host, resource id): {{(pid=105485) schedule /opt/stack/neutron/neutron/scheduler/base_scheduler.py:57}}
Sep 07 09:48:47.494779 dv-cinder-807083-6-iscsi neutron-server[105485]: DEBUG neutron.db.l3_dvrscheduler_db [None req-7154a90d-df87-44d7-a9e5-30e55805b63a admin admin] Received port after_create {{(pid=105485) _notify_l3_agent_new_port /opt/stack/neutron/neutron/db/l3_dvrscheduler_db.py:535}}
Sep 07 09:48:47.494779 dv-cinder-807083-6-iscsi neutron-server[105485]: DEBUG neutron_lib.callbacks.manager [None req-7154a90d-df87-44d7-a9e5-30e55805b63a admin admin] Notify callbacks ['neutron.services.l3_router.l3_router_plugin.DVRResourceOperationHandler._add_csnat_on_interface_create-585098'] for router_interface, before_create {{(pid=105485) _notify_loop /usr/local/lib/python3.8/dist-packages/neutron_lib/callbacks/manager.py:192}}
Sep 07 09:48:47.561538 dv-cinder-807083-6-iscsi neutron-server[105485]: DEBUG neutron.api.rpc.handlers.resources_rpc [None req-7154a90d-df87-44d7-a9e5-30e55805b63a admin admin] Pushing event updated for resources: {'Port': ['ID=37eda827-f603-467a-aa6a-18cb145932e3,revision_number=1']} {{(pid=105485) push /opt/stack/neutron/neutron/api/rpc/handlers/resources_rpc.py:237}}
Sep 07 09:48:47.615466 dv-cinder-807083-6-iscsi neutron-server[105487]: DEBUG neutron.db.l3_dvr_db [None req-b6fe980a-894e-4c10-9aca-1c31eef051bc None None] Set router c2c1aac2-2dd1-455c-80ed-0b2dae2017d1 gateway port host: dv-cinder-807083-6-iscsi {{(pid=105487) _build_routers_list /opt/stack/neutron/neutron/db/l3_dvr_db.py:906}}
Sep 07 09:48:47.841155 dv-cinder-807083-6-iscsi neutron-server[105485]: DEBUG neutron_lib.callbacks.manager [None req-7154a90d-df87-44d7-a9e5-30e55805b63a admin admin] Notify callbacks ['neutron.plugins.ml2.plugin.SecurityGroupDbMixin._ensure_default_security_group_handler-1597416'] for port, before_update {{(pid=105485) _notify_loop /usr/local/lib/python3.8/dist-packages/neutron_lib/callbacks/manager.py:192}}
Sep 07 09:48:47.851729 dv-cinder-807083-6-iscsi neutron-server[105486]: DEBUG neutron_lib.callbacks.manager [None req-5d84c586-6476-45b1-8e3f-e4afaec20929 admin admin] Notify callbacks ['neutron.plugins.ml2.plugin.SecurityGroupDbMixin._ensure_default_security_group_handler-1597416'] for port, before_update {{(pid=105486) _notify_loop /usr/local/lib/python3.8/dist-packages/neutron_lib/callbacks/manager.py:192}}
Sep 07 09:48:47.970019 dv-cinder-807083-6-iscsi neutron-server[105487]: DEBUG neutron.plugins.ml2.rpc [None req-e7c1bce4-185d-4b05-99b2-33fb24faf969 None None] Device c0c54e98-6c31-42f8-ae34-36d879749250 up at agent ovs-agent-dv-cinder-807083-6-iscsi {{(pid=105487) update_device_up /opt/stack/neutron/neutron/plugins/ml2/rpc.py:296}}
Sep 07 09:48:48.082710 dv-cinder-807083-6-iscsi neutron-server[105487]: DEBUG neutron.db.provisioning_blocks [None req-258d73ff-b3c9-44c2-969a-63b4e0f0d504 None None] Provisioning for port f5c203e0-8b28-456f-9409-0905d3e9653a completed by entity DHCP. {{(pid=105487) provisioning_complete /opt/stack/neutron/neutron/db/provisioning_blocks.py:133}}
Sep 07 09:48:48.093799 dv-cinder-807083-6-iscsi neutron-server[105487]: DEBUG neutron.db.provisioning_blocks [None req-258d73ff-b3c9-44c2-969a-63b4e0f0d504 None None] Provisioning complete for port f5c203e0-8b28-456f-9409-0905d3e9653a triggered by entity DHCP. {{(pid=105487) provisioning_complete /opt/stack/neutron/neutron/db/provisioning_blocks.py:139}}
Sep 07 09:48:48.094169 dv-cinder-807083-6-iscsi neutron-server[105487]: DEBUG neutron_lib.callbacks.manager [None req-258d73ff-b3c9-44c2-969a-63b4e0f0d504 None None] Notify callbacks ['neutron.plugins.ml2.plugin.Ml2Plugin._port_provisioned-1701552'] for port, provisioning_complete {{(pid=105487) _notify_loop /usr/local/lib/python3.8/dist-packages/neutron_lib/callbacks/manager.py:192}}
Sep 07 09:48:48.107792 dv-cinder-807083-6-iscsi neutron-server[105486]: INFO neutron.wsgi [req-e14723e4-5a27-4803-86ec-4994a3ec886b req-375180bc-9a7d-46d5-814b-67c5fd43059b tempest-AttachVolumeNegativeTest-489910364 tempest-AttachVolumeNegativeTest-489910364-project] 10.222.0.24 "GET /v2.0/ports?device_id=f4544d13-b18f-46f8-824d-99a38f2b76ee HTTP/1.1" status: 200 len: 210 time: 0.1310842
Sep 07 09:48:48.224661 dv-cinder-807083-6-iscsi neutron-server[105486]: INFO neutron.wsgi [req-6d7f872a-fbf9-4ea5-bdc1-6b4654f0f181 req-a7ad971b-9375-4ac8-805c-da0a8abcd399 tempest-DeleteServersTestJSON-1990526882 tempest-DeleteServersTestJSON-1990526882-project] 10.222.0.24 "GET /v2.0/ports?device_id=0a49aca5-f289-45bc-9ce2-3f461896fad0 HTTP/1.1" status: 200 len: 210 time: 0.1030774
Sep 07 09:48:48.231671 dv-cinder-807083-6-iscsi neutron-server[105485]: DEBUG neutron_lib.callbacks.manager [None req-7154a90d-df87-44d7-a9e5-30e55805b63a admin admin] Notify callbacks [] for port, precommit_update {{(pid=105485) _notify_loop /usr/local/lib/python3.8/dist-packages/neutron_lib/callbacks/manager.py:192}}
Sep 07 09:48:48.241081 dv-cinder-807083-6-iscsi neutron-server[105485]: DEBUG neutron_lib.callbacks.manager [None req-7154a90d-df87-44d7-a9e5-30e55805b63a admin admin] Notify callbacks ['neutron.plugins.ml2.plugin.SecurityGroupServerNotifierRpcMixin._notify_sg_on_port_change-1596453', 'neutron.plugins.ml2.ovo_rpc._ObjectChangeHandler.handle_event-130444', 'neutron.api.rpc.agentnotifiers.dhcp_rpc_agent_api.DhcpAgentNotifyAPI._native_event_send_dhcp_notification-527564', 'neutron.db.l3_db.L3RpcNotifierMixin._notify_gateway_port_ip_changed-8739906986725', 'neutron.db.l3_dvrscheduler_db._notify_l3_agent_port_update-8739906478758', 'neutron.db.l3_hascheduler_db._notify_l3_agent_ha_port_update-8739906478776'] for port, after_update {{(pid=105485) _notify_loop /usr/local/lib/python3.8/dist-packages/neutron_lib/callbacks/manager.py:192}}
Sep 07 09:48:48.242018 dv-cinder-807083-6-iscsi neutron-server[105485]: DEBUG neutron_lib.callbacks.manager [None req-7154a90d-df87-44d7-a9e5-30e55805b63a admin admin] Notify callbacks ['neutron.api.rpc.agentnotifiers.dhcp_rpc_agent_api.DhcpAgentNotifyAPI._after_router_interface_created-527578', 'neutron.services.l3_router.l3_router_plugin.DVRResourceOperationHandler._update_snat_v6_addrs_after_intf_update-584762'] for router_interface, after_create {{(pid=105485) _notify_loop /usr/local/lib/python3.8/dist-packages/neutron_lib/callbacks/manager.py:192}}
Sep 07 09:48:48.250263 dv-cinder-807083-6-iscsi neutron-server[105487]: DEBUG neutron.plugins.ml2.plugin [None req-258d73ff-b3c9-44c2-969a-63b4e0f0d504 None None] Port f5c203e0-8b28-456f-9409-0905d3e9653a cannot update to ACTIVE because it is not bound. {{(pid=105487) _port_provisioned /opt/stack/neutron/neutron/plugins/ml2/plugin.py:337}}
Sep 07 09:48:48.280724 dv-cinder-807083-6-iscsi neutron-server[105487]: DEBUG neutron.db.provisioning_blocks [None req-e7c1bce4-185d-4b05-99b2-33fb24faf969 None None] Provisioning for port c0c54e98-6c31-42f8-ae34-36d879749250 completed by entity L2. {{(pid=105487) provisioning_complete /opt/stack/neutron/neutron/db/provisioning_blocks.py:133}}
Sep 07 09:48:48.287195 dv-cinder-807083-6-iscsi neutron-server[105487]: DEBUG neutron.db.provisioning_blocks [None req-e7c1bce4-185d-4b05-99b2-33fb24faf969 None None] Provisioning complete for port c0c54e98-6c31-42f8-ae34-36d879749250 triggered by entity L2. {{(pid=105487) provisioning_complete /opt/stack/neutron/neutron/db/provisioning_blocks.py:139}}
Sep 07 09:48:48.288992 dv-cinder-807083-6-iscsi neutron-server[105487]: DEBUG neutron_lib.callbacks.manager [None req-e7c1bce4-185d-4b05-99b2-33fb24faf969 None None] Notify callbacks ['neutron.plugins.ml2.plugin.Ml2Plugin._port_provisioned-1701552'] for port, provisioning_complete {{(pid=105487) _notify_loop /usr/local/lib/python3.8/dist-packages/neutron_lib/callbacks/manager.py:192}}
Sep 07 09:48:48.364913 dv-cinder-807083-6-iscsi neutron-server[105485]: DEBUG neutron.api.rpc.handlers.resources_rpc [None req-7154a90d-df87-44d7-a9e5-30e55805b63a admin admin] Pushing event updated for resources: {'Port': ['ID=37eda827-f603-467a-aa6a-18cb145932e3,revision_number=2']} {{(pid=105485) push /opt/stack/neutron/neutron/api/rpc/handlers/resources_rpc.py:237}}
Sep 07 09:48:48.394962 dv-cinder-807083-6-iscsi neutron-server[105486]: DEBUG neutron_lib.callbacks.manager [None req-5d84c586-6476-45b1-8e3f-e4afaec20929 admin admin] Notify callbacks [] for port, precommit_update {{(pid=105486) _notify_loop /usr/local/lib/python3.8/dist-packages/neutron_lib/callbacks/manager.py:192}}
Sep 07 09:48:48.403448 dv-cinder-807083-6-iscsi neutron-server[105486]: DEBUG neutron_lib.callbacks.manager [None req-5d84c586-6476-45b1-8e3f-e4afaec20929 admin admin] Notify callbacks ['neutron.plugins.ml2.plugin.SecurityGroupServerNotifierRpcMixin._notify_sg_on_port_change-1596453', 'neutron.plugins.ml2.ovo_rpc._ObjectChangeHandler.handle_event-130444', 'neutron.api.rpc.agentnotifiers.dhcp_rpc_agent_api.DhcpAgentNotifyAPI._native_event_send_dhcp_notification-527564', 'neutron.db.l3_db.L3RpcNotifierMixin._notify_gateway_port_ip_changed-8739906986725', 'neutron.db.l3_dvrscheduler_db._notify_l3_agent_port_update-8739906478758', 'neutron.db.l3_hascheduler_db._notify_l3_agent_ha_port_update-8739906478776'] for port, after_update {{(pid=105486) _notify_loop /usr/local/lib/python3.8/dist-packages/neutron_lib/callbacks/manager.py:192}}
Sep 07 09:48:48.404457 dv-cinder-807083-6-iscsi neutron-server[105486]: DEBUG neutron_lib.callbacks.manager [None req-5d84c586-6476-45b1-8e3f-e4afaec20929 admin admin] Notify callbacks ['neutron.api.rpc.agentnotifiers.dhcp_rpc_agent_api.DhcpAgentNotifyAPI._after_router_interface_created-527578', 'neutron.services.l3_router.l3_router_plugin.DVRResourceOperationHandler._update_snat_v6_addrs_after_intf_update-584762'] for router_interface, after_create {{(pid=105486) _notify_loop /usr/local/lib/python3.8/dist-packages/neutron_lib/callbacks/manager.py:192}}
Sep 07 09:48:48.434476 dv-cinder-807083-6-iscsi neutron-server[105487]: DEBUG neutron.db.l3_hamode_db [None req-b6fe980a-894e-4c10-9aca-1c31eef051bc None None] neutron.services.l3_router.l3_router_plugin.L3RouterPlugin method _process_sync_ha_data called with arguments (, [{'id': 'c2c1aac2-2dd1-455c-80ed-0b2dae2017d1', 'name': 'tempest-ServerRescueNegativeTestJSON-1361235557-router', 'tenant_id': '860b3e6abf2b4ce08446306d9009d53a', 'admin_state_up': True, 'status': 'ACTIVE', 'external_gateway_info': {'network_id': 'f198dc78-3d2f-4bc2-9416-9d2c22687cd1', 'external_fixed_ips': [{'subnet_id': '4f5557c9-b981-487e-9dcf-86afd0c96a80', 'ip_address': '172.27.2.190'}], 'enable_snat': True}, 'gw_port_id': 'b6398b4c-8b2d-42ff-9784-f4ee77c8deb6', 'description': '', 'availability_zones': ['nova'], 'distributed': False, 'ha': False, 'ha_vr_id': 0, 'availability_zone_hints': [], 'routes': [], 'flavor_id': None, 'tags': [], 'created_at': '2021-09-07T09:48:41Z', 'updated_at': '2021-09-07T09:48:43Z', 'revision_number': 3, 'project_id': '860b3e6abf2b4ce08446306d9009d53a', 'gw_port': {'id': 'b6398b4c-8b2d-42ff-9784-f4ee77c8deb6', 'name': '', 'network_id': 'f198dc78-3d2f-4bc2-9416-9d2c22687cd1', 'tenant_id': '', 'mac_address': 'fa:16:3e:ac:08:59', 'admin_state_up': True, 'status': 'DOWN', 'device_id': 'c2c1aac2-2dd1-455c-80ed-0b2dae2017d1', 'device_owner': 'network:router_gateway', 'standard_attr_id': 72, 'fixed_ips': [{'subnet_id': '4f5557c9-b981-487e-9dcf-86afd0c96a80', 'ip_address': '172.27.2.190', 'prefixlen': 24}], 'allowed_address_pairs': [], 'extra_dhcp_opts': [], 'security_groups': [], 'description': '', 'binding:vnic_type': 'normal', 'binding:profile': {}, 'binding:host_id': 'dv-cinder-807083-6-iscsi', 'binding:vif_type': 'ovs', 'binding:vif_details': {'connectivity': 'l2', 'port_filter': True, 'ovs_hybrid_plug': False, 'datapath_type': 'system', 'bridge_name': 'br-int'}, 'port_security_enabled': False, 'tags': [], 'created_at': '2021-09-07T09:48:42Z', 'updated_at': '2021-09-07T09:48:47Z', 'revision_number': 3, 'project_id': '', 'subnets': [{'id': '4f5557c9-b981-487e-9dcf-86afd0c96a80', 'cidr': '172.27.2.0/24', 'gateway_ip': '172.27.2.1', 'dns_nameservers': [], 'ipv6_ra_mode': None, 'subnetpool_id': None}], 'extra_subnets': [], 'address_scopes': {4: None, 6: None}, 'mtu': 1500}, 'enable_snat': True, 'gw_port_host': 'dv-cinder-807083-6-iscsi'}], 'dv-cinder-807083-6-iscsi', False) {} {{(pid=105487) wrapper /usr/local/lib/python3.8/dist-packages/oslo_log/helpers.py:65}}
Sep 07 09:48:48.469278 dv-cinder-807083-6-iscsi neutron-server[105485]: DEBUG neutron.scheduler.dhcp_agent_scheduler [None req-7154a90d-df87-44d7-a9e5-30e55805b63a admin admin] Network 08f0ed38-9a77-4c8a-a4e9-e683efd414b1 is already hosted by enough agents. {{(pid=105485) _get_dhcp_agents_hosting_network /opt/stack/neutron/neutron/scheduler/dhcp_agent_scheduler.py:275}}
Sep 07 09:48:48.473489 dv-cinder-807083-6-iscsi neutron-server[105485]: DEBUG neutron.scheduler.base_scheduler [None req-7154a90d-df87-44d7-a9e5-30e55805b63a admin admin] Resources bound (agent type, host, resource id): {{(pid=105485) schedule /opt/stack/neutron/neutron/scheduler/base_scheduler.py:57}}
Sep 07 09:48:48.489939 dv-cinder-807083-6-iscsi neutron-server[105487]: DEBUG neutron.api.rpc.handlers.l3_rpc [None req-b6fe980a-894e-4c10-9aca-1c31eef051bc None None] The sync data for ids ['c2c1aac2-2dd1-455c-80ed-0b2dae2017d1'] in dv-cinder-807083-6-iscsi is: [{'id': 'c2c1aac2-2dd1-455c-80ed-0b2dae2017d1', 'name': 'tempest-ServerRescueNegativeTestJSON-1361235557-router', 'tenant_id': '860b3e6abf2b4ce08446306d9009d53a', 'admin_state_up': True, 'status': 'ACTIVE', 'external_gateway_info': {'network_id': 'f198dc78-3d2f-4bc2-9416-9d2c22687cd1', 'external_fixed_ips': [{'subnet_id': '4f5557c9-b981-487e-9dcf-86afd0c96a80', 'ip_address': '172.27.2.190'}], 'enable_snat': True}, 'gw_port_id': 'b6398b4c-8b2d-42ff-9784-f4ee77c8deb6', 'description': '', 'availability_zones': ['nova'], 'distributed': False, 'ha': False, 'ha_vr_id': 0, 'availability_zone_hints': [], 'routes': [], 'flavor_id': None, 'tags': [], 'created_at': '2021-09-07T09:48:41Z', 'updated_at': '2021-09-07T09:48:43Z', 'revision_number': 3, 'project_id': '860b3e6abf2b4ce08446306d9009d53a', 'gw_port': {'id': 'b6398b4c-8b2d-42ff-9784-f4ee77c8deb6', 'name': '', 'network_id': 'f198dc78-3d2f-4bc2-9416-9d2c22687cd1', 'tenant_id': '', 'mac_address': 'fa:16:3e:ac:08:59', 'admin_state_up': True, 'status': 'DOWN', 'device_id': 'c2c1aac2-2dd1-455c-80ed-0b2dae2017d1', 'device_owner': 'network:router_gateway', 'standard_attr_id': 72, 'fixed_ips': [{'subnet_id': '4f5557c9-b981-487e-9dcf-86afd0c96a80', 'ip_address': '172.27.2.190', 'prefixlen': 24}], 'allowed_address_pairs': [], 'extra_dhcp_opts': [], 'security_groups': [], 'description': '', 'binding:vnic_type': 'normal', 'binding:profile': {}, 'binding:host_id': 'dv-cinder-807083-6-iscsi', 'binding:vif_type': 'ovs', 'binding:vif_details': {'connectivity': 'l2', 'port_filter': True, 'ovs_hybrid_plug': False, 'datapath_type': 'system', 'bridge_name': 'br-int'}, 'port_security_enabled': False, 'tags': [], 'created_at': '2021-09-07T09:48:42Z', 'updated_at': '2021-09-07T09:48:47Z', 'revision_number': 3, 'project_id': '', 'subnets': [{'id': '4f5557c9-b981-487e-9dcf-86afd0c96a80', 'cidr': '172.27.2.0/24', 'gateway_ip': '172.27.2.1', 'dns_nameservers': [], 'ipv6_ra_mode': None, 'subnetpool_id': None}], 'extra_subnets': [], 'address_scopes': {4: None, 6: None}, 'mtu': 1500}, 'enable_snat': True, 'gw_port_host': 'dv-cinder-807083-6-iscsi'}] {{(pid=105487) sync_routers /opt/stack/neutron/neutron/api/rpc/handlers/l3_rpc.py:137}}
Sep 07 09:48:48.510084 dv-cinder-807083-6-iscsi neutron-server[105487]: DEBUG neutron_lib.callbacks.manager [None req-e7c1bce4-185d-4b05-99b2-33fb24faf969 None None] Notify callbacks ['neutron.plugins.ml2.plugin.SecurityGroupDbMixin._ensure_default_security_group_handler-1597416'] for port, before_update {{(pid=105487) _notify_loop /usr/local/lib/python3.8/dist-packages/neutron_lib/callbacks/manager.py:192}}
Sep 07 09:48:48.569575 dv-cinder-807083-6-iscsi neutron-server[105487]: DEBUG neutron.plugins.ml2.db [None req-e7c1bce4-185d-4b05-99b2-33fb24faf969 None None] For port c0c54e98-6c31-42f8-ae34-36d879749250, host dv-cinder-807083-6-iscsi, got binding levels [PortBindingLevel(driver='openvswitch',host='dv-cinder-807083-6-iscsi',level=0,port_id=c0c54e98-6c31-42f8-ae34-36d879749250,segment=NetworkSegment(963c4560-b884-46dc-9dd4-8e95ba755f7e),segment_id=963c4560-b884-46dc-9dd4-8e95ba755f7e)] {{(pid=105487) get_binding_level_objs /opt/stack/neutron/neutron/plugins/ml2/db.py:74}}
Sep 07 09:48:48.581824 dv-cinder-807083-6-iscsi neutron-server[105487]: DEBUG neutron_lib.callbacks.manager [None req-e7c1bce4-185d-4b05-99b2-33fb24faf969 None None] Notify callbacks ['neutron.plugins.ml2.plugin.SecurityGroupServerNotifierRpcMixin._notify_sg_on_port_change-1596453', 'neutron.plugins.ml2.ovo_rpc._ObjectChangeHandler.handle_event-130444', 'neutron.api.rpc.agentnotifiers.dhcp_rpc_agent_api.DhcpAgentNotifyAPI._native_event_send_dhcp_notification-527564', 'neutron.db.l3_db.L3RpcNotifierMixin._notify_gateway_port_ip_changed-8739906986725', 'neutron.db.l3_dvrscheduler_db._notify_l3_agent_port_update-8739906478758', 'neutron.db.l3_hascheduler_db._notify_l3_agent_ha_port_update-8739906478776'] for port, after_update {{(pid=105487) _notify_loop /usr/local/lib/python3.8/dist-packages/neutron_lib/callbacks/manager.py:192}}
Sep 07 09:48:48.604933 dv-cinder-807083-6-iscsi neutron-server[105486]: DEBUG neutron.wsgi [-] (105486) accepted ('10.222.0.24', 52212) {{(pid=105486) server /usr/local/lib/python3.8/dist-packages/eventlet/wsgi.py:982}}
Sep 07 09:48:48.629142 dv-cinder-807083-6-iscsi neutron-server[105486]: DEBUG neutron.scheduler.dhcp_agent_scheduler [None req-5d84c586-6476-45b1-8e3f-e4afaec20929 admin admin] Network 00755289-640b-4792-8c20-6c39fe47fb2e is already hosted by enough agents. {{(pid=105486) _get_dhcp_agents_hosting_network /opt/stack/neutron/neutron/scheduler/dhcp_agent_scheduler.py:275}}
Sep 07 09:48:48.644308 dv-cinder-807083-6-iscsi neutron-server[105486]: DEBUG neutron.scheduler.base_scheduler [None req-5d84c586-6476-45b1-8e3f-e4afaec20929 admin admin] Resources bound (agent type, host, resource id): {{(pid=105486) schedule /opt/stack/neutron/neutron/scheduler/base_scheduler.py:57}}
Sep 07 09:48:48.696948 dv-cinder-807083-6-iscsi neutron-server[105486]: DEBUG neutron.api.rpc.handlers.resources_rpc [None req-5d84c586-6476-45b1-8e3f-e4afaec20929 admin admin] Pushing event updated for resources: {'Port': ['ID=f5c203e0-8b28-456f-9409-0905d3e9653a,revision_number=2']} {{(pid=105486) push /opt/stack/neutron/neutron/api/rpc/handlers/resources_rpc.py:237}}
Sep 07 09:48:48.749243 dv-cinder-807083-6-iscsi neutron-server[105485]: DEBUG neutron.scheduler.l3_agent_scheduler [None req-7154a90d-df87-44d7-a9e5-30e55805b63a admin admin] Router c2c1aac2-2dd1-455c-80ed-0b2dae2017d1 has already been hosted by L3 agent 58dfbb4b-42a4-4687-9a05-7bc3d0618b3c {{(pid=105485) _get_candidates /opt/stack/neutron/neutron/scheduler/l3_agent_scheduler.py:126}}
Sep 07 09:48:48.908076 dv-cinder-807083-6-iscsi neutron-server[105485]: DEBUG neutron.api.rpc.agentnotifiers.l3_rpc_agent_api [None req-7154a90d-df87-44d7-a9e5-30e55805b63a admin admin] Notify agent at l3_agent.dv-cinder-807083-6-iscsi the message routers_updated {{(pid=105485) _agent_notification /opt/stack/neutron/neutron/api/rpc/agentnotifiers/l3_rpc_agent_api.py:65}}
Sep 07 09:48:48.915313 dv-cinder-807083-6-iscsi neutron-server[105485]: INFO neutron.wsgi [None req-7154a90d-df87-44d7-a9e5-30e55805b63a admin admin] 10.222.0.24 "PUT /v2.0/routers/c2c1aac2-2dd1-455c-80ed-0b2dae2017d1/add_router_interface HTTP/1.1" status: 200 len: 503 time: 3.9273548
Sep 07 09:48:48.951755 dv-cinder-807083-6-iscsi neutron-server[105486]: DEBUG neutron.scheduler.l3_agent_scheduler [None req-5d84c586-6476-45b1-8e3f-e4afaec20929 admin admin] Router 9485395d-9ea6-485d-adca-580cc9f2ca44 has already been hosted by L3 agent 58dfbb4b-42a4-4687-9a05-7bc3d0618b3c {{(pid=105486) _get_candidates /opt/stack/neutron/neutron/scheduler/l3_agent_scheduler.py:126}}
Sep 07 09:48:48.986777 dv-cinder-807083-6-iscsi neutron-server[105487]: DEBUG neutron.api.rpc.handlers.resources_rpc [None req-e7c1bce4-185d-4b05-99b2-33fb24faf969 None None] Pushing event updated for resources: {'Port': ['ID=c0c54e98-6c31-42f8-ae34-36d879749250,revision_number=4']} {{(pid=105487) push /opt/stack/neutron/neutron/api/rpc/handlers/resources_rpc.py:237}}
Sep 07 09:48:49.019648 dv-cinder-807083-6-iscsi neutron-server[105486]: DEBUG neutron_lib.callbacks.manager [None req-37564395-c7eb-42b6-ae3e-133f4db15940 admin admin] Notify callbacks [] for security_group, before_create {{(pid=105486) _notify_loop /usr/local/lib/python3.8/dist-packages/neutron_lib/callbacks/manager.py:192}}
Sep 07 09:48:49.217114 dv-cinder-807083-6-iscsi neutron-server[105487]: DEBUG neutron.db.provisioning_blocks [None req-2fc9fe56-00b7-4dc9-afba-3fdb5ff65e48 None None] Provisioning complete for port f5c203e0-8b28-456f-9409-0905d3e9653a triggered by entity DHCP. {{(pid=105487) provisioning_complete /opt/stack/neutron/neutron/db/provisioning_blocks.py:139}}
Sep 07 09:48:49.218361 dv-cinder-807083-6-iscsi neutron-server[105487]: DEBUG neutron_lib.callbacks.manager [None req-2fc9fe56-00b7-4dc9-afba-3fdb5ff65e48 None None] Notify callbacks ['neutron.plugins.ml2.plugin.Ml2Plugin._port_provisioned-1701552'] for port, provisioning_complete {{(pid=105487) _notify_loop /usr/local/lib/python3.8/dist-packages/neutron_lib/callbacks/manager.py:192}}
Sep 07 09:48:49.271866 dv-cinder-807083-6-iscsi neutron-server[105486]: DEBUG neutron.api.rpc.agentnotifiers.l3_rpc_agent_api [None req-5d84c586-6476-45b1-8e3f-e4afaec20929 admin admin] Notify agent at l3_agent.dv-cinder-807083-6-iscsi the message routers_updated {{(pid=105486) _agent_notification /opt/stack/neutron/neutron/api/rpc/agentnotifiers/l3_rpc_agent_api.py:65}}
Sep 07 09:48:49.301730 dv-cinder-807083-6-iscsi neutron-server[105486]: INFO neutron.wsgi [None req-5d84c586-6476-45b1-8e3f-e4afaec20929 admin admin] 10.222.0.24 "PUT /v2.0/routers/9485395d-9ea6-485d-adca-580cc9f2ca44/add_router_interface HTTP/1.1" status: 200 len: 503 time: 5.0979862
Sep 07 09:48:49.332396 dv-cinder-807083-6-iscsi neutron-server[105486]: INFO neutron.wsgi [req-d5b2ba7f-14af-436f-b852-cbe36209d074 req-1683f996-f866-4b5a-ad98-82cdef2b0e87 tempest-AttachVolumeNegativeTest-489910364 tempest-AttachVolumeNegativeTest-489910364-project] 10.222.0.24 "GET /v2.0/ports?device_id=f4544d13-b18f-46f8-824d-99a38f2b76ee HTTP/1.1" status: 200 len: 210 time: 0.0808969
Sep 07 09:48:49.333309 dv-cinder-807083-6-iscsi neutron-server[105487]: DEBUG neutron.plugins.ml2.plugin [None req-2fc9fe56-00b7-4dc9-afba-3fdb5ff65e48 None None] Port f5c203e0-8b28-456f-9409-0905d3e9653a cannot update to ACTIVE because it is not bound. {{(pid=105487) _port_provisioned /opt/stack/neutron/neutron/plugins/ml2/plugin.py:337}}
Sep 07 09:48:49.436436 dv-cinder-807083-6-iscsi neutron-server[105486]: DEBUG neutron_lib.callbacks.manager [None req-37564395-c7eb-42b6-ae3e-133f4db15940 admin admin] Notify callbacks [] for security_group, precommit_create {{(pid=105486) _notify_loop /usr/local/lib/python3.8/dist-packages/neutron_lib/callbacks/manager.py:192}}
Sep 07 09:48:49.466469 dv-cinder-807083-6-iscsi neutron-server[105486]: INFO neutron.wsgi [req-403fb392-72f7-4476-93d4-fbcb7251ade7 req-fea4c850-c623-4718-9380-7d9f08035bde tempest-DeleteServersTestJSON-1990526882 tempest-DeleteServersTestJSON-1990526882-project] 10.222.0.24 "GET /v2.0/ports?device_id=0a49aca5-f289-45bc-9ce2-3f461896fad0 HTTP/1.1" status: 200 len: 210 time: 0.0507994
Sep 07 09:48:49.467524 dv-cinder-807083-6-iscsi neutron-server[105486]: DEBUG neutron_lib.callbacks.manager [None req-37564395-c7eb-42b6-ae3e-133f4db15940 admin admin] Notify callbacks ['neutron.plugins.ml2.ovo_rpc._ObjectChangeHandler.handle_event-540096'] for security_group, after_create {{(pid=105486) _notify_loop /usr/local/lib/python3.8/dist-packages/neutron_lib/callbacks/manager.py:192}}
Sep 07 09:48:49.540619 dv-cinder-807083-6-iscsi neutron-server[105486]: DEBUG neutron.api.rpc.handlers.resources_rpc [None req-37564395-c7eb-42b6-ae3e-133f4db15940 admin admin] Pushing event updated for resources: {'SecurityGroup': ['ID=50976730-c7ae-4813-8837-5d6ef37a3ce1,revision_number=1']} {{(pid=105486) push /opt/stack/neutron/neutron/api/rpc/handlers/resources_rpc.py:237}}
Sep 07 09:48:49.545477 dv-cinder-807083-6-iscsi neutron-server[105486]: INFO neutron.wsgi [None req-37564395-c7eb-42b6-ae3e-133f4db15940 admin admin] 10.222.0.24 "GET /v2.0/security-groups?tenant_id=b5cdff8a61a546c1b940360a7b25752b&name=default HTTP/1.1" status: 200 len: 2975 time: 0.9370377
Sep 07 09:48:49.548111 dv-cinder-807083-6-iscsi neutron-server[105486]: DEBUG neutron.wsgi [-] (105486) accepted ('10.222.0.24', 52250) {{(pid=105486) server /usr/local/lib/python3.8/dist-packages/eventlet/wsgi.py:982}}
Sep 07 09:48:49.666076 dv-cinder-807083-6-iscsi neutron-server[105486]: DEBUG neutron_lib.callbacks.manager [None req-d830bda8-78f0-4875-8668-9ca6de92bd00 admin admin] Notify callbacks [] for security_group, before_delete {{(pid=105486) _notify_loop /usr/local/lib/python3.8/dist-packages/neutron_lib/callbacks/manager.py:192}}
Sep 07 09:48:49.705966 dv-cinder-807083-6-iscsi neutron-server[105486]: DEBUG neutron_lib.callbacks.manager [None req-d830bda8-78f0-4875-8668-9ca6de92bd00 admin admin] Notify callbacks [] for security_group, precommit_delete {{(pid=105486) _notify_loop /usr/local/lib/python3.8/dist-packages/neutron_lib/callbacks/manager.py:192}}
Sep 07 09:48:49.768389 dv-cinder-807083-6-iscsi neutron-server[105486]: DEBUG neutron_lib.callbacks.manager [None req-d830bda8-78f0-4875-8668-9ca6de92bd00 admin admin] Notify callbacks ['neutron.plugins.ml2.ovo_rpc._ObjectChangeHandler.handle_event-540096'] for security_group, after_delete {{(pid=105486) _notify_loop /usr/local/lib/python3.8/dist-packages/neutron_lib/callbacks/manager.py:192}}
Sep 07 09:48:49.776713 dv-cinder-807083-6-iscsi neutron-server[105486]: DEBUG neutron_lib.callbacks.manager [None req-d830bda8-78f0-4875-8668-9ca6de92bd00 admin admin] Notify callbacks [] for security_group, before_response {{(pid=105486) _notify_loop /usr/local/lib/python3.8/dist-packages/neutron_lib/callbacks/manager.py:192}}
Sep 07 09:48:49.782295 dv-cinder-807083-6-iscsi neutron-server[105486]: INFO neutron.wsgi [None req-d830bda8-78f0-4875-8668-9ca6de92bd00 admin admin] 10.222.0.24 "DELETE /v2.0/security-groups/50976730-c7ae-4813-8837-5d6ef37a3ce1 HTTP/1.1" status: 204 len: 168 time: 0.2289431
Sep 07 09:48:49.790657 dv-cinder-807083-6-iscsi neutron-server[105486]: DEBUG neutron.api.rpc.handlers.resources_rpc [None req-d830bda8-78f0-4875-8668-9ca6de92bd00 admin admin] Pushing event deleted for resources: {'SecurityGroup': ['ID=50976730-c7ae-4813-8837-5d6ef37a3ce1,revision_number=None']} {{(pid=105486) push /opt/stack/neutron/neutron/api/rpc/handlers/resources_rpc.py:237}}
Sep 07 09:48:49.967137 dv-cinder-807083-6-iscsi neutron-server[105488]: DEBUG neutron.api.rpc.handlers.l3_rpc [None req-7a465e00-3e09-41ac-a4e7-2d8a3454b640 None None] Sync routers for ids ['9485395d-9ea6-485d-adca-580cc9f2ca44'] in dv-cinder-807083-6-iscsi {{(pid=105488) sync_routers /opt/stack/neutron/neutron/api/rpc/handlers/l3_rpc.py:125}}
Sep 07 09:48:49.987788 dv-cinder-807083-6-iscsi neutron-server[105488]: DEBUG neutron.db.l3_dvrscheduler_db [None req-7a465e00-3e09-41ac-a4e7-2d8a3454b640 None None] Routers {'9485395d-9ea6-485d-adca-580cc9f2ca44'} bound to L3 agent in host dv-cinder-807083-6-iscsi {{(pid=105488) _get_router_ids_for_agent /opt/stack/neutron/neutron/db/l3_dvrscheduler_db.py:420}}
Sep 07 09:48:49.988429 dv-cinder-807083-6-iscsi neutron-server[105488]: DEBUG neutron.db.l3_hamode_db [None req-7a465e00-3e09-41ac-a4e7-2d8a3454b640 None None] neutron.services.l3_router.l3_router_plugin.L3RouterPlugin method get_ha_sync_data_for_host called with arguments (, 'dv-cinder-807083-6-iscsi', Agent(admin_state_up=True,agent_type='L3 agent',availability_zone='nova',binary='neutron-l3-agent',configurations={"agent_mode": "legacy", "ex_gw_ports": 1, "extensions": [], "floating_ips": 0, "handle_internal_only_routers": true, "interface_driver": "openvswitch", "interfaces": 1, "log_agent_heartbeats": false, "routers": 1},created_at=2021-09-07T09:40:58Z,description=,heartbeat_timestamp=2021-09-07T09:48:28Z,host='dv-cinder-807083-6-iscsi',id=58dfbb4b-42a4-4687-9a05-7bc3d0618b3c,load=0,resource_versions=,resources_synced=,started_at=2021-09-07T09:40:58Z,topic='l3_agent')) {'router_ids': ['9485395d-9ea6-485d-adca-580cc9f2ca44'], 'active': True} {{(pid=105488) wrapper /usr/local/lib/python3.8/dist-packages/oslo_log/helpers.py:65}}
Sep 07 09:48:50.078019 dv-cinder-807083-6-iscsi neutron-server[105487]: DEBUG neutron.plugins.ml2.rpc [None req-e7c1bce4-185d-4b05-99b2-33fb24faf969 None None] Device c0c54e98-6c31-42f8-ae34-36d879749250 up at agent ovs-agent-dv-cinder-807083-6-iscsi {{(pid=105487) update_device_up /opt/stack/neutron/neutron/plugins/ml2/rpc.py:296}}
Sep 07 09:48:50.222763 dv-cinder-807083-6-iscsi neutron-server[105487]: DEBUG neutron.db.provisioning_blocks [None req-e7c1bce4-185d-4b05-99b2-33fb24faf969 None None] Provisioning complete for port c0c54e98-6c31-42f8-ae34-36d879749250 triggered by entity L2. {{(pid=105487) provisioning_complete /opt/stack/neutron/neutron/db/provisioning_blocks.py:139}}
Sep 07 09:48:50.225743 dv-cinder-807083-6-iscsi neutron-server[105487]: DEBUG neutron_lib.callbacks.manager [None req-e7c1bce4-185d-4b05-99b2-33fb24faf969 None None] Notify callbacks ['neutron.plugins.ml2.plugin.Ml2Plugin._port_provisioned-1701552'] for port, provisioning_complete {{(pid=105487) _notify_loop /usr/local/lib/python3.8/dist-packages/neutron_lib/callbacks/manager.py:192}}
Sep 07 09:48:50.249923 dv-cinder-807083-6-iscsi neutron-server[105485]: DEBUG neutron.wsgi [-] (105485) accepted ('10.222.0.20', 64037) {{(pid=105485) server /usr/local/lib/python3.8/dist-packages/eventlet/wsgi.py:982}}
Sep 07 09:48:50.294987 dv-cinder-807083-6-iscsi neutron-server[105486]: DEBUG neutron.pecan_wsgi.hooks.policy_enforcement [req-4ec647e8-dcbf-413a-b09b-fde1101fb129 req-2ab20987-1629-4709-85b1-a42c5794a7da tempest-ServerRescueNegativeTestJSON-1600999865 tempest-ServerRescueNegativeTestJSON-1600999865-project] Attributes excluded by policy engine: ['standard_attr_id', 'vlan_transparent', 'provider:network_type', 'provider:physical_network', 'provider:segmentation_id'] {{(pid=105486) _exclude_attributes_by_policy /opt/stack/neutron/neutron/pecan_wsgi/hooks/policy_enforcement.py:255}}
Sep 07 09:48:50.335930 dv-cinder-807083-6-iscsi neutron-server[105486]: INFO neutron.wsgi [req-4ec647e8-dcbf-413a-b09b-fde1101fb129 req-2ab20987-1629-4709-85b1-a42c5794a7da tempest-ServerRescueNegativeTestJSON-1600999865 tempest-ServerRescueNegativeTestJSON-1600999865-project] 10.222.0.24 "GET /v2.0/networks?id=08f0ed38-9a77-4c8a-a4e9-e683efd414b1 HTTP/1.1" status: 200 len: 819 time: 0.4094877
Sep 07 09:48:50.366304 dv-cinder-807083-6-iscsi neutron-server[105486]: INFO neutron.wsgi [req-4ec647e8-dcbf-413a-b09b-fde1101fb129 req-78126948-d51d-4ead-b60a-41c46f398785 tempest-ServerRescueNegativeTestJSON-1600999865 tempest-ServerRescueNegativeTestJSON-1600999865-project] 10.222.0.24 "GET /v2.0/quotas/860b3e6abf2b4ce08446306d9009d53a HTTP/1.1" status: 200 len: 375 time: 0.0294812
Sep 07 09:48:50.430642 dv-cinder-807083-6-iscsi neutron-server[105488]: DEBUG neutron.db.l3_dvr_db [None req-7a465e00-3e09-41ac-a4e7-2d8a3454b640 None None] Set router 9485395d-9ea6-485d-adca-580cc9f2ca44 gateway port host: dv-cinder-807083-6-iscsi {{(pid=105488) _build_routers_list /opt/stack/neutron/neutron/db/l3_dvr_db.py:906}}
Sep 07 09:48:50.456650 dv-cinder-807083-6-iscsi neutron-server[105485]: DEBUG neutron.wsgi [-] (105485) accepted ('10.222.0.24', 52284) {{(pid=105485) server /usr/local/lib/python3.8/dist-packages/eventlet/wsgi.py:982}}
Sep 07 09:48:50.470390 dv-cinder-807083-6-iscsi neutron-server[105485]: DEBUG neutron.api.v2.base [None req-4d627d4b-486e-4c7b-b5d1-16f4d6b280f6 tempest-AttachVolumeShelveTestJSON-1084076924 tempest-AttachVolumeShelveTestJSON-1084076924-project] Request body: {'security_group': {'name': 'tempest-securitygroup--677107105', 'description': 'tempest-description--1102581116'}} {{(pid=105485) prepare_request_body /opt/stack/neutron/neutron/api/v2/base.py:730}}
Sep 07 09:48:50.529830 dv-cinder-807083-6-iscsi neutron-server[105486]: INFO neutron.wsgi [req-4ec647e8-dcbf-413a-b09b-fde1101fb129 req-ce7a6c44-46a0-4209-8d56-26c1708741ff tempest-ServerRescueNegativeTestJSON-1600999865 tempest-ServerRescueNegativeTestJSON-1600999865-project] 10.222.0.24 "GET /v2.0/ports?tenant_id=860b3e6abf2b4ce08446306d9009d53a&fields=id HTTP/1.1" status: 200 len: 255 time: 0.1571848
Sep 07 09:48:50.538114 dv-cinder-807083-6-iscsi neutron-server[105487]: DEBUG neutron.plugins.ml2.rpc [None req-e7c1bce4-185d-4b05-99b2-33fb24faf969 None None] Device b6398b4c-8b2d-42ff-9784-f4ee77c8deb6 up at agent ovs-agent-dv-cinder-807083-6-iscsi {{(pid=105487) update_device_up /opt/stack/neutron/neutron/plugins/ml2/rpc.py:296}}
Sep 07 09:48:50.707905 dv-cinder-807083-6-iscsi neutron-server[105485]: DEBUG neutron.wsgi [-] (105485) accepted ('10.222.0.24', 52296) {{(pid=105485) server /usr/local/lib/python3.8/dist-packages/eventlet/wsgi.py:982}}
Sep 07 09:48:50.742847 dv-cinder-807083-6-iscsi neutron-server[105487]: DEBUG neutron.db.provisioning_blocks [None req-e7c1bce4-185d-4b05-99b2-33fb24faf969 None None] Provisioning for port b6398b4c-8b2d-42ff-9784-f4ee77c8deb6 completed by entity L2. {{(pid=105487) provisioning_complete /opt/stack/neutron/neutron/db/provisioning_blocks.py:133}}
Sep 07 09:48:50.753640 dv-cinder-807083-6-iscsi neutron-server[105487]: DEBUG neutron.db.provisioning_blocks [None req-e7c1bce4-185d-4b05-99b2-33fb24faf969 None None] Provisioning complete for port b6398b4c-8b2d-42ff-9784-f4ee77c8deb6 triggered by entity L2. {{(pid=105487) provisioning_complete /opt/stack/neutron/neutron/db/provisioning_blocks.py:139}}
Sep 07 09:48:50.755836 dv-cinder-807083-6-iscsi neutron-server[105487]: DEBUG neutron_lib.callbacks.manager [None req-e7c1bce4-185d-4b05-99b2-33fb24faf969 None None] Notify callbacks ['neutron.plugins.ml2.plugin.Ml2Plugin._port_provisioned-1701552'] for port, provisioning_complete {{(pid=105487) _notify_loop /usr/local/lib/python3.8/dist-packages/neutron_lib/callbacks/manager.py:192}}
Sep 07 09:48:50.779167 dv-cinder-807083-6-iscsi neutron-server[105485]: DEBUG neutron_lib.callbacks.manager [None req-f49ac37a-5d08-4a1f-8ad3-27b14051c593 admin admin] Notify callbacks [] for security_group, before_create {{(pid=105485) _notify_loop /usr/local/lib/python3.8/dist-packages/neutron_lib/callbacks/manager.py:192}}
Sep 07 09:48:50.797533 dv-cinder-807083-6-iscsi neutron-server[105485]: DEBUG neutron_lib.callbacks.manager [None req-4d627d4b-486e-4c7b-b5d1-16f4d6b280f6 tempest-AttachVolumeShelveTestJSON-1084076924 tempest-AttachVolumeShelveTestJSON-1084076924-project] Notify callbacks [] for security_group, before_create {{(pid=105485) _notify_loop /usr/local/lib/python3.8/dist-packages/neutron_lib/callbacks/manager.py:192}}
Sep 07 09:48:50.946376 dv-cinder-807083-6-iscsi neutron-server[105486]: DEBUG neutron.wsgi [-] (105486) accepted ('10.222.0.20', 64042) {{(pid=105486) server /usr/local/lib/python3.8/dist-packages/eventlet/wsgi.py:982}}
Sep 07 09:48:51.032735 dv-cinder-807083-6-iscsi neutron-server[105487]: DEBUG neutron_lib.callbacks.manager [None req-e7c1bce4-185d-4b05-99b2-33fb24faf969 None None] Notify callbacks ['neutron.plugins.ml2.plugin.SecurityGroupDbMixin._ensure_default_security_group_handler-1597416'] for port, before_update {{(pid=105487) _notify_loop /usr/local/lib/python3.8/dist-packages/neutron_lib/callbacks/manager.py:192}}
Sep 07 09:48:51.072644 dv-cinder-807083-6-iscsi neutron-server[105488]: DEBUG neutron.db.l3_hamode_db [None req-7a465e00-3e09-41ac-a4e7-2d8a3454b640 None None] neutron.services.l3_router.l3_router_plugin.L3RouterPlugin method _process_sync_ha_data called with arguments (, [{'id': '9485395d-9ea6-485d-adca-580cc9f2ca44', 'name': 'tempest-AttachVolumeShelveTestJSON-1933602452-router', 'tenant_id': 'aa0e1466cb614cacad325113650f08b9', 'admin_state_up': True, 'status': 'ACTIVE', 'external_gateway_info': {'network_id': 'f198dc78-3d2f-4bc2-9416-9d2c22687cd1', 'external_fixed_ips': [{'subnet_id': '4f5557c9-b981-487e-9dcf-86afd0c96a80', 'ip_address': '172.27.2.165'}], 'enable_snat': True}, 'gw_port_id': 'c0c54e98-6c31-42f8-ae34-36d879749250', 'description': '', 'availability_zones': ['nova'], 'distributed': False, 'ha': False, 'ha_vr_id': 0, 'availability_zone_hints': [], 'routes': [], 'flavor_id': None, 'tags': [], 'created_at': '2021-09-07T09:48:40Z', 'updated_at': '2021-09-07T09:48:47Z', 'revision_number': 4, 'project_id': 'aa0e1466cb614cacad325113650f08b9', 'gw_port': {'id': 'c0c54e98-6c31-42f8-ae34-36d879749250', 'name': '', 'network_id': 'f198dc78-3d2f-4bc2-9416-9d2c22687cd1', 'tenant_id': '', 'mac_address': 'fa:16:3e:d3:c4:37', 'admin_state_up': True, 'status': 'ACTIVE', 'device_id': '9485395d-9ea6-485d-adca-580cc9f2ca44', 'device_owner': 'network:router_gateway', 'standard_attr_id': 70, 'fixed_ips': [{'subnet_id': '4f5557c9-b981-487e-9dcf-86afd0c96a80', 'ip_address': '172.27.2.165', 'prefixlen': 24}], 'allowed_address_pairs': [], 'extra_dhcp_opts': [], 'security_groups': [], 'description': '', 'binding:vnic_type': 'normal', 'binding:profile': {}, 'binding:host_id': 'dv-cinder-807083-6-iscsi', 'binding:vif_type': 'ovs', 'binding:vif_details': {'connectivity': 'l2', 'port_filter': True, 'ovs_hybrid_plug': False, 'datapath_type': 'system', 'bridge_name': 'br-int'}, 'port_security_enabled': False, 'tags': [], 'created_at': '2021-09-07T09:48:41Z', 'updated_at': '2021-09-07T09:48:48Z', 'revision_number': 4, 'project_id': '', 'subnets': [{'id': '4f5557c9-b981-487e-9dcf-86afd0c96a80', 'cidr': '172.27.2.0/24', 'gateway_ip': '172.27.2.1', 'dns_nameservers': [], 'ipv6_ra_mode': None, 'subnetpool_id': None}], 'extra_subnets': [], 'address_scopes': {4: None, 6: None}, 'mtu': 1500}, 'enable_snat': True, 'gw_port_host': 'dv-cinder-807083-6-iscsi', '_interfaces': [{'id': 'f5c203e0-8b28-456f-9409-0905d3e9653a', 'name': '', 'network_id': '00755289-640b-4792-8c20-6c39fe47fb2e', 'tenant_id': 'aa0e1466cb614cacad325113650f08b9', 'mac_address': 'fa:16:3e:dc:86:57', 'admin_state_up': True, 'status': 'DOWN', 'device_id': '9485395d-9ea6-485d-adca-580cc9f2ca44', 'device_owner': 'network:router_interface', 'standard_attr_id': 83, 'fixed_ips': [{'subnet_id': 'a19b8b65-cf4c-454b-8fd0-0ebe707e9808', 'ip_address': '172.20.0.1', 'prefixlen': 28}], 'allowed_address_pairs': [], 'extra_dhcp_opts': [], 'security_groups': [], 'description': '', 'binding:vnic_type': 'normal', 'binding:profile': {}, 'binding:host_id': '', 'binding:vif_type': 'unbound', 'binding:vif_details': {}, 'port_security_enabled': False, 'tags': [], 'created_at': '2021-09-07T09:48:45Z', 'updated_at': '2021-09-07T09:48:48Z', 'revision_number': 2, 'project_id': 'aa0e1466cb614cacad325113650f08b9', 'subnets': [{'id': 'a19b8b65-cf4c-454b-8fd0-0ebe707e9808', 'cidr': '172.20.0.0/28', 'gateway_ip': '172.20.0.1', 'dns_nameservers': [], 'ipv6_ra_mode': None, 'subnetpool_id': None}], 'extra_subnets': [], 'address_scopes': {4: None, 6: None}, 'mtu': 1500}]}], 'dv-cinder-807083-6-iscsi', False) {} {{(pid=105488) wrapper /usr/local/lib/python3.8/dist-packages/oslo_log/helpers.py:65}}
Sep 07 09:48:51.073741 dv-cinder-807083-6-iscsi neutron-server[105486]: INFO neutron.wsgi [req-1d3a2506-f56e-4fa5-aec7-b47c0a18c48f req-50e4b9c0-f585-4bd1-869d-65e748569362 tempest-AttachVolumeNegativeTest-489910364 tempest-AttachVolumeNegativeTest-489910364-project] 10.222.0.24 "GET /v2.0/ports?device_id=f4544d13-b18f-46f8-824d-99a38f2b76ee HTTP/1.1" status: 200 len: 210 time: 0.1204627
Sep 07 09:48:51.114411 dv-cinder-807083-6-iscsi neutron-server[105487]: DEBUG neutron.plugins.ml2.db [None req-e7c1bce4-185d-4b05-99b2-33fb24faf969 None None] For port b6398b4c-8b2d-42ff-9784-f4ee77c8deb6, host dv-cinder-807083-6-iscsi, got binding levels [PortBindingLevel(driver='openvswitch',host='dv-cinder-807083-6-iscsi',level=0,port_id=b6398b4c-8b2d-42ff-9784-f4ee77c8deb6,segment=NetworkSegment(963c4560-b884-46dc-9dd4-8e95ba755f7e),segment_id=963c4560-b884-46dc-9dd4-8e95ba755f7e)] {{(pid=105487) get_binding_level_objs /opt/stack/neutron/neutron/plugins/ml2/db.py:74}}
Sep 07 09:48:51.127784 dv-cinder-807083-6-iscsi neutron-server[105487]: DEBUG neutron_lib.callbacks.manager [None req-e7c1bce4-185d-4b05-99b2-33fb24faf969 None None] Notify callbacks ['neutron.plugins.ml2.plugin.SecurityGroupServerNotifierRpcMixin._notify_sg_on_port_change-1596453', 'neutron.plugins.ml2.ovo_rpc._ObjectChangeHandler.handle_event-130444', 'neutron.api.rpc.agentnotifiers.dhcp_rpc_agent_api.DhcpAgentNotifyAPI._native_event_send_dhcp_notification-527564', 'neutron.db.l3_db.L3RpcNotifierMixin._notify_gateway_port_ip_changed-8739906986725', 'neutron.db.l3_dvrscheduler_db._notify_l3_agent_port_update-8739906478758', 'neutron.db.l3_hascheduler_db._notify_l3_agent_ha_port_update-8739906478776'] for port, after_update {{(pid=105487) _notify_loop /usr/local/lib/python3.8/dist-packages/neutron_lib/callbacks/manager.py:192}}
Sep 07 09:48:51.140310 dv-cinder-807083-6-iscsi neutron-server[105488]: DEBUG neutron.api.rpc.handlers.l3_rpc [None req-7a465e00-3e09-41ac-a4e7-2d8a3454b640 None None] Checking router: 9485395d-9ea6-485d-adca-580cc9f2ca44 for host: dv-cinder-807083-6-iscsi {{(pid=105488) _ensure_host_set_on_ports /opt/stack/neutron/neutron/api/rpc/handlers/l3_rpc.py:155}}
Sep 07 09:48:51.144843 dv-cinder-807083-6-iscsi neutron-server[105488]: DEBUG neutron.api.rpc.handlers.l3_rpc [None req-7a465e00-3e09-41ac-a4e7-2d8a3454b640 None None] Updating router 9485395d-9ea6-485d-adca-580cc9f2ca44 port f5c203e0-8b28-456f-9409-0905d3e9653a binding host dv-cinder-807083-6-iscsi {{(pid=105488) _ensure_host_set_on_port /opt/stack/neutron/neutron/api/rpc/handlers/l3_rpc.py:205}}
Sep 07 09:48:51.205157 dv-cinder-807083-6-iscsi neutron-server[105488]: DEBUG neutron_lib.callbacks.manager [None req-7a465e00-3e09-41ac-a4e7-2d8a3454b640 None None] Notify callbacks ['neutron.plugins.ml2.plugin.SecurityGroupDbMixin._ensure_default_security_group_handler-1597416'] for port, before_update {{(pid=105488) _notify_loop /usr/local/lib/python3.8/dist-packages/neutron_lib/callbacks/manager.py:192}}
Sep 07 09:48:51.242673 dv-cinder-807083-6-iscsi neutron-server[105485]: DEBUG neutron_lib.callbacks.manager [None req-f49ac37a-5d08-4a1f-8ad3-27b14051c593 admin admin] Notify callbacks [] for security_group, precommit_create {{(pid=105485) _notify_loop /usr/local/lib/python3.8/dist-packages/neutron_lib/callbacks/manager.py:192}}
Sep 07 09:48:51.317495 dv-cinder-807083-6-iscsi neutron-server[105487]: DEBUG neutron.api.rpc.handlers.resources_rpc [None req-e7c1bce4-185d-4b05-99b2-33fb24faf969 None None] Pushing event updated for resources: {'Port': ['ID=b6398b4c-8b2d-42ff-9784-f4ee77c8deb6,revision_number=4']} {{(pid=105487) push /opt/stack/neutron/neutron/api/rpc/handlers/resources_rpc.py:237}}
Sep 07 09:48:51.412613 dv-cinder-807083-6-iscsi neutron-server[105486]: INFO neutron.wsgi [req-b35572e5-8efc-4c9f-98cc-2639d8868e7a req-050a7de0-8eff-4702-a5a5-48be770d61f1 tempest-DeleteServersTestJSON-1990526882 tempest-DeleteServersTestJSON-1990526882-project] 10.222.0.24 "GET /v2.0/ports?device_id=0a49aca5-f289-45bc-9ce2-3f461896fad0 HTTP/1.1" status: 200 len: 210 time: 0.1095586
Sep 07 09:48:51.416716 dv-cinder-807083-6-iscsi neutron-server[105486]: INFO neutron.wsgi [req-4ec647e8-dcbf-413a-b09b-fde1101fb129 req-32b887f9-e075-454a-b522-a833d34e5b0a service neutron] 10.222.0.24 "GET /v2.0/networks/08f0ed38-9a77-4c8a-a4e9-e683efd414b1?fields=segments HTTP/1.1" status: 200 len: 212 time: 0.8764889
Sep 07 09:48:51.461085 dv-cinder-807083-6-iscsi neutron-server[105485]: DEBUG neutron_lib.callbacks.manager [None req-4d627d4b-486e-4c7b-b5d1-16f4d6b280f6 tempest-AttachVolumeShelveTestJSON-1084076924 tempest-AttachVolumeShelveTestJSON-1084076924-project] Notify callbacks [] for security_group, precommit_create {{(pid=105485) _notify_loop /usr/local/lib/python3.8/dist-packages/neutron_lib/callbacks/manager.py:192}}
Sep 07 09:48:51.469999 dv-cinder-807083-6-iscsi neutron-server[105485]: DEBUG neutron_lib.callbacks.manager [None req-f49ac37a-5d08-4a1f-8ad3-27b14051c593 admin admin] Notify callbacks ['neutron.plugins.ml2.ovo_rpc._ObjectChangeHandler.handle_event-540096'] for security_group, after_create {{(pid=105485) _notify_loop /usr/local/lib/python3.8/dist-packages/neutron_lib/callbacks/manager.py:192}}
Sep 07 09:48:51.547896 dv-cinder-807083-6-iscsi neutron-server[105485]: INFO neutron.wsgi [None req-f49ac37a-5d08-4a1f-8ad3-27b14051c593 admin admin] 10.222.0.24 "GET /v2.0/security-groups?tenant_id=d1713034fb614d2c8df18dd84cc10086&name=default HTTP/1.1" status: 200 len: 2975 time: 0.8352411
Sep 07 09:48:51.549499 dv-cinder-807083-6-iscsi neutron-server[105485]: DEBUG neutron_lib.callbacks.manager [None req-4d627d4b-486e-4c7b-b5d1-16f4d6b280f6 tempest-AttachVolumeShelveTestJSON-1084076924 tempest-AttachVolumeShelveTestJSON-1084076924-project] Notify callbacks ['neutron.plugins.ml2.ovo_rpc._ObjectChangeHandler.handle_event-540096'] for security_group, after_create {{(pid=105485) _notify_loop /usr/local/lib/python3.8/dist-packages/neutron_lib/callbacks/manager.py:192}}
Sep 07 09:48:51.563959 dv-cinder-807083-6-iscsi neutron-server[105485]: DEBUG neutron.wsgi [-] (105485) accepted ('10.222.0.24', 52350) {{(pid=105485) server /usr/local/lib/python3.8/dist-packages/eventlet/wsgi.py:982}}
Sep 07 09:48:51.587049 dv-cinder-807083-6-iscsi neutron-server[105488]: DEBUG neutron_lib.callbacks.manager [None req-7a465e00-3e09-41ac-a4e7-2d8a3454b640 None None] Notify callbacks [] for port, precommit_update {{(pid=105488) _notify_loop /usr/local/lib/python3.8/dist-packages/neutron_lib/callbacks/manager.py:192}}
Sep 07 09:48:51.599509 dv-cinder-807083-6-iscsi neutron-server[105488]: DEBUG neutron.db.provisioning_blocks [None req-7a465e00-3e09-41ac-a4e7-2d8a3454b640 None None] Transition to ACTIVE for port object f5c203e0-8b28-456f-9409-0905d3e9653a will not be triggered until provisioned by entity L2. {{(pid=105488) add_provisioning_component /opt/stack/neutron/neutron/db/provisioning_blocks.py:73}}
Sep 07 09:48:51.632955 dv-cinder-807083-6-iscsi neutron-server[105488]: DEBUG neutron_lib.callbacks.manager [None req-7a465e00-3e09-41ac-a4e7-2d8a3454b640 None None] Notify callbacks ['neutron.plugins.ml2.plugin.SecurityGroupServerNotifierRpcMixin._notify_sg_on_port_change-1596453', 'neutron.plugins.ml2.ovo_rpc._ObjectChangeHandler.handle_event-130444', 'neutron.api.rpc.agentnotifiers.dhcp_rpc_agent_api.DhcpAgentNotifyAPI._native_event_send_dhcp_notification-527564', 'neutron.db.l3_db.L3RpcNotifierMixin._notify_gateway_port_ip_changed-8739906986725', 'neutron.db.l3_dvrscheduler_db._notify_l3_agent_port_update-8739906478758', 'neutron.db.l3_hascheduler_db._notify_l3_agent_ha_port_update-8739906478776'] for port, after_update {{(pid=105488) _notify_loop /usr/local/lib/python3.8/dist-packages/neutron_lib/callbacks/manager.py:192}}
Sep 07 09:48:51.636858 dv-cinder-807083-6-iscsi neutron-server[105487]: DEBUG neutron.api.rpc.handlers.l3_rpc [None req-fc411899-8aa1-47e1-b251-c235e7decb95 None None] Sync routers for ids ['c2c1aac2-2dd1-455c-80ed-0b2dae2017d1'] in dv-cinder-807083-6-iscsi {{(pid=105487) sync_routers /opt/stack/neutron/neutron/api/rpc/handlers/l3_rpc.py:125}}
Sep 07 09:48:51.641608 dv-cinder-807083-6-iscsi neutron-server[105485]: DEBUG neutron.api.rpc.handlers.resources_rpc [None req-f49ac37a-5d08-4a1f-8ad3-27b14051c593 admin admin] Pushing event updated for resources: {'SecurityGroup': ['ID=3482d6ef-1d2a-4004-b781-83ff158a403f,revision_number=1']} {{(pid=105485) push /opt/stack/neutron/neutron/api/rpc/handlers/resources_rpc.py:237}}
Sep 07 09:48:51.650391 dv-cinder-807083-6-iscsi neutron-server[105487]: DEBUG neutron.db.l3_dvrscheduler_db [None req-fc411899-8aa1-47e1-b251-c235e7decb95 None None] Routers {'c2c1aac2-2dd1-455c-80ed-0b2dae2017d1'} bound to L3 agent in host dv-cinder-807083-6-iscsi {{(pid=105487) _get_router_ids_for_agent /opt/stack/neutron/neutron/db/l3_dvrscheduler_db.py:420}}
