Sep 07 19:15:05.800791 dv-cinder-806991-4-smb neutron-server[94322]: DEBUG neutron.plugins.ml2.plugin [req-69df43c5-d761-471b-a9ab-2cabaf57dbcd req-2e05047e-a15a-4022-a712-160f705ca55a tempest-DeleteServersTestJSON-1953029830 tempest-DeleteServersTestJSON-1953029830-project] Deleting port 753bf03a-99c9-43c4-a403-f86607723e5f {{(pid=94322) _pre_delete_port /opt/stack/neutron/neutron/plugins/ml2/plugin.py:1925}}
Sep 07 19:15:05.801224 dv-cinder-806991-4-smb neutron-server[94322]: DEBUG neutron_lib.callbacks.manager [req-69df43c5-d761-471b-a9ab-2cabaf57dbcd req-2e05047e-a15a-4022-a712-160f705ca55a tempest-DeleteServersTestJSON-1953029830 tempest-DeleteServersTestJSON-1953029830-project] Notify callbacks ['neutron.db.l3_db.L3_NAT_dbonly_mixin._prevent_l3_port_delete_callback-8757863873814'] for port, before_delete {{(pid=94322) _notify_loop /usr/local/lib/python3.8/dist-packages/neutron_lib/callbacks/manager.py:192}}
Sep 07 19:15:05.839765 dv-cinder-806991-4-smb neutron-server[94321]: DEBUG neutron.pecan_wsgi.hooks.policy_enforcement [req-b4490a7d-ff1b-4a52-b4f5-ffe6d7fdeb37 req-bb937549-a12a-435c-bcc9-9e89470dfd28 tempest-AttachVolumeNegativeTest-1109787358 tempest-AttachVolumeNegativeTest-1109787358-project] Attributes excluded by policy engine: ['standard_attr_id', 'binding:profile', 'binding:host_id', 'binding:vif_type', 'binding:vif_details', 'network'] {{(pid=94321) _exclude_attributes_by_policy /opt/stack/neutron/neutron/pecan_wsgi/hooks/policy_enforcement.py:255}}
Sep 07 19:15:05.840964 dv-cinder-806991-4-smb neutron-server[94321]: DEBUG neutron_lib.callbacks.manager [req-b4490a7d-ff1b-4a52-b4f5-ffe6d7fdeb37 req-bb937549-a12a-435c-bcc9-9e89470dfd28 tempest-AttachVolumeNegativeTest-1109787358 tempest-AttachVolumeNegativeTest-1109787358-project] Notify callbacks ['neutron.notifiers.nova.Notifier._send_nova_notification-80069', 'neutron.api.rpc.agentnotifiers.dhcp_rpc_agent_api.DhcpAgentNotifyAPI._send_dhcp_notification-3791061'] for port, before_response {{(pid=94321) _notify_loop /usr/local/lib/python3.8/dist-packages/neutron_lib/callbacks/manager.py:192}}
Sep 07 19:15:05.878153 dv-cinder-806991-4-smb neutron-server[94321]: DEBUG neutron.api.rpc.handlers.resources_rpc [None req-bb937549-a12a-435c-bcc9-9e89470dfd28 tempest-AttachVolumeNegativeTest-1109787358 tempest-AttachVolumeNegativeTest-1109787358-project] Pushing event updated for resources: {'Port': ['ID=a506029b-e072-4fde-afbe-14a59f9c4b9f,revision_number=1']} {{(pid=94321) push /opt/stack/neutron/neutron/api/rpc/handlers/resources_rpc.py:237}}
Sep 07 19:15:05.920936 dv-cinder-806991-4-smb neutron-server[94321]: DEBUG neutron.pecan_wsgi.hooks.policy_enforcement [req-ac02df6b-559b-4e0c-85fd-8087170ba462 req-8497b550-3d2c-41be-89ea-41c1bd93d8a2 tempest-AttachVolumeNegativeTest-1109787358 tempest-AttachVolumeNegativeTest-1109787358-project] Attributes excluded by policy engine: ['standard_attr_id', 'binding:profile', 'binding:host_id', 'binding:vif_type', 'binding:vif_details'] {{(pid=94321) _exclude_attributes_by_policy /opt/stack/neutron/neutron/pecan_wsgi/hooks/policy_enforcement.py:255}}
Sep 07 19:15:05.923432 dv-cinder-806991-4-smb neutron-server[94321]: INFO neutron.wsgi [req-ac02df6b-559b-4e0c-85fd-8087170ba462 req-8497b550-3d2c-41be-89ea-41c1bd93d8a2 tempest-AttachVolumeNegativeTest-1109787358 tempest-AttachVolumeNegativeTest-1109787358-project] 10.222.0.91 "GET /v2.0/ports?device_id=82dcae70-39e0-443d-8811-386f20da7b5b HTTP/1.1" status: 200 len: 932 time: 0.3469801
Sep 07 19:15:05.927386 dv-cinder-806991-4-smb neutron-server[94321]: INFO neutron.wsgi [req-3c7e5875-cefe-420a-82fc-75aa389e3695 req-f9e08d00-b30a-41d7-8eb1-b73ca1885077 service neutron] 10.222.0.72 "GET /v2.0/networks/2cc98b95-d85b-4ee1-8b9d-fa2b405e4662?fields=provider%3Aphysical_network&fields=provider%3Anetwork_type HTTP/1.1" status: 200 len: 281 time: 0.2927382
Sep 07 19:15:05.928792 dv-cinder-806991-4-smb neutron-server[94321]: INFO neutron.wsgi [req-b4490a7d-ff1b-4a52-b4f5-ffe6d7fdeb37 req-bb937549-a12a-435c-bcc9-9e89470dfd28 tempest-AttachVolumeNegativeTest-1109787358 tempest-AttachVolumeNegativeTest-1109787358-project] 10.222.0.72 "POST /v2.0/ports HTTP/1.1" status: 201 len: 934 time: 2.1015425
Sep 07 19:15:05.948521 dv-cinder-806991-4-smb neutron-server[94322]: DEBUG novaclient.v2.client [-] RESP: [200] Connection: close Content-Length: 179 Content-Type: application/json Date: Tue, 07 Sep 2021 19:15:04 GMT OpenStack-API-Version: compute 2.1 Server: Apache/2.4.41 (Ubuntu) Vary: OpenStack-API-Version,X-OpenStack-Nova-API-Version X-OpenStack-Nova-API-Version: 2.1 x-compute-request-id: req-5435d0d7-ed46-46ba-823a-e3c4340968cc x-openstack-request-id: req-5435d0d7-ed46-46ba-823a-e3c4340968cc {{(pid=94322) _http_log_response /usr/local/lib/python3.8/dist-packages/keystoneauth1/session.py:550}}
Sep 07 19:15:05.952516 dv-cinder-806991-4-smb neutron-server[94322]: DEBUG novaclient.v2.client [-] RESP BODY: {"events": [{"name": "network-changed", "server_uuid": "bfa3c910-bfa7-441b-9150-50829ae21d1e", "tag": "7ce9ae1e-857d-4814-924c-da27bac7af04", "status": "completed", "code": 200}]} {{(pid=94322) _http_log_response /usr/local/lib/python3.8/dist-packages/keystoneauth1/session.py:582}}
Sep 07 19:15:05.954390 dv-cinder-806991-4-smb neutron-server[94322]: DEBUG novaclient.v2.client [-] POST call to compute for http://10.222.0.91/compute/v2.1/os-server-external-events used request id req-5435d0d7-ed46-46ba-823a-e3c4340968cc {{(pid=94322) request /usr/local/lib/python3.8/dist-packages/keystoneauth1/session.py:954}}
Sep 07 19:15:05.955018 dv-cinder-806991-4-smb neutron-server[94322]: INFO neutron.notifiers.nova [-] Nova event response: {'name': 'network-changed', 'server_uuid': 'bfa3c910-bfa7-441b-9150-50829ae21d1e', 'tag': '7ce9ae1e-857d-4814-924c-da27bac7af04', 'status': 'completed', 'code': 200}
Sep 07 19:15:06.006342 dv-cinder-806991-4-smb neutron-server[94321]: INFO neutron.wsgi [req-ac02df6b-559b-4e0c-85fd-8087170ba462 req-55e0fcd5-1965-4075-8a27-01375b48e870 tempest-AttachVolumeNegativeTest-1109787358 tempest-AttachVolumeNegativeTest-1109787358-project] 10.222.0.91 "GET /v2.0/security-groups?id=3af42c29-1d57-48c8-907b-94440013f0e3&fields=id&fields=name HTTP/1.1" status: 200 len: 286 time: 0.0757182
Sep 07 19:15:06.044226 dv-cinder-806991-4-smb neutron-server[94323]: DEBUG neutron.db.l3_hamode_db [None req-05ad9914-92dd-4943-8ff9-de2540f171e0 None None] neutron.services.l3_router.l3_router_plugin.L3RouterPlugin method _process_sync_ha_data called with arguments (, [{'id': '6326cd5e-2ecf-4fe7-a195-eb62ff9af05f', 'name': 'tempest-AttachVolumeShelveTestJSON-121557716-router', 'tenant_id': 'be2ca1856f4f42008edd5d5df2f190b6', 'admin_state_up': True, 'status': 'ACTIVE', 'external_gateway_info': {'network_id': 'b892f1b2-fae0-4596-a248-acf1828bab27', 'external_fixed_ips': [{'subnet_id': '49ecbf3e-307e-4100-a9df-6387bd8ea8b2', 'ip_address': '172.28.2.201'}], 'enable_snat': True}, 'gw_port_id': '561bcd86-67f6-4e7f-8945-3c7fe9160fc5', 'description': '', 'availability_zones': ['nova'], 'distributed': False, 'ha': False, 'ha_vr_id': 0, 'availability_zone_hints': [], 'routes': [], 'flavor_id': None, 'tags': [], 'created_at': '2021-09-07T19:14:06Z', 'updated_at': '2021-09-07T19:14:14Z', 'revision_number': 4, 'project_id': 'be2ca1856f4f42008edd5d5df2f190b6', 'gw_port': {'id': '561bcd86-67f6-4e7f-8945-3c7fe9160fc5', 'name': '', 'network_id': 'b892f1b2-fae0-4596-a248-acf1828bab27', 'tenant_id': '', 'mac_address': 'fa:16:3e:b4:cd:37', 'admin_state_up': True, 'status': 'ACTIVE', 'device_id': '6326cd5e-2ecf-4fe7-a195-eb62ff9af05f', 'device_owner': 'network:router_gateway', 'standard_attr_id': 41, 'fixed_ips': [{'subnet_id': '49ecbf3e-307e-4100-a9df-6387bd8ea8b2', 'ip_address': '172.28.2.201', 'prefixlen': 24}], 'allowed_address_pairs': [], 'extra_dhcp_opts': [], 'security_groups': [], 'description': '', 'binding:vnic_type': 'normal', 'binding:profile': {}, 'binding:host_id': 'dv-cinder-806991-4-smb', 'binding:vif_type': 'ovs', 'binding:vif_details': {'connectivity': 'l2', 'port_filter': True, 'ovs_hybrid_plug': False, 'datapath_type': 'system', 'bridge_name': 'br-int'}, 'port_security_enabled': False, 'tags': [], 'created_at': '2021-09-07T19:14:07Z', 'updated_at': '2021-09-07T19:14:13Z', 'revision_number': 4, 'project_id': '', 'subnets': [{'id': '49ecbf3e-307e-4100-a9df-6387bd8ea8b2', 'cidr': '172.28.2.0/24', 'gateway_ip': '172.28.2.1', 'dns_nameservers': [], 'ipv6_ra_mode': None, 'subnetpool_id': None}], 'extra_subnets': [], 'address_scopes': {4: None, 6: None}, 'mtu': 1500}, 'enable_snat': True, 'gw_port_host': 'dv-cinder-806991-4-smb', '_floatingips': [{'id': 'ab04230f-06dc-47b3-bb3f-1b972543ac32', 'tenant_id': 'be2ca1856f4f42008edd5d5df2f190b6', 'floating_ip_address': '172.28.2.94', 'floating_network_id': 'b892f1b2-fae0-4596-a248-acf1828bab27', 'router_id': '6326cd5e-2ecf-4fe7-a195-eb62ff9af05f', 'port_id': '7ce9ae1e-857d-4814-924c-da27bac7af04', 'fixed_ip_address': '172.20.0.6', 'status': 'DOWN', 'standard_attr_id': 141, 'description': '', 'qos_policy_id': None, 'port_details': {'name': '', 'network_id': 'c794c132-2723-4c84-8581-d05cafb5f7c8', 'mac_address': 'fa:16:3e:fc:de:34', 'admin_state_up': True, 'status': 'ACTIVE', 'device_id': 'bfa3c910-bfa7-441b-9150-50829ae21d1e', 'device_owner': 'compute:nova'}, 'dns_domain': '', 'dns_name': '', 'tags': [], 'created_at': '2021-09-07T19:14:34Z', 'updated_at': '2021-09-07T19:15:03Z', 'revision_number': 1, 'project_id': 'be2ca1856f4f42008edd5d5df2f190b6', 'fixed_ip_address_scope': None}], '_interfaces': [{'id': '6d067395-648b-49e7-b7db-474332386e63', 'name': '', 'network_id': 'c794c132-2723-4c84-8581-d05cafb5f7c8', 'tenant_id': 'be2ca1856f4f42008edd5d5df2f190b6', 'mac_address': 'fa:16:3e:a6:36:75', 'admin_state_up': True, 'status': 'ACTIVE', 'device_id': '6326cd5e-2ecf-4fe7-a195-eb62ff9af05f', 'device_owner': 'network:router_interface', 'standard_attr_id': 83, 'fixed_ips': [{'subnet_id': '8d62fee6-546b-4acc-8b13-290102dde477', 'ip_address': '172.20.0.1', 'prefixlen': 28}], 'allowed_address_pairs': [], 'extra_dhcp_opts': [], 'security_groups': [], 'description': '', 'binding:vnic_type': 'normal', 'binding:profile': {}, 'binding:host_id': 'dv-cinder-806991-4-smb', 'binding:vif_type': 'ovs', 'binding:vif_details': {'connectivity': 'l2', 'port_filter': True, 'ovs_hybrid_plug': False, 'datapath_type': 'system', 'bridge_name': 'br-int'}, 'port_security_enabled': False, 'tags': [], 'created_at': '2021-09-07T19:14:12Z', 'updated_at': '2021-09-07T19:14:25Z', 'revision_number': 5, 'project_id': 'be2ca1856f4f42008edd5d5df2f190b6', 'subnets': [{'id': '8d62fee6-546b-4acc-8b13-290102dde477', 'cidr': '172.20.0.0/28', 'gateway_ip': '172.20.0.1', 'dns_nameservers': [], 'ipv6_ra_mode': None, 'subnetpool_id': None}], 'extra_subnets': [], 'address_scopes': {4: None, 6: None}, 'mtu': 1500}]}], 'dv-cinder-806991-4-smb', False) {} {{(pid=94323) wrapper /usr/local/lib/python3.8/dist-packages/oslo_log/helpers.py:65}}
Sep 07 19:15:06.060830 dv-cinder-806991-4-smb neutron-server[94322]: DEBUG neutron.plugins.ml2.db [req-69df43c5-d761-471b-a9ab-2cabaf57dbcd req-2e05047e-a15a-4022-a712-160f705ca55a tempest-DeleteServersTestJSON-1953029830 tempest-DeleteServersTestJSON-1953029830-project] For port 753bf03a-99c9-43c4-a403-f86607723e5f, host hv-cinder-80699, got binding levels [PortBindingLevel(driver='hyperv',host='hv-cinder-80699',level=0,port_id=753bf03a-99c9-43c4-a403-f86607723e5f,segment=NetworkSegment(96183267-71a4-4c3d-9854-dbf1c1d7616c),segment_id=96183267-71a4-4c3d-9854-dbf1c1d7616c)] {{(pid=94322) get_binding_level_objs /opt/stack/neutron/neutron/plugins/ml2/db.py:74}}
Sep 07 19:15:06.061257 dv-cinder-806991-4-smb neutron-server[94322]: DEBUG neutron_lib.callbacks.manager [req-69df43c5-d761-471b-a9ab-2cabaf57dbcd req-2e05047e-a15a-4022-a712-160f705ca55a tempest-DeleteServersTestJSON-1953029830 tempest-DeleteServersTestJSON-1953029830-project] Notify callbacks ['neutron.services.l3_router.l3_router_plugin.L3_NAT_dbonly_mixin._precommit_delete_port_callback-382221'] for port, precommit_delete {{(pid=94322) _notify_loop /usr/local/lib/python3.8/dist-packages/neutron_lib/callbacks/manager.py:192}}
Sep 07 19:15:06.081368 dv-cinder-806991-4-smb neutron-server[94321]: DEBUG neutron.api.v2.base [req-b4490a7d-ff1b-4a52-b4f5-ffe6d7fdeb37 req-98031ea1-59c3-4832-aebc-f3b2f802365e service neutron] Request body: {'port': {'device_id': '82dcae70-39e0-443d-8811-386f20da7b5b', 'device_owner': 'compute:nova', 'binding:host_id': 'hv-cinder-80699'}} {{(pid=94321) prepare_request_body /opt/stack/neutron/neutron/api/v2/base.py:730}}
Sep 07 19:15:06.099659 dv-cinder-806991-4-smb neutron-server[94322]: DEBUG neutron.plugins.ml2.plugin [req-69df43c5-d761-471b-a9ab-2cabaf57dbcd req-2e05047e-a15a-4022-a712-160f705ca55a tempest-DeleteServersTestJSON-1953029830 tempest-DeleteServersTestJSON-1953029830-project] Calling delete_port for 753bf03a-99c9-43c4-a403-f86607723e5f owned by compute:nova {{(pid=94322) delete_port /opt/stack/neutron/neutron/plugins/ml2/plugin.py:2003}}
Sep 07 19:15:06.151008 dv-cinder-806991-4-smb neutron-server[94323]: DEBUG neutron.api.rpc.handlers.l3_rpc [None req-05ad9914-92dd-4943-8ff9-de2540f171e0 None None] The sync data for ids ['6326cd5e-2ecf-4fe7-a195-eb62ff9af05f'] in dv-cinder-806991-4-smb is: [{'id': '6326cd5e-2ecf-4fe7-a195-eb62ff9af05f', 'name': 'tempest-AttachVolumeShelveTestJSON-121557716-router', 'tenant_id': 'be2ca1856f4f42008edd5d5df2f190b6', 'admin_state_up': True, 'status': 'ACTIVE', 'external_gateway_info': {'network_id': 'b892f1b2-fae0-4596-a248-acf1828bab27', 'external_fixed_ips': [{'subnet_id': '49ecbf3e-307e-4100-a9df-6387bd8ea8b2', 'ip_address': '172.28.2.201'}], 'enable_snat': True}, 'gw_port_id': '561bcd86-67f6-4e7f-8945-3c7fe9160fc5', 'description': '', 'availability_zones': ['nova'], 'distributed': False, 'ha': False, 'ha_vr_id': 0, 'availability_zone_hints': [], 'routes': [], 'flavor_id': None, 'tags': [], 'created_at': '2021-09-07T19:14:06Z', 'updated_at': '2021-09-07T19:14:14Z', 'revision_number': 4, 'project_id': 'be2ca1856f4f42008edd5d5df2f190b6', 'gw_port': {'id': '561bcd86-67f6-4e7f-8945-3c7fe9160fc5', 'name': '', 'network_id': 'b892f1b2-fae0-4596-a248-acf1828bab27', 'tenant_id': '', 'mac_address': 'fa:16:3e:b4:cd:37', 'admin_state_up': True, 'status': 'ACTIVE', 'device_id': '6326cd5e-2ecf-4fe7-a195-eb62ff9af05f', 'device_owner': 'network:router_gateway', 'standard_attr_id': 41, 'fixed_ips': [{'subnet_id': '49ecbf3e-307e-4100-a9df-6387bd8ea8b2', 'ip_address': '172.28.2.201', 'prefixlen': 24}], 'allowed_address_pairs': [], 'extra_dhcp_opts': [], 'security_groups': [], 'description': '', 'binding:vnic_type': 'normal', 'binding:profile': {}, 'binding:host_id': 'dv-cinder-806991-4-smb', 'binding:vif_type': 'ovs', 'binding:vif_details': {'connectivity': 'l2', 'port_filter': True, 'ovs_hybrid_plug': False, 'datapath_type': 'system', 'bridge_name': 'br-int'}, 'port_security_enabled': False, 'tags': [], 'created_at': '2021-09-07T19:14:07Z', 'updated_at': '2021-09-07T19:14:13Z', 'revision_number': 4, 'project_id': '', 'subnets': [{'id': '49ecbf3e-307e-4100-a9df-6387bd8ea8b2', 'cidr': '172.28.2.0/24', 'gateway_ip': '172.28.2.1', 'dns_nameservers': [], 'ipv6_ra_mode': None, 'subnetpool_id': None}], 'extra_subnets': [], 'address_scopes': {4: None, 6: None}, 'mtu': 1500}, 'enable_snat': True, 'gw_port_host': 'dv-cinder-806991-4-smb', '_floatingips': [{'id': 'ab04230f-06dc-47b3-bb3f-1b972543ac32', 'tenant_id': 'be2ca1856f4f42008edd5d5df2f190b6', 'floating_ip_address': '172.28.2.94', 'floating_network_id': 'b892f1b2-fae0-4596-a248-acf1828bab27', 'router_id': '6326cd5e-2ecf-4fe7-a195-eb62ff9af05f', 'port_id': '7ce9ae1e-857d-4814-924c-da27bac7af04', 'fixed_ip_address': '172.20.0.6', 'status': 'DOWN', 'standard_attr_id': 141, 'description': '', 'qos_policy_id': None, 'port_details': {'name': '', 'network_id': 'c794c132-2723-4c84-8581-d05cafb5f7c8', 'mac_address': 'fa:16:3e:fc:de:34', 'admin_state_up': True, 'status': 'ACTIVE', 'device_id': 'bfa3c910-bfa7-441b-9150-50829ae21d1e', 'device_owner': 'compute:nova'}, 'dns_domain': '', 'dns_name': '', 'tags': [], 'created_at': '2021-09-07T19:14:34Z', 'updated_at': '2021-09-07T19:15:03Z', 'revision_number': 1, 'project_id': 'be2ca1856f4f42008edd5d5df2f190b6', 'fixed_ip_address_scope': None}], '_interfaces': [{'id': '6d067395-648b-49e7-b7db-474332386e63', 'name': '', 'network_id': 'c794c132-2723-4c84-8581-d05cafb5f7c8', 'tenant_id': 'be2ca1856f4f42008edd5d5df2f190b6', 'mac_address': 'fa:16:3e:a6:36:75', 'admin_state_up': True, 'status': 'ACTIVE', 'device_id': '6326cd5e-2ecf-4fe7-a195-eb62ff9af05f', 'device_owner': 'network:router_interface', 'standard_attr_id': 83, 'fixed_ips': [{'subnet_id': '8d62fee6-546b-4acc-8b13-290102dde477', 'ip_address': '172.20.0.1', 'prefixlen': 28}], 'allowed_address_pairs': [], 'extra_dhcp_opts': [], 'security_groups': [], 'description': '', 'binding:vnic_type': 'normal', 'binding:profile': {}, 'binding:host_id': 'dv-cinder-806991-4-smb', 'binding:vif_type': 'ovs', 'binding:vif_details': {'connectivity': 'l2', 'port_filter': True, 'ovs_hybrid_plug': False, 'datapath_type': 'system', 'bridge_name': 'br-int'}, 'port_security_enabled': False, 'tags': [], 'created_at': '2021-09-07T19:14:12Z', 'updated_at': '2021-09-07T19:14:25Z', 'revision_number': 5, 'project_id': 'be2ca1856f4f42008edd5d5df2f190b6', 'subnets': [{'id': '8d62fee6-546b-4acc-8b13-290102dde477', 'cidr': '172.20.0.0/28', 'gateway_ip': '172.20.0.1', 'dns_nameservers': [], 'ipv6_ra_mode': None, 'subnetpool_id': None}], 'extra_subnets': [], 'address_scopes': {4: None, 6: None}, 'mtu': 1500}]}] {{(pid=94323) sync_routers /opt/stack/neutron/neutron/api/rpc/handlers/l3_rpc.py:137}}
Sep 07 19:15:06.182017 dv-cinder-806991-4-smb neutron-server[94321]: INFO neutron.wsgi [req-51234cf3-9525-4f90-820d-223ebd1bc7d4 req-a23ad5ae-b87a-47f6-8748-8428aa783643 tempest-VolumesActionsTest-385785603 tempest-VolumesActionsTest-385785603-project] 10.222.0.91 "GET /v2.0/ports?device_id=6250a539-6807-4914-b59d-f85c4f4d42df HTTP/1.1" status: 200 len: 210 time: 0.0936306
Sep 07 19:15:06.326454 dv-cinder-806991-4-smb neutron-server[94323]: DEBUG neutron.plugins.ml2.db [None req-b3b9b83a-3101-4aa1-8ba6-85b9252e7372 None None] get_ports_and_sgs() called for port_ids ['9e069de2-d9f5-4f13-8503-d0439b1307c6'] {{(pid=94323) get_ports_and_sgs /opt/stack/neutron/neutron/plugins/ml2/db.py:156}}
Sep 07 19:15:06.378978 dv-cinder-806991-4-smb neutron-server[94321]: DEBUG neutron.pecan_wsgi.hooks.policy_enforcement [req-26e30181-1fe1-44ec-9a3b-1a5eb8dc5627 req-6d767a00-f71b-41d3-9d70-6bdc24b5f82d tempest-ServerRescueNegativeTestJSON-1423852238 tempest-ServerRescueNegativeTestJSON-1423852238-project] Attributes excluded by policy engine: ['standard_attr_id', 'binding:profile', 'binding:host_id', 'binding:vif_type', 'binding:vif_details'] {{(pid=94321) _exclude_attributes_by_policy /opt/stack/neutron/neutron/pecan_wsgi/hooks/policy_enforcement.py:255}}
Sep 07 19:15:06.388042 dv-cinder-806991-4-smb neutron-server[94321]: INFO neutron.wsgi [req-26e30181-1fe1-44ec-9a3b-1a5eb8dc5627 req-6d767a00-f71b-41d3-9d70-6bdc24b5f82d tempest-ServerRescueNegativeTestJSON-1423852238 tempest-ServerRescueNegativeTestJSON-1423852238-project] 10.222.0.91 "GET /v2.0/ports?device_id=1854d99c-b7cf-481d-adc1-c6340f83675d HTTP/1.1" status: 200 len: 945 time: 0.3375583
Sep 07 19:15:06.463503 dv-cinder-806991-4-smb neutron-server[94322]: DEBUG neutron_lib.callbacks.manager [req-69df43c5-d761-471b-a9ab-2cabaf57dbcd req-2e05047e-a15a-4022-a712-160f705ca55a tempest-DeleteServersTestJSON-1953029830 tempest-DeleteServersTestJSON-1953029830-project] Notify callbacks ['neutron.plugins.ml2.plugin.SecurityGroupServerNotifierRpcMixin._notify_sg_on_port_change-3569254', 'neutron.plugins.ml2.ovo_rpc._ObjectChangeHandler.handle_event-54766', 'neutron.api.rpc.agentnotifiers.dhcp_rpc_agent_api.DhcpAgentNotifyAPI._native_event_send_dhcp_notification-3791047', 'neutron.db.l3_db.L3RpcNotifierMixin._notify_routers_callback-8757863877852', 'neutron.db.l3_dvrscheduler_db._notify_port_delete-8757863569062'] for port, after_delete {{(pid=94322) _notify_loop /usr/local/lib/python3.8/dist-packages/neutron_lib/callbacks/manager.py:192}}
Sep 07 19:15:06.465817 dv-cinder-806991-4-smb neutron-server[94321]: INFO neutron.wsgi [req-26e30181-1fe1-44ec-9a3b-1a5eb8dc5627 req-884b3ac6-02c3-474d-9bbc-a91d409d4d5d tempest-ServerRescueNegativeTestJSON-1423852238 tempest-ServerRescueNegativeTestJSON-1423852238-project] 10.222.0.91 "GET /v2.0/security-groups?id=c468b045-3330-4386-9775-fbdd7699c46e&fields=id&fields=name HTTP/1.1" status: 200 len: 286 time: 0.0767198
Sep 07 19:15:06.487543 dv-cinder-806991-4-smb neutron-server[94321]: DEBUG neutron.pecan_wsgi.hooks.policy_enforcement [req-7b9d2a78-07c8-437d-bae2-b855c3dde869 req-3f7b665f-6dde-4b21-b983-9dd33003f25e service neutron] Attributes excluded by policy engine: ['standard_attr_id'] {{(pid=94321) _exclude_attributes_by_policy /opt/stack/neutron/neutron/pecan_wsgi/hooks/policy_enforcement.py:255}}
Sep 07 19:15:06.489586 dv-cinder-806991-4-smb neutron-server[94321]: INFO neutron.wsgi [req-7b9d2a78-07c8-437d-bae2-b855c3dde869 req-3f7b665f-6dde-4b21-b983-9dd33003f25e service neutron] 10.222.0.72 "GET /v2.0/ports?tenant_id=be2ca1856f4f42008edd5d5df2f190b6&device_id=bfa3c910-bfa7-441b-9150-50829ae21d1e HTTP/1.1" status: 200 len: 1098 time: 0.3542988
Sep 07 19:15:06.490295 dv-cinder-806991-4-smb neutron-server[94321]: DEBUG neutron_lib.callbacks.manager [req-b4490a7d-ff1b-4a52-b4f5-ffe6d7fdeb37 req-98031ea1-59c3-4832-aebc-f3b2f802365e service neutron] Notify callbacks ['neutron.plugins.ml2.plugin.SecurityGroupDbMixin._ensure_default_security_group_handler-3569185'] for port, before_update {{(pid=94321) _notify_loop /usr/local/lib/python3.8/dist-packages/neutron_lib/callbacks/manager.py:192}}
Sep 07 19:15:06.495008 dv-cinder-806991-4-smb neutron-server[94321]: INFO neutron.wsgi [req-164c1b4d-6310-4558-9d32-fb3f9c1d89eb req-b42dd944-34c8-4f9f-a395-445486a03052 tempest-DeleteServersTestJSON-1953029830 tempest-DeleteServersTestJSON-1953029830-project] 10.222.0.91 "GET /v2.0/ports?device_id=9754b035-964e-46cc-83ce-8d7dd137dc1e HTTP/1.1" status: 200 len: 210 time: 0.1018765
Sep 07 19:15:06.535019 dv-cinder-806991-4-smb neutron-server[94322]: DEBUG neutron.api.rpc.handlers.resources_rpc [None req-2e05047e-a15a-4022-a712-160f705ca55a tempest-DeleteServersTestJSON-1953029830 tempest-DeleteServersTestJSON-1953029830-project] Pushing event deleted for resources: {'Port': ['ID=753bf03a-99c9-43c4-a403-f86607723e5f,revision_number=None']} {{(pid=94322) push /opt/stack/neutron/neutron/api/rpc/handlers/resources_rpc.py:237}}
Sep 07 19:15:06.577059 dv-cinder-806991-4-smb neutron-server[94323]: DEBUG neutron.api.rpc.handlers.l3_rpc [None req-b08b7218-bfab-422a-b8a4-a727e81b906a None None] New status for floating IP ab04230f-06dc-47b3-bb3f-1b972543ac32: ACTIVE {{(pid=94323) update_floatingip_statuses /opt/stack/neutron/neutron/api/rpc/handlers/l3_rpc.py:270}}
Sep 07 19:15:06.613440 dv-cinder-806991-4-smb neutron-server[94322]: DEBUG neutron.api.rpc.callbacks.version_manager [None req-2e05047e-a15a-4022-a712-160f705ca55a tempest-DeleteServersTestJSON-1953029830 tempest-DeleteServersTestJSON-1953029830-project] Version for resource type AddressGroup changed None to 1.2 on consumer Open vSwitch agent@dv-cinder-806991-4-smb {{(pid=94322) _set_version /opt/stack/neutron/neutron/api/rpc/callbacks/version_manager.py:113}}
Sep 07 19:15:06.613707 dv-cinder-806991-4-smb neutron-server[94322]: DEBUG neutron.api.rpc.callbacks.version_manager [None req-2e05047e-a15a-4022-a712-160f705ca55a tempest-DeleteServersTestJSON-1953029830 tempest-DeleteServersTestJSON-1953029830-project] Version for resource type ConntrackHelper changed None to 1.0 on consumer Open vSwitch agent@dv-cinder-806991-4-smb {{(pid=94322) _set_version /opt/stack/neutron/neutron/api/rpc/callbacks/version_manager.py:113}}
Sep 07 19:15:06.614046 dv-cinder-806991-4-smb neutron-server[94322]: DEBUG neutron.api.rpc.callbacks.version_manager [None req-2e05047e-a15a-4022-a712-160f705ca55a tempest-DeleteServersTestJSON-1953029830 tempest-DeleteServersTestJSON-1953029830-project] Version for resource type Log changed None to 1.0 on consumer Open vSwitch agent@dv-cinder-806991-4-smb {{(pid=94322) _set_version /opt/stack/neutron/neutron/api/rpc/callbacks/version_manager.py:113}}
Sep 07 19:15:06.614393 dv-cinder-806991-4-smb neutron-server[94322]: DEBUG neutron.api.rpc.callbacks.version_manager [None req-2e05047e-a15a-4022-a712-160f705ca55a tempest-DeleteServersTestJSON-1953029830 tempest-DeleteServersTestJSON-1953029830-project] Version for resource type Network changed None to 1.1 on consumer Open vSwitch agent@dv-cinder-806991-4-smb {{(pid=94322) _set_version /opt/stack/neutron/neutron/api/rpc/callbacks/version_manager.py:113}}
Sep 07 19:15:06.614764 dv-cinder-806991-4-smb neutron-server[94322]: DEBUG neutron.api.rpc.callbacks.version_manager [None req-2e05047e-a15a-4022-a712-160f705ca55a tempest-DeleteServersTestJSON-1953029830 tempest-DeleteServersTestJSON-1953029830-project] Version for resource type Port changed None to 1.7 on consumer Open vSwitch agent@dv-cinder-806991-4-smb {{(pid=94322) _set_version /opt/stack/neutron/neutron/api/rpc/callbacks/version_manager.py:113}}
Sep 07 19:15:06.615092 dv-cinder-806991-4-smb neutron-server[94322]: DEBUG neutron.api.rpc.callbacks.version_manager [None req-2e05047e-a15a-4022-a712-160f705ca55a tempest-DeleteServersTestJSON-1953029830 tempest-DeleteServersTestJSON-1953029830-project] Version for resource type PortForwarding changed None to 1.2 on consumer Open vSwitch agent@dv-cinder-806991-4-smb {{(pid=94322) _set_version /opt/stack/neutron/neutron/api/rpc/callbacks/version_manager.py:113}}
Sep 07 19:15:06.615412 dv-cinder-806991-4-smb neutron-server[94322]: DEBUG neutron.api.rpc.callbacks.version_manager [None req-2e05047e-a15a-4022-a712-160f705ca55a tempest-DeleteServersTestJSON-1953029830 tempest-DeleteServersTestJSON-1953029830-project] Version for resource type QosPolicy changed None to 1.9 on consumer Open vSwitch agent@dv-cinder-806991-4-smb {{(pid=94322) _set_version /opt/stack/neutron/neutron/api/rpc/callbacks/version_manager.py:113}}
Sep 07 19:15:06.615725 dv-cinder-806991-4-smb neutron-server[94322]: DEBUG neutron.api.rpc.callbacks.version_manager [None req-2e05047e-a15a-4022-a712-160f705ca55a tempest-DeleteServersTestJSON-1953029830 tempest-DeleteServersTestJSON-1953029830-project] Version for resource type SecurityGroup changed None to 1.4 on consumer Open vSwitch agent@dv-cinder-806991-4-smb {{(pid=94322) _set_version /opt/stack/neutron/neutron/api/rpc/callbacks/version_manager.py:113}}
Sep 07 19:15:06.616029 dv-cinder-806991-4-smb neutron-server[94322]: DEBUG neutron.api.rpc.callbacks.version_manager [None req-2e05047e-a15a-4022-a712-160f705ca55a tempest-DeleteServersTestJSON-1953029830 tempest-DeleteServersTestJSON-1953029830-project] Version for resource type SecurityGroupRule changed None to 1.2 on consumer Open vSwitch agent@dv-cinder-806991-4-smb {{(pid=94322) _set_version /opt/stack/neutron/neutron/api/rpc/callbacks/version_manager.py:113}}
Sep 07 19:15:06.616408 dv-cinder-806991-4-smb neutron-server[94322]: DEBUG neutron.api.rpc.callbacks.version_manager [None req-2e05047e-a15a-4022-a712-160f705ca55a tempest-DeleteServersTestJSON-1953029830 tempest-DeleteServersTestJSON-1953029830-project] Version for resource type SubPort changed None to 1.0 on consumer Open vSwitch agent@dv-cinder-806991-4-smb {{(pid=94322) _set_version /opt/stack/neutron/neutron/api/rpc/callbacks/version_manager.py:113}}
Sep 07 19:15:06.616708 dv-cinder-806991-4-smb neutron-server[94322]: DEBUG neutron.api.rpc.callbacks.version_manager [None req-2e05047e-a15a-4022-a712-160f705ca55a tempest-DeleteServersTestJSON-1953029830 tempest-DeleteServersTestJSON-1953029830-project] Version for resource type Subnet changed None to 1.1 on consumer Open vSwitch agent@dv-cinder-806991-4-smb {{(pid=94322) _set_version /opt/stack/neutron/neutron/api/rpc/callbacks/version_manager.py:113}}
Sep 07 19:15:06.617035 dv-cinder-806991-4-smb neutron-server[94322]: DEBUG neutron.api.rpc.callbacks.version_manager [None req-2e05047e-a15a-4022-a712-160f705ca55a tempest-DeleteServersTestJSON-1953029830 tempest-DeleteServersTestJSON-1953029830-project] Version for resource type Trunk changed None to 1.1 on consumer Open vSwitch agent@dv-cinder-806991-4-smb {{(pid=94322) _set_version /opt/stack/neutron/neutron/api/rpc/callbacks/version_manager.py:113}}
Sep 07 19:15:06.638540 dv-cinder-806991-4-smb neutron-server[94322]: DEBUG neutron.db.l3_dvrscheduler_db [req-69df43c5-d761-471b-a9ab-2cabaf57dbcd req-2e05047e-a15a-4022-a712-160f705ca55a tempest-DeleteServersTestJSON-1953029830 tempest-DeleteServersTestJSON-1953029830-project] No DVR routers for this DVR port 753bf03a-99c9-43c4-a403-f86607723e5f on host hv-cinder-80699 {{(pid=94322) get_dvr_routers_to_remove /opt/stack/neutron/neutron/db/l3_dvrscheduler_db.py:214}}
Sep 07 19:15:06.645526 dv-cinder-806991-4-smb neutron-server[94322]: DEBUG neutron_lib.callbacks.manager [req-69df43c5-d761-471b-a9ab-2cabaf57dbcd req-2e05047e-a15a-4022-a712-160f705ca55a tempest-DeleteServersTestJSON-1953029830 tempest-DeleteServersTestJSON-1953029830-project] Notify callbacks ['neutron.notifiers.nova.Notifier._send_nova_notification-80069'] for port, before_response {{(pid=94322) _notify_loop /usr/local/lib/python3.8/dist-packages/neutron_lib/callbacks/manager.py:192}}
Sep 07 19:15:06.647675 dv-cinder-806991-4-smb neutron-server[94322]: INFO neutron.wsgi [req-69df43c5-d761-471b-a9ab-2cabaf57dbcd req-2e05047e-a15a-4022-a712-160f705ca55a tempest-DeleteServersTestJSON-1953029830 tempest-DeleteServersTestJSON-1953029830-project] 10.222.0.72 "DELETE /v2.0/ports/753bf03a-99c9-43c4-a403-f86607723e5f HTTP/1.1" status: 204 len: 173 time: 1.3934824
Sep 07 19:15:06.780646 dv-cinder-806991-4-smb neutron-server[94323]: DEBUG neutron_lib.callbacks.manager [None req-b3b9b83a-3101-4aa1-8ba6-85b9252e7372 None None] Notify callbacks ['neutron.services.segments.db._update_segment_host_mapping_for_agent-8757864116327', 'neutron.plugins.ml2.plugin.Ml2Plugin._retry_binding_revived_agents-3639592'] for agent, after_update {{(pid=94323) _notify_loop /usr/local/lib/python3.8/dist-packages/neutron_lib/callbacks/manager.py:192}}
Sep 07 19:15:06.813137 dv-cinder-806991-4-smb neutron-server[94321]: DEBUG neutron.pecan_wsgi.hooks.policy_enforcement [req-112d84f4-9aeb-4f95-b2cb-f0d8d154f438 req-5c2d207b-6e03-42a7-b336-b70d1dac57f1 tempest-VolumesActionsTest-1539682433 tempest-VolumesActionsTest-1539682433-project] Attributes excluded by policy engine: ['standard_attr_id', 'binding:profile', 'binding:host_id', 'binding:vif_type', 'binding:vif_details'] {{(pid=94321) _exclude_attributes_by_policy /opt/stack/neutron/neutron/pecan_wsgi/hooks/policy_enforcement.py:255}}
Sep 07 19:15:06.814700 dv-cinder-806991-4-smb neutron-server[94321]: INFO neutron.wsgi [req-112d84f4-9aeb-4f95-b2cb-f0d8d154f438 req-5c2d207b-6e03-42a7-b336-b70d1dac57f1 tempest-VolumesActionsTest-1539682433 tempest-VolumesActionsTest-1539682433-project] 10.222.0.91 "GET /v2.0/ports?device_id=44ce5349-517b-4e24-9f92-60fe932cacfd HTTP/1.1" status: 200 len: 945 time: 0.2198718
Sep 07 19:15:06.876350 dv-cinder-806991-4-smb neutron-server[94321]: DEBUG neutron.pecan_wsgi.hooks.policy_enforcement [req-7b9d2a78-07c8-437d-bae2-b855c3dde869 req-7de63577-db15-4407-9303-560a64479ed7 service neutron] Attributes excluded by policy engine: ['standard_attr_id', 'vlan_transparent'] {{(pid=94321) _exclude_attributes_by_policy /opt/stack/neutron/neutron/pecan_wsgi/hooks/policy_enforcement.py:255}}
Sep 07 19:15:06.878014 dv-cinder-806991-4-smb neutron-server[94321]: INFO neutron.wsgi [req-7b9d2a78-07c8-437d-bae2-b855c3dde869 req-7de63577-db15-4407-9303-560a64479ed7 service neutron] 10.222.0.72 "GET /v2.0/networks?id=c794c132-2723-4c84-8581-d05cafb5f7c8 HTTP/1.1" status: 200 len: 918 time: 0.2843301
Sep 07 19:15:06.949365 dv-cinder-806991-4-smb neutron-server[94321]: INFO neutron.wsgi [req-112d84f4-9aeb-4f95-b2cb-f0d8d154f438 req-efcbeb1e-6e36-43a0-8241-eb09b727e814 tempest-VolumesActionsTest-1539682433 tempest-VolumesActionsTest-1539682433-project] 10.222.0.91 "GET /v2.0/security-groups?id=56fd44c5-ea7a-4463-944e-cabd5f5e3805&fields=id&fields=name HTTP/1.1" status: 200 len: 286 time: 0.1049981
Sep 07 19:15:06.993034 dv-cinder-806991-4-smb neutron-server[94321]: INFO neutron.wsgi [req-7b9d2a78-07c8-437d-bae2-b855c3dde869 req-50d85165-58a2-43f7-bf2f-eab3a081c151 service neutron] 10.222.0.72 "GET /v2.0/floatingips?fixed_ip_address=172.20.0.6&port_id=7ce9ae1e-857d-4814-924c-da27bac7af04 HTTP/1.1" status: 200 len: 1000 time: 0.1039093
Sep 07 19:15:07.069758 dv-cinder-806991-4-smb neutron-server[94321]: DEBUG neutron.notifiers.nova [req-b4490a7d-ff1b-4a52-b4f5-ffe6d7fdeb37 req-98031ea1-59c3-4832-aebc-f3b2f802365e service neutron] Ignoring state change previous_port_status: DOWN current_port_status: DOWN port_id a506029b-e072-4fde-afbe-14a59f9c4b9f {{(pid=94321) record_port_status_changed /opt/stack/neutron/neutron/notifiers/nova.py:224}}
Sep 07 19:15:07.080139 dv-cinder-806991-4-smb neutron-server[94321]: DEBUG neutron_lib.callbacks.manager [req-b4490a7d-ff1b-4a52-b4f5-ffe6d7fdeb37 req-98031ea1-59c3-4832-aebc-f3b2f802365e service neutron] Notify callbacks [] for port, precommit_update {{(pid=94321) _notify_loop /usr/local/lib/python3.8/dist-packages/neutron_lib/callbacks/manager.py:192}}
Sep 07 19:15:07.090311 dv-cinder-806991-4-smb neutron-server[94321]: DEBUG neutron.pecan_wsgi.hooks.policy_enforcement [req-7b9d2a78-07c8-437d-bae2-b855c3dde869 req-547537ca-23c7-48a2-81fc-4f8f89cd433a service neutron] Attributes excluded by policy engine: ['standard_attr_id', 'shared', 'segment_id'] {{(pid=94321) _exclude_attributes_by_policy /opt/stack/neutron/neutron/pecan_wsgi/hooks/policy_enforcement.py:255}}
Sep 07 19:15:07.091789 dv-cinder-806991-4-smb neutron-server[94321]: INFO neutron.wsgi [req-7b9d2a78-07c8-437d-bae2-b855c3dde869 req-547537ca-23c7-48a2-81fc-4f8f89cd433a service neutron] 10.222.0.72 "GET /v2.0/subnets?id=8d62fee6-546b-4acc-8b13-290102dde477 HTTP/1.1" status: 200 len: 855 time: 0.0708270
Sep 07 19:15:07.107657 dv-cinder-806991-4-smb neutron-server[94321]: DEBUG neutron.db.provisioning_blocks [req-b4490a7d-ff1b-4a52-b4f5-ffe6d7fdeb37 req-98031ea1-59c3-4832-aebc-f3b2f802365e service neutron] Transition to ACTIVE for port object a506029b-e072-4fde-afbe-14a59f9c4b9f will not be triggered until provisioned by entity L2. {{(pid=94321) add_provisioning_component /opt/stack/neutron/neutron/db/provisioning_blocks.py:73}}
Sep 07 19:15:07.113235 dv-cinder-806991-4-smb neutron-server[94321]: DEBUG neutron_lib.callbacks.manager [req-b4490a7d-ff1b-4a52-b4f5-ffe6d7fdeb37 req-98031ea1-59c3-4832-aebc-f3b2f802365e service neutron] Notify callbacks ['neutron.plugins.ml2.plugin.SecurityGroupServerNotifierRpcMixin._notify_sg_on_port_change-3569254', 'neutron.plugins.ml2.ovo_rpc._ObjectChangeHandler.handle_event-54766', 'neutron.api.rpc.agentnotifiers.dhcp_rpc_agent_api.DhcpAgentNotifyAPI._native_event_send_dhcp_notification-3791047', 'neutron.db.l3_db.L3RpcNotifierMixin._notify_gateway_port_ip_changed-8757863877870', 'neutron.db.l3_dvrscheduler_db._notify_l3_agent_port_update-8757863569071', 'neutron.db.l3_hascheduler_db._notify_l3_agent_ha_port_update-8757863569089', 'neutron.services.segments.plugin.NovaSegmentNotifier._notify_port_updated-29314170'] for port, after_update {{(pid=94321) _notify_loop /usr/local/lib/python3.8/dist-packages/neutron_lib/callbacks/manager.py:192}}
Sep 07 19:15:07.184870 dv-cinder-806991-4-smb neutron-server[94321]: DEBUG neutron.api.rpc.handlers.resources_rpc [None req-98031ea1-59c3-4832-aebc-f3b2f802365e service neutron] Pushing event updated for resources: {'Port': ['ID=a506029b-e072-4fde-afbe-14a59f9c4b9f,revision_number=2']} {{(pid=94321) push /opt/stack/neutron/neutron/api/rpc/handlers/resources_rpc.py:237}}
Sep 07 19:15:07.199338 dv-cinder-806991-4-smb neutron-server[94321]: DEBUG neutron.api.rpc.callbacks.version_manager [None req-98031ea1-59c3-4832-aebc-f3b2f802365e service neutron] Version for resource type AddressGroup changed None to 1.2 on consumer Open vSwitch agent@dv-cinder-806991-4-smb {{(pid=94321) _set_version /opt/stack/neutron/neutron/api/rpc/callbacks/version_manager.py:113}}
Sep 07 19:15:07.199685 dv-cinder-806991-4-smb neutron-server[94321]: DEBUG neutron.api.rpc.callbacks.version_manager [None req-98031ea1-59c3-4832-aebc-f3b2f802365e service neutron] Version for resource type ConntrackHelper changed None to 1.0 on consumer Open vSwitch agent@dv-cinder-806991-4-smb {{(pid=94321) _set_version /opt/stack/neutron/neutron/api/rpc/callbacks/version_manager.py:113}}
Sep 07 19:15:07.200025 dv-cinder-806991-4-smb neutron-server[94321]: DEBUG neutron.api.rpc.callbacks.version_manager [None req-98031ea1-59c3-4832-aebc-f3b2f802365e service neutron] Version for resource type Log changed None to 1.0 on consumer Open vSwitch agent@dv-cinder-806991-4-smb {{(pid=94321) _set_version /opt/stack/neutron/neutron/api/rpc/callbacks/version_manager.py:113}}
Sep 07 19:15:07.200358 dv-cinder-806991-4-smb neutron-server[94321]: DEBUG neutron.api.rpc.callbacks.version_manager [None req-98031ea1-59c3-4832-aebc-f3b2f802365e service neutron] Version for resource type Network changed None to 1.1 on consumer Open vSwitch agent@dv-cinder-806991-4-smb {{(pid=94321) _set_version /opt/stack/neutron/neutron/api/rpc/callbacks/version_manager.py:113}}
Sep 07 19:15:07.200686 dv-cinder-806991-4-smb neutron-server[94321]: DEBUG neutron.api.rpc.callbacks.version_manager [None req-98031ea1-59c3-4832-aebc-f3b2f802365e service neutron] Version for resource type Port changed None to 1.7 on consumer Open vSwitch agent@dv-cinder-806991-4-smb {{(pid=94321) _set_version /opt/stack/neutron/neutron/api/rpc/callbacks/version_manager.py:113}}
Sep 07 19:15:07.201010 dv-cinder-806991-4-smb neutron-server[94321]: DEBUG neutron.api.rpc.callbacks.version_manager [None req-98031ea1-59c3-4832-aebc-f3b2f802365e service neutron] Version for resource type PortForwarding changed None to 1.2 on consumer Open vSwitch agent@dv-cinder-806991-4-smb {{(pid=94321) _set_version /opt/stack/neutron/neutron/api/rpc/callbacks/version_manager.py:113}}
Sep 07 19:15:07.201337 dv-cinder-806991-4-smb neutron-server[94321]: DEBUG neutron.api.rpc.callbacks.version_manager [None req-98031ea1-59c3-4832-aebc-f3b2f802365e service neutron] Version for resource type QosPolicy changed None to 1.9 on consumer Open vSwitch agent@dv-cinder-806991-4-smb {{(pid=94321) _set_version /opt/stack/neutron/neutron/api/rpc/callbacks/version_manager.py:113}}
Sep 07 19:15:07.201682 dv-cinder-806991-4-smb neutron-server[94321]: DEBUG neutron.api.rpc.callbacks.version_manager [None req-98031ea1-59c3-4832-aebc-f3b2f802365e service neutron] Version for resource type SecurityGroup changed None to 1.4 on consumer Open vSwitch agent@dv-cinder-806991-4-smb {{(pid=94321) _set_version /opt/stack/neutron/neutron/api/rpc/callbacks/version_manager.py:113}}
Sep 07 19:15:07.201970 dv-cinder-806991-4-smb neutron-server[94321]: DEBUG neutron.api.rpc.callbacks.version_manager [None req-98031ea1-59c3-4832-aebc-f3b2f802365e service neutron] Version for resource type SecurityGroupRule changed None to 1.2 on consumer Open vSwitch agent@dv-cinder-806991-4-smb {{(pid=94321) _set_version /opt/stack/neutron/neutron/api/rpc/callbacks/version_manager.py:113}}
Sep 07 19:15:07.202849 dv-cinder-806991-4-smb neutron-server[94321]: DEBUG neutron.api.rpc.callbacks.version_manager [None req-98031ea1-59c3-4832-aebc-f3b2f802365e service neutron] Version for resource type SubPort changed None to 1.0 on consumer Open vSwitch agent@dv-cinder-806991-4-smb {{(pid=94321) _set_version /opt/stack/neutron/neutron/api/rpc/callbacks/version_manager.py:113}}
Sep 07 19:15:07.202849 dv-cinder-806991-4-smb neutron-server[94321]: DEBUG neutron.api.rpc.callbacks.version_manager [None req-98031ea1-59c3-4832-aebc-f3b2f802365e service neutron] Version for resource type Subnet changed None to 1.1 on consumer Open vSwitch agent@dv-cinder-806991-4-smb {{(pid=94321) _set_version /opt/stack/neutron/neutron/api/rpc/callbacks/version_manager.py:113}}
Sep 07 19:15:07.203042 dv-cinder-806991-4-smb neutron-server[94321]: DEBUG neutron.api.rpc.callbacks.version_manager [None req-98031ea1-59c3-4832-aebc-f3b2f802365e service neutron] Version for resource type Trunk changed None to 1.1 on consumer Open vSwitch agent@dv-cinder-806991-4-smb {{(pid=94321) _set_version /opt/stack/neutron/neutron/api/rpc/callbacks/version_manager.py:113}}
Sep 07 19:15:07.217007 dv-cinder-806991-4-smb neutron-server[94321]: DEBUG neutron.pecan_wsgi.hooks.policy_enforcement [req-16ff433f-66d9-4cca-8017-d07d7d00b882 req-3567ed98-5d43-467c-a65f-b7e1c8371265 tempest-AttachVolumeNegativeTest-1109787358 tempest-AttachVolumeNegativeTest-1109787358-project] Attributes excluded by policy engine: ['standard_attr_id', 'binding:profile', 'binding:host_id', 'binding:vif_type', 'binding:vif_details'] {{(pid=94321) _exclude_attributes_by_policy /opt/stack/neutron/neutron/pecan_wsgi/hooks/policy_enforcement.py:255}}
Sep 07 19:15:07.218550 dv-cinder-806991-4-smb neutron-server[94321]: INFO neutron.wsgi [req-16ff433f-66d9-4cca-8017-d07d7d00b882 req-3567ed98-5d43-467c-a65f-b7e1c8371265 tempest-AttachVolumeNegativeTest-1109787358 tempest-AttachVolumeNegativeTest-1109787358-project] 10.222.0.91 "GET /v2.0/ports?device_id=82dcae70-39e0-443d-8811-386f20da7b5b HTTP/1.1" status: 200 len: 944 time: 0.1214337
Sep 07 19:15:07.256088 dv-cinder-806991-4-smb neutron-server[94323]: DEBUG neutron.plugins.ml2.db [None req-b3b9b83a-3101-4aa1-8ba6-85b9252e7372 None None] get_ports_and_sgs() called for port_ids ['753bf03a-99c9-43c4-a403-f86607723e5f'] {{(pid=94323) get_ports_and_sgs /opt/stack/neutron/neutron/plugins/ml2/db.py:156}}
Sep 07 19:15:07.345407 dv-cinder-806991-4-smb neutron-server[94321]: INFO neutron.wsgi [req-ac2d66cc-51f3-4152-b547-1e3b46a274b7 req-a0812c23-9911-4574-bf3e-efb2b8b3139b tempest-VolumesActionsTest-385785603 tempest-VolumesActionsTest-385785603-project] 10.222.0.91 "GET /v2.0/ports?device_id=6250a539-6807-4914-b59d-f85c4f4d42df HTTP/1.1" status: 200 len: 210 time: 0.0577977
Sep 07 19:15:07.364607 dv-cinder-806991-4-smb neutron-server[94321]: INFO neutron.wsgi [req-16ff433f-66d9-4cca-8017-d07d7d00b882 req-a92401d6-dd2b-4364-937b-c5753b5c5714 tempest-AttachVolumeNegativeTest-1109787358 tempest-AttachVolumeNegativeTest-1109787358-project] 10.222.0.91 "GET /v2.0/security-groups?id=3af42c29-1d57-48c8-907b-94440013f0e3&fields=id&fields=name HTTP/1.1" status: 200 len: 286 time: 0.1210217
Sep 07 19:15:07.369159 dv-cinder-806991-4-smb neutron-server[94321]: DEBUG neutron.pecan_wsgi.hooks.policy_enforcement [req-7b9d2a78-07c8-437d-bae2-b855c3dde869 req-ddf5ee7d-f239-4762-a499-85ec4755cc80 service neutron] Attributes excluded by policy engine: ['standard_attr_id'] {{(pid=94321) _exclude_attributes_by_policy /opt/stack/neutron/neutron/pecan_wsgi/hooks/policy_enforcement.py:255}}
Sep 07 19:15:07.370773 dv-cinder-806991-4-smb neutron-server[94321]: INFO neutron.wsgi [req-7b9d2a78-07c8-437d-bae2-b855c3dde869 req-ddf5ee7d-f239-4762-a499-85ec4755cc80 service neutron] 10.222.0.72 "GET /v2.0/ports?network_id=c794c132-2723-4c84-8581-d05cafb5f7c8&device_owner=network%3Adhcp HTTP/1.1" status: 200 len: 1173 time: 0.1624382
Sep 07 19:15:07.398666 dv-cinder-806991-4-smb neutron-server[94321]: DEBUG neutron.plugins.ml2.managers [req-b4490a7d-ff1b-4a52-b4f5-ffe6d7fdeb37 req-98031ea1-59c3-4832-aebc-f3b2f802365e service neutron] Attempting to bind port a506029b-e072-4fde-afbe-14a59f9c4b9f on host hv-cinder-80699 for vnic_type normal with profile {{(pid=94321) bind_port /opt/stack/neutron/neutron/plugins/ml2/managers.py:790}}
Sep 07 19:15:07.398666 dv-cinder-806991-4-smb neutron-server[94321]: DEBUG neutron.plugins.ml2.managers [req-b4490a7d-ff1b-4a52-b4f5-ffe6d7fdeb37 req-98031ea1-59c3-4832-aebc-f3b2f802365e service neutron] Attempting to bind port a506029b-e072-4fde-afbe-14a59f9c4b9f by drivers openvswitch,hyperv on host hv-cinder-80699 at level 0 using segments [{'id': 'd120c2a7-4432-41ba-a24b-78c631271d50', 'network_type': 'vlan', 'physical_network': 'physnet1', 'segmentation_id': 1458, 'network_id': 'd16e0092-5e7a-49ac-8944-9408658b53b4'}] {{(pid=94321) _bind_port_level /opt/stack/neutron/neutron/plugins/ml2/managers.py:815}}
Sep 07 19:15:07.398666 dv-cinder-806991-4-smb neutron-server[94321]: DEBUG neutron.plugins.ml2.drivers.mech_agent [req-b4490a7d-ff1b-4a52-b4f5-ffe6d7fdeb37 req-98031ea1-59c3-4832-aebc-f3b2f802365e service neutron] Attempting to bind port a506029b-e072-4fde-afbe-14a59f9c4b9f on network d16e0092-5e7a-49ac-8944-9408658b53b4 {{(pid=94321) bind_port /opt/stack/neutron/neutron/plugins/ml2/drivers/mech_agent.py:85}}
Sep 07 19:15:07.410912 dv-cinder-806991-4-smb neutron-server[94321]: DEBUG neutron.plugins.ml2.drivers.mech_agent [req-b4490a7d-ff1b-4a52-b4f5-ffe6d7fdeb37 req-98031ea1-59c3-4832-aebc-f3b2f802365e service neutron] Port a506029b-e072-4fde-afbe-14a59f9c4b9f on network d16e0092-5e7a-49ac-8944-9408658b53b4 not bound, no agent of type Open vSwitch agent registered on host hv-cinder-80699 {{(pid=94321) bind_port /opt/stack/neutron/neutron/plugins/ml2/drivers/mech_agent.py:97}}
Sep 07 19:15:07.411184 dv-cinder-806991-4-smb neutron-server[94321]: DEBUG neutron.plugins.ml2.drivers.mech_agent [req-b4490a7d-ff1b-4a52-b4f5-ffe6d7fdeb37 req-98031ea1-59c3-4832-aebc-f3b2f802365e service neutron] Attempting to bind port a506029b-e072-4fde-afbe-14a59f9c4b9f on network d16e0092-5e7a-49ac-8944-9408658b53b4 {{(pid=94321) bind_port /opt/stack/neutron/neutron/plugins/ml2/drivers/mech_agent.py:85}}
Sep 07 19:15:07.434389 dv-cinder-806991-4-smb neutron-server[94321]: DEBUG neutron.plugins.ml2.drivers.mech_agent [req-b4490a7d-ff1b-4a52-b4f5-ffe6d7fdeb37 req-98031ea1-59c3-4832-aebc-f3b2f802365e service neutron] Checking agent: {'id': '39005a3e-cd72-406f-b32d-872f83f481f5', 'agent_type': 'HyperV agent', 'binary': 'neutron-hyperv-agent', 'topic': 'N/A', 'host': 'hv-cinder-80699', 'admin_state_up': True, 'created_at': datetime.datetime(2021, 9, 7, 19, 12, 7), 'started_at': datetime.datetime(2021, 9, 7, 19, 12, 7), 'heartbeat_timestamp': datetime.datetime(2021, 9, 7, 19, 15, 7), 'description': None, 'resources_synced': None, 'availability_zone': None, 'alive': True, 'configurations': {'vswitch_mappings': {'physnet1$': 'br-data'}}, 'resource_versions': {}} {{(pid=94321) bind_port /opt/stack/neutron/neutron/plugins/ml2/drivers/mech_agent.py:104}}
Sep 07 19:15:07.434845 dv-cinder-806991-4-smb neutron-server[94321]: DEBUG neutron.plugins.ml2.drivers.mech_agent [req-b4490a7d-ff1b-4a52-b4f5-ffe6d7fdeb37 req-98031ea1-59c3-4832-aebc-f3b2f802365e service neutron] Checking segment: {'id': 'd120c2a7-4432-41ba-a24b-78c631271d50', 'network_type': 'vlan', 'physical_network': 'physnet1', 'segmentation_id': 1458, 'network_id': 'd16e0092-5e7a-49ac-8944-9408658b53b4'} for mappings: {'physnet1$': 'br-data'} with network types: ['local', 'flat', 'vlan'] {{(pid=94321) check_segment_for_agent /opt/stack/neutron/neutron/plugins/ml2/drivers/mech_agent.py:352}}
Sep 07 19:15:07.435300 dv-cinder-806991-4-smb neutron-server[94321]: DEBUG neutron.plugins.ml2.drivers.mech_agent [req-b4490a7d-ff1b-4a52-b4f5-ffe6d7fdeb37 req-98031ea1-59c3-4832-aebc-f3b2f802365e service neutron] Bound using segment: {'id': 'd120c2a7-4432-41ba-a24b-78c631271d50', 'network_type': 'vlan', 'physical_network': 'physnet1', 'segmentation_id': 1458, 'network_id': 'd16e0092-5e7a-49ac-8944-9408658b53b4'} {{(pid=94321) bind_port /opt/stack/neutron/neutron/plugins/ml2/drivers/mech_agent.py:114}}
Sep 07 19:15:07.435751 dv-cinder-806991-4-smb neutron-server[94321]: DEBUG neutron.plugins.ml2.managers [req-b4490a7d-ff1b-4a52-b4f5-ffe6d7fdeb37 req-98031ea1-59c3-4832-aebc-f3b2f802365e service neutron] Bound port: a506029b-e072-4fde-afbe-14a59f9c4b9f, host: hv-cinder-80699, vif_type: hyperv, vif_details: {"connectivity": "legacy", "port_filter": false}, binding_levels: [{'bound_driver': 'hyperv', 'bound_segment': {'id': 'd120c2a7-4432-41ba-a24b-78c631271d50', 'network_type': 'vlan', 'physical_network': 'physnet1', 'segmentation_id': 1458, 'network_id': 'd16e0092-5e7a-49ac-8944-9408658b53b4'}}] {{(pid=94321) _bind_port_level /opt/stack/neutron/neutron/plugins/ml2/managers.py:928}}
Sep 07 19:15:07.436114 dv-cinder-806991-4-smb neutron-server[94321]: DEBUG neutron_lib.callbacks.manager [req-b4490a7d-ff1b-4a52-b4f5-ffe6d7fdeb37 req-98031ea1-59c3-4832-aebc-f3b2f802365e service neutron] Notify callbacks ['neutron.plugins.ml2.plugin.SecurityGroupDbMixin._ensure_default_security_group_handler-3569185'] for port, before_update {{(pid=94321) _notify_loop /usr/local/lib/python3.8/dist-packages/neutron_lib/callbacks/manager.py:192}}
Sep 07 19:15:07.532856 dv-cinder-806991-4-smb neutron-server[94323]: DEBUG neutron.plugins.ml2.rpc [None req-b3b9b83a-3101-4aa1-8ba6-85b9252e7372 None None] Device 6e0fecbe-e570-4d2d-98e7-115414890baa up at agent hyperv_hv-cinder-80699 {{(pid=94323) update_device_up /opt/stack/neutron/neutron/plugins/ml2/rpc.py:296}}
Sep 07 19:15:07.600905 dv-cinder-806991-4-smb neutron-server[94323]: DEBUG neutron.db.provisioning_blocks [None req-b3b9b83a-3101-4aa1-8ba6-85b9252e7372 None None] Provisioning for port 6e0fecbe-e570-4d2d-98e7-115414890baa completed by entity L2. {{(pid=94323) provisioning_complete /opt/stack/neutron/neutron/db/provisioning_blocks.py:133}}
Sep 07 19:15:07.605002 dv-cinder-806991-4-smb neutron-server[94323]: DEBUG neutron.db.provisioning_blocks [None req-b3b9b83a-3101-4aa1-8ba6-85b9252e7372 None None] Provisioning complete for port 6e0fecbe-e570-4d2d-98e7-115414890baa triggered by entity L2. {{(pid=94323) provisioning_complete /opt/stack/neutron/neutron/db/provisioning_blocks.py:139}}
