Sep 07 16:13:51.638903 dv-cinder-806991-3-iscsi devstack@c-api.service[101089]: DEBUG cinder.api.openstack.wsgi [None req-22fed5a1-e622-43fc-a73c-b7b2c90052d8 tempest-GroupSnapshotsTest-1796445023 tempest-GroupSnapshotsTest-1796445023-project-admin] Empty body provided in request {{(pid=101089) get_body /opt/stack/cinder/cinder/api/openstack/wsgi.py:703}}
Sep 07 16:13:51.639460 dv-cinder-806991-3-iscsi devstack@c-api.service[101089]: /usr/local/lib/python3.8/dist-packages/webob/acceptparse.py:1047: DeprecationWarning: The behavior of AcceptValidHeader.best_match is currently being maintained for backward compatibility, but it will be deprecated in the future, as it does not conform to the RFC.
Sep 07 16:13:51.639460 dv-cinder-806991-3-iscsi devstack@c-api.service[101089]: warnings.warn(
Sep 07 16:13:51.640311 dv-cinder-806991-3-iscsi devstack@c-api.service[101089]: DEBUG cinder.api.openstack.wsgi [None req-22fed5a1-e622-43fc-a73c-b7b2c90052d8 tempest-GroupSnapshotsTest-1796445023 tempest-GroupSnapshotsTest-1796445023-project-admin] Calling method 'version_select' {{(pid=101089) _process_stack /opt/stack/cinder/cinder/api/openstack/wsgi.py:856}}
Sep 07 16:13:51.641880 dv-cinder-806991-3-iscsi devstack@c-api.service[101089]: /usr/local/lib/python3.8/dist-packages/oslo_context/context.py:105: DeprecationWarning: Policy enforcement is depending on the value of is_admin. This key is deprecated. Please update your policy file to use the standard policy values.
Sep 07 16:13:51.641880 dv-cinder-806991-3-iscsi devstack@c-api.service[101089]: warnings.warn('Policy enforcement is depending on the value of '
Sep 07 16:13:51.658904 dv-cinder-806991-3-iscsi devstack@c-api.service[101090]: /usr/local/lib/python3.8/dist-packages/oslo_context/context.py:105: DeprecationWarning: Policy enforcement is depending on the value of is_admin. This key is deprecated. Please update your policy file to use the standard policy values.
Sep 07 16:13:51.658904 dv-cinder-806991-3-iscsi devstack@c-api.service[101090]: warnings.warn('Policy enforcement is depending on the value of '
Sep 07 16:13:51.697384 dv-cinder-806991-3-iscsi devstack@c-api.service[101089]: INFO cinder.api.openstack.wsgi [None req-22fed5a1-e622-43fc-a73c-b7b2c90052d8 tempest-GroupSnapshotsTest-1796445023 tempest-GroupSnapshotsTest-1796445023-project-admin] http://10.222.0.82/volume/v3/2c216359ebe247ea8385db3cb4e5c90b/group_types/bf4fc7ee-3338-4e1a-8119-dd17c365d722 returned with HTTP 202
Sep 07 16:13:51.699611 dv-cinder-806991-3-iscsi devstack@c-api.service[101089]: [pid: 101089|app: 0|req: 150/306] 10.222.0.82 () {60 vars in 1381 bytes} [Tue Sep 7 16:13:51 2021] DELETE /volume/v3/2c216359ebe247ea8385db3cb4e5c90b/group_types/bf4fc7ee-3338-4e1a-8119-dd17c365d722 => generated 0 bytes in 70 msecs (HTTP/1.1 202) 6 headers in 234 bytes (1 switches on core 0)
Sep 07 16:13:51.699972 dv-cinder-806991-3-iscsi devstack@c-api.service[101090]: INFO cinder.api.openstack.wsgi [None req-55a63c67-66a5-4871-8e00-c2434cd8fae8 tempest-SnapshotsActionsTest-1000616563 tempest-SnapshotsActionsTest-1000616563-project-admin] http://10.222.0.82/volume/v3/b3105b924f724502ba65a59b4a8ce805/snapshots/5b0289f5-d319-4bda-a4c8-a4400ff1c192/action returned with HTTP 202
Sep 07 16:13:51.700785 dv-cinder-806991-3-iscsi devstack@c-api.service[101090]: [pid: 101090|app: 0|req: 157/307] 10.222.0.82 () {60 vars in 1373 bytes} [Tue Sep 7 16:13:51 2021] POST /volume/v3/b3105b924f724502ba65a59b4a8ce805/snapshots/5b0289f5-d319-4bda-a4c8-a4400ff1c192/action => generated 0 bytes in 108 msecs (HTTP/1.1 202) 7 headers in 289 bytes (1 switches on core 0)
Sep 07 16:13:51.709330 dv-cinder-806991-3-iscsi devstack@c-api.service[101089]: INFO cinder.api.openstack.wsgi [None req-e3156c40-0ec8-4e04-a839-2b36a349d605 tempest-VolumeSnapshotQuotasNegativeTestJSON-617186933 tempest-VolumeSnapshotQuotasNegativeTestJSON-617186933-project] POST http://10.222.0.82/volume/v3/7c628f9163fb44c2bb0386920b2582dc/snapshots
Sep 07 16:13:51.716137 dv-cinder-806991-3-iscsi devstack@c-api.service[101090]: INFO cinder.api.openstack.wsgi [None req-645e5570-dd31-4c74-854f-9cf7b17e458c tempest-VolumesActionsTest-2018941439 tempest-VolumesActionsTest-2018941439-project] GET http://10.222.0.82/volume/v3/300cf40c2fe2472e9312bb7554ece234/volumes/299fc1f9-21fe-4e62-a866-51702b3285de
Sep 07 16:13:51.716363 dv-cinder-806991-3-iscsi devstack@c-api.service[101089]: DEBUG cinder.api.openstack.wsgi [None req-e3156c40-0ec8-4e04-a839-2b36a349d605 tempest-VolumeSnapshotQuotasNegativeTestJSON-617186933 tempest-VolumeSnapshotQuotasNegativeTestJSON-617186933-project] Action: 'create', calling method: create, body: {"snapshot": {"volume_id": "46657649-2aee-42cc-a4ba-e34599c3e462"}} {{(pid=101089) _process_stack /opt/stack/cinder/cinder/api/openstack/wsgi.py:854}}
Sep 07 16:13:51.718212 dv-cinder-806991-3-iscsi devstack@c-api.service[101090]: DEBUG cinder.api.openstack.wsgi [None req-645e5570-dd31-4c74-854f-9cf7b17e458c tempest-VolumesActionsTest-2018941439 tempest-VolumesActionsTest-2018941439-project] Empty body provided in request {{(pid=101090) get_body /opt/stack/cinder/cinder/api/openstack/wsgi.py:703}}
Sep 07 16:13:51.718457 dv-cinder-806991-3-iscsi devstack@c-api.service[101090]: /usr/local/lib/python3.8/dist-packages/webob/acceptparse.py:1047: DeprecationWarning: The behavior of AcceptValidHeader.best_match is currently being maintained for backward compatibility, but it will be deprecated in the future, as it does not conform to the RFC.
Sep 07 16:13:51.718457 dv-cinder-806991-3-iscsi devstack@c-api.service[101090]: warnings.warn(
Sep 07 16:13:51.719978 dv-cinder-806991-3-iscsi devstack@c-api.service[101090]: DEBUG cinder.api.openstack.wsgi [None req-645e5570-dd31-4c74-854f-9cf7b17e458c tempest-VolumesActionsTest-2018941439 tempest-VolumesActionsTest-2018941439-project] Calling method 'show' {{(pid=101090) _process_stack /opt/stack/cinder/cinder/api/openstack/wsgi.py:856}}
Sep 07 16:13:51.746940 dv-cinder-806991-3-iscsi devstack@c-api.service[101089]: /usr/local/lib/python3.8/dist-packages/oslo_context/context.py:105: DeprecationWarning: Policy enforcement is depending on the value of is_admin. This key is deprecated. Please update your policy file to use the standard policy values.
Sep 07 16:13:51.746940 dv-cinder-806991-3-iscsi devstack@c-api.service[101089]: warnings.warn('Policy enforcement is depending on the value of '
Sep 07 16:13:51.748332 dv-cinder-806991-3-iscsi devstack@c-api.service[101089]: INFO cinder.volume.api [None req-e3156c40-0ec8-4e04-a839-2b36a349d605 tempest-VolumeSnapshotQuotasNegativeTestJSON-617186933 tempest-VolumeSnapshotQuotasNegativeTestJSON-617186933-project] Volume info retrieved successfully.
Sep 07 16:13:51.748725 dv-cinder-806991-3-iscsi devstack@c-api.service[101089]: INFO cinder.api.v3.snapshots [None req-e3156c40-0ec8-4e04-a839-2b36a349d605 tempest-VolumeSnapshotQuotasNegativeTestJSON-617186933 tempest-VolumeSnapshotQuotasNegativeTestJSON-617186933-project] Create snapshot from volume 46657649-2aee-42cc-a4ba-e34599c3e462
Sep 07 16:13:51.768206 dv-cinder-806991-3-iscsi devstack@c-api.service[101090]: /usr/local/lib/python3.8/dist-packages/oslo_context/context.py:105: DeprecationWarning: Policy enforcement is depending on the value of is_admin. This key is deprecated. Please update your policy file to use the standard policy values.
Sep 07 16:13:51.768206 dv-cinder-806991-3-iscsi devstack@c-api.service[101090]: warnings.warn('Policy enforcement is depending on the value of '
Sep 07 16:13:51.792389 dv-cinder-806991-3-iscsi devstack@c-api.service[101090]: INFO cinder.volume.api [None req-645e5570-dd31-4c74-854f-9cf7b17e458c tempest-VolumesActionsTest-2018941439 tempest-VolumesActionsTest-2018941439-project] Volume info retrieved successfully.
Sep 07 16:13:51.797021 dv-cinder-806991-3-iscsi devstack@c-api.service[101089]: WARNING cinder.quota_utils [None req-e3156c40-0ec8-4e04-a839-2b36a349d605 tempest-VolumeSnapshotQuotasNegativeTestJSON-617186933 tempest-VolumeSnapshotQuotasNegativeTestJSON-617186933-project] Quota exceeded for 7c628f9163fb44c2bb0386920b2582dc, tried to create snapshot (1 snapshots already consumed).: cinder.exception.OverQuota: Quota exceeded for resources: ['snapshots']
Sep 07 16:13:51.798669 dv-cinder-806991-3-iscsi devstack@c-api.service[101089]: INFO cinder.api.middleware.fault [None req-e3156c40-0ec8-4e04-a839-2b36a349d605 tempest-VolumeSnapshotQuotasNegativeTestJSON-617186933 tempest-VolumeSnapshotQuotasNegativeTestJSON-617186933-project] http://10.222.0.82/volume/v3/7c628f9163fb44c2bb0386920b2582dc/snapshots returned with HTTP 413
Sep 07 16:13:51.802515 dv-cinder-806991-3-iscsi devstack@c-api.service[101089]: [pid: 101089|app: 0|req: 151/308] 10.222.0.82 () {60 vars in 1241 bytes} [Tue Sep 7 16:13:51 2021] POST /volume/v3/7c628f9163fb44c2bb0386920b2582dc/snapshots => generated 133 bytes in 102 msecs (HTTP/1.1 413) 8 headers in 323 bytes (1 switches on core 0)
Sep 07 16:13:51.814744 dv-cinder-806991-3-iscsi devstack@c-api.service[101089]: INFO cinder.api.openstack.wsgi [None req-25b3bd5e-7baa-495a-ae45-74fbeafe69ef tempest-SnapshotsActionsTest-26875967 tempest-SnapshotsActionsTest-26875967-project] GET http://10.222.0.82/volume/v3/df999fcea19942ad8c29068f5aea2f53/snapshots/5b0289f5-d319-4bda-a4c8-a4400ff1c192
Sep 07 16:13:51.815948 dv-cinder-806991-3-iscsi devstack@c-api.service[101090]: INFO cinder.api.openstack.wsgi [None req-645e5570-dd31-4c74-854f-9cf7b17e458c tempest-VolumesActionsTest-2018941439 tempest-VolumesActionsTest-2018941439-project] http://10.222.0.82/volume/v3/300cf40c2fe2472e9312bb7554ece234/volumes/299fc1f9-21fe-4e62-a866-51702b3285de returned with HTTP 200
Sep 07 16:13:51.816593 dv-cinder-806991-3-iscsi devstack@c-api.service[101089]: DEBUG cinder.api.openstack.wsgi [None req-25b3bd5e-7baa-495a-ae45-74fbeafe69ef tempest-SnapshotsActionsTest-26875967 tempest-SnapshotsActionsTest-26875967-project] Empty body provided in request {{(pid=101089) get_body /opt/stack/cinder/cinder/api/openstack/wsgi.py:703}}
Sep 07 16:13:51.817045 dv-cinder-806991-3-iscsi devstack@c-api.service[101089]: /usr/local/lib/python3.8/dist-packages/webob/acceptparse.py:1047: DeprecationWarning: The behavior of AcceptValidHeader.best_match is currently being maintained for backward compatibility, but it will be deprecated in the future, as it does not conform to the RFC.
Sep 07 16:13:51.817045 dv-cinder-806991-3-iscsi devstack@c-api.service[101089]: warnings.warn(
Sep 07 16:13:51.817700 dv-cinder-806991-3-iscsi devstack@c-api.service[101090]: [pid: 101090|app: 0|req: 158/309] 10.222.0.82 () {58 vars in 1325 bytes} [Tue Sep 7 16:13:51 2021] GET /volume/v3/300cf40c2fe2472e9312bb7554ece234/volumes/299fc1f9-21fe-4e62-a866-51702b3285de => generated 885 bytes in 116 msecs (HTTP/1.1 200) 7 headers in 285 bytes (1 switches on core 0)
Sep 07 16:13:51.818125 dv-cinder-806991-3-iscsi devstack@c-api.service[101089]: DEBUG cinder.api.openstack.wsgi [None req-25b3bd5e-7baa-495a-ae45-74fbeafe69ef tempest-SnapshotsActionsTest-26875967 tempest-SnapshotsActionsTest-26875967-project] Calling method 'show' {{(pid=101089) _process_stack /opt/stack/cinder/cinder/api/openstack/wsgi.py:856}}
Sep 07 16:13:51.837771 dv-cinder-806991-3-iscsi devstack@c-api.service[101089]: /usr/local/lib/python3.8/dist-packages/oslo_context/context.py:105: DeprecationWarning: Policy enforcement is depending on the value of is_admin. This key is deprecated. Please update your policy file to use the standard policy values.
Sep 07 16:13:51.837771 dv-cinder-806991-3-iscsi devstack@c-api.service[101089]: warnings.warn('Policy enforcement is depending on the value of '
Sep 07 16:13:51.838787 dv-cinder-806991-3-iscsi devstack@c-api.service[101090]: INFO cinder.api.openstack.wsgi [None req-3c8185b9-a1cd-4cce-8d24-b9979d63222e tempest-GroupSnapshotsTest-1796445023 tempest-GroupSnapshotsTest-1796445023-project-admin] POST http://10.222.0.82/volume/v3/2c216359ebe247ea8385db3cb4e5c90b/types
Sep 07 16:13:51.839380 dv-cinder-806991-3-iscsi devstack@c-api.service[101090]: /usr/local/lib/python3.8/dist-packages/webob/acceptparse.py:1047: DeprecationWarning: The behavior of AcceptValidHeader.best_match is currently being maintained for backward compatibility, but it will be deprecated in the future, as it does not conform to the RFC.
Sep 07 16:13:51.839380 dv-cinder-806991-3-iscsi devstack@c-api.service[101090]: warnings.warn(
Sep 07 16:13:51.839872 dv-cinder-806991-3-iscsi devstack@c-api.service[101089]: INFO cinder.volume.api [None req-25b3bd5e-7baa-495a-ae45-74fbeafe69ef tempest-SnapshotsActionsTest-26875967 tempest-SnapshotsActionsTest-26875967-project] Snapshot retrieved successfully.
Sep 07 16:13:51.840105 dv-cinder-806991-3-iscsi devstack@c-api.service[101090]: DEBUG cinder.api.openstack.wsgi [None req-3c8185b9-a1cd-4cce-8d24-b9979d63222e tempest-GroupSnapshotsTest-1796445023 tempest-GroupSnapshotsTest-1796445023-project-admin] Action: 'create', calling method: _create, body: {"volume_type": {"name": "tempest-GroupSnapshotsTest-volume-type-1403704149"}} {{(pid=101090) _process_stack /opt/stack/cinder/cinder/api/openstack/wsgi.py:854}}
Sep 07 16:13:51.843074 dv-cinder-806991-3-iscsi devstack@c-api.service[101089]: INFO cinder.api.openstack.wsgi [None req-25b3bd5e-7baa-495a-ae45-74fbeafe69ef tempest-SnapshotsActionsTest-26875967 tempest-SnapshotsActionsTest-26875967-project] http://10.222.0.82/volume/v3/df999fcea19942ad8c29068f5aea2f53/snapshots/5b0289f5-d319-4bda-a4c8-a4400ff1c192 returned with HTTP 200
Sep 07 16:13:51.844343 dv-cinder-806991-3-iscsi devstack@c-api.service[101089]: [pid: 101089|app: 0|req: 152/310] 10.222.0.82 () {58 vars in 1331 bytes} [Tue Sep 7 16:13:51 2021] GET /volume/v3/df999fcea19942ad8c29068f5aea2f53/snapshots/5b0289f5-d319-4bda-a4c8-a4400ff1c192 => generated 466 bytes in 41 msecs (HTTP/1.1 200) 7 headers in 285 bytes (1 switches on core 0)
Sep 07 16:13:51.845608 dv-cinder-806991-3-iscsi devstack@c-api.service[101089]: INFO cinder.api.openstack.wsgi [None req-25b3bd5e-7baa-495a-ae45-74fbeafe69ef tempest-SnapshotsActionsTest-26875967 tempest-SnapshotsActionsTest-26875967-project] GET http://10.222.0.82/volume//
Sep 07 16:13:51.846249 dv-cinder-806991-3-iscsi devstack@c-api.service[101089]: DEBUG cinder.api.openstack.wsgi [None req-25b3bd5e-7baa-495a-ae45-74fbeafe69ef tempest-SnapshotsActionsTest-26875967 tempest-SnapshotsActionsTest-26875967-project] Empty body provided in request {{(pid=101089) get_body /opt/stack/cinder/cinder/api/openstack/wsgi.py:703}}
Sep 07 16:13:51.846493 dv-cinder-806991-3-iscsi devstack@c-api.service[101089]: /usr/local/lib/python3.8/dist-packages/webob/acceptparse.py:1047: DeprecationWarning: The behavior of AcceptValidHeader.best_match is currently being maintained for backward compatibility, but it will be deprecated in the future, as it does not conform to the RFC.
Sep 07 16:13:51.846493 dv-cinder-806991-3-iscsi devstack@c-api.service[101089]: warnings.warn(
Sep 07 16:13:51.847035 dv-cinder-806991-3-iscsi devstack@c-api.service[101089]: DEBUG cinder.api.openstack.wsgi [None req-25b3bd5e-7baa-495a-ae45-74fbeafe69ef tempest-SnapshotsActionsTest-26875967 tempest-SnapshotsActionsTest-26875967-project] Calling method 'all' {{(pid=101089) _process_stack /opt/stack/cinder/cinder/api/openstack/wsgi.py:856}}
Sep 07 16:13:51.848586 dv-cinder-806991-3-iscsi devstack@c-api.service[101089]: INFO cinder.api.openstack.wsgi [None req-25b3bd5e-7baa-495a-ae45-74fbeafe69ef tempest-SnapshotsActionsTest-26875967 tempest-SnapshotsActionsTest-26875967-project] http://10.222.0.82/volume// returned with HTTP 300
Sep 07 16:13:51.849953 dv-cinder-806991-3-iscsi devstack@c-api.service[101089]: [pid: 101089|app: 0|req: 153/311] 10.222.0.82 () {58 vars in 1300 bytes} [Tue Sep 7 16:13:51 2021] GET /volume/ => generated 386 bytes in 5 msecs (HTTP/1.1 300) 5 headers in 169 bytes (1 switches on core 0)
Sep 07 16:13:51.862270 dv-cinder-806991-3-iscsi devstack@c-api.service[101089]: INFO cinder.api.openstack.wsgi [None req-7c640af2-218e-4c7b-ab02-c3d3c0b189d3 tempest-VolumeSnapshotQuotasNegativeTestJSON-617186933 tempest-VolumeSnapshotQuotasNegativeTestJSON-617186933-project] DELETE http://10.222.0.82/volume/v3/7c628f9163fb44c2bb0386920b2582dc/snapshots/4d24e373-bca8-4082-a96f-17dc6ede10f5
Sep 07 16:13:51.863035 dv-cinder-806991-3-iscsi devstack@c-api.service[101089]: DEBUG cinder.api.openstack.wsgi [None req-7c640af2-218e-4c7b-ab02-c3d3c0b189d3 tempest-VolumeSnapshotQuotasNegativeTestJSON-617186933 tempest-VolumeSnapshotQuotasNegativeTestJSON-617186933-project] Empty body provided in request {{(pid=101089) get_body /opt/stack/cinder/cinder/api/openstack/wsgi.py:703}}
Sep 07 16:13:51.863697 dv-cinder-806991-3-iscsi devstack@c-api.service[101089]: DEBUG cinder.api.openstack.wsgi [None req-7c640af2-218e-4c7b-ab02-c3d3c0b189d3 tempest-VolumeSnapshotQuotasNegativeTestJSON-617186933 tempest-VolumeSnapshotQuotasNegativeTestJSON-617186933-project] Calling method 'delete' {{(pid=101089) _process_stack /opt/stack/cinder/cinder/api/openstack/wsgi.py:856}}
Sep 07 16:13:51.864087 dv-cinder-806991-3-iscsi devstack@c-api.service[101089]: INFO cinder.api.v2.snapshots [None req-7c640af2-218e-4c7b-ab02-c3d3c0b189d3 tempest-VolumeSnapshotQuotasNegativeTestJSON-617186933 tempest-VolumeSnapshotQuotasNegativeTestJSON-617186933-project] Delete snapshot with id: 4d24e373-bca8-4082-a96f-17dc6ede10f5
Sep 07 16:13:51.875642 dv-cinder-806991-3-iscsi devstack@c-api.service[101089]: /usr/local/lib/python3.8/dist-packages/oslo_context/context.py:105: DeprecationWarning: Policy enforcement is depending on the value of is_admin. This key is deprecated. Please update your policy file to use the standard policy values.
Sep 07 16:13:51.875642 dv-cinder-806991-3-iscsi devstack@c-api.service[101089]: warnings.warn('Policy enforcement is depending on the value of '
Sep 07 16:13:51.876750 dv-cinder-806991-3-iscsi devstack@c-api.service[101089]: INFO cinder.volume.api [None req-7c640af2-218e-4c7b-ab02-c3d3c0b189d3 tempest-VolumeSnapshotQuotasNegativeTestJSON-617186933 tempest-VolumeSnapshotQuotasNegativeTestJSON-617186933-project] Snapshot retrieved successfully.
Sep 07 16:13:51.899917 dv-cinder-806991-3-iscsi devstack@c-api.service[101090]: INFO cinder.api.openstack.wsgi [None req-3c8185b9-a1cd-4cce-8d24-b9979d63222e tempest-GroupSnapshotsTest-1796445023 tempest-GroupSnapshotsTest-1796445023-project-admin] http://10.222.0.82/volume/v3/2c216359ebe247ea8385db3cb4e5c90b/types returned with HTTP 200
Sep 07 16:13:51.900824 dv-cinder-806991-3-iscsi devstack@c-api.service[101090]: [pid: 101090|app: 0|req: 159/312] 10.222.0.82 () {60 vars in 1229 bytes} [Tue Sep 7 16:13:51 2021] POST /volume/v3/2c216359ebe247ea8385db3cb4e5c90b/types => generated 224 bytes in 83 msecs (HTTP/1.1 200) 7 headers in 285 bytes (1 switches on core 0)
Sep 07 16:13:51.905160 dv-cinder-806991-3-iscsi devstack@c-api.service[101090]: INFO cinder.api.openstack.wsgi [None req-7968660b-4fe4-4588-a5ac-257a14611dd3 tempest-SnapshotsActionsTest-1000616563 tempest-SnapshotsActionsTest-1000616563-project-admin] POST http://10.222.0.82/volume/v3/b3105b924f724502ba65a59b4a8ce805/snapshots/5b0289f5-d319-4bda-a4c8-a4400ff1c192/action
Sep 07 16:13:51.905907 dv-cinder-806991-3-iscsi devstack@c-api.service[101090]: DEBUG cinder.api.openstack.wsgi [None req-7968660b-4fe4-4588-a5ac-257a14611dd3 tempest-SnapshotsActionsTest-1000616563 tempest-SnapshotsActionsTest-1000616563-project-admin] Action body: b'{"os-reset_status": {"status": "creating"}}' {{(pid=101090) get_method /opt/stack/cinder/cinder/api/openstack/wsgi.py:971}}
Sep 07 16:13:51.906310 dv-cinder-806991-3-iscsi devstack@c-api.service[101090]: DEBUG cinder.api.openstack.wsgi [None req-7968660b-4fe4-4588-a5ac-257a14611dd3 tempest-SnapshotsActionsTest-1000616563 tempest-SnapshotsActionsTest-1000616563-project-admin] Action: 'action', calling method: _reset_status, body: {"os-reset_status": {"status": "creating"}} {{(pid=101090) _process_stack /opt/stack/cinder/cinder/api/openstack/wsgi.py:854}}
Sep 07 16:13:51.907201 dv-cinder-806991-3-iscsi devstack@c-api.service[101090]: DEBUG cinder.api.contrib.admin_actions [None req-7968660b-4fe4-4588-a5ac-257a14611dd3 tempest-SnapshotsActionsTest-1000616563 tempest-SnapshotsActionsTest-1000616563-project-admin] Updating snapshot '5b0289f5-d319-4bda-a4c8-a4400ff1c192' with '{'status': 'creating'}' {{(pid=101090) _reset_status /opt/stack/cinder/cinder/api/contrib/admin_actions.py:100}}
Sep 07 16:13:51.918474 dv-cinder-806991-3-iscsi devstack@c-api.service[101089]: INFO cinder.volume.api [None req-7c640af2-218e-4c7b-ab02-c3d3c0b189d3 tempest-VolumeSnapshotQuotasNegativeTestJSON-617186933 tempest-VolumeSnapshotQuotasNegativeTestJSON-617186933-project] Snapshot delete request issued successfully.
Sep 07 16:13:51.918941 dv-cinder-806991-3-iscsi devstack@c-api.service[101089]: INFO cinder.api.openstack.wsgi [None req-7c640af2-218e-4c7b-ab02-c3d3c0b189d3 tempest-VolumeSnapshotQuotasNegativeTestJSON-617186933 tempest-VolumeSnapshotQuotasNegativeTestJSON-617186933-project] http://10.222.0.82/volume/v3/7c628f9163fb44c2bb0386920b2582dc/snapshots/4d24e373-bca8-4082-a96f-17dc6ede10f5 returned with HTTP 202
Sep 07 16:13:51.920245 dv-cinder-806991-3-iscsi devstack@c-api.service[101089]: [pid: 101089|app: 0|req: 154/313] 10.222.0.82 () {58 vars in 1334 bytes} [Tue Sep 7 16:13:51 2021] DELETE /volume/v3/7c628f9163fb44c2bb0386920b2582dc/snapshots/4d24e373-bca8-4082-a96f-17dc6ede10f5 => generated 0 bytes in 70 msecs (HTTP/1.1 202) 6 headers in 233 bytes (1 switches on core 0)
Sep 07 16:13:51.929417 dv-cinder-806991-3-iscsi devstack@c-api.service[101089]: INFO cinder.api.openstack.wsgi [req-d6831b5b-f743-4413-95b2-0883004ac64a req-ca50a25a-860b-419a-bff8-2e22db60f769 tempest-DeleteServersTestJSON-1388186803 tempest-DeleteServersTestJSON-1388186803-project] POST http://10.222.0.82/volume/v3/470a35424e7942cd82f7f0b06dff8b4d/attachments
Sep 07 16:13:51.930033 dv-cinder-806991-3-iscsi devstack@c-api.service[101089]: /usr/local/lib/python3.8/dist-packages/webob/acceptparse.py:1047: DeprecationWarning: The behavior of AcceptValidHeader.best_match is currently being maintained for backward compatibility, but it will be deprecated in the future, as it does not conform to the RFC.
Sep 07 16:13:51.930033 dv-cinder-806991-3-iscsi devstack@c-api.service[101089]: warnings.warn(
Sep 07 16:13:51.931272 dv-cinder-806991-3-iscsi devstack@c-api.service[101089]: DEBUG cinder.api.openstack.wsgi [req-d6831b5b-f743-4413-95b2-0883004ac64a req-ca50a25a-860b-419a-bff8-2e22db60f769 tempest-DeleteServersTestJSON-1388186803 tempest-DeleteServersTestJSON-1388186803-project] Action: 'create', calling method: version_select, body: {"attachment": {"volume_uuid": "8be02e4e-c25e-404c-8fde-8f4991248d36", "connector": null, "instance_uuid": "4af4dfd1-cad3-4c68-ba67-bac5945ab3bb"}} {{(pid=101089) _process_stack /opt/stack/cinder/cinder/api/openstack/wsgi.py:854}}
Sep 07 16:13:51.942844 dv-cinder-806991-3-iscsi devstack@c-api.service[101090]: /usr/local/lib/python3.8/dist-packages/oslo_context/context.py:105: DeprecationWarning: Policy enforcement is depending on the value of is_admin. This key is deprecated. Please update your policy file to use the standard policy values.
Sep 07 16:13:51.942844 dv-cinder-806991-3-iscsi devstack@c-api.service[101090]: warnings.warn('Policy enforcement is depending on the value of '
Sep 07 16:13:51.953105 dv-cinder-806991-3-iscsi devstack@c-api.service[101089]: /usr/local/lib/python3.8/dist-packages/oslo_context/context.py:105: DeprecationWarning: Policy enforcement is depending on the value of is_admin. This key is deprecated. Please update your policy file to use the standard policy values.
Sep 07 16:13:51.953105 dv-cinder-806991-3-iscsi devstack@c-api.service[101089]: warnings.warn('Policy enforcement is depending on the value of '
Sep 07 16:13:51.977481 dv-cinder-806991-3-iscsi devstack@c-api.service[101090]: INFO cinder.api.openstack.wsgi [None req-7968660b-4fe4-4588-a5ac-257a14611dd3 tempest-SnapshotsActionsTest-1000616563 tempest-SnapshotsActionsTest-1000616563-project-admin] http://10.222.0.82/volume/v3/b3105b924f724502ba65a59b4a8ce805/snapshots/5b0289f5-d319-4bda-a4c8-a4400ff1c192/action returned with HTTP 202
Sep 07 16:13:51.979086 dv-cinder-806991-3-iscsi devstack@c-api.service[101090]: [pid: 101090|app: 0|req: 160/314] 10.222.0.82 () {60 vars in 1373 bytes} [Tue Sep 7 16:13:51 2021] POST /volume/v3/b3105b924f724502ba65a59b4a8ce805/snapshots/5b0289f5-d319-4bda-a4c8-a4400ff1c192/action => generated 0 bytes in 78 msecs (HTTP/1.1 202) 7 headers in 289 bytes (1 switches on core 0)
Sep 07 16:13:51.984618 dv-cinder-806991-3-iscsi devstack@c-api.service[101090]: INFO cinder.api.openstack.wsgi [None req-1faccd13-56eb-42be-9df8-3a5b187707b4 tempest-GroupSnapshotsTest-1796445023 tempest-GroupSnapshotsTest-1796445023-project-admin] POST http://10.222.0.82/volume/v3/2c216359ebe247ea8385db3cb4e5c90b/group_types
Sep 07 16:13:51.985409 dv-cinder-806991-3-iscsi devstack@c-api.service[101090]: /usr/local/lib/python3.8/dist-packages/webob/acceptparse.py:1047: DeprecationWarning: The behavior of AcceptValidHeader.best_match is currently being maintained for backward compatibility, but it will be deprecated in the future, as it does not conform to the RFC.
Sep 07 16:13:51.985409 dv-cinder-806991-3-iscsi devstack@c-api.service[101090]: warnings.warn(
Sep 07 16:13:51.986170 dv-cinder-806991-3-iscsi devstack@c-api.service[101090]: DEBUG cinder.api.openstack.wsgi [None req-1faccd13-56eb-42be-9df8-3a5b187707b4 tempest-GroupSnapshotsTest-1796445023 tempest-GroupSnapshotsTest-1796445023-project-admin] Action: 'create', calling method: version_select, body: {"group_type": {"name": "tempest-GroupSnapshotsTest-group-type-213259508"}} {{(pid=101090) _process_stack /opt/stack/cinder/cinder/api/openstack/wsgi.py:854}}
Sep 07 16:13:51.988330 dv-cinder-806991-3-iscsi devstack@c-api.service[101090]: /usr/local/lib/python3.8/dist-packages/oslo_context/context.py:105: DeprecationWarning: Policy enforcement is depending on the value of is_admin. This key is deprecated. Please update your policy file to use the standard policy values.
Sep 07 16:13:51.988330 dv-cinder-806991-3-iscsi devstack@c-api.service[101090]: warnings.warn('Policy enforcement is depending on the value of '
Sep 07 16:13:52.020473 dv-cinder-806991-3-iscsi devstack@c-api.service[101090]: INFO cinder.api.openstack.wsgi [None req-1faccd13-56eb-42be-9df8-3a5b187707b4 tempest-GroupSnapshotsTest-1796445023 tempest-GroupSnapshotsTest-1796445023-project-admin] http://10.222.0.82/volume/v3/2c216359ebe247ea8385db3cb4e5c90b/group_types returned with HTTP 202
Sep 07 16:13:52.021481 dv-cinder-806991-3-iscsi devstack@c-api.service[101090]: [pid: 101090|app: 0|req: 161/315] 10.222.0.82 () {62 vars in 1288 bytes} [Tue Sep 7 16:13:51 2021] POST /volume/v3/2c216359ebe247ea8385db3cb4e5c90b/group_types => generated 180 bytes in 42 msecs (HTTP/1.1 202) 7 headers in 292 bytes (1 switches on core 0)
Sep 07 16:13:52.031703 dv-cinder-806991-3-iscsi devstack@c-api.service[101090]: INFO cinder.api.openstack.wsgi [None req-c467afc9-272f-4e98-8a49-6885184a9ea4 tempest-VolumeSnapshotQuotasNegativeTestJSON-617186933 tempest-VolumeSnapshotQuotasNegativeTestJSON-617186933-project] GET http://10.222.0.82/volume/v3/7c628f9163fb44c2bb0386920b2582dc/snapshots/4d24e373-bca8-4082-a96f-17dc6ede10f5
Sep 07 16:13:52.032163 dv-cinder-806991-3-iscsi devstack@c-api.service[101090]: DEBUG cinder.api.openstack.wsgi [None req-c467afc9-272f-4e98-8a49-6885184a9ea4 tempest-VolumeSnapshotQuotasNegativeTestJSON-617186933 tempest-VolumeSnapshotQuotasNegativeTestJSON-617186933-project] Empty body provided in request {{(pid=101090) get_body /opt/stack/cinder/cinder/api/openstack/wsgi.py:703}}
Sep 07 16:13:52.032641 dv-cinder-806991-3-iscsi devstack@c-api.service[101090]: DEBUG cinder.api.openstack.wsgi [None req-c467afc9-272f-4e98-8a49-6885184a9ea4 tempest-VolumeSnapshotQuotasNegativeTestJSON-617186933 tempest-VolumeSnapshotQuotasNegativeTestJSON-617186933-project] Calling method 'show' {{(pid=101090) _process_stack /opt/stack/cinder/cinder/api/openstack/wsgi.py:856}}
Sep 07 16:13:52.047672 dv-cinder-806991-3-iscsi devstack@c-api.service[101090]: /usr/local/lib/python3.8/dist-packages/oslo_context/context.py:105: DeprecationWarning: Policy enforcement is depending on the value of is_admin. This key is deprecated. Please update your policy file to use the standard policy values.
Sep 07 16:13:52.047672 dv-cinder-806991-3-iscsi devstack@c-api.service[101090]: warnings.warn('Policy enforcement is depending on the value of '
Sep 07 16:13:52.049301 dv-cinder-806991-3-iscsi devstack@c-api.service[101089]: INFO cinder.api.openstack.wsgi [req-d6831b5b-f743-4413-95b2-0883004ac64a req-ca50a25a-860b-419a-bff8-2e22db60f769 tempest-DeleteServersTestJSON-1388186803 tempest-DeleteServersTestJSON-1388186803-project] http://10.222.0.82/volume/v3/470a35424e7942cd82f7f0b06dff8b4d/attachments returned with HTTP 200
Sep 07 16:13:52.050125 dv-cinder-806991-3-iscsi devstack@c-api.service[101090]: INFO cinder.volume.api [None req-c467afc9-272f-4e98-8a49-6885184a9ea4 tempest-VolumeSnapshotQuotasNegativeTestJSON-617186933 tempest-VolumeSnapshotQuotasNegativeTestJSON-617186933-project] Snapshot retrieved successfully.
Sep 07 16:13:52.050565 dv-cinder-806991-3-iscsi devstack@c-api.service[101089]: [pid: 101089|app: 0|req: 155/316] 10.222.0.82 () {66 vars in 1575 bytes} [Tue Sep 7 16:13:51 2021] POST /volume/v3/470a35424e7942cd82f7f0b06dff8b4d/attachments => generated 273 bytes in 129 msecs (HTTP/1.1 200) 7 headers in 286 bytes (1 switches on core 0)
Sep 07 16:13:52.054122 dv-cinder-806991-3-iscsi devstack@c-api.service[101090]: INFO cinder.api.openstack.wsgi [None req-c467afc9-272f-4e98-8a49-6885184a9ea4 tempest-VolumeSnapshotQuotasNegativeTestJSON-617186933 tempest-VolumeSnapshotQuotasNegativeTestJSON-617186933-project] http://10.222.0.82/volume/v3/7c628f9163fb44c2bb0386920b2582dc/snapshots/4d24e373-bca8-4082-a96f-17dc6ede10f5 returned with HTTP 200
Sep 07 16:13:52.055605 dv-cinder-806991-3-iscsi devstack@c-api.service[101090]: [pid: 101090|app: 0|req: 162/317] 10.222.0.82 () {58 vars in 1331 bytes} [Tue Sep 7 16:13:52 2021] GET /volume/v3/7c628f9163fb44c2bb0386920b2582dc/snapshots/4d24e373-bca8-4082-a96f-17dc6ede10f5 => generated 481 bytes in 34 msecs (HTTP/1.1 200) 7 headers in 285 bytes (1 switches on core 0)
Sep 07 16:13:52.055947 dv-cinder-806991-3-iscsi devstack@c-api.service[101089]: INFO cinder.api.openstack.wsgi [None req-061b8c59-90c2-421b-9573-e8eb8bd02bdf tempest-SnapshotsActionsTest-26875967 tempest-SnapshotsActionsTest-26875967-project] GET http://10.222.0.82/volume/v3/df999fcea19942ad8c29068f5aea2f53/snapshots/5b0289f5-d319-4bda-a4c8-a4400ff1c192
Sep 07 16:13:52.056410 dv-cinder-806991-3-iscsi devstack@c-api.service[101089]: DEBUG cinder.api.openstack.wsgi [None req-061b8c59-90c2-421b-9573-e8eb8bd02bdf tempest-SnapshotsActionsTest-26875967 tempest-SnapshotsActionsTest-26875967-project] Empty body provided in request {{(pid=101089) get_body /opt/stack/cinder/cinder/api/openstack/wsgi.py:703}}
Sep 07 16:13:52.056585 dv-cinder-806991-3-iscsi devstack@c-api.service[101089]: /usr/local/lib/python3.8/dist-packages/webob/acceptparse.py:1047: DeprecationWarning: The behavior of AcceptValidHeader.best_match is currently being maintained for backward compatibility, but it will be deprecated in the future, as it does not conform to the RFC.
Sep 07 16:13:52.056585 dv-cinder-806991-3-iscsi devstack@c-api.service[101089]: warnings.warn(
Sep 07 16:13:52.056901 dv-cinder-806991-3-iscsi devstack@c-api.service[101089]: DEBUG cinder.api.openstack.wsgi [None req-061b8c59-90c2-421b-9573-e8eb8bd02bdf tempest-SnapshotsActionsTest-26875967 tempest-SnapshotsActionsTest-26875967-project] Calling method 'show' {{(pid=101089) _process_stack /opt/stack/cinder/cinder/api/openstack/wsgi.py:856}}
Sep 07 16:13:52.067050 dv-cinder-806991-3-iscsi devstack@c-api.service[101089]: /usr/local/lib/python3.8/dist-packages/oslo_context/context.py:105: DeprecationWarning: Policy enforcement is depending on the value of is_admin. This key is deprecated. Please update your policy file to use the standard policy values.
Sep 07 16:13:52.067050 dv-cinder-806991-3-iscsi devstack@c-api.service[101089]: warnings.warn('Policy enforcement is depending on the value of '
Sep 07 16:13:52.068012 dv-cinder-806991-3-iscsi devstack@c-api.service[101089]: INFO cinder.volume.api [None req-061b8c59-90c2-421b-9573-e8eb8bd02bdf tempest-SnapshotsActionsTest-26875967 tempest-SnapshotsActionsTest-26875967-project] Snapshot retrieved successfully.
Sep 07 16:13:52.070442 dv-cinder-806991-3-iscsi devstack@c-api.service[101089]: INFO cinder.api.openstack.wsgi [None req-061b8c59-90c2-421b-9573-e8eb8bd02bdf tempest-SnapshotsActionsTest-26875967 tempest-SnapshotsActionsTest-26875967-project] http://10.222.0.82/volume/v3/df999fcea19942ad8c29068f5aea2f53/snapshots/5b0289f5-d319-4bda-a4c8-a4400ff1c192 returned with HTTP 200
Sep 07 16:13:52.076759 dv-cinder-806991-3-iscsi devstack@c-api.service[101089]: [pid: 101089|app: 0|req: 156/318] 10.222.0.82 () {58 vars in 1331 bytes} [Tue Sep 7 16:13:52 2021] GET /volume/v3/df999fcea19942ad8c29068f5aea2f53/snapshots/5b0289f5-d319-4bda-a4c8-a4400ff1c192 => generated 465 bytes in 20 msecs (HTTP/1.1 200) 7 headers in 285 bytes (1 switches on core 0)
Sep 07 16:13:52.080641 dv-cinder-806991-3-iscsi devstack@c-api.service[101090]: INFO cinder.api.openstack.wsgi [None req-92f25f03-ce18-4916-b781-c3558e9888d3 tempest-GroupSnapshotsTest-106807470 tempest-GroupSnapshotsTest-106807470-project] POST http://10.222.0.82/volume/v3/1dbef63678d541f2ab401f432576b90b/groups
Sep 07 16:13:52.081084 dv-cinder-806991-3-iscsi devstack@c-api.service[101090]: /usr/local/lib/python3.8/dist-packages/webob/acceptparse.py:1047: DeprecationWarning: The behavior of AcceptValidHeader.best_match is currently being maintained for backward compatibility, but it will be deprecated in the future, as it does not conform to the RFC.
Sep 07 16:13:52.081084 dv-cinder-806991-3-iscsi devstack@c-api.service[101090]: warnings.warn(
Sep 07 16:13:52.081505 dv-cinder-806991-3-iscsi devstack@c-api.service[101090]: DEBUG cinder.api.openstack.wsgi [None req-92f25f03-ce18-4916-b781-c3558e9888d3 tempest-GroupSnapshotsTest-106807470 tempest-GroupSnapshotsTest-106807470-project] Action: 'create', calling method: version_select, body: {"group": {"group_type": "43422fe9-599c-46c2-a450-e4fe8170db5b", "volume_types": ["524d869c-3971-438c-8e00-a24d1cd99a19"], "name": "tempest-GroupSnapshotsTest-Group-1959027828"}} {{(pid=101090) _process_stack /opt/stack/cinder/cinder/api/openstack/wsgi.py:854}}
Sep 07 16:13:52.082542 dv-cinder-806991-3-iscsi devstack@c-api.service[101090]: DEBUG cinder.api.v3.groups [None req-92f25f03-ce18-4916-b781-c3558e9888d3 tempest-GroupSnapshotsTest-106807470 tempest-GroupSnapshotsTest-106807470-project] Creating new group {'group': {'group_type': '43422fe9-599c-46c2-a450-e4fe8170db5b', 'volume_types': ['524d869c-3971-438c-8e00-a24d1cd99a19'], 'name': 'tempest-GroupSnapshotsTest-Group-1959027828'}} {{(pid=101090) create /opt/stack/cinder/cinder/api/v3/groups.py:190}}
Sep 07 16:13:52.089146 dv-cinder-806991-3-iscsi devstack@c-api.service[101090]: INFO cinder.api.v3.groups [None req-92f25f03-ce18-4916-b781-c3558e9888d3 tempest-GroupSnapshotsTest-106807470 tempest-GroupSnapshotsTest-106807470-project] Creating group tempest-GroupSnapshotsTest-Group-1959027828.
Sep 07 16:13:52.089318 dv-cinder-806991-3-iscsi devstack@c-api.service[101089]: INFO cinder.api.openstack.wsgi [None req-1bd6ac66-b841-42ce-8ab5-ded31a52cea2 tempest-SnapshotsActionsTest-26875967 tempest-SnapshotsActionsTest-26875967-project] POST http://10.222.0.82/volume/v3/df999fcea19942ad8c29068f5aea2f53/snapshots/5b0289f5-d319-4bda-a4c8-a4400ff1c192/action
Sep 07 16:13:52.089933 dv-cinder-806991-3-iscsi devstack@c-api.service[101089]: /usr/local/lib/python3.8/dist-packages/webob/acceptparse.py:1047: DeprecationWarning: The behavior of AcceptValidHeader.best_match is currently being maintained for backward compatibility, but it will be deprecated in the future, as it does not conform to the RFC.
Sep 07 16:13:52.089933 dv-cinder-806991-3-iscsi devstack@c-api.service[101089]: warnings.warn(
Sep 07 16:13:52.090878 dv-cinder-806991-3-iscsi devstack@c-api.service[101089]: DEBUG cinder.api.openstack.wsgi [None req-1bd6ac66-b841-42ce-8ab5-ded31a52cea2 tempest-SnapshotsActionsTest-26875967 tempest-SnapshotsActionsTest-26875967-project] Action body: b'{"os-update_snapshot_status": {"status": "error", "progress": "80%"}}' {{(pid=101089) get_method /opt/stack/cinder/cinder/api/openstack/wsgi.py:971}}
Sep 07 16:13:52.091832 dv-cinder-806991-3-iscsi devstack@c-api.service[101089]: DEBUG cinder.api.openstack.wsgi [None req-1bd6ac66-b841-42ce-8ab5-ded31a52cea2 tempest-SnapshotsActionsTest-26875967 tempest-SnapshotsActionsTest-26875967-project] Action: 'action', calling method: _update_snapshot_status, body: {"os-update_snapshot_status": {"status": "error", "progress": "80%"}} {{(pid=101089) _process_stack /opt/stack/cinder/cinder/api/openstack/wsgi.py:854}}
Sep 07 16:13:52.094696 dv-cinder-806991-3-iscsi devstack@c-api.service[101089]: DEBUG cinder.api.contrib.snapshot_actions [None req-1bd6ac66-b841-42ce-8ab5-ded31a52cea2 tempest-SnapshotsActionsTest-26875967 tempest-SnapshotsActionsTest-26875967-project] body: {'os-update_snapshot_status': {'status': 'error', 'progress': '80%'}} {{(pid=101089) _update_snapshot_status /opt/stack/cinder/cinder/api/contrib/snapshot_actions.py:46}}
Sep 07 16:13:52.109444 dv-cinder-806991-3-iscsi devstack@c-api.service[101089]: /usr/local/lib/python3.8/dist-packages/oslo_context/context.py:105: DeprecationWarning: Policy enforcement is depending on the value of is_admin. This key is deprecated. Please update your policy file to use the standard policy values.
Sep 07 16:13:52.109444 dv-cinder-806991-3-iscsi devstack@c-api.service[101089]: warnings.warn('Policy enforcement is depending on the value of '
Sep 07 16:13:52.110166 dv-cinder-806991-3-iscsi devstack@c-api.service[101089]: INFO cinder.api.contrib.snapshot_actions [None req-1bd6ac66-b841-42ce-8ab5-ded31a52cea2 tempest-SnapshotsActionsTest-26875967 tempest-SnapshotsActionsTest-26875967-project] Updating snapshot 5b0289f5-d319-4bda-a4c8-a4400ff1c192 with info {'id': '5b0289f5-d319-4bda-a4c8-a4400ff1c192', 'status': 'error', 'progress': '80%'}
Sep 07 16:13:52.126201 dv-cinder-806991-3-iscsi devstack@c-api.service[101090]: INFO cinder.volume.api [None req-92f25f03-ce18-4916-b781-c3558e9888d3 tempest-GroupSnapshotsTest-106807470 tempest-GroupSnapshotsTest-106807470-project] Availability Zones retrieved successfully.
Sep 07 16:13:52.129117 dv-cinder-806991-3-iscsi devstack@c-api.service[101089]: INFO cinder.api.openstack.wsgi [None req-1bd6ac66-b841-42ce-8ab5-ded31a52cea2 tempest-SnapshotsActionsTest-26875967 tempest-SnapshotsActionsTest-26875967-project] http://10.222.0.82/volume/v3/df999fcea19942ad8c29068f5aea2f53/snapshots/5b0289f5-d319-4bda-a4c8-a4400ff1c192/action returned with HTTP 202
Sep 07 16:13:52.130519 dv-cinder-806991-3-iscsi devstack@c-api.service[101089]: [pid: 101089|app: 0|req: 157/319] 10.222.0.82 () {60 vars in 1373 bytes} [Tue Sep 7 16:13:52 2021] POST /volume/v3/df999fcea19942ad8c29068f5aea2f53/snapshots/5b0289f5-d319-4bda-a4c8-a4400ff1c192/action => generated 0 bytes in 52 msecs (HTTP/1.1 202) 6 headers in 233 bytes (1 switches on core 0)
Sep 07 16:13:52.134831 dv-cinder-806991-3-iscsi devstack@c-api.service[101089]: INFO cinder.api.openstack.wsgi [None req-4e3039a6-c60c-4dac-a583-1190db833383 tempest-DeleteServersTestJSON-1388186803 tempest-DeleteServersTestJSON-1388186803-project] GET http://10.222.0.82/volume/v3/470a35424e7942cd82f7f0b06dff8b4d/volumes/8be02e4e-c25e-404c-8fde-8f4991248d36
Sep 07 16:13:52.135527 dv-cinder-806991-3-iscsi devstack@c-api.service[101089]: DEBUG cinder.api.openstack.wsgi [None req-4e3039a6-c60c-4dac-a583-1190db833383 tempest-DeleteServersTestJSON-1388186803 tempest-DeleteServersTestJSON-1388186803-project] Empty body provided in request {{(pid=101089) get_body /opt/stack/cinder/cinder/api/openstack/wsgi.py:703}}
Sep 07 16:13:52.135836 dv-cinder-806991-3-iscsi devstack@c-api.service[101089]: /usr/local/lib/python3.8/dist-packages/webob/acceptparse.py:1047: DeprecationWarning: The behavior of AcceptValidHeader.best_match is currently being maintained for backward compatibility, but it will be deprecated in the future, as it does not conform to the RFC.
Sep 07 16:13:52.135836 dv-cinder-806991-3-iscsi devstack@c-api.service[101089]: warnings.warn(
Sep 07 16:13:52.136342 dv-cinder-806991-3-iscsi devstack@c-api.service[101089]: DEBUG cinder.api.openstack.wsgi [None req-4e3039a6-c60c-4dac-a583-1190db833383 tempest-DeleteServersTestJSON-1388186803 tempest-DeleteServersTestJSON-1388186803-project] Calling method 'show' {{(pid=101089) _process_stack /opt/stack/cinder/cinder/api/openstack/wsgi.py:856}}
Sep 07 16:13:52.164343 dv-cinder-806991-3-iscsi devstack@c-api.service[101089]: /usr/local/lib/python3.8/dist-packages/oslo_context/context.py:105: DeprecationWarning: Policy enforcement is depending on the value of is_admin. This key is deprecated. Please update your policy file to use the standard policy values.
Sep 07 16:13:52.164343 dv-cinder-806991-3-iscsi devstack@c-api.service[101089]: warnings.warn('Policy enforcement is depending on the value of '
Sep 07 16:13:52.169649 dv-cinder-806991-3-iscsi devstack@c-api.service[101090]: DEBUG cinder.quota [None req-92f25f03-ce18-4916-b781-c3558e9888d3 tempest-GroupSnapshotsTest-106807470 tempest-GroupSnapshotsTest-106807470-project] Created reservations ['60b0e53b-c83e-4705-b00e-d8d3d6c5cf39'] {{(pid=101090) reserve /opt/stack/cinder/cinder/quota.py:755}}
Sep 07 16:13:52.172671 dv-cinder-806991-3-iscsi devstack@c-api.service[101089]: INFO cinder.volume.api [None req-4e3039a6-c60c-4dac-a583-1190db833383 tempest-DeleteServersTestJSON-1388186803 tempest-DeleteServersTestJSON-1388186803-project] Volume info retrieved successfully.
Sep 07 16:13:52.188100 dv-cinder-806991-3-iscsi devstack@c-api.service[101089]: /usr/local/lib/python3.8/dist-packages/oslo_context/context.py:105: DeprecationWarning: Policy enforcement is depending on the value of is_admin. This key is deprecated. Please update your policy file to use the standard policy values.
Sep 07 16:13:52.188100 dv-cinder-806991-3-iscsi devstack@c-api.service[101089]: warnings.warn('Policy enforcement is depending on the value of '
Sep 07 16:13:52.202597 dv-cinder-806991-3-iscsi devstack@c-api.service[101089]: INFO cinder.api.openstack.wsgi [None req-4e3039a6-c60c-4dac-a583-1190db833383 tempest-DeleteServersTestJSON-1388186803 tempest-DeleteServersTestJSON-1388186803-project] http://10.222.0.82/volume/v3/470a35424e7942cd82f7f0b06dff8b4d/volumes/8be02e4e-c25e-404c-8fde-8f4991248d36 returned with HTTP 200
Sep 07 16:13:52.203896 dv-cinder-806991-3-iscsi devstack@c-api.service[101089]: [pid: 101089|app: 0|req: 158/320] 10.222.0.82 () {58 vars in 1325 bytes} [Tue Sep 7 16:13:52 2021] GET /volume/v3/470a35424e7942cd82f7f0b06dff8b4d/volumes/8be02e4e-c25e-404c-8fde-8f4991248d36 => generated 912 bytes in 72 msecs (HTTP/1.1 200) 7 headers in 285 bytes (1 switches on core 0)
Sep 07 16:13:52.222587 dv-cinder-806991-3-iscsi devstack@c-api.service[101089]: INFO cinder.api.openstack.wsgi [None req-0e50fdbb-8408-466d-8084-8b9cce144e67 tempest-SnapshotsActionsTest-1000616563 tempest-SnapshotsActionsTest-1000616563-project-admin] GET http://10.222.0.82/volume/v3/b3105b924f724502ba65a59b4a8ce805/snapshots/5b0289f5-d319-4bda-a4c8-a4400ff1c192
Sep 07 16:13:52.223369 dv-cinder-806991-3-iscsi devstack@c-api.service[101089]: DEBUG cinder.api.openstack.wsgi [None req-0e50fdbb-8408-466d-8084-8b9cce144e67 tempest-SnapshotsActionsTest-1000616563 tempest-SnapshotsActionsTest-1000616563-project-admin] Empty body provided in request {{(pid=101089) get_body /opt/stack/cinder/cinder/api/openstack/wsgi.py:703}}
Sep 07 16:13:52.223667 dv-cinder-806991-3-iscsi devstack@c-api.service[101089]: /usr/local/lib/python3.8/dist-packages/webob/acceptparse.py:1047: DeprecationWarning: The behavior of AcceptValidHeader.best_match is currently being maintained for backward compatibility, but it will be deprecated in the future, as it does not conform to the RFC.
Sep 07 16:13:52.223667 dv-cinder-806991-3-iscsi devstack@c-api.service[101089]: warnings.warn(
Sep 07 16:13:52.224114 dv-cinder-806991-3-iscsi devstack@c-api.service[101089]: DEBUG cinder.api.openstack.wsgi [None req-0e50fdbb-8408-466d-8084-8b9cce144e67 tempest-SnapshotsActionsTest-1000616563 tempest-SnapshotsActionsTest-1000616563-project-admin] Calling method 'show' {{(pid=101089) _process_stack /opt/stack/cinder/cinder/api/openstack/wsgi.py:856}}
Sep 07 16:13:52.239148 dv-cinder-806991-3-iscsi devstack@c-api.service[101089]: /usr/local/lib/python3.8/dist-packages/oslo_context/context.py:105: DeprecationWarning: Policy enforcement is depending on the value of is_admin. This key is deprecated. Please update your policy file to use the standard policy values.
Sep 07 16:13:52.239148 dv-cinder-806991-3-iscsi devstack@c-api.service[101089]: warnings.warn('Policy enforcement is depending on the value of '
Sep 07 16:13:52.241228 dv-cinder-806991-3-iscsi devstack@c-api.service[101089]: INFO cinder.volume.api [None req-0e50fdbb-8408-466d-8084-8b9cce144e67 tempest-SnapshotsActionsTest-1000616563 tempest-SnapshotsActionsTest-1000616563-project-admin] Snapshot retrieved successfully.
Sep 07 16:13:52.244304 dv-cinder-806991-3-iscsi devstack@c-api.service[101089]: INFO cinder.api.openstack.wsgi [None req-0e50fdbb-8408-466d-8084-8b9cce144e67 tempest-SnapshotsActionsTest-1000616563 tempest-SnapshotsActionsTest-1000616563-project-admin] http://10.222.0.82/volume/v3/b3105b924f724502ba65a59b4a8ce805/snapshots/5b0289f5-d319-4bda-a4c8-a4400ff1c192 returned with HTTP 200
Sep 07 16:13:52.245719 dv-cinder-806991-3-iscsi devstack@c-api.service[101089]: [pid: 101089|app: 0|req: 159/321] 10.222.0.82 () {58 vars in 1331 bytes} [Tue Sep 7 16:13:52 2021] GET /volume/v3/b3105b924f724502ba65a59b4a8ce805/snapshots/5b0289f5-d319-4bda-a4c8-a4400ff1c192 => generated 461 bytes in 41 msecs (HTTP/1.1 200) 7 headers in 285 bytes (1 switches on core 0)
Sep 07 16:13:52.247254 dv-cinder-806991-3-iscsi devstack@c-api.service[101089]: INFO cinder.api.openstack.wsgi [None req-0e50fdbb-8408-466d-8084-8b9cce144e67 tempest-SnapshotsActionsTest-1000616563 tempest-SnapshotsActionsTest-1000616563-project-admin] GET http://10.222.0.82/volume//
Sep 07 16:13:52.248090 dv-cinder-806991-3-iscsi devstack@c-api.service[101089]: DEBUG cinder.api.openstack.wsgi [None req-0e50fdbb-8408-466d-8084-8b9cce144e67 tempest-SnapshotsActionsTest-1000616563 tempest-SnapshotsActionsTest-1000616563-project-admin] Empty body provided in request {{(pid=101089) get_body /opt/stack/cinder/cinder/api/openstack/wsgi.py:703}}
Sep 07 16:13:52.249826 dv-cinder-806991-3-iscsi devstack@c-api.service[101090]: INFO cinder.api.openstack.wsgi [None req-92f25f03-ce18-4916-b781-c3558e9888d3 tempest-GroupSnapshotsTest-106807470 tempest-GroupSnapshotsTest-106807470-project] http://10.222.0.82/volume/v3/1dbef63678d541f2ab401f432576b90b/groups returned with HTTP 202
Sep 07 16:13:52.257950 dv-cinder-806991-3-iscsi devstack@c-api.service[101090]: [pid: 101090|app: 0|req: 163/322] 10.222.0.82 () {62 vars in 1274 bytes} [Tue Sep 7 16:13:52 2021] POST /volume/v3/1dbef63678d541f2ab401f432576b90b/groups => generated 112 bytes in 196 msecs (HTTP/1.1 202) 7 headers in 292 bytes (1 switches on core 0)
Sep 07 16:13:52.258197 dv-cinder-806991-3-iscsi devstack@c-api.service[101089]: /usr/local/lib/python3.8/dist-packages/webob/acceptparse.py:1047: DeprecationWarning: The behavior of AcceptValidHeader.best_match is currently being maintained for backward compatibility, but it will be deprecated in the future, as it does not conform to the RFC.
Sep 07 16:13:52.258197 dv-cinder-806991-3-iscsi devstack@c-api.service[101089]: warnings.warn(
Sep 07 16:13:52.258197 dv-cinder-806991-3-iscsi devstack@c-api.service[101089]: DEBUG cinder.api.openstack.wsgi [None req-0e50fdbb-8408-466d-8084-8b9cce144e67 tempest-SnapshotsActionsTest-1000616563 tempest-SnapshotsActionsTest-1000616563-project-admin] Calling method 'all' {{(pid=101089) _process_stack /opt/stack/cinder/cinder/api/openstack/wsgi.py:856}}
Sep 07 16:13:52.258197 dv-cinder-806991-3-iscsi devstack@c-api.service[101089]: INFO cinder.api.openstack.wsgi [None req-0e50fdbb-8408-466d-8084-8b9cce144e67 tempest-SnapshotsActionsTest-1000616563 tempest-SnapshotsActionsTest-1000616563-project-admin] http://10.222.0.82/volume// returned with HTTP 300
Sep 07 16:13:52.258197 dv-cinder-806991-3-iscsi devstack@c-api.service[101089]: [pid: 101089|app: 0|req: 160/323] 10.222.0.83 () {56 vars in 1099 bytes} [Tue Sep 7 16:13:52 2021] GET /volume/ => generated 386 bytes in 9 msecs (HTTP/1.1 300) 5 headers in 169 bytes (1 switches on core 0)
Sep 07 16:13:52.261281 dv-cinder-806991-3-iscsi devstack@c-api.service[101090]: INFO cinder.api.openstack.wsgi [None req-0312b5e8-9a82-4287-adc7-908bc635909b tempest-SnapshotsActionsTest-1000616563 tempest-SnapshotsActionsTest-1000616563-project-admin] POST http://10.222.0.82/volume/v3/b3105b924f724502ba65a59b4a8ce805/snapshots/5b0289f5-d319-4bda-a4c8-a4400ff1c192/action
Sep 07 16:13:52.261685 dv-cinder-806991-3-iscsi devstack@c-api.service[101090]: /usr/local/lib/python3.8/dist-packages/webob/acceptparse.py:1047: DeprecationWarning: The behavior of AcceptValidHeader.best_match is currently being maintained for backward compatibility, but it will be deprecated in the future, as it does not conform to the RFC.
Sep 07 16:13:52.261685 dv-cinder-806991-3-iscsi devstack@c-api.service[101090]: warnings.warn(
