Sep 10 17:40:24.370010 dv-cinder-806968-2-iscsi devstack@n-api.service[115107]: DEBUG oslo_concurrency.lockutils [None req-54c91fd6-fbc2-4d6b-8984-55077d510f03 tempest-VolumesNegativeTest-1469663357 tempest-VolumesNegativeTest-1469663357-project] Lock "394c5f39-b606-436d-8336-ca72e8faa674" released by "nova.context.set_target_cell..get_or_set_cached_cell_and_set_connections" :: held 0.000s {{(pid=115107) inner /usr/local/lib/python3.8/dist-packages/oslo_concurrency/lockutils.py:367}}
Sep 10 17:40:24.381933 dv-cinder-806968-2-iscsi devstack@n-api.service[115106]: DEBUG nova.api.openstack.wsgi [None req-563be755-8ca8-4897-aeae-8d38b85692d2 tempest-AttachVolumeTestJSON-1606948593 tempest-AttachVolumeTestJSON-1606948593-project] Action: 'action', calling method: >, body: {"os-getConsoleOutput": {}} {{(pid=115106) _process_stack /opt/stack/nova/nova/api/openstack/wsgi.py:511}}
Sep 10 17:40:24.383590 dv-cinder-806968-2-iscsi devstack@n-api.service[115106]: DEBUG nova.compute.api [None req-563be755-8ca8-4897-aeae-8d38b85692d2 tempest-AttachVolumeTestJSON-1606948593 tempest-AttachVolumeTestJSON-1606948593-project] [instance: cc23b79d-cb82-4ba2-8d34-c5a15fd2f405] Fetching instance by UUID {{(pid=115106) get /opt/stack/nova/nova/compute/api.py:2863}}
Sep 10 17:40:24.388003 dv-cinder-806968-2-iscsi devstack@n-api.service[115107]: DEBUG nova.quota [None req-54c91fd6-fbc2-4d6b-8984-55077d510f03 tempest-VolumesNegativeTest-1469663357 tempest-VolumesNegativeTest-1469663357-project] Getting quotas for project c8b939d7cdaa4d5e800221d68f2d38f9. Resources: {'cores', 'instances', 'ram'} {{(pid=115107) _get_quotas /opt/stack/nova/nova/quota.py:387}}
Sep 10 17:40:24.390744 dv-cinder-806968-2-iscsi devstack@n-api.service[115106]: DEBUG oslo_concurrency.lockutils [None req-563be755-8ca8-4897-aeae-8d38b85692d2 tempest-AttachVolumeTestJSON-1606948593 tempest-AttachVolumeTestJSON-1606948593-project] Lock "394c5f39-b606-436d-8336-ca72e8faa674" acquired by "nova.context.set_target_cell..get_or_set_cached_cell_and_set_connections" :: waited 0.000s {{(pid=115106) inner /usr/local/lib/python3.8/dist-packages/oslo_concurrency/lockutils.py:355}}
Sep 10 17:40:24.391266 dv-cinder-806968-2-iscsi devstack@n-api.service[115106]: DEBUG oslo_concurrency.lockutils [None req-563be755-8ca8-4897-aeae-8d38b85692d2 tempest-AttachVolumeTestJSON-1606948593 tempest-AttachVolumeTestJSON-1606948593-project] Lock "394c5f39-b606-436d-8336-ca72e8faa674" released by "nova.context.set_target_cell..get_or_set_cached_cell_and_set_connections" :: held 0.001s {{(pid=115106) inner /usr/local/lib/python3.8/dist-packages/oslo_concurrency/lockutils.py:367}}
Sep 10 17:40:24.392738 dv-cinder-806968-2-iscsi devstack@n-api.service[115106]: DEBUG oslo_concurrency.lockutils [None req-563be755-8ca8-4897-aeae-8d38b85692d2 tempest-AttachVolumeTestJSON-1606948593 tempest-AttachVolumeTestJSON-1606948593-project] Lock "394c5f39-b606-436d-8336-ca72e8faa674" acquired by "nova.context.set_target_cell..get_or_set_cached_cell_and_set_connections" :: waited 0.000s {{(pid=115106) inner /usr/local/lib/python3.8/dist-packages/oslo_concurrency/lockutils.py:355}}
Sep 10 17:40:24.393189 dv-cinder-806968-2-iscsi devstack@n-api.service[115106]: DEBUG oslo_concurrency.lockutils [None req-563be755-8ca8-4897-aeae-8d38b85692d2 tempest-AttachVolumeTestJSON-1606948593 tempest-AttachVolumeTestJSON-1606948593-project] Lock "394c5f39-b606-436d-8336-ca72e8faa674" released by "nova.context.set_target_cell..get_or_set_cached_cell_and_set_connections" :: held 0.001s {{(pid=115106) inner /usr/local/lib/python3.8/dist-packages/oslo_concurrency/lockutils.py:367}}
Sep 10 17:40:24.394989 dv-cinder-806968-2-iscsi devstack@n-api.service[115107]: DEBUG nova.quota [None req-54c91fd6-fbc2-4d6b-8984-55077d510f03 tempest-VolumesNegativeTest-1469663357 tempest-VolumesNegativeTest-1469663357-project] Getting quotas for user 93830e0c91594d8e83833667cf4d6d99 and project c8b939d7cdaa4d5e800221d68f2d38f9. Resources: {'cores', 'instances', 'ram'} {{(pid=115107) _get_quotas /opt/stack/nova/nova/quota.py:377}}
Sep 10 17:40:24.406645 dv-cinder-806968-2-iscsi devstack@n-api.service[115107]: DEBUG nova.compute.api [None req-54c91fd6-fbc2-4d6b-8984-55077d510f03 tempest-VolumesNegativeTest-1469663357 tempest-VolumesNegativeTest-1469663357-project] Going to run 1 instances... {{(pid=115107) _provision_instances /opt/stack/nova/nova/compute/api.py:1350}}
Sep 10 17:40:24.409578 dv-cinder-806968-2-iscsi devstack@n-api.service[115107]: DEBUG nova.compute.api [None req-54c91fd6-fbc2-4d6b-8984-55077d510f03 tempest-VolumesNegativeTest-1469663357 tempest-VolumesNegativeTest-1469663357-project] [instance: 8391e9ee-6de2-4dab-9cfc-e1c0ae673a16] block_device_mapping [BlockDeviceMapping(attachment_id=,boot_index=0,connection_info=None,created_at=,delete_on_termination=True,deleted=,deleted_at=,destination_type='local',device_name=None,device_type='disk',disk_bus=None,guest_format=None,id=,image_id='6d548383-5e02-4bac-8de2-381f9169b42c',instance=,instance_uuid=,no_device=False,snapshot_id=None,source_type='image',tag=None,updated_at=,uuid=,volume_id=None,volume_size=None,volume_type=None)] {{(pid=115107) _bdm_validate_set_size_and_instance /opt/stack/nova/nova/compute/api.py:1757}}
Sep 10 17:40:24.454017 dv-cinder-806968-2-iscsi devstack@n-api.service[115107]: INFO nova.api.openstack.requestlog [None req-54c91fd6-fbc2-4d6b-8984-55077d510f03 tempest-VolumesNegativeTest-1469663357 tempest-VolumesNegativeTest-1469663357-project] 10.222.0.65 "POST /compute/v2.1/servers" status: 202 len: 380 microversion: 2.1 time: 1.606945
Sep 10 17:40:24.455724 dv-cinder-806968-2-iscsi devstack@n-api.service[115107]: [pid: 115107|app: 0|req: 141/287] 10.222.0.65 () {60 vars in 1147 bytes} [Fri Sep 10 17:40:22 2021] POST /compute/v2.1/servers => generated 380 bytes in 1610 msecs (HTTP/1.1 202) 10 headers in 451 bytes (1 switches on core 0)
Sep 10 17:40:24.460141 dv-cinder-806968-2-iscsi devstack@n-api.service[115107]: DEBUG nova.api.openstack.wsgi [None req-65b00e52-9c61-4c7d-935d-5936e1ef8939 tempest-TestMinimumBasicScenario-620120990 tempest-TestMinimumBasicScenario-620120990-project] Action: 'create', calling method: >, body: {"server": {"name": "tempest-TestMinimumBasicScenario-server-1501873274", "imageRef": "e551cf50-a644-4911-bcf5-4cab8a702a2a", "flavorRef": "452", "key_name": "tempest-TestMinimumBasicScenario-1055472485", "networks": [{"uuid": "175676d6-1300-45a8-a55c-97976ff29695"}]}} {{(pid=115107) _process_stack /opt/stack/nova/nova/api/openstack/wsgi.py:511}}
Sep 10 17:40:24.494767 dv-cinder-806968-2-iscsi devstack@n-api.service[115106]: INFO nova.api.openstack.requestlog [None req-563be755-8ca8-4897-aeae-8d38b85692d2 tempest-AttachVolumeTestJSON-1606948593 tempest-AttachVolumeTestJSON-1606948593-project] 10.222.0.65 "POST /compute/v2.1/servers/cc23b79d-cb82-4ba2-8d34-c5a15fd2f405/action" status: 200 len: 35916 microversion: 2.1 time: 0.116770
Sep 10 17:40:24.498749 dv-cinder-806968-2-iscsi devstack@n-api.service[115106]: [pid: 115106|app: 0|req: 147/288] 10.222.0.65 () {60 vars in 1278 bytes} [Fri Sep 10 17:40:24 2021] POST /compute/v2.1/servers/cc23b79d-cb82-4ba2-8d34-c5a15fd2f405/action => generated 35916 bytes in 119 msecs (HTTP/1.1 200) 9 headers in 359 bytes (2 switches on core 0)
Sep 10 17:40:24.500556 dv-cinder-806968-2-iscsi devstack@n-api.service[115106]: DEBUG nova.api.openstack.wsgi [None req-4cd82764-8d9b-45a2-9306-558598b4a97b tempest-VolumesNegativeTest-1469663357 tempest-VolumesNegativeTest-1469663357-project] Calling method '>' {{(pid=115106) _process_stack /opt/stack/nova/nova/api/openstack/wsgi.py:513}}
Sep 10 17:40:24.501752 dv-cinder-806968-2-iscsi devstack@n-api.service[115106]: DEBUG nova.compute.api [None req-4cd82764-8d9b-45a2-9306-558598b4a97b tempest-VolumesNegativeTest-1469663357 tempest-VolumesNegativeTest-1469663357-project] [instance: 8391e9ee-6de2-4dab-9cfc-e1c0ae673a16] Fetching instance by UUID {{(pid=115106) get /opt/stack/nova/nova/compute/api.py:2863}}
Sep 10 17:40:24.511122 dv-cinder-806968-2-iscsi devstack@n-api.service[115107]: DEBUG nova.network.neutron [None req-65b00e52-9c61-4c7d-935d-5936e1ef8939 tempest-TestMinimumBasicScenario-620120990 tempest-TestMinimumBasicScenario-620120990-project] validate_networks() for [('175676d6-1300-45a8-a55c-97976ff29695', None, None, None, None, None)] {{(pid=115107) validate_networks /opt/stack/nova/nova/network/neutron.py:2475}}
Sep 10 17:40:24.566738 dv-cinder-806968-2-iscsi devstack@n-api.service[115106]: DEBUG nova.policy [None req-4cd82764-8d9b-45a2-9306-558598b4a97b tempest-VolumesNegativeTest-1469663357 tempest-VolumesNegativeTest-1469663357-project] Policy check for os_compute_api:os-extended-server-attributes failed with credentials {'is_admin': False, 'user_id': '93830e0c91594d8e83833667cf4d6d99', 'user_domain_id': 'default', 'system_scope': None, 'domain_id': None, 'project_id': 'c8b939d7cdaa4d5e800221d68f2d38f9', 'project_domain_id': 'default', 'roles': ['member', 'reader'], 'is_admin_project': True, 'service_user_id': None, 'service_user_domain_id': None, 'service_project_id': None, 'service_project_domain_id': None, 'service_roles': []} {{(pid=115106) authorize /opt/stack/nova/nova/policy.py:199}}
Sep 10 17:40:24.573431 dv-cinder-806968-2-iscsi devstack@n-api.service[115106]: INFO nova.api.openstack.requestlog [None req-4cd82764-8d9b-45a2-9306-558598b4a97b tempest-VolumesNegativeTest-1469663357 tempest-VolumesNegativeTest-1469663357-project] 10.222.0.65 "GET /compute/v2.1/servers/8391e9ee-6de2-4dab-9cfc-e1c0ae673a16" status: 200 len: 1214 microversion: 2.1 time: 0.076493
Sep 10 17:40:24.573991 dv-cinder-806968-2-iscsi devstack@n-api.service[115106]: [pid: 115106|app: 0|req: 148/289] 10.222.0.65 () {58 vars in 1236 bytes} [Fri Sep 10 17:40:24 2021] GET /compute/v2.1/servers/8391e9ee-6de2-4dab-9cfc-e1c0ae673a16 => generated 1214 bytes in 78 msecs (HTTP/1.1 200) 9 headers in 358 bytes (1 switches on core 0)
Sep 10 17:40:24.843704 dv-cinder-806968-2-iscsi devstack@n-api.service[115106]: DEBUG nova.api.openstack.wsgi [None req-926d3c06-7514-46a0-a64f-f371da2c6c3e tempest-ServerRescueNegativeTestJSON-656370247 tempest-ServerRescueNegativeTestJSON-656370247-project] Calling method '>' {{(pid=115106) _process_stack /opt/stack/nova/nova/api/openstack/wsgi.py:513}}
Sep 10 17:40:24.844619 dv-cinder-806968-2-iscsi devstack@n-api.service[115106]: DEBUG nova.compute.api [None req-926d3c06-7514-46a0-a64f-f371da2c6c3e tempest-ServerRescueNegativeTestJSON-656370247 tempest-ServerRescueNegativeTestJSON-656370247-project] [instance: ec407a38-7eb3-4fc2-b4f5-959bb51db600] Fetching instance by UUID {{(pid=115106) get /opt/stack/nova/nova/compute/api.py:2863}}
Sep 10 17:40:24.852128 dv-cinder-806968-2-iscsi devstack@n-api.service[115106]: DEBUG oslo_concurrency.lockutils [None req-926d3c06-7514-46a0-a64f-f371da2c6c3e tempest-ServerRescueNegativeTestJSON-656370247 tempest-ServerRescueNegativeTestJSON-656370247-project] Lock "394c5f39-b606-436d-8336-ca72e8faa674" acquired by "nova.context.set_target_cell..get_or_set_cached_cell_and_set_connections" :: waited 0.000s {{(pid=115106) inner /usr/local/lib/python3.8/dist-packages/oslo_concurrency/lockutils.py:355}}
Sep 10 17:40:24.852937 dv-cinder-806968-2-iscsi devstack@n-api.service[115106]: DEBUG oslo_concurrency.lockutils [None req-926d3c06-7514-46a0-a64f-f371da2c6c3e tempest-ServerRescueNegativeTestJSON-656370247 tempest-ServerRescueNegativeTestJSON-656370247-project] Lock "394c5f39-b606-436d-8336-ca72e8faa674" released by "nova.context.set_target_cell..get_or_set_cached_cell_and_set_connections" :: held 0.001s {{(pid=115106) inner /usr/local/lib/python3.8/dist-packages/oslo_concurrency/lockutils.py:367}}
Sep 10 17:40:24.854126 dv-cinder-806968-2-iscsi devstack@n-api.service[115106]: DEBUG oslo_concurrency.lockutils [None req-926d3c06-7514-46a0-a64f-f371da2c6c3e tempest-ServerRescueNegativeTestJSON-656370247 tempest-ServerRescueNegativeTestJSON-656370247-project] Lock "394c5f39-b606-436d-8336-ca72e8faa674" acquired by "nova.context.set_target_cell..get_or_set_cached_cell_and_set_connections" :: waited 0.000s {{(pid=115106) inner /usr/local/lib/python3.8/dist-packages/oslo_concurrency/lockutils.py:355}}
Sep 10 17:40:24.854740 dv-cinder-806968-2-iscsi devstack@n-api.service[115106]: DEBUG oslo_concurrency.lockutils [None req-926d3c06-7514-46a0-a64f-f371da2c6c3e tempest-ServerRescueNegativeTestJSON-656370247 tempest-ServerRescueNegativeTestJSON-656370247-project] Lock "394c5f39-b606-436d-8336-ca72e8faa674" released by "nova.context.set_target_cell..get_or_set_cached_cell_and_set_connections" :: held 0.001s {{(pid=115106) inner /usr/local/lib/python3.8/dist-packages/oslo_concurrency/lockutils.py:367}}
Sep 10 17:40:24.916649 dv-cinder-806968-2-iscsi devstack@n-api.service[115107]: DEBUG nova.virt.hardware [None req-65b00e52-9c61-4c7d-935d-5936e1ef8939 tempest-TestMinimumBasicScenario-620120990 tempest-TestMinimumBasicScenario-620120990-project] Flavor limits 0:0:0 {{(pid=115107) get_cpu_topology_constraints /opt/stack/nova/nova/virt/hardware.py:343}}
Sep 10 17:40:24.917115 dv-cinder-806968-2-iscsi devstack@n-api.service[115107]: DEBUG nova.virt.hardware [None req-65b00e52-9c61-4c7d-935d-5936e1ef8939 tempest-TestMinimumBasicScenario-620120990 tempest-TestMinimumBasicScenario-620120990-project] Image limits 0:0:0 {{(pid=115107) get_cpu_topology_constraints /opt/stack/nova/nova/virt/hardware.py:347}}
Sep 10 17:40:24.917723 dv-cinder-806968-2-iscsi devstack@n-api.service[115107]: DEBUG nova.virt.hardware [None req-65b00e52-9c61-4c7d-935d-5936e1ef8939 tempest-TestMinimumBasicScenario-620120990 tempest-TestMinimumBasicScenario-620120990-project] Flavor pref 0:0:0 {{(pid=115107) get_cpu_topology_constraints /opt/stack/nova/nova/virt/hardware.py:383}}
Sep 10 17:40:24.918129 dv-cinder-806968-2-iscsi devstack@n-api.service[115107]: DEBUG nova.virt.hardware [None req-65b00e52-9c61-4c7d-935d-5936e1ef8939 tempest-TestMinimumBasicScenario-620120990 tempest-TestMinimumBasicScenario-620120990-project] Image pref 0:0:0 {{(pid=115107) get_cpu_topology_constraints /opt/stack/nova/nova/virt/hardware.py:387}}
Sep 10 17:40:24.919831 dv-cinder-806968-2-iscsi devstack@n-api.service[115107]: DEBUG nova.virt.hardware [None req-65b00e52-9c61-4c7d-935d-5936e1ef8939 tempest-TestMinimumBasicScenario-620120990 tempest-TestMinimumBasicScenario-620120990-project] Chose sockets=0, cores=0, threads=0; limits were sockets=65536, cores=65536, threads=65536 {{(pid=115107) get_cpu_topology_constraints /opt/stack/nova/nova/virt/hardware.py:425}}
Sep 10 17:40:24.929377 dv-cinder-806968-2-iscsi devstack@n-api.service[115107]: DEBUG oslo_concurrency.lockutils [None req-65b00e52-9c61-4c7d-935d-5936e1ef8939 tempest-TestMinimumBasicScenario-620120990 tempest-TestMinimumBasicScenario-620120990-project] Lock "00000000-0000-0000-0000-000000000000" acquired by "nova.context.set_target_cell..get_or_set_cached_cell_and_set_connections" :: waited 0.000s {{(pid=115107) inner /usr/local/lib/python3.8/dist-packages/oslo_concurrency/lockutils.py:355}}
Sep 10 17:40:24.930187 dv-cinder-806968-2-iscsi devstack@n-api.service[115107]: DEBUG oslo_concurrency.lockutils [None req-65b00e52-9c61-4c7d-935d-5936e1ef8939 tempest-TestMinimumBasicScenario-620120990 tempest-TestMinimumBasicScenario-620120990-project] Lock "00000000-0000-0000-0000-000000000000" released by "nova.context.set_target_cell..get_or_set_cached_cell_and_set_connections" :: held 0.001s {{(pid=115107) inner /usr/local/lib/python3.8/dist-packages/oslo_concurrency/lockutils.py:367}}
Sep 10 17:40:24.931235 dv-cinder-806968-2-iscsi devstack@n-api.service[115107]: DEBUG oslo_concurrency.lockutils [None req-65b00e52-9c61-4c7d-935d-5936e1ef8939 tempest-TestMinimumBasicScenario-620120990 tempest-TestMinimumBasicScenario-620120990-project] Lock "394c5f39-b606-436d-8336-ca72e8faa674" acquired by "nova.context.set_target_cell..get_or_set_cached_cell_and_set_connections" :: waited 0.000s {{(pid=115107) inner /usr/local/lib/python3.8/dist-packages/oslo_concurrency/lockutils.py:355}}
Sep 10 17:40:24.931678 dv-cinder-806968-2-iscsi devstack@n-api.service[115107]: DEBUG oslo_concurrency.lockutils [None req-65b00e52-9c61-4c7d-935d-5936e1ef8939 tempest-TestMinimumBasicScenario-620120990 tempest-TestMinimumBasicScenario-620120990-project] Lock "394c5f39-b606-436d-8336-ca72e8faa674" released by "nova.context.set_target_cell..get_or_set_cached_cell_and_set_connections" :: held 0.000s {{(pid=115107) inner /usr/local/lib/python3.8/dist-packages/oslo_concurrency/lockutils.py:367}}
Sep 10 17:40:24.948180 dv-cinder-806968-2-iscsi devstack@n-api.service[115107]: DEBUG nova.quota [None req-65b00e52-9c61-4c7d-935d-5936e1ef8939 tempest-TestMinimumBasicScenario-620120990 tempest-TestMinimumBasicScenario-620120990-project] Getting quotas for project 5ed6adc49483460d8948be4dd734757e. Resources: {'cores', 'instances', 'ram'} {{(pid=115107) _get_quotas /opt/stack/nova/nova/quota.py:387}}
Sep 10 17:40:24.951932 dv-cinder-806968-2-iscsi devstack@n-api.service[115107]: DEBUG nova.quota [None req-65b00e52-9c61-4c7d-935d-5936e1ef8939 tempest-TestMinimumBasicScenario-620120990 tempest-TestMinimumBasicScenario-620120990-project] Getting quotas for user 26aa9e1caa184033a087fc97bb02c390 and project 5ed6adc49483460d8948be4dd734757e. Resources: {'cores', 'instances', 'ram'} {{(pid=115107) _get_quotas /opt/stack/nova/nova/quota.py:377}}
Sep 10 17:40:24.963668 dv-cinder-806968-2-iscsi devstack@n-api.service[115107]: DEBUG nova.compute.api [None req-65b00e52-9c61-4c7d-935d-5936e1ef8939 tempest-TestMinimumBasicScenario-620120990 tempest-TestMinimumBasicScenario-620120990-project] Going to run 1 instances... {{(pid=115107) _provision_instances /opt/stack/nova/nova/compute/api.py:1350}}
Sep 10 17:40:24.965827 dv-cinder-806968-2-iscsi devstack@n-api.service[115107]: DEBUG nova.compute.api [None req-65b00e52-9c61-4c7d-935d-5936e1ef8939 tempest-TestMinimumBasicScenario-620120990 tempest-TestMinimumBasicScenario-620120990-project] [instance: 13e288d4-cf9e-4897-bbbd-c107e20854b2] block_device_mapping [BlockDeviceMapping(attachment_id=,boot_index=0,connection_info=None,created_at=,delete_on_termination=True,deleted=,deleted_at=,destination_type='local',device_name=None,device_type='disk',disk_bus=None,guest_format=None,id=,image_id='e551cf50-a644-4911-bcf5-4cab8a702a2a',instance=,instance_uuid=,no_device=False,snapshot_id=None,source_type='image',tag=None,updated_at=,uuid=,volume_id=None,volume_size=None,volume_type=None)] {{(pid=115107) _bdm_validate_set_size_and_instance /opt/stack/nova/nova/compute/api.py:1757}}
Sep 10 17:40:24.998270 dv-cinder-806968-2-iscsi devstack@n-api.service[115106]: DEBUG nova.policy [None req-926d3c06-7514-46a0-a64f-f371da2c6c3e tempest-ServerRescueNegativeTestJSON-656370247 tempest-ServerRescueNegativeTestJSON-656370247-project] Policy check for os_compute_api:os-extended-server-attributes failed with credentials {'is_admin': False, 'user_id': '54e1eb86071c46e58e1bb426402b2689', 'user_domain_id': 'default', 'system_scope': None, 'domain_id': None, 'project_id': 'dff13628c5bc4dcb8cb6ba6742ea746c', 'project_domain_id': 'default', 'roles': ['member', 'reader'], 'is_admin_project': True, 'service_user_id': None, 'service_user_domain_id': None, 'service_project_id': None, 'service_project_domain_id': None, 'service_roles': []} {{(pid=115106) authorize /opt/stack/nova/nova/policy.py:199}}
Sep 10 17:40:25.006495 dv-cinder-806968-2-iscsi devstack@n-api.service[115106]: INFO nova.api.openstack.requestlog [None req-926d3c06-7514-46a0-a64f-f371da2c6c3e tempest-ServerRescueNegativeTestJSON-656370247 tempest-ServerRescueNegativeTestJSON-656370247-project] 10.222.0.65 "GET /compute/v2.1/servers/ec407a38-7eb3-4fc2-b4f5-959bb51db600" status: 200 len: 1520 microversion: 2.1 time: 0.166656
Sep 10 17:40:25.008050 dv-cinder-806968-2-iscsi devstack@n-api.service[115106]: [pid: 115106|app: 0|req: 149/290] 10.222.0.65 () {58 vars in 1236 bytes} [Fri Sep 10 17:40:24 2021] GET /compute/v2.1/servers/ec407a38-7eb3-4fc2-b4f5-959bb51db600 => generated 1520 bytes in 169 msecs (HTTP/1.1 200) 9 headers in 358 bytes (2 switches on core 0)
Sep 10 17:40:25.032017 dv-cinder-806968-2-iscsi devstack@n-api.service[115107]: INFO nova.api.openstack.requestlog [None req-65b00e52-9c61-4c7d-935d-5936e1ef8939 tempest-TestMinimumBasicScenario-620120990 tempest-TestMinimumBasicScenario-620120990-project] 10.222.0.65 "POST /compute/v2.1/servers" status: 202 len: 380 microversion: 2.1 time: 0.575225
Sep 10 17:40:25.033404 dv-cinder-806968-2-iscsi devstack@n-api.service[115107]: [pid: 115107|app: 0|req: 142/291] 10.222.0.65 () {60 vars in 1147 bytes} [Fri Sep 10 17:40:24 2021] POST /compute/v2.1/servers => generated 380 bytes in 577 msecs (HTTP/1.1 202) 10 headers in 451 bytes (1 switches on core 0)
Sep 10 17:40:25.047418 dv-cinder-806968-2-iscsi devstack@n-api.service[115106]: DEBUG nova.api.openstack.wsgi [None req-8a645a1d-85e8-4564-8a58-b5d54edf4b2f tempest-TestMinimumBasicScenario-620120990 tempest-TestMinimumBasicScenario-620120990-project] Calling method '>' {{(pid=115106) _process_stack /opt/stack/nova/nova/api/openstack/wsgi.py:513}}
Sep 10 17:40:25.049459 dv-cinder-806968-2-iscsi devstack@n-api.service[115106]: DEBUG nova.compute.api [None req-8a645a1d-85e8-4564-8a58-b5d54edf4b2f tempest-TestMinimumBasicScenario-620120990 tempest-TestMinimumBasicScenario-620120990-project] [instance: 13e288d4-cf9e-4897-bbbd-c107e20854b2] Fetching instance by UUID {{(pid=115106) get /opt/stack/nova/nova/compute/api.py:2863}}
Sep 10 17:40:25.121132 dv-cinder-806968-2-iscsi devstack@n-api.service[115106]: DEBUG nova.policy [None req-8a645a1d-85e8-4564-8a58-b5d54edf4b2f tempest-TestMinimumBasicScenario-620120990 tempest-TestMinimumBasicScenario-620120990-project] Policy check for os_compute_api:os-extended-server-attributes failed with credentials {'is_admin': False, 'user_id': '26aa9e1caa184033a087fc97bb02c390', 'user_domain_id': 'default', 'system_scope': None, 'domain_id': None, 'project_id': '5ed6adc49483460d8948be4dd734757e', 'project_domain_id': 'default', 'roles': ['member', 'reader'], 'is_admin_project': True, 'service_user_id': None, 'service_user_domain_id': None, 'service_project_id': None, 'service_project_domain_id': None, 'service_roles': []} {{(pid=115106) authorize /opt/stack/nova/nova/policy.py:199}}
Sep 10 17:40:25.128260 dv-cinder-806968-2-iscsi devstack@n-api.service[115106]: INFO nova.api.openstack.requestlog [None req-8a645a1d-85e8-4564-8a58-b5d54edf4b2f tempest-TestMinimumBasicScenario-620120990 tempest-TestMinimumBasicScenario-620120990-project] 10.222.0.65 "GET /compute/v2.1/servers/13e288d4-cf9e-4897-bbbd-c107e20854b2" status: 200 len: 1259 microversion: 2.1 time: 0.088789
Sep 10 17:40:25.130653 dv-cinder-806968-2-iscsi devstack@n-api.service[115106]: [pid: 115106|app: 0|req: 150/292] 10.222.0.65 () {58 vars in 1236 bytes} [Fri Sep 10 17:40:25 2021] GET /compute/v2.1/servers/13e288d4-cf9e-4897-bbbd-c107e20854b2 => generated 1259 bytes in 90 msecs (HTTP/1.1 200) 9 headers in 358 bytes (1 switches on core 0)
Sep 10 17:40:25.507540 dv-cinder-806968-2-iscsi devstack@n-api.service[115107]: DEBUG nova.api.openstack.wsgi [None req-d26c5f3d-dcc0-446b-9f00-990d28f12eeb tempest-AttachVolumeTestJSON-1606948593 tempest-AttachVolumeTestJSON-1606948593-project] Action: 'action', calling method: >, body: {"os-getConsoleOutput": {}} {{(pid=115107) _process_stack /opt/stack/nova/nova/api/openstack/wsgi.py:511}}
Sep 10 17:40:25.508636 dv-cinder-806968-2-iscsi devstack@n-api.service[115107]: DEBUG nova.compute.api [None req-d26c5f3d-dcc0-446b-9f00-990d28f12eeb tempest-AttachVolumeTestJSON-1606948593 tempest-AttachVolumeTestJSON-1606948593-project] [instance: cc23b79d-cb82-4ba2-8d34-c5a15fd2f405] Fetching instance by UUID {{(pid=115107) get /opt/stack/nova/nova/compute/api.py:2863}}
Sep 10 17:40:25.515993 dv-cinder-806968-2-iscsi devstack@n-api.service[115107]: DEBUG oslo_concurrency.lockutils [None req-d26c5f3d-dcc0-446b-9f00-990d28f12eeb tempest-AttachVolumeTestJSON-1606948593 tempest-AttachVolumeTestJSON-1606948593-project] Lock "394c5f39-b606-436d-8336-ca72e8faa674" acquired by "nova.context.set_target_cell..get_or_set_cached_cell_and_set_connections" :: waited 0.000s {{(pid=115107) inner /usr/local/lib/python3.8/dist-packages/oslo_concurrency/lockutils.py:355}}
Sep 10 17:40:25.516406 dv-cinder-806968-2-iscsi devstack@n-api.service[115107]: DEBUG oslo_concurrency.lockutils [None req-d26c5f3d-dcc0-446b-9f00-990d28f12eeb tempest-AttachVolumeTestJSON-1606948593 tempest-AttachVolumeTestJSON-1606948593-project] Lock "394c5f39-b606-436d-8336-ca72e8faa674" released by "nova.context.set_target_cell..get_or_set_cached_cell_and_set_connections" :: held 0.001s {{(pid=115107) inner /usr/local/lib/python3.8/dist-packages/oslo_concurrency/lockutils.py:367}}
Sep 10 17:40:25.517826 dv-cinder-806968-2-iscsi devstack@n-api.service[115107]: DEBUG oslo_concurrency.lockutils [None req-d26c5f3d-dcc0-446b-9f00-990d28f12eeb tempest-AttachVolumeTestJSON-1606948593 tempest-AttachVolumeTestJSON-1606948593-project] Lock "394c5f39-b606-436d-8336-ca72e8faa674" acquired by "nova.context.set_target_cell..get_or_set_cached_cell_and_set_connections" :: waited 0.000s {{(pid=115107) inner /usr/local/lib/python3.8/dist-packages/oslo_concurrency/lockutils.py:355}}
Sep 10 17:40:25.518279 dv-cinder-806968-2-iscsi devstack@n-api.service[115107]: DEBUG oslo_concurrency.lockutils [None req-d26c5f3d-dcc0-446b-9f00-990d28f12eeb tempest-AttachVolumeTestJSON-1606948593 tempest-AttachVolumeTestJSON-1606948593-project] Lock "394c5f39-b606-436d-8336-ca72e8faa674" released by "nova.context.set_target_cell..get_or_set_cached_cell_and_set_connections" :: held 0.000s {{(pid=115107) inner /usr/local/lib/python3.8/dist-packages/oslo_concurrency/lockutils.py:367}}
Sep 10 17:40:25.591047 dv-cinder-806968-2-iscsi devstack@n-api.service[115106]: DEBUG nova.api.openstack.wsgi [None req-8e06e98e-6026-448c-b44a-4383a434eadb tempest-VolumesNegativeTest-1469663357 tempest-VolumesNegativeTest-1469663357-project] Calling method '>' {{(pid=115106) _process_stack /opt/stack/nova/nova/api/openstack/wsgi.py:513}}
Sep 10 17:40:25.592061 dv-cinder-806968-2-iscsi devstack@n-api.service[115106]: DEBUG nova.compute.api [None req-8e06e98e-6026-448c-b44a-4383a434eadb tempest-VolumesNegativeTest-1469663357 tempest-VolumesNegativeTest-1469663357-project] [instance: 8391e9ee-6de2-4dab-9cfc-e1c0ae673a16] Fetching instance by UUID {{(pid=115106) get /opt/stack/nova/nova/compute/api.py:2863}}
Sep 10 17:40:25.599196 dv-cinder-806968-2-iscsi devstack@n-api.service[115106]: DEBUG oslo_concurrency.lockutils [None req-8e06e98e-6026-448c-b44a-4383a434eadb tempest-VolumesNegativeTest-1469663357 tempest-VolumesNegativeTest-1469663357-project] Lock "394c5f39-b606-436d-8336-ca72e8faa674" acquired by "nova.context.set_target_cell..get_or_set_cached_cell_and_set_connections" :: waited 0.000s {{(pid=115106) inner /usr/local/lib/python3.8/dist-packages/oslo_concurrency/lockutils.py:355}}
Sep 10 17:40:25.599645 dv-cinder-806968-2-iscsi devstack@n-api.service[115106]: DEBUG oslo_concurrency.lockutils [None req-8e06e98e-6026-448c-b44a-4383a434eadb tempest-VolumesNegativeTest-1469663357 tempest-VolumesNegativeTest-1469663357-project] Lock "394c5f39-b606-436d-8336-ca72e8faa674" released by "nova.context.set_target_cell..get_or_set_cached_cell_and_set_connections" :: held 0.001s {{(pid=115106) inner /usr/local/lib/python3.8/dist-packages/oslo_concurrency/lockutils.py:367}}
Sep 10 17:40:25.600527 dv-cinder-806968-2-iscsi devstack@n-api.service[115106]: DEBUG oslo_concurrency.lockutils [None req-8e06e98e-6026-448c-b44a-4383a434eadb tempest-VolumesNegativeTest-1469663357 tempest-VolumesNegativeTest-1469663357-project] Lock "394c5f39-b606-436d-8336-ca72e8faa674" acquired by "nova.context.set_target_cell..get_or_set_cached_cell_and_set_connections" :: waited 0.000s {{(pid=115106) inner /usr/local/lib/python3.8/dist-packages/oslo_concurrency/lockutils.py:355}}
Sep 10 17:40:25.601140 dv-cinder-806968-2-iscsi devstack@n-api.service[115106]: DEBUG oslo_concurrency.lockutils [None req-8e06e98e-6026-448c-b44a-4383a434eadb tempest-VolumesNegativeTest-1469663357 tempest-VolumesNegativeTest-1469663357-project] Lock "394c5f39-b606-436d-8336-ca72e8faa674" released by "nova.context.set_target_cell..get_or_set_cached_cell_and_set_connections" :: held 0.001s {{(pid=115106) inner /usr/local/lib/python3.8/dist-packages/oslo_concurrency/lockutils.py:367}}
Sep 10 17:40:25.618054 dv-cinder-806968-2-iscsi devstack@n-api.service[115107]: INFO nova.api.openstack.requestlog [None req-d26c5f3d-dcc0-446b-9f00-990d28f12eeb tempest-AttachVolumeTestJSON-1606948593 tempest-AttachVolumeTestJSON-1606948593-project] 10.222.0.65 "POST /compute/v2.1/servers/cc23b79d-cb82-4ba2-8d34-c5a15fd2f405/action" status: 200 len: 36724 microversion: 2.1 time: 0.113745
Sep 10 17:40:25.619585 dv-cinder-806968-2-iscsi devstack@n-api.service[115107]: [pid: 115107|app: 0|req: 143/293] 10.222.0.65 () {60 vars in 1278 bytes} [Fri Sep 10 17:40:25 2021] POST /compute/v2.1/servers/cc23b79d-cb82-4ba2-8d34-c5a15fd2f405/action => generated 36724 bytes in 117 msecs (HTTP/1.1 200) 9 headers in 359 bytes (1 switches on core 0)
Sep 10 17:40:25.669310 dv-cinder-806968-2-iscsi devstack@n-api.service[115106]: DEBUG nova.policy [None req-8e06e98e-6026-448c-b44a-4383a434eadb tempest-VolumesNegativeTest-1469663357 tempest-VolumesNegativeTest-1469663357-project] Policy check for os_compute_api:os-extended-server-attributes failed with credentials {'is_admin': False, 'user_id': '93830e0c91594d8e83833667cf4d6d99', 'user_domain_id': 'default', 'system_scope': None, 'domain_id': None, 'project_id': 'c8b939d7cdaa4d5e800221d68f2d38f9', 'project_domain_id': 'default', 'roles': ['member', 'reader'], 'is_admin_project': True, 'service_user_id': None, 'service_user_domain_id': None, 'service_project_id': None, 'service_project_domain_id': None, 'service_roles': []} {{(pid=115106) authorize /opt/stack/nova/nova/policy.py:199}}
Sep 10 17:40:25.677034 dv-cinder-806968-2-iscsi devstack@n-api.service[115106]: INFO nova.api.openstack.requestlog [None req-8e06e98e-6026-448c-b44a-4383a434eadb tempest-VolumesNegativeTest-1469663357 tempest-VolumesNegativeTest-1469663357-project] 10.222.0.65 "GET /compute/v2.1/servers/8391e9ee-6de2-4dab-9cfc-e1c0ae673a16" status: 200 len: 1284 microversion: 2.1 time: 0.089869
Sep 10 17:40:25.677591 dv-cinder-806968-2-iscsi devstack@n-api.service[115106]: [pid: 115106|app: 0|req: 151/294] 10.222.0.65 () {58 vars in 1236 bytes} [Fri Sep 10 17:40:25 2021] GET /compute/v2.1/servers/8391e9ee-6de2-4dab-9cfc-e1c0ae673a16 => generated 1284 bytes in 91 msecs (HTTP/1.1 200) 9 headers in 358 bytes (2 switches on core 0)
Sep 10 17:40:26.024882 dv-cinder-806968-2-iscsi devstack@n-api.service[115107]: DEBUG nova.api.openstack.wsgi [None req-45ffe335-c197-46f5-9e3f-6c07077bd8c7 tempest-ServerRescueNegativeTestJSON-656370247 tempest-ServerRescueNegativeTestJSON-656370247-project] Calling method '>' {{(pid=115107) _process_stack /opt/stack/nova/nova/api/openstack/wsgi.py:513}}
Sep 10 17:40:26.025567 dv-cinder-806968-2-iscsi devstack@n-api.service[115107]: DEBUG nova.compute.api [None req-45ffe335-c197-46f5-9e3f-6c07077bd8c7 tempest-ServerRescueNegativeTestJSON-656370247 tempest-ServerRescueNegativeTestJSON-656370247-project] [instance: ec407a38-7eb3-4fc2-b4f5-959bb51db600] Fetching instance by UUID {{(pid=115107) get /opt/stack/nova/nova/compute/api.py:2863}}
Sep 10 17:40:26.033041 dv-cinder-806968-2-iscsi devstack@n-api.service[115107]: DEBUG oslo_concurrency.lockutils [None req-45ffe335-c197-46f5-9e3f-6c07077bd8c7 tempest-ServerRescueNegativeTestJSON-656370247 tempest-ServerRescueNegativeTestJSON-656370247-project] Lock "394c5f39-b606-436d-8336-ca72e8faa674" acquired by "nova.context.set_target_cell..get_or_set_cached_cell_and_set_connections" :: waited 0.000s {{(pid=115107) inner /usr/local/lib/python3.8/dist-packages/oslo_concurrency/lockutils.py:355}}
Sep 10 17:40:26.033490 dv-cinder-806968-2-iscsi devstack@n-api.service[115107]: DEBUG oslo_concurrency.lockutils [None req-45ffe335-c197-46f5-9e3f-6c07077bd8c7 tempest-ServerRescueNegativeTestJSON-656370247 tempest-ServerRescueNegativeTestJSON-656370247-project] Lock "394c5f39-b606-436d-8336-ca72e8faa674" released by "nova.context.set_target_cell..get_or_set_cached_cell_and_set_connections" :: held 0.001s {{(pid=115107) inner /usr/local/lib/python3.8/dist-packages/oslo_concurrency/lockutils.py:367}}
Sep 10 17:40:26.034285 dv-cinder-806968-2-iscsi devstack@n-api.service[115107]: DEBUG oslo_concurrency.lockutils [None req-45ffe335-c197-46f5-9e3f-6c07077bd8c7 tempest-ServerRescueNegativeTestJSON-656370247 tempest-ServerRescueNegativeTestJSON-656370247-project] Lock "394c5f39-b606-436d-8336-ca72e8faa674" acquired by "nova.context.set_target_cell..get_or_set_cached_cell_and_set_connections" :: waited 0.000s {{(pid=115107) inner /usr/local/lib/python3.8/dist-packages/oslo_concurrency/lockutils.py:355}}
Sep 10 17:40:26.034820 dv-cinder-806968-2-iscsi devstack@n-api.service[115107]: DEBUG oslo_concurrency.lockutils [None req-45ffe335-c197-46f5-9e3f-6c07077bd8c7 tempest-ServerRescueNegativeTestJSON-656370247 tempest-ServerRescueNegativeTestJSON-656370247-project] Lock "394c5f39-b606-436d-8336-ca72e8faa674" released by "nova.context.set_target_cell..get_or_set_cached_cell_and_set_connections" :: held 0.000s {{(pid=115107) inner /usr/local/lib/python3.8/dist-packages/oslo_concurrency/lockutils.py:367}}
Sep 10 17:40:26.132279 dv-cinder-806968-2-iscsi devstack@n-api.service[115106]: DEBUG nova.api.openstack.wsgi [None req-fa6d7f07-9f55-4800-b633-34dc392cf582 tempest-AttachVolumeShelveTestJSON-1280121545 tempest-AttachVolumeShelveTestJSON-1280121545-project] Action: 'action', calling method: >, body: {"shelve": {}} {{(pid=115106) _process_stack /opt/stack/nova/nova/api/openstack/wsgi.py:511}}
Sep 10 17:40:26.132849 dv-cinder-806968-2-iscsi devstack@n-api.service[115106]: DEBUG nova.compute.api [None req-fa6d7f07-9f55-4800-b633-34dc392cf582 tempest-AttachVolumeShelveTestJSON-1280121545 tempest-AttachVolumeShelveTestJSON-1280121545-project] [instance: a657ca4c-be80-431d-a355-01f9ad227dde] Fetching instance by UUID {{(pid=115106) get /opt/stack/nova/nova/compute/api.py:2863}}
Sep 10 17:40:26.139553 dv-cinder-806968-2-iscsi devstack@n-api.service[115106]: DEBUG oslo_concurrency.lockutils [None req-fa6d7f07-9f55-4800-b633-34dc392cf582 tempest-AttachVolumeShelveTestJSON-1280121545 tempest-AttachVolumeShelveTestJSON-1280121545-project] Lock "394c5f39-b606-436d-8336-ca72e8faa674" acquired by "nova.context.set_target_cell..get_or_set_cached_cell_and_set_connections" :: waited 0.000s {{(pid=115106) inner /usr/local/lib/python3.8/dist-packages/oslo_concurrency/lockutils.py:355}}
Sep 10 17:40:26.139553 dv-cinder-806968-2-iscsi devstack@n-api.service[115106]: DEBUG oslo_concurrency.lockutils [None req-fa6d7f07-9f55-4800-b633-34dc392cf582 tempest-AttachVolumeShelveTestJSON-1280121545 tempest-AttachVolumeShelveTestJSON-1280121545-project] Lock "394c5f39-b606-436d-8336-ca72e8faa674" released by "nova.context.set_target_cell..get_or_set_cached_cell_and_set_connections" :: held 0.001s {{(pid=115106) inner /usr/local/lib/python3.8/dist-packages/oslo_concurrency/lockutils.py:367}}
Sep 10 17:40:26.139946 dv-cinder-806968-2-iscsi devstack@n-api.service[115106]: DEBUG oslo_concurrency.lockutils [None req-fa6d7f07-9f55-4800-b633-34dc392cf582 tempest-AttachVolumeShelveTestJSON-1280121545 tempest-AttachVolumeShelveTestJSON-1280121545-project] Lock "394c5f39-b606-436d-8336-ca72e8faa674" acquired by "nova.context.set_target_cell..get_or_set_cached_cell_and_set_connections" :: waited 0.000s {{(pid=115106) inner /usr/local/lib/python3.8/dist-packages/oslo_concurrency/lockutils.py:355}}
Sep 10 17:40:26.140386 dv-cinder-806968-2-iscsi devstack@n-api.service[115106]: DEBUG oslo_concurrency.lockutils [None req-fa6d7f07-9f55-4800-b633-34dc392cf582 tempest-AttachVolumeShelveTestJSON-1280121545 tempest-AttachVolumeShelveTestJSON-1280121545-project] Lock "394c5f39-b606-436d-8336-ca72e8faa674" released by "nova.context.set_target_cell..get_or_set_cached_cell_and_set_connections" :: held 0.001s {{(pid=115106) inner /usr/local/lib/python3.8/dist-packages/oslo_concurrency/lockutils.py:367}}
Sep 10 17:40:26.163442 dv-cinder-806968-2-iscsi devstack@n-api.service[115106]: DEBUG nova.objects.instance [None req-fa6d7f07-9f55-4800-b633-34dc392cf582 tempest-AttachVolumeShelveTestJSON-1280121545 tempest-AttachVolumeShelveTestJSON-1280121545-project] Lazy-loading 'flavor' on Instance uuid a657ca4c-be80-431d-a355-01f9ad227dde {{(pid=115106) obj_load_attr /opt/stack/nova/nova/objects/instance.py:1098}}
Sep 10 17:40:26.259146 dv-cinder-806968-2-iscsi devstack@n-api.service[115107]: DEBUG nova.policy [None req-45ffe335-c197-46f5-9e3f-6c07077bd8c7 tempest-ServerRescueNegativeTestJSON-656370247 tempest-ServerRescueNegativeTestJSON-656370247-project] Policy check for os_compute_api:os-extended-server-attributes failed with credentials {'is_admin': False, 'user_id': '54e1eb86071c46e58e1bb426402b2689', 'user_domain_id': 'default', 'system_scope': None, 'domain_id': None, 'project_id': 'dff13628c5bc4dcb8cb6ba6742ea746c', 'project_domain_id': 'default', 'roles': ['member', 'reader'], 'is_admin_project': True, 'service_user_id': None, 'service_user_domain_id': None, 'service_project_id': None, 'service_project_domain_id': None, 'service_roles': []} {{(pid=115107) authorize /opt/stack/nova/nova/policy.py:199}}
Sep 10 17:40:26.267909 dv-cinder-806968-2-iscsi devstack@n-api.service[115107]: INFO nova.api.openstack.requestlog [None req-45ffe335-c197-46f5-9e3f-6c07077bd8c7 tempest-ServerRescueNegativeTestJSON-656370247 tempest-ServerRescueNegativeTestJSON-656370247-project] 10.222.0.65 "GET /compute/v2.1/servers/ec407a38-7eb3-4fc2-b4f5-959bb51db600" status: 200 len: 1520 microversion: 2.1 time: 0.246897
Sep 10 17:40:26.270626 dv-cinder-806968-2-iscsi devstack@n-api.service[115107]: [pid: 115107|app: 0|req: 144/295] 10.222.0.65 () {58 vars in 1236 bytes} [Fri Sep 10 17:40:26 2021] GET /compute/v2.1/servers/ec407a38-7eb3-4fc2-b4f5-959bb51db600 => generated 1520 bytes in 250 msecs (HTTP/1.1 200) 9 headers in 358 bytes (1 switches on core 0)
Sep 10 17:40:26.275224 dv-cinder-806968-2-iscsi devstack@n-api.service[115107]: DEBUG nova.api.openstack.wsgi [None req-40241e53-ba3b-4c61-8efb-44e2467a588e tempest-TestMinimumBasicScenario-620120990 tempest-TestMinimumBasicScenario-620120990-project] Calling method '>' {{(pid=115107) _process_stack /opt/stack/nova/nova/api/openstack/wsgi.py:513}}
Sep 10 17:40:26.275999 dv-cinder-806968-2-iscsi devstack@n-api.service[115107]: DEBUG nova.compute.api [None req-40241e53-ba3b-4c61-8efb-44e2467a588e tempest-TestMinimumBasicScenario-620120990 tempest-TestMinimumBasicScenario-620120990-project] [instance: 13e288d4-cf9e-4897-bbbd-c107e20854b2] Fetching instance by UUID {{(pid=115107) get /opt/stack/nova/nova/compute/api.py:2863}}
Sep 10 17:40:26.283309 dv-cinder-806968-2-iscsi devstack@n-api.service[115107]: DEBUG oslo_concurrency.lockutils [None req-40241e53-ba3b-4c61-8efb-44e2467a588e tempest-TestMinimumBasicScenario-620120990 tempest-TestMinimumBasicScenario-620120990-project] Lock "394c5f39-b606-436d-8336-ca72e8faa674" acquired by "nova.context.set_target_cell..get_or_set_cached_cell_and_set_connections" :: waited 0.000s {{(pid=115107) inner /usr/local/lib/python3.8/dist-packages/oslo_concurrency/lockutils.py:355}}
Sep 10 17:40:26.284361 dv-cinder-806968-2-iscsi devstack@n-api.service[115107]: DEBUG oslo_concurrency.lockutils [None req-40241e53-ba3b-4c61-8efb-44e2467a588e tempest-TestMinimumBasicScenario-620120990 tempest-TestMinimumBasicScenario-620120990-project] Lock "394c5f39-b606-436d-8336-ca72e8faa674" released by "nova.context.set_target_cell..get_or_set_cached_cell_and_set_connections" :: held 0.001s {{(pid=115107) inner /usr/local/lib/python3.8/dist-packages/oslo_concurrency/lockutils.py:367}}
Sep 10 17:40:26.284772 dv-cinder-806968-2-iscsi devstack@n-api.service[115107]: DEBUG oslo_concurrency.lockutils [None req-40241e53-ba3b-4c61-8efb-44e2467a588e tempest-TestMinimumBasicScenario-620120990 tempest-TestMinimumBasicScenario-620120990-project] Lock "394c5f39-b606-436d-8336-ca72e8faa674" acquired by "nova.context.set_target_cell..get_or_set_cached_cell_and_set_connections" :: waited 0.000s {{(pid=115107) inner /usr/local/lib/python3.8/dist-packages/oslo_concurrency/lockutils.py:355}}
Sep 10 17:40:26.285927 dv-cinder-806968-2-iscsi devstack@n-api.service[115107]: DEBUG oslo_concurrency.lockutils [None req-40241e53-ba3b-4c61-8efb-44e2467a588e tempest-TestMinimumBasicScenario-620120990 tempest-TestMinimumBasicScenario-620120990-project] Lock "394c5f39-b606-436d-8336-ca72e8faa674" released by "nova.context.set_target_cell..get_or_set_cached_cell_and_set_connections" :: held 0.001s {{(pid=115107) inner /usr/local/lib/python3.8/dist-packages/oslo_concurrency/lockutils.py:367}}
Sep 10 17:40:26.377840 dv-cinder-806968-2-iscsi devstack@n-api.service[115107]: DEBUG nova.policy [None req-40241e53-ba3b-4c61-8efb-44e2467a588e tempest-TestMinimumBasicScenario-620120990 tempest-TestMinimumBasicScenario-620120990-project] Policy check for os_compute_api:os-extended-server-attributes failed with credentials {'is_admin': False, 'user_id': '26aa9e1caa184033a087fc97bb02c390', 'user_domain_id': 'default', 'system_scope': None, 'domain_id': None, 'project_id': '5ed6adc49483460d8948be4dd734757e', 'project_domain_id': 'default', 'roles': ['member', 'reader'], 'is_admin_project': True, 'service_user_id': None, 'service_user_domain_id': None, 'service_project_id': None, 'service_project_domain_id': None, 'service_roles': []} {{(pid=115107) authorize /opt/stack/nova/nova/policy.py:199}}
Sep 10 17:40:26.387349 dv-cinder-806968-2-iscsi devstack@n-api.service[115107]: INFO nova.api.openstack.requestlog [None req-40241e53-ba3b-4c61-8efb-44e2467a588e tempest-TestMinimumBasicScenario-620120990 tempest-TestMinimumBasicScenario-620120990-project] 10.222.0.65 "GET /compute/v2.1/servers/13e288d4-cf9e-4897-bbbd-c107e20854b2" status: 200 len: 1319 microversion: 2.1 time: 0.115083
Sep 10 17:40:26.389022 dv-cinder-806968-2-iscsi devstack@n-api.service[115107]: [pid: 115107|app: 0|req: 145/296] 10.222.0.65 () {58 vars in 1236 bytes} [Fri Sep 10 17:40:26 2021] GET /compute/v2.1/servers/13e288d4-cf9e-4897-bbbd-c107e20854b2 => generated 1319 bytes in 118 msecs (HTTP/1.1 200) 9 headers in 358 bytes (1 switches on core 0)
Sep 10 17:40:26.528271 dv-cinder-806968-2-iscsi devstack@n-api.service[115106]: INFO nova.api.openstack.requestlog [None req-fa6d7f07-9f55-4800-b633-34dc392cf582 tempest-AttachVolumeShelveTestJSON-1280121545 tempest-AttachVolumeShelveTestJSON-1280121545-project] 10.222.0.65 "POST /compute/v2.1/servers/a657ca4c-be80-431d-a355-01f9ad227dde/action" status: 202 len: 0 microversion: 2.20 time: 0.395126
Sep 10 17:40:26.543959 dv-cinder-806968-2-iscsi devstack@n-api.service[115107]: DEBUG nova.api.openstack.wsgi [None req-d2ae97b2-e036-4f40-bd9b-ed4db391fdc2 tempest-AttachVolumeShelveTestJSON-1280121545 tempest-AttachVolumeShelveTestJSON-1280121545-project] Calling method '>' {{(pid=115107) _process_stack /opt/stack/nova/nova/api/openstack/wsgi.py:513}}
Sep 10 17:40:26.545960 dv-cinder-806968-2-iscsi devstack@n-api.service[115107]: DEBUG nova.compute.api [None req-d2ae97b2-e036-4f40-bd9b-ed4db391fdc2 tempest-AttachVolumeShelveTestJSON-1280121545 tempest-AttachVolumeShelveTestJSON-1280121545-project] [instance: a657ca4c-be80-431d-a355-01f9ad227dde] Fetching instance by UUID {{(pid=115107) get /opt/stack/nova/nova/compute/api.py:2863}}
Sep 10 17:40:26.567290 dv-cinder-806968-2-iscsi devstack@n-api.service[115106]: [pid: 115106|app: 0|req: 152/297] 10.222.0.65 () {62 vars in 1319 bytes} [Fri Sep 10 17:40:26 2021] POST /compute/v2.1/servers/a657ca4c-be80-431d-a355-01f9ad227dde/action => generated 0 bytes in 439 msecs (HTTP/1.1 202) 9 headers in 363 bytes (2 switches on core 0)
Sep 10 17:40:26.576737 dv-cinder-806968-2-iscsi devstack@n-api.service[115107]: DEBUG oslo_concurrency.lockutils [None req-d2ae97b2-e036-4f40-bd9b-ed4db391fdc2 tempest-AttachVolumeShelveTestJSON-1280121545 tempest-AttachVolumeShelveTestJSON-1280121545-project] Lock "394c5f39-b606-436d-8336-ca72e8faa674" acquired by "nova.context.set_target_cell..get_or_set_cached_cell_and_set_connections" :: waited 0.001s {{(pid=115107) inner /usr/local/lib/python3.8/dist-packages/oslo_concurrency/lockutils.py:355}}
Sep 10 17:40:26.579440 dv-cinder-806968-2-iscsi devstack@n-api.service[115107]: DEBUG oslo_concurrency.lockutils [None req-d2ae97b2-e036-4f40-bd9b-ed4db391fdc2 tempest-AttachVolumeShelveTestJSON-1280121545 tempest-AttachVolumeShelveTestJSON-1280121545-project] Lock "394c5f39-b606-436d-8336-ca72e8faa674" released by "nova.context.set_target_cell..get_or_set_cached_cell_and_set_connections" :: held 0.001s {{(pid=115107) inner /usr/local/lib/python3.8/dist-packages/oslo_concurrency/lockutils.py:367}}
Sep 10 17:40:26.583523 dv-cinder-806968-2-iscsi devstack@n-api.service[115107]: DEBUG oslo_concurrency.lockutils [None req-d2ae97b2-e036-4f40-bd9b-ed4db391fdc2 tempest-AttachVolumeShelveTestJSON-1280121545 tempest-AttachVolumeShelveTestJSON-1280121545-project] Lock "394c5f39-b606-436d-8336-ca72e8faa674" acquired by "nova.context.set_target_cell..get_or_set_cached_cell_and_set_connections" :: waited 0.000s {{(pid=115107) inner /usr/local/lib/python3.8/dist-packages/oslo_concurrency/lockutils.py:355}}
Sep 10 17:40:26.584088 dv-cinder-806968-2-iscsi devstack@n-api.service[115107]: DEBUG oslo_concurrency.lockutils [None req-d2ae97b2-e036-4f40-bd9b-ed4db391fdc2 tempest-AttachVolumeShelveTestJSON-1280121545 tempest-AttachVolumeShelveTestJSON-1280121545-project] Lock "394c5f39-b606-436d-8336-ca72e8faa674" released by "nova.context.set_target_cell..get_or_set_cached_cell_and_set_connections" :: held 0.002s {{(pid=115107) inner /usr/local/lib/python3.8/dist-packages/oslo_concurrency/lockutils.py:367}}
Sep 10 17:40:26.634612 dv-cinder-806968-2-iscsi devstack@n-api.service[115106]: DEBUG nova.api.openstack.wsgi [None req-d7682e2f-df66-44eb-8968-79cf144c4d09 tempest-AttachVolumeTestJSON-1606948593 tempest-AttachVolumeTestJSON-1606948593-project] Action: 'action', calling method: >, body: {"os-getConsoleOutput": {}} {{(pid=115106) _process_stack /opt/stack/nova/nova/api/openstack/wsgi.py:511}}
Sep 10 17:40:26.636242 dv-cinder-806968-2-iscsi devstack@n-api.service[115106]: DEBUG nova.compute.api [None req-d7682e2f-df66-44eb-8968-79cf144c4d09 tempest-AttachVolumeTestJSON-1606948593 tempest-AttachVolumeTestJSON-1606948593-project] [instance: cc23b79d-cb82-4ba2-8d34-c5a15fd2f405] Fetching instance by UUID {{(pid=115106) get /opt/stack/nova/nova/compute/api.py:2863}}
Sep 10 17:40:26.650667 dv-cinder-806968-2-iscsi devstack@n-api.service[115106]: DEBUG oslo_concurrency.lockutils [None req-d7682e2f-df66-44eb-8968-79cf144c4d09 tempest-AttachVolumeTestJSON-1606948593 tempest-AttachVolumeTestJSON-1606948593-project] Lock "394c5f39-b606-436d-8336-ca72e8faa674" acquired by "nova.context.set_target_cell..get_or_set_cached_cell_and_set_connections" :: waited 0.000s {{(pid=115106) inner /usr/local/lib/python3.8/dist-packages/oslo_concurrency/lockutils.py:355}}
Sep 10 17:40:26.651512 dv-cinder-806968-2-iscsi devstack@n-api.service[115106]: DEBUG oslo_concurrency.lockutils [None req-d7682e2f-df66-44eb-8968-79cf144c4d09 tempest-AttachVolumeTestJSON-1606948593 tempest-AttachVolumeTestJSON-1606948593-project] Lock "394c5f39-b606-436d-8336-ca72e8faa674" released by "nova.context.set_target_cell..get_or_set_cached_cell_and_set_connections" :: held 0.003s {{(pid=115106) inner /usr/local/lib/python3.8/dist-packages/oslo_concurrency/lockutils.py:367}}
Sep 10 17:40:26.654119 dv-cinder-806968-2-iscsi devstack@n-api.service[115106]: DEBUG oslo_concurrency.lockutils [None req-d7682e2f-df66-44eb-8968-79cf144c4d09 tempest-AttachVolumeTestJSON-1606948593 tempest-AttachVolumeTestJSON-1606948593-project] Lock "394c5f39-b606-436d-8336-ca72e8faa674" acquired by "nova.context.set_target_cell..get_or_set_cached_cell_and_set_connections" :: waited 0.000s {{(pid=115106) inner /usr/local/lib/python3.8/dist-packages/oslo_concurrency/lockutils.py:355}}
Sep 10 17:40:26.655481 dv-cinder-806968-2-iscsi devstack@n-api.service[115106]: DEBUG oslo_concurrency.lockutils [None req-d7682e2f-df66-44eb-8968-79cf144c4d09 tempest-AttachVolumeTestJSON-1606948593 tempest-AttachVolumeTestJSON-1606948593-project] Lock "394c5f39-b606-436d-8336-ca72e8faa674" released by "nova.context.set_target_cell..get_or_set_cached_cell_and_set_connections" :: held 0.002s {{(pid=115106) inner /usr/local/lib/python3.8/dist-packages/oslo_concurrency/lockutils.py:367}}
Sep 10 17:40:26.796016 dv-cinder-806968-2-iscsi devstack@n-api.service[115106]: INFO nova.api.openstack.requestlog [None req-d7682e2f-df66-44eb-8968-79cf144c4d09 tempest-AttachVolumeTestJSON-1606948593 tempest-AttachVolumeTestJSON-1606948593-project] 10.222.0.65 "POST /compute/v2.1/servers/cc23b79d-cb82-4ba2-8d34-c5a15fd2f405/action" status: 200 len: 37392 microversion: 2.1 time: 0.165789
Sep 10 17:40:26.797300 dv-cinder-806968-2-iscsi devstack@n-api.service[115106]: [pid: 115106|app: 0|req: 153/298] 10.222.0.65 () {60 vars in 1278 bytes} [Fri Sep 10 17:40:26 2021] POST /compute/v2.1/servers/cc23b79d-cb82-4ba2-8d34-c5a15fd2f405/action => generated 37392 bytes in 169 msecs (HTTP/1.1 200) 9 headers in 359 bytes (1 switches on core 0)
Sep 10 17:40:26.806197 dv-cinder-806968-2-iscsi devstack@n-api.service[115106]: DEBUG nova.api.openstack.wsgi [None req-374afd21-e4ec-418c-9c12-e52433396151 tempest-VolumesNegativeTest-1469663357 tempest-VolumesNegativeTest-1469663357-project] Calling method '>' {{(pid=115106) _process_stack /opt/stack/nova/nova/api/openstack/wsgi.py:513}}
