Sep 01 19:09:27.859102 dv-cinder-806968-1-smb devstack@n-api.service[108301]: DEBUG nova.policy [None req-9db91edb-53fa-4dec-9069-86dc1cbdee2a tempest-DeleteServersTestJSON-1324570940 tempest-DeleteServersTestJSON-1324570940-project] Policy check for os_compute_api:os-extended-server-attributes failed with credentials {'is_admin': False, 'user_id': 'd13ccea89ea64f12b8d56348977088f8', 'user_domain_id': 'default', 'system_scope': None, 'domain_id': None, 'project_id': '7d47c1db0ad6463d93465ea203f68eed', 'project_domain_id': 'default', 'roles': ['reader', 'member'], 'is_admin_project': True, 'service_user_id': None, 'service_user_domain_id': None, 'service_project_id': None, 'service_project_domain_id': None, 'service_roles': []} {{(pid=108301) authorize /opt/stack/nova/nova/policy.py:199}}
Sep 01 19:09:27.860785 dv-cinder-806968-1-smb devstack@n-api.service[108300]: DEBUG nova.virt.hardware [None req-e20e82e9-ea2c-48eb-8b79-16ae9e54a34c tempest-AttachVolumeTestJSON-222805775 tempest-AttachVolumeTestJSON-222805775-project] Flavor pref 0:0:0 {{(pid=108300) get_cpu_topology_constraints /opt/stack/nova/nova/virt/hardware.py:383}}
Sep 01 19:09:27.868239 dv-cinder-806968-1-smb devstack@n-api.service[108300]: DEBUG nova.virt.hardware [None req-e20e82e9-ea2c-48eb-8b79-16ae9e54a34c tempest-AttachVolumeTestJSON-222805775 tempest-AttachVolumeTestJSON-222805775-project] Image pref 0:0:0 {{(pid=108300) get_cpu_topology_constraints /opt/stack/nova/nova/virt/hardware.py:387}}
Sep 01 19:09:27.868711 dv-cinder-806968-1-smb devstack@n-api.service[108300]: DEBUG nova.virt.hardware [None req-e20e82e9-ea2c-48eb-8b79-16ae9e54a34c tempest-AttachVolumeTestJSON-222805775 tempest-AttachVolumeTestJSON-222805775-project] Chose sockets=0, cores=0, threads=0; limits were sockets=65536, cores=65536, threads=65536 {{(pid=108300) get_cpu_topology_constraints /opt/stack/nova/nova/virt/hardware.py:425}}
Sep 01 19:09:27.884269 dv-cinder-806968-1-smb devstack@n-api.service[108301]: INFO nova.api.openstack.requestlog [None req-9db91edb-53fa-4dec-9069-86dc1cbdee2a tempest-DeleteServersTestJSON-1324570940 tempest-DeleteServersTestJSON-1324570940-project] 10.222.0.13 "GET /compute/v2.1/servers/66790377-ce19-4986-88e5-dc484bf8f2d7" status: 200 len: 1315 microversion: 2.1 time: 0.647900
Sep 01 19:09:27.885687 dv-cinder-806968-1-smb devstack@n-api.service[108301]: [pid: 108301|app: 0|req: 37/72] 10.222.0.13 () {58 vars in 1236 bytes} [Wed Sep 1 19:09:27 2021] GET /compute/v2.1/servers/66790377-ce19-4986-88e5-dc484bf8f2d7 => generated 1315 bytes in 652 msecs (HTTP/1.1 200) 9 headers in 358 bytes (2 switches on core 0)
Sep 01 19:09:27.892308 dv-cinder-806968-1-smb devstack@n-api.service[108300]: DEBUG oslo_concurrency.lockutils [None req-e20e82e9-ea2c-48eb-8b79-16ae9e54a34c tempest-AttachVolumeTestJSON-222805775 tempest-AttachVolumeTestJSON-222805775-project] Lock "00000000-0000-0000-0000-000000000000" acquired by "nova.context.set_target_cell..get_or_set_cached_cell_and_set_connections" :: waited 0.000s {{(pid=108300) inner /usr/local/lib/python3.8/dist-packages/oslo_concurrency/lockutils.py:355}}
Sep 01 19:09:27.892757 dv-cinder-806968-1-smb devstack@n-api.service[108300]: DEBUG oslo_concurrency.lockutils [None req-e20e82e9-ea2c-48eb-8b79-16ae9e54a34c tempest-AttachVolumeTestJSON-222805775 tempest-AttachVolumeTestJSON-222805775-project] Lock "00000000-0000-0000-0000-000000000000" released by "nova.context.set_target_cell..get_or_set_cached_cell_and_set_connections" :: held 0.001s {{(pid=108300) inner /usr/local/lib/python3.8/dist-packages/oslo_concurrency/lockutils.py:367}}
Sep 01 19:09:27.893562 dv-cinder-806968-1-smb devstack@n-api.service[108300]: DEBUG oslo_concurrency.lockutils [None req-e20e82e9-ea2c-48eb-8b79-16ae9e54a34c tempest-AttachVolumeTestJSON-222805775 tempest-AttachVolumeTestJSON-222805775-project] Lock "961bd1c1-c02b-4edb-8030-ae071e268f28" acquired by "nova.context.set_target_cell..get_or_set_cached_cell_and_set_connections" :: waited 0.000s {{(pid=108300) inner /usr/local/lib/python3.8/dist-packages/oslo_concurrency/lockutils.py:355}}
Sep 01 19:09:27.893998 dv-cinder-806968-1-smb devstack@n-api.service[108300]: DEBUG oslo_concurrency.lockutils [None req-e20e82e9-ea2c-48eb-8b79-16ae9e54a34c tempest-AttachVolumeTestJSON-222805775 tempest-AttachVolumeTestJSON-222805775-project] Lock "961bd1c1-c02b-4edb-8030-ae071e268f28" released by "nova.context.set_target_cell..get_or_set_cached_cell_and_set_connections" :: held 0.000s {{(pid=108300) inner /usr/local/lib/python3.8/dist-packages/oslo_concurrency/lockutils.py:367}}
Sep 01 19:09:27.897050 dv-cinder-806968-1-smb devstack@n-api.service[108301]: DEBUG nova.api.openstack.wsgi [req-311c2d2f-6095-4c65-b681-1f1b65ede7da req-194245b4-31ac-489a-aa18-e48d67e98ad8 service nova] Action: 'create', calling method: >, body: {"events": [{"name": "network-changed", "server_uuid": "789da857-813d-4a35-a5ca-30e976c232b8", "tag": "0d8b7670-e751-42f4-8f74-b9bad90bfc32"}]} {{(pid=108301) _process_stack /opt/stack/nova/nova/api/openstack/wsgi.py:511}}
Sep 01 19:09:27.900534 dv-cinder-806968-1-smb devstack@n-api.service[108301]: /usr/local/lib/python3.8/dist-packages/oslo_policy/policy.py:1064: UserWarning: Policy os_compute_api:os-server-external-events:create failed scope check. The token used to make the request was project scoped but the policy requires ['system'] scope. This behavior may change in the future where using the intended scope is required
Sep 01 19:09:27.900534 dv-cinder-806968-1-smb devstack@n-api.service[108301]: warnings.warn(msg)
Sep 01 19:09:27.939175 dv-cinder-806968-1-smb devstack@n-api.service[108300]: DEBUG nova.quota [None req-e20e82e9-ea2c-48eb-8b79-16ae9e54a34c tempest-AttachVolumeTestJSON-222805775 tempest-AttachVolumeTestJSON-222805775-project] Getting quotas for project f3c0ffc8f39b4a378d3ccdad093028eb. Resources: {'cores', 'instances', 'ram'} {{(pid=108300) _get_quotas /opt/stack/nova/nova/quota.py:387}}
Sep 01 19:09:27.943684 dv-cinder-806968-1-smb devstack@n-api.service[108300]: DEBUG nova.quota [None req-e20e82e9-ea2c-48eb-8b79-16ae9e54a34c tempest-AttachVolumeTestJSON-222805775 tempest-AttachVolumeTestJSON-222805775-project] Getting quotas for user 48400d0e44834c08af18283561e5b631 and project f3c0ffc8f39b4a378d3ccdad093028eb. Resources: {'cores', 'instances', 'ram'} {{(pid=108300) _get_quotas /opt/stack/nova/nova/quota.py:377}}
Sep 01 19:09:27.947467 dv-cinder-806968-1-smb devstack@n-api.service[108301]: DEBUG oslo_concurrency.lockutils [req-311c2d2f-6095-4c65-b681-1f1b65ede7da req-194245b4-31ac-489a-aa18-e48d67e98ad8 service nova] Lock "961bd1c1-c02b-4edb-8030-ae071e268f28" acquired by "nova.context.set_target_cell..get_or_set_cached_cell_and_set_connections" :: waited 0.000s {{(pid=108301) inner /usr/local/lib/python3.8/dist-packages/oslo_concurrency/lockutils.py:355}}
Sep 01 19:09:27.948913 dv-cinder-806968-1-smb devstack@n-api.service[108301]: DEBUG oslo_concurrency.lockutils [req-311c2d2f-6095-4c65-b681-1f1b65ede7da req-194245b4-31ac-489a-aa18-e48d67e98ad8 service nova] Lock "961bd1c1-c02b-4edb-8030-ae071e268f28" released by "nova.context.set_target_cell..get_or_set_cached_cell_and_set_connections" :: held 0.001s {{(pid=108301) inner /usr/local/lib/python3.8/dist-packages/oslo_concurrency/lockutils.py:367}}
Sep 01 19:09:27.973225 dv-cinder-806968-1-smb devstack@n-api.service[108300]: DEBUG nova.compute.api [None req-e20e82e9-ea2c-48eb-8b79-16ae9e54a34c tempest-AttachVolumeTestJSON-222805775 tempest-AttachVolumeTestJSON-222805775-project] Going to run 1 instances... {{(pid=108300) _provision_instances /opt/stack/nova/nova/compute/api.py:1349}}
Sep 01 19:09:27.975986 dv-cinder-806968-1-smb devstack@n-api.service[108300]: DEBUG nova.compute.api [None req-e20e82e9-ea2c-48eb-8b79-16ae9e54a34c tempest-AttachVolumeTestJSON-222805775 tempest-AttachVolumeTestJSON-222805775-project] [instance: b4458fdb-b8ce-473b-9b31-7f1e8c277e70] block_device_mapping [BlockDeviceMapping(attachment_id=,boot_index=0,connection_info=None,created_at=,delete_on_termination=True,deleted=,deleted_at=,destination_type='local',device_name=None,device_type='disk',disk_bus=None,guest_format=None,id=,image_id='5bd86e8a-a8d5-41ef-888b-4410da88493a',instance=,instance_uuid=,no_device=False,snapshot_id=None,source_type='image',tag=None,updated_at=,uuid=,volume_id=None,volume_size=None,volume_type=None)] {{(pid=108300) _bdm_validate_set_size_and_instance /opt/stack/nova/nova/compute/api.py:1756}}
Sep 01 19:09:28.008060 dv-cinder-806968-1-smb devstack@n-api.service[108301]: INFO nova.api.openstack.compute.server_external_events [req-311c2d2f-6095-4c65-b681-1f1b65ede7da req-194245b4-31ac-489a-aa18-e48d67e98ad8 service nova] Creating event network-changed:0d8b7670-e751-42f4-8f74-b9bad90bfc32 for instance 789da857-813d-4a35-a5ca-30e976c232b8 on hv-cinder-80696
Sep 01 19:09:28.009296 dv-cinder-806968-1-smb devstack@n-api.service[108301]: DEBUG oslo_concurrency.lockutils [req-311c2d2f-6095-4c65-b681-1f1b65ede7da req-194245b4-31ac-489a-aa18-e48d67e98ad8 service nova] Acquired lock "compute-rpcapi-router" {{(pid=108301) lock /usr/local/lib/python3.8/dist-packages/oslo_concurrency/lockutils.py:266}}
Sep 01 19:09:28.010795 dv-cinder-806968-1-smb devstack@n-api.service[108301]: DEBUG oslo_concurrency.lockutils [None req-48cd4171-aa97-40c3-9532-47f232109b76 None None] Lock "00000000-0000-0000-0000-000000000000" acquired by "nova.context.set_target_cell..get_or_set_cached_cell_and_set_connections" :: waited 0.000s {{(pid=108301) inner /usr/local/lib/python3.8/dist-packages/oslo_concurrency/lockutils.py:355}}
Sep 01 19:09:28.019038 dv-cinder-806968-1-smb devstack@n-api.service[108301]: DEBUG oslo_concurrency.lockutils [None req-48cd4171-aa97-40c3-9532-47f232109b76 None None] Lock "00000000-0000-0000-0000-000000000000" released by "nova.context.set_target_cell..get_or_set_cached_cell_and_set_connections" :: held 0.008s {{(pid=108301) inner /usr/local/lib/python3.8/dist-packages/oslo_concurrency/lockutils.py:367}}
Sep 01 19:09:28.020273 dv-cinder-806968-1-smb devstack@n-api.service[108301]: DEBUG oslo_concurrency.lockutils [None req-48cd4171-aa97-40c3-9532-47f232109b76 None None] Lock "961bd1c1-c02b-4edb-8030-ae071e268f28" acquired by "nova.context.set_target_cell..get_or_set_cached_cell_and_set_connections" :: waited 0.000s {{(pid=108301) inner /usr/local/lib/python3.8/dist-packages/oslo_concurrency/lockutils.py:355}}
Sep 01 19:09:28.020904 dv-cinder-806968-1-smb devstack@n-api.service[108301]: DEBUG oslo_concurrency.lockutils [None req-48cd4171-aa97-40c3-9532-47f232109b76 None None] Lock "961bd1c1-c02b-4edb-8030-ae071e268f28" released by "nova.context.set_target_cell..get_or_set_cached_cell_and_set_connections" :: held 0.001s {{(pid=108301) inner /usr/local/lib/python3.8/dist-packages/oslo_concurrency/lockutils.py:367}}
Sep 01 19:09:28.029640 dv-cinder-806968-1-smb devstack@n-api.service[108301]: INFO nova.compute.rpcapi [None req-48cd4171-aa97-40c3-9532-47f232109b76 None None] Automatically selected compute RPC version 6.0 from minimum service version 59
Sep 01 19:09:28.030527 dv-cinder-806968-1-smb devstack@n-api.service[108301]: DEBUG oslo_concurrency.lockutils [None req-48cd4171-aa97-40c3-9532-47f232109b76 None None] Releasing lock "compute-rpcapi-router" {{(pid=108301) lock /usr/local/lib/python3.8/dist-packages/oslo_concurrency/lockutils.py:282}}
Sep 01 19:09:28.049653 dv-cinder-806968-1-smb devstack@n-api.service[108300]: INFO nova.api.openstack.requestlog [None req-e20e82e9-ea2c-48eb-8b79-16ae9e54a34c tempest-AttachVolumeTestJSON-222805775 tempest-AttachVolumeTestJSON-222805775-project] 10.222.0.13 "POST /compute/v2.1/servers" status: 202 len: 401 microversion: 2.1 time: 1.657956
Sep 01 19:09:28.050523 dv-cinder-806968-1-smb devstack@n-api.service[108300]: [pid: 108300|app: 0|req: 36/73] 10.222.0.13 () {60 vars in 1147 bytes} [Wed Sep 1 19:09:26 2021] POST /compute/v2.1/servers => generated 401 bytes in 1660 msecs (HTTP/1.1 202) 10 headers in 451 bytes (1 switches on core 0)
Sep 01 19:09:28.055991 dv-cinder-806968-1-smb devstack@n-api.service[108300]: DEBUG nova.api.openstack.wsgi [None req-c6d04908-6509-45b1-8162-77111c80bc45 tempest-ServerRescueNegativeTestJSON-1213944860 tempest-ServerRescueNegativeTestJSON-1213944860-project] Calling method '>' {{(pid=108300) _process_stack /opt/stack/nova/nova/api/openstack/wsgi.py:513}}
Sep 01 19:09:28.056942 dv-cinder-806968-1-smb devstack@n-api.service[108300]: DEBUG nova.compute.api [None req-c6d04908-6509-45b1-8162-77111c80bc45 tempest-ServerRescueNegativeTestJSON-1213944860 tempest-ServerRescueNegativeTestJSON-1213944860-project] [instance: 1cd37176-5b54-4353-9c0d-0e7aae73fcba] Fetching instance by UUID {{(pid=108300) get /opt/stack/nova/nova/compute/api.py:2862}}
Sep 01 19:09:28.065828 dv-cinder-806968-1-smb devstack@n-api.service[108300]: DEBUG oslo_concurrency.lockutils [None req-c6d04908-6509-45b1-8162-77111c80bc45 tempest-ServerRescueNegativeTestJSON-1213944860 tempest-ServerRescueNegativeTestJSON-1213944860-project] Lock "961bd1c1-c02b-4edb-8030-ae071e268f28" acquired by "nova.context.set_target_cell..get_or_set_cached_cell_and_set_connections" :: waited 0.000s {{(pid=108300) inner /usr/local/lib/python3.8/dist-packages/oslo_concurrency/lockutils.py:355}}
Sep 01 19:09:28.067517 dv-cinder-806968-1-smb devstack@n-api.service[108300]: DEBUG oslo_concurrency.lockutils [None req-c6d04908-6509-45b1-8162-77111c80bc45 tempest-ServerRescueNegativeTestJSON-1213944860 tempest-ServerRescueNegativeTestJSON-1213944860-project] Lock "961bd1c1-c02b-4edb-8030-ae071e268f28" released by "nova.context.set_target_cell..get_or_set_cached_cell_and_set_connections" :: held 0.001s {{(pid=108300) inner /usr/local/lib/python3.8/dist-packages/oslo_concurrency/lockutils.py:367}}
Sep 01 19:09:28.068846 dv-cinder-806968-1-smb devstack@n-api.service[108300]: DEBUG oslo_concurrency.lockutils [None req-c6d04908-6509-45b1-8162-77111c80bc45 tempest-ServerRescueNegativeTestJSON-1213944860 tempest-ServerRescueNegativeTestJSON-1213944860-project] Lock "961bd1c1-c02b-4edb-8030-ae071e268f28" acquired by "nova.context.set_target_cell..get_or_set_cached_cell_and_set_connections" :: waited 0.000s {{(pid=108300) inner /usr/local/lib/python3.8/dist-packages/oslo_concurrency/lockutils.py:355}}
Sep 01 19:09:28.069712 dv-cinder-806968-1-smb devstack@n-api.service[108300]: DEBUG oslo_concurrency.lockutils [None req-c6d04908-6509-45b1-8162-77111c80bc45 tempest-ServerRescueNegativeTestJSON-1213944860 tempest-ServerRescueNegativeTestJSON-1213944860-project] Lock "961bd1c1-c02b-4edb-8030-ae071e268f28" released by "nova.context.set_target_cell..get_or_set_cached_cell_and_set_connections" :: held 0.001s {{(pid=108300) inner /usr/local/lib/python3.8/dist-packages/oslo_concurrency/lockutils.py:367}}
Sep 01 19:09:28.123402 dv-cinder-806968-1-smb devstack@n-api.service[108301]: INFO nova.api.openstack.requestlog [None req-48cd4171-aa97-40c3-9532-47f232109b76 None None] 10.222.0.13 "POST /compute/v2.1/os-server-external-events" status: 200 len: 179 microversion: 2.1 time: 0.235206
Sep 01 19:09:28.124005 dv-cinder-806968-1-smb devstack@n-api.service[108301]: [pid: 108301|app: 0|req: 38/74] 10.222.0.13 () {64 vars in 1318 bytes} [Wed Sep 1 19:09:27 2021] POST /compute/v2.1/os-server-external-events => generated 179 bytes in 237 msecs (HTTP/1.1 200) 9 headers in 357 bytes (1 switches on core 0)
Sep 01 19:09:28.128869 dv-cinder-806968-1-smb devstack@n-api.service[108301]: DEBUG nova.api.openstack.wsgi [None req-446b9664-e61a-410b-8ace-df93ec36f0d9 tempest-AttachVolumeNegativeTest-1337096258 tempest-AttachVolumeNegativeTest-1337096258-project] Calling method '>' {{(pid=108301) _process_stack /opt/stack/nova/nova/api/openstack/wsgi.py:513}}
Sep 01 19:09:28.129755 dv-cinder-806968-1-smb devstack@n-api.service[108301]: DEBUG nova.compute.api [None req-446b9664-e61a-410b-8ace-df93ec36f0d9 tempest-AttachVolumeNegativeTest-1337096258 tempest-AttachVolumeNegativeTest-1337096258-project] [instance: 1132e15f-700a-4164-8be1-4750fbd10381] Fetching instance by UUID {{(pid=108301) get /opt/stack/nova/nova/compute/api.py:2862}}
Sep 01 19:09:28.136488 dv-cinder-806968-1-smb devstack@n-api.service[108301]: DEBUG oslo_concurrency.lockutils [None req-446b9664-e61a-410b-8ace-df93ec36f0d9 tempest-AttachVolumeNegativeTest-1337096258 tempest-AttachVolumeNegativeTest-1337096258-project] Lock "961bd1c1-c02b-4edb-8030-ae071e268f28" acquired by "nova.context.set_target_cell..get_or_set_cached_cell_and_set_connections" :: waited 0.000s {{(pid=108301) inner /usr/local/lib/python3.8/dist-packages/oslo_concurrency/lockutils.py:355}}
Sep 01 19:09:28.137138 dv-cinder-806968-1-smb devstack@n-api.service[108301]: DEBUG oslo_concurrency.lockutils [None req-446b9664-e61a-410b-8ace-df93ec36f0d9 tempest-AttachVolumeNegativeTest-1337096258 tempest-AttachVolumeNegativeTest-1337096258-project] Lock "961bd1c1-c02b-4edb-8030-ae071e268f28" released by "nova.context.set_target_cell..get_or_set_cached_cell_and_set_connections" :: held 0.001s {{(pid=108301) inner /usr/local/lib/python3.8/dist-packages/oslo_concurrency/lockutils.py:367}}
Sep 01 19:09:28.138047 dv-cinder-806968-1-smb devstack@n-api.service[108301]: DEBUG oslo_concurrency.lockutils [None req-446b9664-e61a-410b-8ace-df93ec36f0d9 tempest-AttachVolumeNegativeTest-1337096258 tempest-AttachVolumeNegativeTest-1337096258-project] Lock "961bd1c1-c02b-4edb-8030-ae071e268f28" acquired by "nova.context.set_target_cell..get_or_set_cached_cell_and_set_connections" :: waited 0.000s {{(pid=108301) inner /usr/local/lib/python3.8/dist-packages/oslo_concurrency/lockutils.py:355}}
Sep 01 19:09:28.139123 dv-cinder-806968-1-smb devstack@n-api.service[108301]: DEBUG oslo_concurrency.lockutils [None req-446b9664-e61a-410b-8ace-df93ec36f0d9 tempest-AttachVolumeNegativeTest-1337096258 tempest-AttachVolumeNegativeTest-1337096258-project] Lock "961bd1c1-c02b-4edb-8030-ae071e268f28" released by "nova.context.set_target_cell..get_or_set_cached_cell_and_set_connections" :: held 0.001s {{(pid=108301) inner /usr/local/lib/python3.8/dist-packages/oslo_concurrency/lockutils.py:367}}
Sep 01 19:09:28.225008 dv-cinder-806968-1-smb devstack@n-api.service[108300]: DEBUG nova.policy [None req-c6d04908-6509-45b1-8162-77111c80bc45 tempest-ServerRescueNegativeTestJSON-1213944860 tempest-ServerRescueNegativeTestJSON-1213944860-project] Policy check for os_compute_api:os-extended-server-attributes failed with credentials {'is_admin': False, 'user_id': 'db4920887ca34ab6bf43d300439c7291', 'user_domain_id': 'default', 'system_scope': None, 'domain_id': None, 'project_id': 'eb0bb45192cf4021ba1c9808ca17cead', 'project_domain_id': 'default', 'roles': ['reader', 'member'], 'is_admin_project': True, 'service_user_id': None, 'service_user_domain_id': None, 'service_project_id': None, 'service_project_domain_id': None, 'service_roles': []} {{(pid=108300) authorize /opt/stack/nova/nova/policy.py:199}}
Sep 01 19:09:28.234971 dv-cinder-806968-1-smb devstack@n-api.service[108300]: INFO nova.api.openstack.requestlog [None req-c6d04908-6509-45b1-8162-77111c80bc45 tempest-ServerRescueNegativeTestJSON-1213944860 tempest-ServerRescueNegativeTestJSON-1213944860-project] 10.222.0.13 "GET /compute/v2.1/servers/1cd37176-5b54-4353-9c0d-0e7aae73fcba" status: 200 len: 1279 microversion: 2.1 time: 0.183187
Sep 01 19:09:28.241497 dv-cinder-806968-1-smb devstack@n-api.service[108300]: [pid: 108300|app: 0|req: 37/75] 10.222.0.13 () {58 vars in 1236 bytes} [Wed Sep 1 19:09:28 2021] GET /compute/v2.1/servers/1cd37176-5b54-4353-9c0d-0e7aae73fcba => generated 1279 bytes in 190 msecs (HTTP/1.1 200) 9 headers in 358 bytes (1 switches on core 0)
Sep 01 19:09:28.252850 dv-cinder-806968-1-smb devstack@n-api.service[108300]: DEBUG nova.api.openstack.wsgi [None req-44099c12-2390-4a5a-9ad1-849cbb885c60 tempest-AttachVolumeTestJSON-222805775 tempest-AttachVolumeTestJSON-222805775-project] Calling method '>' {{(pid=108300) _process_stack /opt/stack/nova/nova/api/openstack/wsgi.py:513}}
Sep 01 19:09:28.253479 dv-cinder-806968-1-smb devstack@n-api.service[108300]: DEBUG nova.compute.api [None req-44099c12-2390-4a5a-9ad1-849cbb885c60 tempest-AttachVolumeTestJSON-222805775 tempest-AttachVolumeTestJSON-222805775-project] [instance: b4458fdb-b8ce-473b-9b31-7f1e8c277e70] Fetching instance by UUID {{(pid=108300) get /opt/stack/nova/nova/compute/api.py:2862}}
Sep 01 19:09:28.417953 dv-cinder-806968-1-smb devstack@n-api.service[108300]: DEBUG nova.policy [None req-44099c12-2390-4a5a-9ad1-849cbb885c60 tempest-AttachVolumeTestJSON-222805775 tempest-AttachVolumeTestJSON-222805775-project] Policy check for os_compute_api:os-extended-server-attributes failed with credentials {'is_admin': False, 'user_id': '48400d0e44834c08af18283561e5b631', 'user_domain_id': 'default', 'system_scope': None, 'domain_id': None, 'project_id': 'f3c0ffc8f39b4a378d3ccdad093028eb', 'project_domain_id': 'default', 'roles': ['reader', 'member'], 'is_admin_project': True, 'service_user_id': None, 'service_user_domain_id': None, 'service_project_id': None, 'service_project_domain_id': None, 'service_roles': []} {{(pid=108300) authorize /opt/stack/nova/nova/policy.py:199}}
Sep 01 19:09:28.429401 dv-cinder-806968-1-smb devstack@n-api.service[108300]: INFO nova.api.openstack.requestlog [None req-44099c12-2390-4a5a-9ad1-849cbb885c60 tempest-AttachVolumeTestJSON-222805775 tempest-AttachVolumeTestJSON-222805775-project] 10.222.0.13 "GET /compute/v2.1/servers/b4458fdb-b8ce-473b-9b31-7f1e8c277e70" status: 200 len: 1237 microversion: 2.1 time: 0.186289
Sep 01 19:09:28.432803 dv-cinder-806968-1-smb devstack@n-api.service[108300]: [pid: 108300|app: 0|req: 38/76] 10.222.0.13 () {58 vars in 1236 bytes} [Wed Sep 1 19:09:28 2021] GET /compute/v2.1/servers/b4458fdb-b8ce-473b-9b31-7f1e8c277e70 => generated 1237 bytes in 191 msecs (HTTP/1.1 200) 9 headers in 358 bytes (1 switches on core 0)
Sep 01 19:09:28.439403 dv-cinder-806968-1-smb devstack@n-api.service[108300]: DEBUG nova.api.openstack.wsgi [None req-4aa08cb4-8a1d-4a08-84ce-350ad8dd92af tempest-AttachVolumeShelveTestJSON-17020726 tempest-AttachVolumeShelveTestJSON-17020726-project] Calling method '>' {{(pid=108300) _process_stack /opt/stack/nova/nova/api/openstack/wsgi.py:513}}
Sep 01 19:09:28.440448 dv-cinder-806968-1-smb devstack@n-api.service[108300]: DEBUG nova.compute.api [None req-4aa08cb4-8a1d-4a08-84ce-350ad8dd92af tempest-AttachVolumeShelveTestJSON-17020726 tempest-AttachVolumeShelveTestJSON-17020726-project] [instance: 789da857-813d-4a35-a5ca-30e976c232b8] Fetching instance by UUID {{(pid=108300) get /opt/stack/nova/nova/compute/api.py:2862}}
Sep 01 19:09:28.449425 dv-cinder-806968-1-smb devstack@n-api.service[108300]: DEBUG oslo_concurrency.lockutils [None req-4aa08cb4-8a1d-4a08-84ce-350ad8dd92af tempest-AttachVolumeShelveTestJSON-17020726 tempest-AttachVolumeShelveTestJSON-17020726-project] Lock "961bd1c1-c02b-4edb-8030-ae071e268f28" acquired by "nova.context.set_target_cell..get_or_set_cached_cell_and_set_connections" :: waited 0.000s {{(pid=108300) inner /usr/local/lib/python3.8/dist-packages/oslo_concurrency/lockutils.py:355}}
Sep 01 19:09:28.449979 dv-cinder-806968-1-smb devstack@n-api.service[108300]: DEBUG oslo_concurrency.lockutils [None req-4aa08cb4-8a1d-4a08-84ce-350ad8dd92af tempest-AttachVolumeShelveTestJSON-17020726 tempest-AttachVolumeShelveTestJSON-17020726-project] Lock "961bd1c1-c02b-4edb-8030-ae071e268f28" released by "nova.context.set_target_cell..get_or_set_cached_cell_and_set_connections" :: held 0.001s {{(pid=108300) inner /usr/local/lib/python3.8/dist-packages/oslo_concurrency/lockutils.py:367}}
Sep 01 19:09:28.451088 dv-cinder-806968-1-smb devstack@n-api.service[108300]: DEBUG oslo_concurrency.lockutils [None req-4aa08cb4-8a1d-4a08-84ce-350ad8dd92af tempest-AttachVolumeShelveTestJSON-17020726 tempest-AttachVolumeShelveTestJSON-17020726-project] Lock "961bd1c1-c02b-4edb-8030-ae071e268f28" acquired by "nova.context.set_target_cell..get_or_set_cached_cell_and_set_connections" :: waited 0.000s {{(pid=108300) inner /usr/local/lib/python3.8/dist-packages/oslo_concurrency/lockutils.py:355}}
Sep 01 19:09:28.451719 dv-cinder-806968-1-smb devstack@n-api.service[108300]: DEBUG oslo_concurrency.lockutils [None req-4aa08cb4-8a1d-4a08-84ce-350ad8dd92af tempest-AttachVolumeShelveTestJSON-17020726 tempest-AttachVolumeShelveTestJSON-17020726-project] Lock "961bd1c1-c02b-4edb-8030-ae071e268f28" released by "nova.context.set_target_cell..get_or_set_cached_cell_and_set_connections" :: held 0.001s {{(pid=108300) inner /usr/local/lib/python3.8/dist-packages/oslo_concurrency/lockutils.py:367}}
Sep 01 19:09:28.588546 dv-cinder-806968-1-smb devstack@n-api.service[108301]: DEBUG nova.policy [None req-446b9664-e61a-410b-8ace-df93ec36f0d9 tempest-AttachVolumeNegativeTest-1337096258 tempest-AttachVolumeNegativeTest-1337096258-project] Policy check for os_compute_api:os-extended-server-attributes failed with credentials {'is_admin': False, 'user_id': 'd69b48cd4d7448b6a47d4af60b90af5a', 'user_domain_id': 'default', 'system_scope': None, 'domain_id': None, 'project_id': '78df4a1799dc44c9873ad0a1c8999ee4', 'project_domain_id': 'default', 'roles': ['reader', 'member'], 'is_admin_project': True, 'service_user_id': None, 'service_user_domain_id': None, 'service_project_id': None, 'service_project_domain_id': None, 'service_roles': []} {{(pid=108301) authorize /opt/stack/nova/nova/policy.py:199}}
Sep 01 19:09:28.598340 dv-cinder-806968-1-smb devstack@n-api.service[108301]: INFO nova.api.openstack.requestlog [None req-446b9664-e61a-410b-8ace-df93ec36f0d9 tempest-AttachVolumeNegativeTest-1337096258 tempest-AttachVolumeNegativeTest-1337096258-project] 10.222.0.13 "GET /compute/v2.1/servers/1132e15f-700a-4164-8be1-4750fbd10381" status: 200 len: 1317 microversion: 2.1 time: 0.473163
Sep 01 19:09:28.601744 dv-cinder-806968-1-smb devstack@n-api.service[108301]: [pid: 108301|app: 0|req: 39/77] 10.222.0.13 () {58 vars in 1236 bytes} [Wed Sep 1 19:09:28 2021] GET /compute/v2.1/servers/1132e15f-700a-4164-8be1-4750fbd10381 => generated 1317 bytes in 477 msecs (HTTP/1.1 200) 9 headers in 358 bytes (1 switches on core 0)
Sep 01 19:09:28.731508 dv-cinder-806968-1-smb devstack@n-api.service[108301]: DEBUG nova.api.openstack.wsgi [req-5b7d45d2-015d-48c2-9883-ceece2281a69 req-8cd5e38f-472b-45ae-9df4-f13156378dbb service nova] Action: 'create', calling method: >, body: {"events": [{"server_uuid": "1132e15f-700a-4164-8be1-4750fbd10381", "name": "network-vif-plugged", "status": "completed", "tag": "860f9e54-c1e8-47f1-b813-7e19d89a5f48"}]} {{(pid=108301) _process_stack /opt/stack/nova/nova/api/openstack/wsgi.py:511}}
Sep 01 19:09:28.733276 dv-cinder-806968-1-smb devstack@n-api.service[108301]: /usr/local/lib/python3.8/dist-packages/oslo_policy/policy.py:1064: UserWarning: Policy os_compute_api:os-server-external-events:create failed scope check. The token used to make the request was project scoped but the policy requires ['system'] scope. This behavior may change in the future where using the intended scope is required
Sep 01 19:09:28.733276 dv-cinder-806968-1-smb devstack@n-api.service[108301]: warnings.warn(msg)
Sep 01 19:09:28.749762 dv-cinder-806968-1-smb devstack@n-api.service[108301]: DEBUG oslo_concurrency.lockutils [req-5b7d45d2-015d-48c2-9883-ceece2281a69 req-8cd5e38f-472b-45ae-9df4-f13156378dbb service nova] Lock "961bd1c1-c02b-4edb-8030-ae071e268f28" acquired by "nova.context.set_target_cell..get_or_set_cached_cell_and_set_connections" :: waited 0.000s {{(pid=108301) inner /usr/local/lib/python3.8/dist-packages/oslo_concurrency/lockutils.py:355}}
Sep 01 19:09:28.750229 dv-cinder-806968-1-smb devstack@n-api.service[108301]: DEBUG oslo_concurrency.lockutils [req-5b7d45d2-015d-48c2-9883-ceece2281a69 req-8cd5e38f-472b-45ae-9df4-f13156378dbb service nova] Lock "961bd1c1-c02b-4edb-8030-ae071e268f28" released by "nova.context.set_target_cell..get_or_set_cached_cell_and_set_connections" :: held 0.001s {{(pid=108301) inner /usr/local/lib/python3.8/dist-packages/oslo_concurrency/lockutils.py:367}}
Sep 01 19:09:28.771732 dv-cinder-806968-1-smb devstack@n-api.service[108301]: INFO nova.api.openstack.compute.server_external_events [req-5b7d45d2-015d-48c2-9883-ceece2281a69 req-8cd5e38f-472b-45ae-9df4-f13156378dbb service nova] Creating event network-vif-plugged:860f9e54-c1e8-47f1-b813-7e19d89a5f48 for instance 1132e15f-700a-4164-8be1-4750fbd10381 on hv-cinder-80696
Sep 01 19:09:28.789734 dv-cinder-806968-1-smb devstack@n-api.service[108301]: INFO nova.api.openstack.requestlog [req-5b7d45d2-015d-48c2-9883-ceece2281a69 req-8cd5e38f-472b-45ae-9df4-f13156378dbb service nova] 10.222.0.13 "POST /compute/v2.1/os-server-external-events" status: 200 len: 183 microversion: 2.1 time: 0.185945
Sep 01 19:09:28.791431 dv-cinder-806968-1-smb devstack@n-api.service[108301]: [pid: 108301|app: 0|req: 40/78] 10.222.0.13 () {64 vars in 1318 bytes} [Wed Sep 1 19:09:28 2021] POST /compute/v2.1/os-server-external-events => generated 183 bytes in 189 msecs (HTTP/1.1 200) 9 headers in 357 bytes (1 switches on core 0)
Sep 01 19:09:28.834150 dv-cinder-806968-1-smb devstack@n-api.service[108300]: DEBUG nova.policy [None req-4aa08cb4-8a1d-4a08-84ce-350ad8dd92af tempest-AttachVolumeShelveTestJSON-17020726 tempest-AttachVolumeShelveTestJSON-17020726-project] Policy check for os_compute_api:os-extended-server-attributes failed with credentials {'is_admin': False, 'user_id': '180e8fc9f690447ba611a2c12b193eb0', 'user_domain_id': 'default', 'system_scope': None, 'domain_id': None, 'project_id': 'a18dadefd8d2458998577805adfb1545', 'project_domain_id': 'default', 'roles': ['reader', 'member'], 'is_admin_project': True, 'service_user_id': None, 'service_user_domain_id': None, 'service_project_id': None, 'service_project_domain_id': None, 'service_roles': []} {{(pid=108300) authorize /opt/stack/nova/nova/policy.py:199}}
Sep 01 19:09:28.845029 dv-cinder-806968-1-smb devstack@n-api.service[108300]: DEBUG nova.policy [None req-4aa08cb4-8a1d-4a08-84ce-350ad8dd92af tempest-AttachVolumeShelveTestJSON-17020726 tempest-AttachVolumeShelveTestJSON-17020726-project] Policy check for os_compute_api:servers:show:host_status failed with credentials {'is_admin': False, 'user_id': '180e8fc9f690447ba611a2c12b193eb0', 'user_domain_id': 'default', 'system_scope': None, 'domain_id': None, 'project_id': 'a18dadefd8d2458998577805adfb1545', 'project_domain_id': 'default', 'roles': ['reader', 'member'], 'is_admin_project': True, 'service_user_id': None, 'service_user_domain_id': None, 'service_project_id': None, 'service_project_domain_id': None, 'service_roles': []} {{(pid=108300) authorize /opt/stack/nova/nova/policy.py:199}}
Sep 01 19:09:28.849188 dv-cinder-806968-1-smb devstack@n-api.service[108300]: DEBUG nova.policy [None req-4aa08cb4-8a1d-4a08-84ce-350ad8dd92af tempest-AttachVolumeShelveTestJSON-17020726 tempest-AttachVolumeShelveTestJSON-17020726-project] Policy check for os_compute_api:servers:show:host_status:unknown-only failed with credentials {'is_admin': False, 'user_id': '180e8fc9f690447ba611a2c12b193eb0', 'user_domain_id': 'default', 'system_scope': None, 'domain_id': None, 'project_id': 'a18dadefd8d2458998577805adfb1545', 'project_domain_id': 'default', 'roles': ['reader', 'member'], 'is_admin_project': True, 'service_user_id': None, 'service_user_domain_id': None, 'service_project_id': None, 'service_project_domain_id': None, 'service_roles': []} {{(pid=108300) authorize /opt/stack/nova/nova/policy.py:199}}
Sep 01 19:09:28.853961 dv-cinder-806968-1-smb devstack@n-api.service[108300]: INFO nova.api.openstack.requestlog [None req-4aa08cb4-8a1d-4a08-84ce-350ad8dd92af tempest-AttachVolumeShelveTestJSON-17020726 tempest-AttachVolumeShelveTestJSON-17020726-project] 10.222.0.13 "GET /compute/v2.1/servers/789da857-813d-4a35-a5ca-30e976c232b8" status: 200 len: 1406 microversion: 2.20 time: 0.418492
Sep 01 19:09:28.855258 dv-cinder-806968-1-smb devstack@n-api.service[108300]: [pid: 108300|app: 0|req: 39/79] 10.222.0.13 () {60 vars in 1277 bytes} [Wed Sep 1 19:09:28 2021] GET /compute/v2.1/servers/789da857-813d-4a35-a5ca-30e976c232b8 => generated 1406 bytes in 421 msecs (HTTP/1.1 200) 9 headers in 360 bytes (1 switches on core 0)
Sep 01 19:09:28.903036 dv-cinder-806968-1-smb devstack@n-api.service[108301]: DEBUG nova.api.openstack.wsgi [None req-9ca4397a-e67e-4e3d-9788-90dd9b6f8ac1 tempest-DeleteServersTestJSON-1324570940 tempest-DeleteServersTestJSON-1324570940-project] Calling method '>' {{(pid=108301) _process_stack /opt/stack/nova/nova/api/openstack/wsgi.py:513}}
Sep 01 19:09:28.903999 dv-cinder-806968-1-smb devstack@n-api.service[108301]: DEBUG nova.compute.api [None req-9ca4397a-e67e-4e3d-9788-90dd9b6f8ac1 tempest-DeleteServersTestJSON-1324570940 tempest-DeleteServersTestJSON-1324570940-project] [instance: 66790377-ce19-4986-88e5-dc484bf8f2d7] Fetching instance by UUID {{(pid=108301) get /opt/stack/nova/nova/compute/api.py:2862}}
Sep 01 19:09:28.913411 dv-cinder-806968-1-smb devstack@n-api.service[108301]: DEBUG oslo_concurrency.lockutils [None req-9ca4397a-e67e-4e3d-9788-90dd9b6f8ac1 tempest-DeleteServersTestJSON-1324570940 tempest-DeleteServersTestJSON-1324570940-project] Lock "961bd1c1-c02b-4edb-8030-ae071e268f28" acquired by "nova.context.set_target_cell..get_or_set_cached_cell_and_set_connections" :: waited 0.000s {{(pid=108301) inner /usr/local/lib/python3.8/dist-packages/oslo_concurrency/lockutils.py:355}}
Sep 01 19:09:28.913861 dv-cinder-806968-1-smb devstack@n-api.service[108301]: DEBUG oslo_concurrency.lockutils [None req-9ca4397a-e67e-4e3d-9788-90dd9b6f8ac1 tempest-DeleteServersTestJSON-1324570940 tempest-DeleteServersTestJSON-1324570940-project] Lock "961bd1c1-c02b-4edb-8030-ae071e268f28" released by "nova.context.set_target_cell..get_or_set_cached_cell_and_set_connections" :: held 0.001s {{(pid=108301) inner /usr/local/lib/python3.8/dist-packages/oslo_concurrency/lockutils.py:367}}
Sep 01 19:09:28.919174 dv-cinder-806968-1-smb devstack@n-api.service[108301]: DEBUG oslo_concurrency.lockutils [None req-9ca4397a-e67e-4e3d-9788-90dd9b6f8ac1 tempest-DeleteServersTestJSON-1324570940 tempest-DeleteServersTestJSON-1324570940-project] Lock "961bd1c1-c02b-4edb-8030-ae071e268f28" acquired by "nova.context.set_target_cell..get_or_set_cached_cell_and_set_connections" :: waited 0.000s {{(pid=108301) inner /usr/local/lib/python3.8/dist-packages/oslo_concurrency/lockutils.py:355}}
Sep 01 19:09:28.919637 dv-cinder-806968-1-smb devstack@n-api.service[108301]: DEBUG oslo_concurrency.lockutils [None req-9ca4397a-e67e-4e3d-9788-90dd9b6f8ac1 tempest-DeleteServersTestJSON-1324570940 tempest-DeleteServersTestJSON-1324570940-project] Lock "961bd1c1-c02b-4edb-8030-ae071e268f28" released by "nova.context.set_target_cell..get_or_set_cached_cell_and_set_connections" :: held 0.001s {{(pid=108301) inner /usr/local/lib/python3.8/dist-packages/oslo_concurrency/lockutils.py:367}}
Sep 01 19:09:29.237356 dv-cinder-806968-1-smb devstack@n-api.service[108301]: DEBUG nova.policy [None req-9ca4397a-e67e-4e3d-9788-90dd9b6f8ac1 tempest-DeleteServersTestJSON-1324570940 tempest-DeleteServersTestJSON-1324570940-project] Policy check for os_compute_api:os-extended-server-attributes failed with credentials {'is_admin': False, 'user_id': 'd13ccea89ea64f12b8d56348977088f8', 'user_domain_id': 'default', 'system_scope': None, 'domain_id': None, 'project_id': '7d47c1db0ad6463d93465ea203f68eed', 'project_domain_id': 'default', 'roles': ['reader', 'member'], 'is_admin_project': True, 'service_user_id': None, 'service_user_domain_id': None, 'service_project_id': None, 'service_project_domain_id': None, 'service_roles': []} {{(pid=108301) authorize /opt/stack/nova/nova/policy.py:199}}
Sep 01 19:09:29.246051 dv-cinder-806968-1-smb devstack@n-api.service[108301]: INFO nova.api.openstack.requestlog [None req-9ca4397a-e67e-4e3d-9788-90dd9b6f8ac1 tempest-DeleteServersTestJSON-1324570940 tempest-DeleteServersTestJSON-1324570940-project] 10.222.0.13 "GET /compute/v2.1/servers/66790377-ce19-4986-88e5-dc484bf8f2d7" status: 200 len: 1315 microversion: 2.1 time: 0.348202
Sep 01 19:09:29.252742 dv-cinder-806968-1-smb devstack@n-api.service[108300]: DEBUG nova.api.openstack.wsgi [None req-0c1c31cb-195b-4db1-aee1-b6a61e6dff3e tempest-ServerRescueNegativeTestJSON-1213944860 tempest-ServerRescueNegativeTestJSON-1213944860-project] Calling method '>' {{(pid=108300) _process_stack /opt/stack/nova/nova/api/openstack/wsgi.py:513}}
Sep 01 19:09:29.253657 dv-cinder-806968-1-smb devstack@n-api.service[108300]: DEBUG nova.compute.api [None req-0c1c31cb-195b-4db1-aee1-b6a61e6dff3e tempest-ServerRescueNegativeTestJSON-1213944860 tempest-ServerRescueNegativeTestJSON-1213944860-project] [instance: 1cd37176-5b54-4353-9c0d-0e7aae73fcba] Fetching instance by UUID {{(pid=108300) get /opt/stack/nova/nova/compute/api.py:2862}}
Sep 01 19:09:29.257031 dv-cinder-806968-1-smb devstack@n-api.service[108301]: [pid: 108301|app: 0|req: 41/80] 10.222.0.13 () {58 vars in 1236 bytes} [Wed Sep 1 19:09:28 2021] GET /compute/v2.1/servers/66790377-ce19-4986-88e5-dc484bf8f2d7 => generated 1315 bytes in 360 msecs (HTTP/1.1 200) 9 headers in 358 bytes (1 switches on core 0)
Sep 01 19:09:29.261005 dv-cinder-806968-1-smb devstack@n-api.service[108300]: DEBUG oslo_concurrency.lockutils [None req-0c1c31cb-195b-4db1-aee1-b6a61e6dff3e tempest-ServerRescueNegativeTestJSON-1213944860 tempest-ServerRescueNegativeTestJSON-1213944860-project] Lock "961bd1c1-c02b-4edb-8030-ae071e268f28" acquired by "nova.context.set_target_cell..get_or_set_cached_cell_and_set_connections" :: waited 0.000s {{(pid=108300) inner /usr/local/lib/python3.8/dist-packages/oslo_concurrency/lockutils.py:355}}
Sep 01 19:09:29.261451 dv-cinder-806968-1-smb devstack@n-api.service[108300]: DEBUG oslo_concurrency.lockutils [None req-0c1c31cb-195b-4db1-aee1-b6a61e6dff3e tempest-ServerRescueNegativeTestJSON-1213944860 tempest-ServerRescueNegativeTestJSON-1213944860-project] Lock "961bd1c1-c02b-4edb-8030-ae071e268f28" released by "nova.context.set_target_cell..get_or_set_cached_cell_and_set_connections" :: held 0.001s {{(pid=108300) inner /usr/local/lib/python3.8/dist-packages/oslo_concurrency/lockutils.py:367}}
Sep 01 19:09:29.262229 dv-cinder-806968-1-smb devstack@n-api.service[108300]: DEBUG oslo_concurrency.lockutils [None req-0c1c31cb-195b-4db1-aee1-b6a61e6dff3e tempest-ServerRescueNegativeTestJSON-1213944860 tempest-ServerRescueNegativeTestJSON-1213944860-project] Lock "961bd1c1-c02b-4edb-8030-ae071e268f28" acquired by "nova.context.set_target_cell..get_or_set_cached_cell_and_set_connections" :: waited 0.000s {{(pid=108300) inner /usr/local/lib/python3.8/dist-packages/oslo_concurrency/lockutils.py:355}}
Sep 01 19:09:29.262663 dv-cinder-806968-1-smb devstack@n-api.service[108300]: DEBUG oslo_concurrency.lockutils [None req-0c1c31cb-195b-4db1-aee1-b6a61e6dff3e tempest-ServerRescueNegativeTestJSON-1213944860 tempest-ServerRescueNegativeTestJSON-1213944860-project] Lock "961bd1c1-c02b-4edb-8030-ae071e268f28" released by "nova.context.set_target_cell..get_or_set_cached_cell_and_set_connections" :: held 0.000s {{(pid=108300) inner /usr/local/lib/python3.8/dist-packages/oslo_concurrency/lockutils.py:367}}
Sep 01 19:09:29.421143 dv-cinder-806968-1-smb devstack@n-api.service[108300]: DEBUG nova.policy [None req-0c1c31cb-195b-4db1-aee1-b6a61e6dff3e tempest-ServerRescueNegativeTestJSON-1213944860 tempest-ServerRescueNegativeTestJSON-1213944860-project] Policy check for os_compute_api:os-extended-server-attributes failed with credentials {'is_admin': False, 'user_id': 'db4920887ca34ab6bf43d300439c7291', 'user_domain_id': 'default', 'system_scope': None, 'domain_id': None, 'project_id': 'eb0bb45192cf4021ba1c9808ca17cead', 'project_domain_id': 'default', 'roles': ['reader', 'member'], 'is_admin_project': True, 'service_user_id': None, 'service_user_domain_id': None, 'service_project_id': None, 'service_project_domain_id': None, 'service_roles': []} {{(pid=108300) authorize /opt/stack/nova/nova/policy.py:199}}
Sep 01 19:09:29.437783 dv-cinder-806968-1-smb devstack@n-api.service[108300]: INFO nova.api.openstack.requestlog [None req-0c1c31cb-195b-4db1-aee1-b6a61e6dff3e tempest-ServerRescueNegativeTestJSON-1213944860 tempest-ServerRescueNegativeTestJSON-1213944860-project] 10.222.0.13 "GET /compute/v2.1/servers/1cd37176-5b54-4353-9c0d-0e7aae73fcba" status: 200 len: 1279 microversion: 2.1 time: 0.188617
Sep 01 19:09:29.438591 dv-cinder-806968-1-smb devstack@n-api.service[108300]: [pid: 108300|app: 0|req: 40/81] 10.222.0.13 () {58 vars in 1236 bytes} [Wed Sep 1 19:09:29 2021] GET /compute/v2.1/servers/1cd37176-5b54-4353-9c0d-0e7aae73fcba => generated 1279 bytes in 190 msecs (HTTP/1.1 200) 9 headers in 358 bytes (2 switches on core 0)
Sep 01 19:09:29.477675 dv-cinder-806968-1-smb devstack@n-api.service[108301]: DEBUG nova.api.openstack.wsgi [None req-5cfc5200-0e2a-43ab-8bbb-59b30cb55afe tempest-AttachVolumeTestJSON-222805775 tempest-AttachVolumeTestJSON-222805775-project] Calling method '>' {{(pid=108301) _process_stack /opt/stack/nova/nova/api/openstack/wsgi.py:513}}
Sep 01 19:09:29.480733 dv-cinder-806968-1-smb devstack@n-api.service[108301]: DEBUG nova.compute.api [None req-5cfc5200-0e2a-43ab-8bbb-59b30cb55afe tempest-AttachVolumeTestJSON-222805775 tempest-AttachVolumeTestJSON-222805775-project] [instance: b4458fdb-b8ce-473b-9b31-7f1e8c277e70] Fetching instance by UUID {{(pid=108301) get /opt/stack/nova/nova/compute/api.py:2862}}
Sep 01 19:09:29.495678 dv-cinder-806968-1-smb devstack@n-api.service[108301]: DEBUG oslo_concurrency.lockutils [None req-5cfc5200-0e2a-43ab-8bbb-59b30cb55afe tempest-AttachVolumeTestJSON-222805775 tempest-AttachVolumeTestJSON-222805775-project] Lock "961bd1c1-c02b-4edb-8030-ae071e268f28" acquired by "nova.context.set_target_cell..get_or_set_cached_cell_and_set_connections" :: waited 0.000s {{(pid=108301) inner /usr/local/lib/python3.8/dist-packages/oslo_concurrency/lockutils.py:355}}
Sep 01 19:09:29.501031 dv-cinder-806968-1-smb devstack@n-api.service[108301]: DEBUG oslo_concurrency.lockutils [None req-5cfc5200-0e2a-43ab-8bbb-59b30cb55afe tempest-AttachVolumeTestJSON-222805775 tempest-AttachVolumeTestJSON-222805775-project] Lock "961bd1c1-c02b-4edb-8030-ae071e268f28" released by "nova.context.set_target_cell..get_or_set_cached_cell_and_set_connections" :: held 0.004s {{(pid=108301) inner /usr/local/lib/python3.8/dist-packages/oslo_concurrency/lockutils.py:367}}
Sep 01 19:09:29.505940 dv-cinder-806968-1-smb devstack@n-api.service[108301]: DEBUG oslo_concurrency.lockutils [None req-5cfc5200-0e2a-43ab-8bbb-59b30cb55afe tempest-AttachVolumeTestJSON-222805775 tempest-AttachVolumeTestJSON-222805775-project] Lock "961bd1c1-c02b-4edb-8030-ae071e268f28" acquired by "nova.context.set_target_cell..get_or_set_cached_cell_and_set_connections" :: waited 0.000s {{(pid=108301) inner /usr/local/lib/python3.8/dist-packages/oslo_concurrency/lockutils.py:355}}
Sep 01 19:09:29.507155 dv-cinder-806968-1-smb devstack@n-api.service[108301]: DEBUG oslo_concurrency.lockutils [None req-5cfc5200-0e2a-43ab-8bbb-59b30cb55afe tempest-AttachVolumeTestJSON-222805775 tempest-AttachVolumeTestJSON-222805775-project] Lock "961bd1c1-c02b-4edb-8030-ae071e268f28" released by "nova.context.set_target_cell..get_or_set_cached_cell_and_set_connections" :: held 0.002s {{(pid=108301) inner /usr/local/lib/python3.8/dist-packages/oslo_concurrency/lockutils.py:367}}
Sep 01 19:09:29.620228 dv-cinder-806968-1-smb devstack@n-api.service[108300]: DEBUG nova.api.openstack.wsgi [None req-bacbe9e8-49df-4fc3-8a04-df626a6c97f5 tempest-AttachVolumeNegativeTest-1337096258 tempest-AttachVolumeNegativeTest-1337096258-project] Calling method '>' {{(pid=108300) _process_stack /opt/stack/nova/nova/api/openstack/wsgi.py:513}}
Sep 01 19:09:29.620891 dv-cinder-806968-1-smb devstack@n-api.service[108300]: DEBUG nova.compute.api [None req-bacbe9e8-49df-4fc3-8a04-df626a6c97f5 tempest-AttachVolumeNegativeTest-1337096258 tempest-AttachVolumeNegativeTest-1337096258-project] [instance: 1132e15f-700a-4164-8be1-4750fbd10381] Fetching instance by UUID {{(pid=108300) get /opt/stack/nova/nova/compute/api.py:2862}}
Sep 01 19:09:29.632305 dv-cinder-806968-1-smb devstack@n-api.service[108300]: DEBUG oslo_concurrency.lockutils [None req-bacbe9e8-49df-4fc3-8a04-df626a6c97f5 tempest-AttachVolumeNegativeTest-1337096258 tempest-AttachVolumeNegativeTest-1337096258-project] Lock "961bd1c1-c02b-4edb-8030-ae071e268f28" acquired by "nova.context.set_target_cell..get_or_set_cached_cell_and_set_connections" :: waited 0.000s {{(pid=108300) inner /usr/local/lib/python3.8/dist-packages/oslo_concurrency/lockutils.py:355}}
Sep 01 19:09:29.634578 dv-cinder-806968-1-smb devstack@n-api.service[108300]: DEBUG oslo_concurrency.lockutils [None req-bacbe9e8-49df-4fc3-8a04-df626a6c97f5 tempest-AttachVolumeNegativeTest-1337096258 tempest-AttachVolumeNegativeTest-1337096258-project] Lock "961bd1c1-c02b-4edb-8030-ae071e268f28" released by "nova.context.set_target_cell..get_or_set_cached_cell_and_set_connections" :: held 0.002s {{(pid=108300) inner /usr/local/lib/python3.8/dist-packages/oslo_concurrency/lockutils.py:367}}
Sep 01 19:09:29.636076 dv-cinder-806968-1-smb devstack@n-api.service[108300]: DEBUG oslo_concurrency.lockutils [None req-bacbe9e8-49df-4fc3-8a04-df626a6c97f5 tempest-AttachVolumeNegativeTest-1337096258 tempest-AttachVolumeNegativeTest-1337096258-project] Lock "961bd1c1-c02b-4edb-8030-ae071e268f28" acquired by "nova.context.set_target_cell..get_or_set_cached_cell_and_set_connections" :: waited 0.000s {{(pid=108300) inner /usr/local/lib/python3.8/dist-packages/oslo_concurrency/lockutils.py:355}}
Sep 01 19:09:29.637730 dv-cinder-806968-1-smb devstack@n-api.service[108300]: DEBUG oslo_concurrency.lockutils [None req-bacbe9e8-49df-4fc3-8a04-df626a6c97f5 tempest-AttachVolumeNegativeTest-1337096258 tempest-AttachVolumeNegativeTest-1337096258-project] Lock "961bd1c1-c02b-4edb-8030-ae071e268f28" released by "nova.context.set_target_cell..get_or_set_cached_cell_and_set_connections" :: held 0.002s {{(pid=108300) inner /usr/local/lib/python3.8/dist-packages/oslo_concurrency/lockutils.py:367}}
Sep 01 19:09:29.661865 dv-cinder-806968-1-smb devstack@n-api.service[108301]: DEBUG nova.policy [None req-5cfc5200-0e2a-43ab-8bbb-59b30cb55afe tempest-AttachVolumeTestJSON-222805775 tempest-AttachVolumeTestJSON-222805775-project] Policy check for os_compute_api:os-extended-server-attributes failed with credentials {'is_admin': False, 'user_id': '48400d0e44834c08af18283561e5b631', 'user_domain_id': 'default', 'system_scope': None, 'domain_id': None, 'project_id': 'f3c0ffc8f39b4a378d3ccdad093028eb', 'project_domain_id': 'default', 'roles': ['reader', 'member'], 'is_admin_project': True, 'service_user_id': None, 'service_user_domain_id': None, 'service_project_id': None, 'service_project_domain_id': None, 'service_roles': []} {{(pid=108301) authorize /opt/stack/nova/nova/policy.py:199}}
Sep 01 19:09:29.698787 dv-cinder-806968-1-smb devstack@n-api.service[108301]: INFO nova.api.openstack.requestlog [None req-5cfc5200-0e2a-43ab-8bbb-59b30cb55afe tempest-AttachVolumeTestJSON-222805775 tempest-AttachVolumeTestJSON-222805775-project] 10.222.0.13 "GET /compute/v2.1/servers/b4458fdb-b8ce-473b-9b31-7f1e8c277e70" status: 200 len: 1289 microversion: 2.1 time: 0.239954
Sep 01 19:09:29.700031 dv-cinder-806968-1-smb devstack@n-api.service[108301]: [pid: 108301|app: 0|req: 42/82] 10.222.0.13 () {58 vars in 1236 bytes} [Wed Sep 1 19:09:29 2021] GET /compute/v2.1/servers/b4458fdb-b8ce-473b-9b31-7f1e8c277e70 => generated 1289 bytes in 246 msecs (HTTP/1.1 200) 9 headers in 358 bytes (1 switches on core 0)
Sep 01 19:09:29.869740 dv-cinder-806968-1-smb devstack@n-api.service[108301]: DEBUG nova.api.openstack.wsgi [req-ba34d355-daa5-4f16-98f6-05cf3e5583cc req-0b738480-b9b6-498d-b9ee-1bfba8cc5212 service nova] Action: 'create', calling method: >, body: {"events": [{"name": "network-changed", "server_uuid": "64cfff5e-b4d3-49c4-ac1e-c055f05e68da", "tag": "9c9cefc6-8261-4b4d-89d5-a9ba747c1d8b"}]} {{(pid=108301) _process_stack /opt/stack/nova/nova/api/openstack/wsgi.py:511}}
Sep 01 19:09:29.879234 dv-cinder-806968-1-smb devstack@n-api.service[108301]: /usr/local/lib/python3.8/dist-packages/oslo_policy/policy.py:1064: UserWarning: Policy os_compute_api:os-server-external-events:create failed scope check. The token used to make the request was project scoped but the policy requires ['system'] scope. This behavior may change in the future where using the intended scope is required
Sep 01 19:09:29.879234 dv-cinder-806968-1-smb devstack@n-api.service[108301]: warnings.warn(msg)
Sep 01 19:09:29.908201 dv-cinder-806968-1-smb devstack@n-api.service[108301]: DEBUG oslo_concurrency.lockutils [req-ba34d355-daa5-4f16-98f6-05cf3e5583cc req-0b738480-b9b6-498d-b9ee-1bfba8cc5212 service nova] Lock "961bd1c1-c02b-4edb-8030-ae071e268f28" acquired by "nova.context.set_target_cell..get_or_set_cached_cell_and_set_connections" :: waited 0.000s {{(pid=108301) inner /usr/local/lib/python3.8/dist-packages/oslo_concurrency/lockutils.py:355}}
Sep 01 19:09:29.910343 dv-cinder-806968-1-smb devstack@n-api.service[108301]: DEBUG oslo_concurrency.lockutils [req-ba34d355-daa5-4f16-98f6-05cf3e5583cc req-0b738480-b9b6-498d-b9ee-1bfba8cc5212 service nova] Lock "961bd1c1-c02b-4edb-8030-ae071e268f28" released by "nova.context.set_target_cell..get_or_set_cached_cell_and_set_connections" :: held 0.001s {{(pid=108301) inner /usr/local/lib/python3.8/dist-packages/oslo_concurrency/lockutils.py:367}}
Sep 01 19:09:29.948912 dv-cinder-806968-1-smb devstack@n-api.service[108301]: INFO nova.api.openstack.compute.server_external_events [req-ba34d355-daa5-4f16-98f6-05cf3e5583cc req-0b738480-b9b6-498d-b9ee-1bfba8cc5212 service nova] Creating event network-changed:9c9cefc6-8261-4b4d-89d5-a9ba747c1d8b for instance 64cfff5e-b4d3-49c4-ac1e-c055f05e68da on hv-cinder-80696
