Sep 15 03:26:31.640507 dv-cinder-806965-6-smb devstack@c-api.service[100779]: INFO cinder.volume.api [None req-3943795d-79e2-4364-b983-09758c6bf6ec tempest-VolumesDeleteCascade-2055336274 tempest-VolumesDeleteCascade-2055336274-project] Volume info retrieved successfully.
Sep 15 03:26:31.661667 dv-cinder-806965-6-smb devstack@c-api.service[100779]: INFO cinder.api.openstack.wsgi [None req-3943795d-79e2-4364-b983-09758c6bf6ec tempest-VolumesDeleteCascade-2055336274 tempest-VolumesDeleteCascade-2055336274-project] http://10.222.0.47/volume/v3/627bcc8e7a6a42148f31408e25f497c2/volumes/b4168619-7841-42ac-a06d-6565532903f9 returned with HTTP 200
Sep 15 03:26:31.662913 dv-cinder-806965-6-smb devstack@c-api.service[100780]: /usr/local/lib/python3.8/dist-packages/webob/acceptparse.py:1047: DeprecationWarning: The behavior of AcceptValidHeader.best_match is currently being maintained for backward compatibility, but it will be deprecated in the future, as it does not conform to the RFC.
Sep 15 03:26:31.662913 dv-cinder-806965-6-smb devstack@c-api.service[100780]:   warnings.warn(
Sep 15 03:26:31.663366 dv-cinder-806965-6-smb devstack@c-api.service[100780]: DEBUG cinder.api.openstack.wsgi [None req-7047fa39-6d80-4fdf-b5d7-0c77d8905308 tempest-SnapshotsActionsTest-1920453191 tempest-SnapshotsActionsTest-1920453191-project] Calling method 'show' {{(pid=100780) _process_stack /opt/stack/cinder/cinder/api/openstack/wsgi.py:856}}
Sep 15 03:26:31.664108 dv-cinder-806965-6-smb devstack@c-api.service[100779]: [pid: 100779|app: 0|req: 98/213] 10.222.0.47 () {58 vars in 1325 bytes} [Wed Sep 15 03:26:31 2021] GET /volume/v3/627bcc8e7a6a42148f31408e25f497c2/volumes/b4168619-7841-42ac-a06d-6565532903f9 => generated 887 bytes in 54 msecs (HTTP/1.1 200) 7 headers in 285 bytes (1 switches on core 0)
Sep 15 03:26:31.682289 dv-cinder-806965-6-smb devstack@c-api.service[100780]: /usr/local/lib/python3.8/dist-packages/oslo_context/context.py:105: DeprecationWarning: Policy enforcement is depending on the value of is_admin. This key is deprecated. Please update your policy file to use the standard policy values.
Sep 15 03:26:31.682289 dv-cinder-806965-6-smb devstack@c-api.service[100780]:   warnings.warn('Policy enforcement is depending on the value of '
Sep 15 03:26:31.683572 dv-cinder-806965-6-smb devstack@c-api.service[100780]: INFO cinder.volume.api [None req-7047fa39-6d80-4fdf-b5d7-0c77d8905308 tempest-SnapshotsActionsTest-1920453191 tempest-SnapshotsActionsTest-1920453191-project] Snapshot retrieved successfully.
Sep 15 03:26:31.685462 dv-cinder-806965-6-smb devstack@c-api.service[100780]: INFO cinder.api.openstack.wsgi [None req-7047fa39-6d80-4fdf-b5d7-0c77d8905308 tempest-SnapshotsActionsTest-1920453191 tempest-SnapshotsActionsTest-1920453191-project] http://10.222.0.47/volume/v3/9ac3b2eb0073475daec9d1d659c918dc/snapshots/4e8d5a5c-6fc7-47b7-80ee-574829e1c763 returned with HTTP 200
Sep 15 03:26:31.686591 dv-cinder-806965-6-smb devstack@c-api.service[100780]: [pid: 100780|app: 0|req: 116/214] 10.222.0.47 () {58 vars in 1331 bytes} [Wed Sep 15 03:26:31 2021] GET /volume/v3/9ac3b2eb0073475daec9d1d659c918dc/snapshots/4e8d5a5c-6fc7-47b7-80ee-574829e1c763 => generated 568 bytes in 58 msecs (HTTP/1.1 200) 7 headers in 285 bytes (1 switches on core 0)
Sep 15 03:26:31.749513 dv-cinder-806965-6-smb devstack@c-api.service[100779]: INFO cinder.api.openstack.wsgi [None req-cc36cd8f-6c17-41a4-adf8-10868a1e4d14 tempest-VolumesListAdminTestJSON-1299420669 tempest-VolumesListAdminTestJSON-1299420669-project] GET http://10.222.0.47/volume/v3/ae8e7ad69fd845c0afc90c24b4b5f605/volumes/1fc00f77-c693-4258-81da-41c3aab8492c
Sep 15 03:26:31.750152 dv-cinder-806965-6-smb devstack@c-api.service[100779]: DEBUG cinder.api.openstack.wsgi [None req-cc36cd8f-6c17-41a4-adf8-10868a1e4d14 tempest-VolumesListAdminTestJSON-1299420669 tempest-VolumesListAdminTestJSON-1299420669-project] Empty body provided in request {{(pid=100779) get_body /opt/stack/cinder/cinder/api/openstack/wsgi.py:703}}
Sep 15 03:26:31.750377 dv-cinder-806965-6-smb devstack@c-api.service[100779]: /usr/local/lib/python3.8/dist-packages/webob/acceptparse.py:1047: DeprecationWarning: The behavior of AcceptValidHeader.best_match is currently being maintained for backward compatibility, but it will be deprecated in the future, as it does not conform to the RFC.
Sep 15 03:26:31.750377 dv-cinder-806965-6-smb devstack@c-api.service[100779]:   warnings.warn(
Sep 15 03:26:31.750877 dv-cinder-806965-6-smb devstack@c-api.service[100779]: DEBUG cinder.api.openstack.wsgi [None req-cc36cd8f-6c17-41a4-adf8-10868a1e4d14 tempest-VolumesListAdminTestJSON-1299420669 tempest-VolumesListAdminTestJSON-1299420669-project] Calling method 'show' {{(pid=100779) _process_stack /opt/stack/cinder/cinder/api/openstack/wsgi.py:856}}
Sep 15 03:26:31.770080 dv-cinder-806965-6-smb devstack@c-api.service[100779]: INFO cinder.api.openstack.wsgi [None req-cc36cd8f-6c17-41a4-adf8-10868a1e4d14 tempest-VolumesListAdminTestJSON-1299420669 tempest-VolumesListAdminTestJSON-1299420669-project] http://10.222.0.47/volume/v3/ae8e7ad69fd845c0afc90c24b4b5f605/volumes/1fc00f77-c693-4258-81da-41c3aab8492c returned with HTTP 404
Sep 15 03:26:31.771723 dv-cinder-806965-6-smb devstack@c-api.service[100779]: [pid: 100779|app: 0|req: 99/215] 10.222.0.47 () {58 vars in 1325 bytes} [Wed Sep 15 03:26:31 2021] GET /volume/v3/ae8e7ad69fd845c0afc90c24b4b5f605/volumes/1fc00f77-c693-4258-81da-41c3aab8492c => generated 109 bytes in 26 msecs (HTTP/1.1 404) 7 headers in 292 bytes (1 switches on core 0)
Sep 15 03:26:32.072288 dv-cinder-806965-6-smb devstack@c-api.service[100780]: INFO cinder.api.openstack.wsgi [None req-6396d9ac-7428-4ee8-a9d1-4aa2e226a04a tempest-GroupsV314Test-1459402372 tempest-GroupsV314Test-1459402372-project] GET http://10.222.0.47/volume/v3/a7a98cd4f91c4fea8d3ddab7f3c724d5/volumes/12b247d1-d147-4758-8b96-885c9996ffae
Sep 15 03:26:32.074448 dv-cinder-806965-6-smb devstack@c-api.service[100780]: DEBUG cinder.api.openstack.wsgi [None req-6396d9ac-7428-4ee8-a9d1-4aa2e226a04a tempest-GroupsV314Test-1459402372 tempest-GroupsV314Test-1459402372-project] Empty body provided in request {{(pid=100780) get_body /opt/stack/cinder/cinder/api/openstack/wsgi.py:703}}
Sep 15 03:26:32.075445 dv-cinder-806965-6-smb devstack@c-api.service[100780]: /usr/local/lib/python3.8/dist-packages/webob/acceptparse.py:1047: DeprecationWarning: The behavior of AcceptValidHeader.best_match is currently being maintained for backward compatibility, but it will be deprecated in the future, as it does not conform to the RFC.
Sep 15 03:26:32.075445 dv-cinder-806965-6-smb devstack@c-api.service[100780]:   warnings.warn(
Sep 15 03:26:32.076036 dv-cinder-806965-6-smb devstack@c-api.service[100780]: DEBUG cinder.api.openstack.wsgi [None req-6396d9ac-7428-4ee8-a9d1-4aa2e226a04a tempest-GroupsV314Test-1459402372 tempest-GroupsV314Test-1459402372-project] Calling method 'show' {{(pid=100780) _process_stack /opt/stack/cinder/cinder/api/openstack/wsgi.py:856}}
Sep 15 03:26:32.100950 dv-cinder-806965-6-smb devstack@c-api.service[100780]: /usr/local/lib/python3.8/dist-packages/oslo_context/context.py:105: DeprecationWarning: Policy enforcement is depending on the value of is_admin. This key is deprecated. Please update your policy file to use the standard policy values.
Sep 15 03:26:32.100950 dv-cinder-806965-6-smb devstack@c-api.service[100780]:   warnings.warn('Policy enforcement is depending on the value of '
Sep 15 03:26:32.113872 dv-cinder-806965-6-smb devstack@c-api.service[100780]: INFO cinder.volume.api [None req-6396d9ac-7428-4ee8-a9d1-4aa2e226a04a tempest-GroupsV314Test-1459402372 tempest-GroupsV314Test-1459402372-project] Volume info retrieved successfully.
Sep 15 03:26:32.124473 dv-cinder-806965-6-smb devstack@c-api.service[100780]: WARNING stevedore.named [None req-6396d9ac-7428-4ee8-a9d1-4aa2e226a04a tempest-GroupsV314Test-1459402372 tempest-GroupsV314Test-1459402372-project] Could not load cinder.keymgr.conf_key_mgr.ConfKeyManager
Sep 15 03:26:32.125147 dv-cinder-806965-6-smb devstack@c-api.service[100780]: WARNING castellan.key_manager [None req-6396d9ac-7428-4ee8-a9d1-4aa2e226a04a tempest-GroupsV314Test-1459402372 tempest-GroupsV314Test-1459402372-project] Deprecation Warning : cinder.keymgr.conf_key_mgr.ConfKeyManager is not a stevedore based driver, trying to load it as a class: stevedore.exception.NoMatches: No 'castellan.drivers' driver found, looking for 'cinder.keymgr.conf_key_mgr.ConfKeyManager'
Sep 15 03:26:32.134178 dv-cinder-806965-6-smb devstack@c-api.service[100780]: DEBUG oslo_db.sqlalchemy.engines [None req-6396d9ac-7428-4ee8-a9d1-4aa2e226a04a tempest-GroupsV314Test-1459402372 tempest-GroupsV314Test-1459402372-project] MySQL server mode set to STRICT_TRANS_TABLES,STRICT_ALL_TABLES,NO_ZERO_IN_DATE,NO_ZERO_DATE,ERROR_FOR_DIVISION_BY_ZERO,TRADITIONAL,NO_ENGINE_SUBSTITUTION {{(pid=100780) _check_effective_sql_mode /usr/local/lib/python3.8/dist-packages/oslo_db/sqlalchemy/engines.py:314}}
Sep 15 03:26:32.144842 dv-cinder-806965-6-smb devstack@c-api.service[100780]: /usr/local/lib/python3.8/dist-packages/oslo_context/context.py:105: DeprecationWarning: Policy enforcement is depending on the value of is_admin. This key is deprecated. Please update your policy file to use the standard policy values.
Sep 15 03:26:32.144842 dv-cinder-806965-6-smb devstack@c-api.service[100780]:   warnings.warn('Policy enforcement is depending on the value of '
Sep 15 03:26:32.167032 dv-cinder-806965-6-smb devstack@c-api.service[100780]: INFO cinder.api.openstack.wsgi [None req-6396d9ac-7428-4ee8-a9d1-4aa2e226a04a tempest-GroupsV314Test-1459402372 tempest-GroupsV314Test-1459402372-project] http://10.222.0.47/volume/v3/a7a98cd4f91c4fea8d3ddab7f3c724d5/volumes/12b247d1-d147-4758-8b96-885c9996ffae returned with HTTP 200
Sep 15 03:26:32.168022 dv-cinder-806965-6-smb devstack@c-api.service[100780]: [pid: 100780|app: 0|req: 117/216] 10.222.0.47 () {60 vars in 1366 bytes} [Wed Sep 15 03:26:32 2021] GET /volume/v3/a7a98cd4f91c4fea8d3ddab7f3c724d5/volumes/12b247d1-d147-4758-8b96-885c9996ffae => generated 991 bytes in 102 msecs (HTTP/1.1 200) 7 headers in 286 bytes (1 switches on core 0)
Sep 15 03:26:32.185715 dv-cinder-806965-6-smb devstack@c-api.service[100779]: INFO cinder.api.openstack.wsgi [None req-41051eb6-2a9f-4aee-8cd4-bbefaa872ffc tempest-GroupsV314Test-1459402372 tempest-GroupsV314Test-1459402372-project] POST http://10.222.0.47/volume/v3/a7a98cd4f91c4fea8d3ddab7f3c724d5/groups/action
Sep 15 03:26:32.186927 dv-cinder-806965-6-smb devstack@c-api.service[100779]: DEBUG cinder.api.openstack.wsgi [None req-41051eb6-2a9f-4aee-8cd4-bbefaa872ffc tempest-GroupsV314Test-1459402372 tempest-GroupsV314Test-1459402372-project] Action body: b'{"create-from-src": {"source_group_id": "012aaaae-1455-4865-8609-da198c19ec6e", "name": "tempest-Group_from_grp-1118574522"}}' {{(pid=100779) get_method /opt/stack/cinder/cinder/api/openstack/wsgi.py:971}}
Sep 15 03:26:32.187510 dv-cinder-806965-6-smb devstack@c-api.service[100779]: DEBUG cinder.api.openstack.wsgi [None req-41051eb6-2a9f-4aee-8cd4-bbefaa872ffc tempest-GroupsV314Test-1459402372 tempest-GroupsV314Test-1459402372-project] Action: 'action', calling method: version_select, body: {"create-from-src": {"source_group_id": "012aaaae-1455-4865-8609-da198c19ec6e", "name": "tempest-Group_from_grp-1118574522"}} {{(pid=100779) _process_stack /opt/stack/cinder/cinder/api/openstack/wsgi.py:854}}
Sep 15 03:26:32.188845 dv-cinder-806965-6-smb devstack@c-api.service[100779]: DEBUG cinder.api.v3.groups [None req-41051eb6-2a9f-4aee-8cd4-bbefaa872ffc tempest-GroupsV314Test-1459402372 tempest-GroupsV314Test-1459402372-project] Creating new group {'create-from-src': {'source_group_id': '012aaaae-1455-4865-8609-da198c19ec6e', 'name': 'tempest-Group_from_grp-1118574522'}}. {{(pid=100779) create_from_src /opt/stack/cinder/cinder/api/v3/groups.py:236}}
Sep 15 03:26:32.189814 dv-cinder-806965-6-smb devstack@c-api.service[100779]: INFO cinder.api.v3.groups [None req-41051eb6-2a9f-4aee-8cd4-bbefaa872ffc tempest-GroupsV314Test-1459402372 tempest-GroupsV314Test-1459402372-project] Creating group tempest-Group_from_grp-1118574522 from source group 012aaaae-1455-4865-8609-da198c19ec6e.
Sep 15 03:26:32.216358 dv-cinder-806965-6-smb devstack@c-api.service[100779]: /usr/local/lib/python3.8/dist-packages/oslo_context/context.py:105: DeprecationWarning: Policy enforcement is depending on the value of is_admin. This key is deprecated. Please update your policy file to use the standard policy values.
Sep 15 03:26:32.216358 dv-cinder-806965-6-smb devstack@c-api.service[100779]:   warnings.warn('Policy enforcement is depending on the value of '
Sep 15 03:26:32.247288 dv-cinder-806965-6-smb devstack@c-api.service[100779]: /usr/local/lib/python3.8/dist-packages/oslo_context/context.py:105: DeprecationWarning: Policy enforcement is depending on the value of is_admin. This key is deprecated. Please update your policy file to use the standard policy values.
Sep 15 03:26:32.247288 dv-cinder-806965-6-smb devstack@c-api.service[100779]:   warnings.warn('Policy enforcement is depending on the value of '
Sep 15 03:26:32.357786 dv-cinder-806965-6-smb devstack@c-api.service[100779]: DEBUG cinder.quota [None req-41051eb6-2a9f-4aee-8cd4-bbefaa872ffc tempest-GroupsV314Test-1459402372 tempest-GroupsV314Test-1459402372-project] Created reservations ['00a11198-8823-419e-983c-3fccbf42b16a'] {{(pid=100779) reserve /opt/stack/cinder/cinder/quota.py:755}}
Sep 15 03:26:32.531605 dv-cinder-806965-6-smb devstack@c-api.service[100779]: INFO cinder.group.api [None req-41051eb6-2a9f-4aee-8cd4-bbefaa872ffc tempest-GroupsV314Test-1459402372 tempest-GroupsV314Test-1459402372-project] A mapping entry already exists for group d4d2d893-41d8-444e-a0df-8179cda5b6f4 and volume type ae0f0dbd-63fd-4595-a257-16df15c1683d. Do not need to create again.
Sep 15 03:26:32.534162 dv-cinder-806965-6-smb devstack@c-api.service[100779]: /usr/local/lib/python3.8/dist-packages/oslo_context/context.py:105: DeprecationWarning: Policy enforcement is depending on the value of is_admin. This key is deprecated. Please update your policy file to use the standard policy values.
Sep 15 03:26:32.534162 dv-cinder-806965-6-smb devstack@c-api.service[100779]:   warnings.warn('Policy enforcement is depending on the value of '
Sep 15 03:26:32.536967 dv-cinder-806965-6-smb devstack@c-api.service[100779]: INFO cinder.volume.api [None req-41051eb6-2a9f-4aee-8cd4-bbefaa872ffc tempest-GroupsV314Test-1459402372 tempest-GroupsV314Test-1459402372-project] Availability Zones retrieved successfully.
Sep 15 03:26:32.557305 dv-cinder-806965-6-smb devstack@c-api.service[100779]: DEBUG cinder.volume.api [None req-41051eb6-2a9f-4aee-8cd4-bbefaa872ffc tempest-GroupsV314Test-1459402372 tempest-GroupsV314Test-1459402372-project] Flow 'volume_create_api' (ab602131-a82e-48ad-9f0b-329c93e5e45b) transitioned into state 'RUNNING' from state 'PENDING' {{(pid=100779) _flow_receiver /usr/local/lib/python3.8/dist-packages/taskflow/listeners/logging.py:141}}
Sep 15 03:26:32.560272 dv-cinder-806965-6-smb devstack@c-api.service[100779]: DEBUG cinder.volume.api [None req-41051eb6-2a9f-4aee-8cd4-bbefaa872ffc tempest-GroupsV314Test-1459402372 tempest-GroupsV314Test-1459402372-project] Task 'cinder.volume.flows.api.create_volume.ExtractVolumeRequestTask;volume:create' (1e56dc0d-f845-47bd-97d5-2c54aaa82e98) transitioned into state 'RUNNING' from state 'PENDING' {{(pid=100779) _task_receiver /usr/local/lib/python3.8/dist-packages/taskflow/listeners/logging.py:190}}
Sep 15 03:26:32.563116 dv-cinder-806965-6-smb devstack@c-api.service[100779]: DEBUG cinder.volume.flows.api.create_volume [None req-41051eb6-2a9f-4aee-8cd4-bbefaa872ffc tempest-GroupsV314Test-1459402372 tempest-GroupsV314Test-1459402372-project] Validating volume size '1' using validate_int, validate_source_size {{(pid=100779) _extract_size /opt/stack/cinder/cinder/volume/flows/api/create_volume.py:225}}
Sep 15 03:26:32.590284 dv-cinder-806965-6-smb devstack@c-api.service[100779]: DEBUG cinder.volume.api [None req-41051eb6-2a9f-4aee-8cd4-bbefaa872ffc tempest-GroupsV314Test-1459402372 tempest-GroupsV314Test-1459402372-project] Task 'cinder.volume.flows.api.create_volume.ExtractVolumeRequestTask;volume:create' (1e56dc0d-f845-47bd-97d5-2c54aaa82e98) transitioned into state 'SUCCESS' from state 'RUNNING' with result '{'size': 1, 'snapshot_id': None, 'source_volid': '12b247d1-d147-4758-8b96-885c9996ffae', 'volume_type': VolumeType(created_at=2021-09-15T03:26:29Z,deleted=False,deleted_at=None,description=None,extra_specs={},id=ae0f0dbd-63fd-4595-a257-16df15c1683d,is_public=True,name='tempest-GroupsV314Test-volume-type-252177301',projects=[],qos_specs=<?>,qos_specs_id=None,updated_at=None), 'volume_type_id': 'ae0f0dbd-63fd-4595-a257-16df15c1683d', 'encryption_key_id': None, 'qos_specs': None, 'consistencygroup_id': None, 'cgsnapshot_id': None, 'group_id': 'd4d2d893-41d8-444e-a0df-8179cda5b6f4', 'replication_status': 'disabled', 'refresh_az': False, 'backup_id': None, 'multiattach': False, 'availability_zones': ['nova']}' {{(pid=100779) _task_receiver /usr/local/lib/python3.8/dist-packages/taskflow/listeners/logging.py:178}}
Sep 15 03:26:32.593037 dv-cinder-806965-6-smb devstack@c-api.service[100779]: DEBUG cinder.volume.api [None req-41051eb6-2a9f-4aee-8cd4-bbefaa872ffc tempest-GroupsV314Test-1459402372 tempest-GroupsV314Test-1459402372-project] Task 'cinder.volume.flows.api.create_volume.QuotaReserveTask;volume:create' (f2b22035-b4a7-40e9-99e4-07df9809eb87) transitioned into state 'RUNNING' from state 'PENDING' {{(pid=100779) _task_receiver /usr/local/lib/python3.8/dist-packages/taskflow/listeners/logging.py:190}}
Sep 15 03:26:32.630584 dv-cinder-806965-6-smb devstack@c-api.service[100780]: INFO cinder.api.openstack.wsgi [None req-7e515df7-6205-4585-a265-357a550884ae tempest-VolumesImageMetadata-1719956935 tempest-VolumesImageMetadata-1719956935-project] GET http://10.222.0.47/volume/v3/d0784d30801045068581bfd4f7a4e4a8/volumes/643f4967-7653-4bc2-bd1a-ca44c9c097d9
Sep 15 03:26:32.631166 dv-cinder-806965-6-smb devstack@c-api.service[100780]: DEBUG cinder.api.openstack.wsgi [None req-7e515df7-6205-4585-a265-357a550884ae tempest-VolumesImageMetadata-1719956935 tempest-VolumesImageMetadata-1719956935-project] Empty body provided in request {{(pid=100780) get_body /opt/stack/cinder/cinder/api/openstack/wsgi.py:703}}
Sep 15 03:26:32.631262 dv-cinder-806965-6-smb devstack@c-api.service[100780]: /usr/local/lib/python3.8/dist-packages/webob/acceptparse.py:1047: DeprecationWarning: The behavior of AcceptValidHeader.best_match is currently being maintained for backward compatibility, but it will be deprecated in the future, as it does not conform to the RFC.
Sep 15 03:26:32.631262 dv-cinder-806965-6-smb devstack@c-api.service[100780]:   warnings.warn(
Sep 15 03:26:32.631493 dv-cinder-806965-6-smb devstack@c-api.service[100780]: DEBUG cinder.api.openstack.wsgi [None req-7e515df7-6205-4585-a265-357a550884ae tempest-VolumesImageMetadata-1719956935 tempest-VolumesImageMetadata-1719956935-project] Calling method 'show' {{(pid=100780) _process_stack /opt/stack/cinder/cinder/api/openstack/wsgi.py:856}}
Sep 15 03:26:32.644766 dv-cinder-806965-6-smb devstack@c-api.service[100779]: WARNING cinder.quota [None req-41051eb6-2a9f-4aee-8cd4-bbefaa872ffc tempest-GroupsV314Test-1459402372 tempest-GroupsV314Test-1459402372-project] Deprecated: Default quota for resource: volumes_tempest-GroupsV314Test-volume-type-252177301 is set by the default quota flag: quota_volumes_tempest-GroupsV314Test-volume-type-252177301, it is now deprecated. Please use the default quota class for default quota.
Sep 15 03:26:32.646118 dv-cinder-806965-6-smb devstack@c-api.service[100779]: WARNING cinder.quota [None req-41051eb6-2a9f-4aee-8cd4-bbefaa872ffc tempest-GroupsV314Test-1459402372 tempest-GroupsV314Test-1459402372-project] Deprecated: Default quota for resource: gigabytes_tempest-GroupsV314Test-volume-type-252177301 is set by the default quota flag: quota_gigabytes_tempest-GroupsV314Test-volume-type-252177301, it is now deprecated. Please use the default quota class for default quota.
Sep 15 03:26:32.660424 dv-cinder-806965-6-smb devstack@c-api.service[100780]: /usr/local/lib/python3.8/dist-packages/oslo_context/context.py:105: DeprecationWarning: Policy enforcement is depending on the value of is_admin. This key is deprecated. Please update your policy file to use the standard policy values.
Sep 15 03:26:32.660424 dv-cinder-806965-6-smb devstack@c-api.service[100780]:   warnings.warn('Policy enforcement is depending on the value of '
Sep 15 03:26:32.670825 dv-cinder-806965-6-smb devstack@c-api.service[100780]: INFO cinder.volume.api [None req-7e515df7-6205-4585-a265-357a550884ae tempest-VolumesImageMetadata-1719956935 tempest-VolumesImageMetadata-1719956935-project] Volume info retrieved successfully.
Sep 15 03:26:32.676825 dv-cinder-806965-6-smb devstack@c-api.service[100779]: DEBUG cinder.quota [None req-41051eb6-2a9f-4aee-8cd4-bbefaa872ffc tempest-GroupsV314Test-1459402372 tempest-GroupsV314Test-1459402372-project] Created reservations ['af606eeb-478b-4ef1-9b5a-a3b5d2face23', '215d45be-680b-48a9-9bf5-3ce63b7d4e41', '4bcd0dae-094e-46b1-8a3a-d6cbe1adb6c3', '997882e2-a2c9-428b-acc1-4d3b91911dcd'] {{(pid=100779) reserve /opt/stack/cinder/cinder/quota.py:755}}
Sep 15 03:26:32.679742 dv-cinder-806965-6-smb devstack@c-api.service[100779]: DEBUG cinder.volume.api [None req-41051eb6-2a9f-4aee-8cd4-bbefaa872ffc tempest-GroupsV314Test-1459402372 tempest-GroupsV314Test-1459402372-project] Task 'cinder.volume.flows.api.create_volume.QuotaReserveTask;volume:create' (f2b22035-b4a7-40e9-99e4-07df9809eb87) transitioned into state 'SUCCESS' from state 'RUNNING' with result '{'reservations': ['af606eeb-478b-4ef1-9b5a-a3b5d2face23', '215d45be-680b-48a9-9bf5-3ce63b7d4e41', '4bcd0dae-094e-46b1-8a3a-d6cbe1adb6c3', '997882e2-a2c9-428b-acc1-4d3b91911dcd']}' {{(pid=100779) _task_receiver /usr/local/lib/python3.8/dist-packages/taskflow/listeners/logging.py:178}}
Sep 15 03:26:32.681964 dv-cinder-806965-6-smb devstack@c-api.service[100779]: DEBUG cinder.volume.api [None req-41051eb6-2a9f-4aee-8cd4-bbefaa872ffc tempest-GroupsV314Test-1459402372 tempest-GroupsV314Test-1459402372-project] Task 'cinder.volume.flows.api.create_volume.EntryCreateTask;volume:create' (5950da75-c84d-48c3-b7e7-e0341c20b063) transitioned into state 'RUNNING' from state 'PENDING' {{(pid=100779) _task_receiver /usr/local/lib/python3.8/dist-packages/taskflow/listeners/logging.py:190}}
Sep 15 03:26:32.693108 dv-cinder-806965-6-smb devstack@c-api.service[100780]: INFO cinder.api.openstack.wsgi [None req-7e515df7-6205-4585-a265-357a550884ae tempest-VolumesImageMetadata-1719956935 tempest-VolumesImageMetadata-1719956935-project] http://10.222.0.47/volume/v3/d0784d30801045068581bfd4f7a4e4a8/volumes/643f4967-7653-4bc2-bd1a-ca44c9c097d9 returned with HTTP 200
Sep 15 03:26:32.694524 dv-cinder-806965-6-smb devstack@c-api.service[100780]: [pid: 100780|app: 0|req: 118/217] 10.222.0.47 () {58 vars in 1325 bytes} [Wed Sep 15 03:26:32 2021] GET /volume/v3/d0784d30801045068581bfd4f7a4e4a8/volumes/643f4967-7653-4bc2-bd1a-ca44c9c097d9 => generated 911 bytes in 68 msecs (HTTP/1.1 200) 7 headers in 285 bytes (1 switches on core 0)
Sep 15 03:26:32.706942 dv-cinder-806965-6-smb devstack@c-api.service[100780]: INFO cinder.api.openstack.wsgi [None req-b637aa7a-15cb-4057-a023-1994bc8cda1f tempest-VolumesDeleteCascade-2055336274 tempest-VolumesDeleteCascade-2055336274-project] GET http://10.222.0.47/volume/v3/627bcc8e7a6a42148f31408e25f497c2/volumes/b4168619-7841-42ac-a06d-6565532903f9
Sep 15 03:26:32.707364 dv-cinder-806965-6-smb devstack@c-api.service[100780]: DEBUG cinder.api.openstack.wsgi [None req-b637aa7a-15cb-4057-a023-1994bc8cda1f tempest-VolumesDeleteCascade-2055336274 tempest-VolumesDeleteCascade-2055336274-project] Empty body provided in request {{(pid=100780) get_body /opt/stack/cinder/cinder/api/openstack/wsgi.py:703}}
Sep 15 03:26:32.707628 dv-cinder-806965-6-smb devstack@c-api.service[100780]: /usr/local/lib/python3.8/dist-packages/webob/acceptparse.py:1047: DeprecationWarning: The behavior of AcceptValidHeader.best_match is currently being maintained for backward compatibility, but it will be deprecated in the future, as it does not conform to the RFC.
Sep 15 03:26:32.707628 dv-cinder-806965-6-smb devstack@c-api.service[100780]:   warnings.warn(
Sep 15 03:26:32.707865 dv-cinder-806965-6-smb devstack@c-api.service[100780]: DEBUG cinder.api.openstack.wsgi [None req-b637aa7a-15cb-4057-a023-1994bc8cda1f tempest-VolumesDeleteCascade-2055336274 tempest-VolumesDeleteCascade-2055336274-project] Calling method 'show' {{(pid=100780) _process_stack /opt/stack/cinder/cinder/api/openstack/wsgi.py:856}}
Sep 15 03:26:32.722203 dv-cinder-806965-6-smb devstack@c-api.service[100779]: DEBUG cinder.volume.api [None req-41051eb6-2a9f-4aee-8cd4-bbefaa872ffc tempest-GroupsV314Test-1459402372 tempest-GroupsV314Test-1459402372-project] Task 'cinder.volume.flows.api.create_volume.EntryCreateTask;volume:create' (5950da75-c84d-48c3-b7e7-e0341c20b063) transitioned into state 'SUCCESS' from state 'RUNNING' with result '{'volume_id': '39d5967c-6b32-4226-ae6e-48f598a72bb0', 'volume_properties': VolumeProperties(attach_status='detached',availability_zone='nova',cgsnapshot_id=None,consistencygroup_id=None,display_description=None,display_name=None,encryption_key_id=None,group_id=d4d2d893-41d8-444e-a0df-8179cda5b6f4,group_type_id=<?>,metadata={},multiattach=False,project_id='a7a98cd4f91c4fea8d3ddab7f3c724d5',qos_specs=None,replication_status=<?>,reservations=['af606eeb-478b-4ef1-9b5a-a3b5d2face23','215d45be-680b-48a9-9bf5-3ce63b7d4e41','4bcd0dae-094e-46b1-8a3a-d6cbe1adb6c3','997882e2-a2c9-428b-acc1-4d3b91911dcd'],size=1,snapshot_id=None,source_replicaid=<?>,source_volid=12b247d1-d147-4758-8b96-885c9996ffae,status='creating',user_id='5b6ebdd47c434647bd9fe0b1aa06202d',volume_type_id=ae0f0dbd-63fd-4595-a257-16df15c1683d), 'volume': Volume(_name_id=None,admin_metadata=<?>,attach_status='detached',availability_zone='nova',bootable=False,cluster=<?>,cluster_name=None,consistencygroup=<?>,consistencygroup_id=None,created_at=2021-09-15T03:26:32Z,deleted=False,deleted_at=None,display_description=None,display_name=None,ec2_id=None,encryption_key_id=None,glance_metadata=<?>,group=<?>,group_id=d4d2d893-41d8-444e-a0df-8179cda5b6f4,host=None,id=39d5967c-6b32-4226-ae6e-48f598a72bb0,launched_at=None,metadata={},migration_status=None,multiattach=False,previous_status=None,project_id='a7a98cd4f91c4fea8d3ddab7f3c724d5',provider_auth=None,provider_geometry=None,provider_id=None,provider_location=None,replication_driver_data=None,replication_extended_status=None,replication_status=None,scheduled_at=None,service_uuid=None,shared_targets=True,size=1,snapshot_id=None,snapshots=<?>,source_volid=12b247d1-d147-4758-8b96-885c9996ffae,status='creating',terminated_at=None,updated_at=None,use_quota=True,user_id='5b6ebdd47c434647bd9fe0b1aa06202d',volume_attachment=<?>,volume_type=VolumeType(ae0f0dbd-63fd-4595-a257-16df15c1683d),volume_type_id=ae0f0dbd-63fd-4595-a257-16df15c1683d)}' {{(pid=100779) _task_receiver /usr/local/lib/python3.8/dist-packages/taskflow/listeners/logging.py:178}}
Sep 15 03:26:32.724292 dv-cinder-806965-6-smb devstack@c-api.service[100779]: DEBUG cinder.volume.api [None req-41051eb6-2a9f-4aee-8cd4-bbefaa872ffc tempest-GroupsV314Test-1459402372 tempest-GroupsV314Test-1459402372-project] Task 'cinder.volume.flows.api.create_volume.QuotaCommitTask;volume:create' (4b55f716-633f-445a-a81d-a1a6f63a03a3) transitioned into state 'RUNNING' from state 'PENDING' {{(pid=100779) _task_receiver /usr/local/lib/python3.8/dist-packages/taskflow/listeners/logging.py:190}}
Sep 15 03:26:32.727217 dv-cinder-806965-6-smb devstack@c-api.service[100780]: /usr/local/lib/python3.8/dist-packages/oslo_context/context.py:105: DeprecationWarning: Policy enforcement is depending on the value of is_admin. This key is deprecated. Please update your policy file to use the standard policy values.
Sep 15 03:26:32.727217 dv-cinder-806965-6-smb devstack@c-api.service[100780]:   warnings.warn('Policy enforcement is depending on the value of '
Sep 15 03:26:32.735923 dv-cinder-806965-6-smb devstack@c-api.service[100780]: INFO cinder.volume.api [None req-b637aa7a-15cb-4057-a023-1994bc8cda1f tempest-VolumesDeleteCascade-2055336274 tempest-VolumesDeleteCascade-2055336274-project] Volume info retrieved successfully.
Sep 15 03:26:32.754306 dv-cinder-806965-6-smb devstack@c-api.service[100779]: DEBUG cinder.volume.api [None req-41051eb6-2a9f-4aee-8cd4-bbefaa872ffc tempest-GroupsV314Test-1459402372 tempest-GroupsV314Test-1459402372-project] Task 'cinder.volume.flows.api.create_volume.QuotaCommitTask;volume:create' (4b55f716-633f-445a-a81d-a1a6f63a03a3) transitioned into state 'SUCCESS' from state 'RUNNING' with result '{'volume_properties': VolumeProperties(attach_status='detached',availability_zone='nova',cgsnapshot_id=None,consistencygroup_id=None,display_description=None,display_name=None,encryption_key_id=None,group_id=d4d2d893-41d8-444e-a0df-8179cda5b6f4,group_type_id=<?>,metadata={},multiattach=False,project_id='a7a98cd4f91c4fea8d3ddab7f3c724d5',qos_specs=None,replication_status=<?>,reservations=['af606eeb-478b-4ef1-9b5a-a3b5d2face23','215d45be-680b-48a9-9bf5-3ce63b7d4e41','4bcd0dae-094e-46b1-8a3a-d6cbe1adb6c3','997882e2-a2c9-428b-acc1-4d3b91911dcd'],size=1,snapshot_id=None,source_replicaid=<?>,source_volid=12b247d1-d147-4758-8b96-885c9996ffae,status='creating',user_id='5b6ebdd47c434647bd9fe0b1aa06202d',volume_type_id=ae0f0dbd-63fd-4595-a257-16df15c1683d)}' {{(pid=100779) _task_receiver /usr/local/lib/python3.8/dist-packages/taskflow/listeners/logging.py:178}}
Sep 15 03:26:32.756569 dv-cinder-806965-6-smb devstack@c-api.service[100780]: INFO cinder.api.openstack.wsgi [None req-b637aa7a-15cb-4057-a023-1994bc8cda1f tempest-VolumesDeleteCascade-2055336274 tempest-VolumesDeleteCascade-2055336274-project] http://10.222.0.47/volume/v3/627bcc8e7a6a42148f31408e25f497c2/volumes/b4168619-7841-42ac-a06d-6565532903f9 returned with HTTP 200
Sep 15 03:26:32.756982 dv-cinder-806965-6-smb devstack@c-api.service[100779]: DEBUG cinder.volume.api [None req-41051eb6-2a9f-4aee-8cd4-bbefaa872ffc tempest-GroupsV314Test-1459402372 tempest-GroupsV314Test-1459402372-project] Flow 'volume_create_api' (ab602131-a82e-48ad-9f0b-329c93e5e45b) transitioned into state 'SUCCESS' from state 'RUNNING' {{(pid=100779) _flow_receiver /usr/local/lib/python3.8/dist-packages/taskflow/listeners/logging.py:141}}
Sep 15 03:26:32.757755 dv-cinder-806965-6-smb devstack@c-api.service[100779]: INFO cinder.volume.api [None req-41051eb6-2a9f-4aee-8cd4-bbefaa872ffc tempest-GroupsV314Test-1459402372 tempest-GroupsV314Test-1459402372-project] Create volume request issued successfully.
Sep 15 03:26:32.758192 dv-cinder-806965-6-smb devstack@c-api.service[100780]: [pid: 100780|app: 0|req: 119/218] 10.222.0.47 () {58 vars in 1325 bytes} [Wed Sep 15 03:26:32 2021] GET /volume/v3/627bcc8e7a6a42148f31408e25f497c2/volumes/b4168619-7841-42ac-a06d-6565532903f9 => generated 912 bytes in 63 msecs (HTTP/1.1 200) 7 headers in 285 bytes (1 switches on core 0)
Sep 15 03:26:32.764700 dv-cinder-806965-6-smb devstack@c-api.service[100780]: INFO cinder.api.openstack.wsgi [None req-6c461659-7e66-4286-9ff9-aaac8cb0ce6d tempest-SnapshotsActionsTest-1920453191 tempest-SnapshotsActionsTest-1920453191-project] GET http://10.222.0.47/volume/v3/9ac3b2eb0073475daec9d1d659c918dc/snapshots/4e8d5a5c-6fc7-47b7-80ee-574829e1c763
Sep 15 03:26:32.765311 dv-cinder-806965-6-smb devstack@c-api.service[100780]: DEBUG cinder.api.openstack.wsgi [None req-6c461659-7e66-4286-9ff9-aaac8cb0ce6d tempest-SnapshotsActionsTest-1920453191 tempest-SnapshotsActionsTest-1920453191-project] Empty body provided in request {{(pid=100780) get_body /opt/stack/cinder/cinder/api/openstack/wsgi.py:703}}
Sep 15 03:26:32.765669 dv-cinder-806965-6-smb devstack@c-api.service[100780]: /usr/local/lib/python3.8/dist-packages/webob/acceptparse.py:1047: DeprecationWarning: The behavior of AcceptValidHeader.best_match is currently being maintained for backward compatibility, but it will be deprecated in the future, as it does not conform to the RFC.
Sep 15 03:26:32.765669 dv-cinder-806965-6-smb devstack@c-api.service[100780]:   warnings.warn(
Sep 15 03:26:32.766250 dv-cinder-806965-6-smb devstack@c-api.service[100780]: DEBUG cinder.api.openstack.wsgi [None req-6c461659-7e66-4286-9ff9-aaac8cb0ce6d tempest-SnapshotsActionsTest-1920453191 tempest-SnapshotsActionsTest-1920453191-project] Calling method 'show' {{(pid=100780) _process_stack /opt/stack/cinder/cinder/api/openstack/wsgi.py:856}}
Sep 15 03:26:32.775905 dv-cinder-806965-6-smb devstack@c-api.service[100780]: INFO cinder.api.openstack.wsgi [None req-6c461659-7e66-4286-9ff9-aaac8cb0ce6d tempest-SnapshotsActionsTest-1920453191 tempest-SnapshotsActionsTest-1920453191-project] http://10.222.0.47/volume/v3/9ac3b2eb0073475daec9d1d659c918dc/snapshots/4e8d5a5c-6fc7-47b7-80ee-574829e1c763 returned with HTTP 404
Sep 15 03:26:32.778449 dv-cinder-806965-6-smb devstack@c-api.service[100780]: [pid: 100780|app: 0|req: 120/219] 10.222.0.47 () {58 vars in 1331 bytes} [Wed Sep 15 03:26:32 2021] GET /volume/v3/9ac3b2eb0073475daec9d1d659c918dc/snapshots/4e8d5a5c-6fc7-47b7-80ee-574829e1c763 => generated 111 bytes in 20 msecs (HTTP/1.1 404) 7 headers in 292 bytes (1 switches on core 0)
Sep 15 03:26:32.783861 dv-cinder-806965-6-smb devstack@c-api.service[100780]: INFO cinder.api.openstack.wsgi [None req-744303cd-5a2f-4a52-b467-d0d10847143e tempest-VolumesDeleteCascade-2055336274 tempest-VolumesDeleteCascade-2055336274-project] POST http://10.222.0.47/volume/v3/627bcc8e7a6a42148f31408e25f497c2/snapshots
Sep 15 03:26:32.784526 dv-cinder-806965-6-smb devstack@c-api.service[100780]: DEBUG cinder.api.openstack.wsgi [None req-744303cd-5a2f-4a52-b467-d0d10847143e tempest-VolumesDeleteCascade-2055336274 tempest-VolumesDeleteCascade-2055336274-project] Action: 'create', calling method: create, body: {"snapshot": {"volume_id": "b4168619-7841-42ac-a06d-6565532903f9", "name": "tempest-VolumesDeleteCascade-Snapshot-1003072293"}} {{(pid=100780) _process_stack /opt/stack/cinder/cinder/api/openstack/wsgi.py:854}}
Sep 15 03:26:32.807508 dv-cinder-806965-6-smb devstack@c-api.service[100780]: /usr/local/lib/python3.8/dist-packages/oslo_context/context.py:105: DeprecationWarning: Policy enforcement is depending on the value of is_admin. This key is deprecated. Please update your policy file to use the standard policy values.
Sep 15 03:26:32.807508 dv-cinder-806965-6-smb devstack@c-api.service[100780]:   warnings.warn('Policy enforcement is depending on the value of '
Sep 15 03:26:32.810004 dv-cinder-806965-6-smb devstack@c-api.service[100780]: INFO cinder.volume.api [None req-744303cd-5a2f-4a52-b467-d0d10847143e tempest-VolumesDeleteCascade-2055336274 tempest-VolumesDeleteCascade-2055336274-project] Volume info retrieved successfully.
Sep 15 03:26:32.810316 dv-cinder-806965-6-smb devstack@c-api.service[100780]: INFO cinder.api.v3.snapshots [None req-744303cd-5a2f-4a52-b467-d0d10847143e tempest-VolumesDeleteCascade-2055336274 tempest-VolumesDeleteCascade-2055336274-project] Create snapshot from volume b4168619-7841-42ac-a06d-6565532903f9
Sep 15 03:26:32.827300 dv-cinder-806965-6-smb devstack@c-api.service[100779]: INFO cinder.api.openstack.wsgi [None req-41051eb6-2a9f-4aee-8cd4-bbefaa872ffc tempest-GroupsV314Test-1459402372 tempest-GroupsV314Test-1459402372-project] http://10.222.0.47/volume/v3/a7a98cd4f91c4fea8d3ddab7f3c724d5/groups/action returned with HTTP 202
Sep 15 03:26:32.832389 dv-cinder-806965-6-smb devstack@c-api.service[100779]: [pid: 100779|app: 0|req: 100/220] 10.222.0.47 () {62 vars in 1295 bytes} [Wed Sep 15 03:26:32 2021] POST /volume/v3/a7a98cd4f91c4fea8d3ddab7f3c724d5/groups/action => generated 102 bytes in 649 msecs (HTTP/1.1 202) 7 headers in 292 bytes (1 switches on core 0)
Sep 15 03:26:32.837535 dv-cinder-806965-6-smb devstack@c-api.service[100779]: INFO cinder.api.openstack.wsgi [None req-794b5171-da2a-4d3c-b01b-21cb1bc9a81f tempest-SnapshotsActionsTest-33239174 tempest-SnapshotsActionsTest-33239174-project-admin] POST http://10.222.0.47/volume/v3/7776bd517ed04d4f8983b79ec6c40b22/snapshots/b85e6bf5-b6df-4c64-933d-c5ccf16a191a/action
Sep 15 03:26:32.837993 dv-cinder-806965-6-smb devstack@c-api.service[100779]: /usr/local/lib/python3.8/dist-packages/webob/acceptparse.py:1047: DeprecationWarning: The behavior of AcceptValidHeader.best_match is currently being maintained for backward compatibility, but it will be deprecated in the future, as it does not conform to the RFC.
Sep 15 03:26:32.837993 dv-cinder-806965-6-smb devstack@c-api.service[100779]:   warnings.warn(
Sep 15 03:26:32.838386 dv-cinder-806965-6-smb devstack@c-api.service[100779]: DEBUG cinder.api.openstack.wsgi [None req-794b5171-da2a-4d3c-b01b-21cb1bc9a81f tempest-SnapshotsActionsTest-33239174 tempest-SnapshotsActionsTest-33239174-project-admin] Action body: b'{"os-reset_status": {"status": "available"}}' {{(pid=100779) get_method /opt/stack/cinder/cinder/api/openstack/wsgi.py:971}}
Sep 15 03:26:32.838742 dv-cinder-806965-6-smb devstack@c-api.service[100779]: DEBUG cinder.api.openstack.wsgi [None req-794b5171-da2a-4d3c-b01b-21cb1bc9a81f tempest-SnapshotsActionsTest-33239174 tempest-SnapshotsActionsTest-33239174-project-admin] Action: 'action', calling method: _reset_status, body: {"os-reset_status": {"status": "available"}} {{(pid=100779) _process_stack /opt/stack/cinder/cinder/api/openstack/wsgi.py:854}}
Sep 15 03:26:32.839561 dv-cinder-806965-6-smb devstack@c-api.service[100779]: DEBUG cinder.api.contrib.admin_actions [None req-794b5171-da2a-4d3c-b01b-21cb1bc9a81f tempest-SnapshotsActionsTest-33239174 tempest-SnapshotsActionsTest-33239174-project-admin] Updating snapshot 'b85e6bf5-b6df-4c64-933d-c5ccf16a191a' with '{'status': 'available'}' {{(pid=100779) _reset_status /opt/stack/cinder/cinder/api/contrib/admin_actions.py:100}}
Sep 15 03:26:32.859666 dv-cinder-806965-6-smb devstack@c-api.service[100779]: /usr/local/lib/python3.8/dist-packages/oslo_context/context.py:105: DeprecationWarning: Policy enforcement is depending on the value of is_admin. This key is deprecated. Please update your policy file to use the standard policy values.
Sep 15 03:26:32.859666 dv-cinder-806965-6-smb devstack@c-api.service[100779]:   warnings.warn('Policy enforcement is depending on the value of '
Sep 15 03:26:32.888907 dv-cinder-806965-6-smb devstack@c-api.service[100779]: INFO cinder.api.openstack.wsgi [None req-794b5171-da2a-4d3c-b01b-21cb1bc9a81f tempest-SnapshotsActionsTest-33239174 tempest-SnapshotsActionsTest-33239174-project-admin] http://10.222.0.47/volume/v3/7776bd517ed04d4f8983b79ec6c40b22/snapshots/b85e6bf5-b6df-4c64-933d-c5ccf16a191a/action returned with HTTP 202
Sep 15 03:26:32.889969 dv-cinder-806965-6-smb devstack@c-api.service[100779]: [pid: 100779|app: 0|req: 101/221] 10.222.0.47 () {60 vars in 1373 bytes} [Wed Sep 15 03:26:32 2021] POST /volume/v3/7776bd517ed04d4f8983b79ec6c40b22/snapshots/b85e6bf5-b6df-4c64-933d-c5ccf16a191a/action => generated 0 bytes in 58 msecs (HTTP/1.1 202) 7 headers in 289 bytes (1 switches on core 0)
Sep 15 03:26:32.893855 dv-cinder-806965-6-smb devstack@c-api.service[100779]: INFO cinder.api.openstack.wsgi [None req-89b6aa9e-b2fb-4ee7-bba0-8644b9da7c03 tempest-GroupsV314Test-1459402372 tempest-GroupsV314Test-1459402372-project] GET http://10.222.0.47/volume/v3/a7a98cd4f91c4fea8d3ddab7f3c724d5/volumes/detail
Sep 15 03:26:32.894649 dv-cinder-806965-6-smb devstack@c-api.service[100779]: DEBUG cinder.api.openstack.wsgi [None req-89b6aa9e-b2fb-4ee7-bba0-8644b9da7c03 tempest-GroupsV314Test-1459402372 tempest-GroupsV314Test-1459402372-project] Empty body provided in request {{(pid=100779) get_body /opt/stack/cinder/cinder/api/openstack/wsgi.py:703}}
Sep 15 03:26:32.894986 dv-cinder-806965-6-smb devstack@c-api.service[100779]: /usr/local/lib/python3.8/dist-packages/webob/acceptparse.py:1047: DeprecationWarning: The behavior of AcceptValidHeader.best_match is currently being maintained for backward compatibility, but it will be deprecated in the future, as it does not conform to the RFC.
Sep 15 03:26:32.894986 dv-cinder-806965-6-smb devstack@c-api.service[100779]:   warnings.warn(
Sep 15 03:26:32.895369 dv-cinder-806965-6-smb devstack@c-api.service[100779]: DEBUG cinder.api.openstack.wsgi [None req-89b6aa9e-b2fb-4ee7-bba0-8644b9da7c03 tempest-GroupsV314Test-1459402372 tempest-GroupsV314Test-1459402372-project] Calling method 'detail' {{(pid=100779) _process_stack /opt/stack/cinder/cinder/api/openstack/wsgi.py:856}}
Sep 15 03:26:32.896002 dv-cinder-806965-6-smb devstack@c-api.service[100779]: DEBUG cinder.api.api_utils [None req-89b6aa9e-b2fb-4ee7-bba0-8644b9da7c03 tempest-GroupsV314Test-1459402372 tempest-GroupsV314Test-1459402372-project] Removing options '' from query. {{(pid=100779) remove_invalid_filter_options /opt/stack/cinder/cinder/api/api_utils.py:73}}
Sep 15 03:26:32.896768 dv-cinder-806965-6-smb devstack@c-api.service[100779]: /usr/local/lib/python3.8/dist-packages/oslo_context/context.py:105: DeprecationWarning: Policy enforcement is depending on the value of is_admin. This key is deprecated. Please update your policy file to use the standard policy values.
Sep 15 03:26:32.896768 dv-cinder-806965-6-smb devstack@c-api.service[100779]:   warnings.warn('Policy enforcement is depending on the value of '
Sep 15 03:26:32.898085 dv-cinder-806965-6-smb devstack@c-api.service[100779]: DEBUG cinder.volume.api [None req-89b6aa9e-b2fb-4ee7-bba0-8644b9da7c03 tempest-GroupsV314Test-1459402372 tempest-GroupsV314Test-1459402372-project] Searching by: MultiDict([('no_migration_targets', True)]). {{(pid=100779) get_all /opt/stack/cinder/cinder/volume/api.py:619}}
Sep 15 03:26:32.927940 dv-cinder-806965-6-smb devstack@c-api.service[100780]: DEBUG cinder.quota [None req-744303cd-5a2f-4a52-b467-d0d10847143e tempest-VolumesDeleteCascade-2055336274 tempest-VolumesDeleteCascade-2055336274-project] Created reservations ['65a8c668-3cb1-47d6-ae1c-1d665af9d37e', '5391d07c-422c-48a2-92cd-3ed37d56b84f', '2d57e07c-1d8f-435b-8a59-b8e82e2a507c', '35f0a71c-5571-4848-8aa1-f3fe9ab45904'] {{(pid=100780) reserve /opt/stack/cinder/cinder/quota.py:755}}
Sep 15 03:26:32.956194 dv-cinder-806965-6-smb devstack@c-api.service[100779]: INFO cinder.volume.api [None req-89b6aa9e-b2fb-4ee7-bba0-8644b9da7c03 tempest-GroupsV314Test-1459402372 tempest-GroupsV314Test-1459402372-project] Get all volumes completed successfully.
Sep 15 03:26:32.957663 dv-cinder-806965-6-smb devstack@c-api.service[100779]: WARNING stevedore.named [None req-89b6aa9e-b2fb-4ee7-bba0-8644b9da7c03 tempest-GroupsV314Test-1459402372 tempest-GroupsV314Test-1459402372-project] Could not load cinder.keymgr.conf_key_mgr.ConfKeyManager
Sep 15 03:26:32.958074 dv-cinder-806965-6-smb devstack@c-api.service[100779]: WARNING castellan.key_manager [None req-89b6aa9e-b2fb-4ee7-bba0-8644b9da7c03 tempest-GroupsV314Test-1459402372 tempest-GroupsV314Test-1459402372-project] Deprecation Warning : cinder.keymgr.conf_key_mgr.ConfKeyManager is not a stevedore based driver, trying to load it as a class: stevedore.exception.NoMatches: No 'castellan.drivers' driver found, looking for 'cinder.keymgr.conf_key_mgr.ConfKeyManager'
Sep 15 03:26:32.965671 dv-cinder-806965-6-smb devstack@c-api.service[100779]: DEBUG oslo_db.sqlalchemy.engines [None req-89b6aa9e-b2fb-4ee7-bba0-8644b9da7c03 tempest-GroupsV314Test-1459402372 tempest-GroupsV314Test-1459402372-project] MySQL server mode set to STRICT_TRANS_TABLES,STRICT_ALL_TABLES,NO_ZERO_IN_DATE,NO_ZERO_DATE,ERROR_FOR_DIVISION_BY_ZERO,TRADITIONAL,NO_ENGINE_SUBSTITUTION {{(pid=100779) _check_effective_sql_mode /usr/local/lib/python3.8/dist-packages/oslo_db/sqlalchemy/engines.py:314}}
Sep 15 03:26:32.972194 dv-cinder-806965-6-smb devstack@c-api.service[100779]: /usr/local/lib/python3.8/dist-packages/oslo_context/context.py:105: DeprecationWarning: Policy enforcement is depending on the value of is_admin. This key is deprecated. Please update your policy file to use the standard policy values.
Sep 15 03:26:32.972194 dv-cinder-806965-6-smb devstack@c-api.service[100779]:   warnings.warn('Policy enforcement is depending on the value of '
Sep 15 03:26:32.983671 dv-cinder-806965-6-smb devstack@c-api.service[100779]: WARNING stevedore.named [None req-89b6aa9e-b2fb-4ee7-bba0-8644b9da7c03 tempest-GroupsV314Test-1459402372 tempest-GroupsV314Test-1459402372-project] Could not load cinder.keymgr.conf_key_mgr.ConfKeyManager
Sep 15 03:26:32.988031 dv-cinder-806965-6-smb devstack@c-api.service[100779]: WARNING castellan.key_manager [None req-89b6aa9e-b2fb-4ee7-bba0-8644b9da7c03 tempest-GroupsV314Test-1459402372 tempest-GroupsV314Test-1459402372-project] Deprecation Warning : cinder.keymgr.conf_key_mgr.ConfKeyManager is not a stevedore based driver, trying to load it as a class: stevedore.exception.NoMatches: No 'castellan.drivers' driver found, looking for 'cinder.keymgr.conf_key_mgr.ConfKeyManager'
Sep 15 03:26:32.998270 dv-cinder-806965-6-smb devstack@c-api.service[100779]: DEBUG oslo_db.sqlalchemy.engines [None req-89b6aa9e-b2fb-4ee7-bba0-8644b9da7c03 tempest-GroupsV314Test-1459402372 tempest-GroupsV314Test-1459402372-project] MySQL server mode set to STRICT_TRANS_TABLES,STRICT_ALL_TABLES,NO_ZERO_IN_DATE,NO_ZERO_DATE,ERROR_FOR_DIVISION_BY_ZERO,TRADITIONAL,NO_ENGINE_SUBSTITUTION {{(pid=100779) _check_effective_sql_mode /usr/local/lib/python3.8/dist-packages/oslo_db/sqlalchemy/engines.py:314}}
Sep 15 03:26:33.010683 dv-cinder-806965-6-smb devstack@c-api.service[100779]: /usr/local/lib/python3.8/dist-packages/oslo_context/context.py:105: DeprecationWarning: Policy enforcement is depending on the value of is_admin. This key is deprecated. Please update your policy file to use the standard policy values.
Sep 15 03:26:33.010683 dv-cinder-806965-6-smb devstack@c-api.service[100779]:   warnings.warn('Policy enforcement is depending on the value of '
Sep 15 03:26:33.036663 dv-cinder-806965-6-smb devstack@c-api.service[100780]: INFO cinder.volume.api [None req-744303cd-5a2f-4a52-b467-d0d10847143e tempest-VolumesDeleteCascade-2055336274 tempest-VolumesDeleteCascade-2055336274-project] Snapshot create request issued successfully.
Sep 15 03:26:33.040115 dv-cinder-806965-6-smb devstack@c-api.service[100780]: INFO cinder.api.openstack.wsgi [None req-744303cd-5a2f-4a52-b467-d0d10847143e tempest-VolumesDeleteCascade-2055336274 tempest-VolumesDeleteCascade-2055336274-project] http://10.222.0.47/volume/v3/627bcc8e7a6a42148f31408e25f497c2/snapshots returned with HTTP 202
Sep 15 03:26:33.047186 dv-cinder-806965-6-smb devstack@c-api.service[100780]: [pid: 100780|app: 0|req: 121/222] 10.222.0.47 () {60 vars in 1242 bytes} [Wed Sep 15 03:26:32 2021] POST /volume/v3/627bcc8e7a6a42148f31408e25f497c2/snapshots => generated 307 bytes in 262 msecs (HTTP/1.1 202) 7 headers in 291 bytes (1 switches on core 0)
Sep 15 03:26:33.053442 dv-cinder-806965-6-smb devstack@c-api.service[100780]: INFO cinder.api.openstack.wsgi [None req-7a09111d-8eb6-417f-9669-5b46a21bc7a1 tempest-SnapshotsActionsTest-1920453191 tempest-SnapshotsActionsTest-1920453191-project] GET http://10.222.0.47/volume/v3/9ac3b2eb0073475daec9d1d659c918dc/snapshots/b85e6bf5-b6df-4c64-933d-c5ccf16a191a
Sep 15 03:26:33.057009 dv-cinder-806965-6-smb devstack@c-api.service[100779]: INFO cinder.api.openstack.wsgi [None req-89b6aa9e-b2fb-4ee7-bba0-8644b9da7c03 tempest-GroupsV314Test-1459402372 tempest-GroupsV314Test-1459402372-project] http://10.222.0.47/volume/v3/a7a98cd4f91c4fea8d3ddab7f3c724d5/volumes/detail returned with HTTP 200
Sep 15 03:26:33.068812 dv-cinder-806965-6-smb devstack@c-api.service[100779]: [pid: 100779|app: 0|req: 102/223] 10.222.0.47 () {60 vars in 1276 bytes} [Wed Sep 15 03:26:32 2021] GET /volume/v3/a7a98cd4f91c4fea8d3ddab7f3c724d5/volumes/detail => generated 1971 bytes in 168 msecs (HTTP/1.1 200) 7 headers in 287 bytes (1 switches on core 0)
Sep 15 03:26:33.069312 dv-cinder-806965-6-smb devstack@c-api.service[100780]: DEBUG cinder.api.openstack.wsgi [None req-7a09111d-8eb6-417f-9669-5b46a21bc7a1 tempest-SnapshotsActionsTest-1920453191 tempest-SnapshotsActionsTest-1920453191-project] Empty body provided in request {{(pid=100780) get_body /opt/stack/cinder/cinder/api/openstack/wsgi.py:703}}
Sep 15 03:26:33.069312 dv-cinder-806965-6-smb devstack@c-api.service[100780]: /usr/local/lib/python3.8/dist-packages/webob/acceptparse.py:1047: DeprecationWarning: The behavior of AcceptValidHeader.best_match is currently being maintained for backward compatibility, but it will be deprecated in the future, as it does not conform to the RFC.
Sep 15 03:26:33.069312 dv-cinder-806965-6-smb devstack@c-api.service[100780]:   warnings.warn(
Sep 15 03:26:33.069312 dv-cinder-806965-6-smb devstack@c-api.service[100780]: DEBUG cinder.api.openstack.wsgi [None req-7a09111d-8eb6-417f-9669-5b46a21bc7a1 tempest-SnapshotsActionsTest-1920453191 tempest-SnapshotsActionsTest-1920453191-project] Calling method 'show' {{(pid=100780) _process_stack /opt/stack/cinder/cinder/api/openstack/wsgi.py:856}}
Sep 15 03:26:33.071531 dv-cinder-806965-6-smb devstack@c-api.service[100779]: INFO cinder.api.openstack.wsgi [None req-c0606bae-f9f2-4b79-b87d-76a03e52cc0c tempest-VolumesDeleteCascade-2055336274 tempest-VolumesDeleteCascade-2055336274-project] GET http://10.222.0.47/volume/v3/627bcc8e7a6a42148f31408e25f497c2/snapshots/8c958cdd-3f1f-452b-b421-9df2b32cc47a
Sep 15 03:26:33.072373 dv-cinder-806965-6-smb devstack@c-api.service[100779]: DEBUG cinder.api.openstack.wsgi [None req-c0606bae-f9f2-4b79-b87d-76a03e52cc0c tempest-VolumesDeleteCascade-2055336274 tempest-VolumesDeleteCascade-2055336274-project] Empty body provided in request {{(pid=100779) get_body /opt/stack/cinder/cinder/api/openstack/wsgi.py:703}}
