Sep 15 03:26:45.123062 dv-cinder-806965-6-smb devstack@c-api.service[100779]: DEBUG cinder.volume.api [None req-ac5b03c8-2899-4912-95a7-9f8291aef8d2 tempest-VolumesServicesTestJSON-628341567 tempest-VolumesServicesTestJSON-628341567-project] Task 'cinder.volume.flows.api.create_volume.EntryCreateTask;volume:create' (1a336107-2122-45bd-8377-eb2e9b672c9e) transitioned into state 'SUCCESS' from state 'RUNNING' with result '{'volume_id': '104f4938-4207-42e2-87c2-6a3f526f7402', 'volume_properties': VolumeProperties(attach_status='detached',availability_zone='nova',cgsnapshot_id=None,consistencygroup_id=None,display_description=None,display_name='tempest-VolumesServicesTestJSON-Volume-1284438550',encryption_key_id=None,group_id=None,group_type_id=<?>,metadata={},multiattach=False,project_id='336e3bd2e6dc440bb2048d3a7d2e50a3',qos_specs=None,replication_status=<?>,reservations=['6704d4ad-e974-408c-b181-cbac4d47793f','6ef65513-03c3-485c-92a8-2b5e227af91f','d087c30e-f078-474c-8181-79b9520a5562','d2d30a10-79e6-4219-9402-2ce3790dee38'],size=1,snapshot_id=None,source_replicaid=<?>,source_volid=None,status='creating',user_id='9825e0e42a79494da4ffae3e9e273c21',volume_type_id=e23c2dd0-eafb-42b0-a740-315a5d5e224a), 'volume': Volume(_name_id=None,admin_metadata=<?>,attach_status='detached',availability_zone='nova',bootable=False,cluster=<?>,cluster_name=None,consistencygroup=<?>,consistencygroup_id=None,created_at=2021-09-15T03:26:45Z,deleted=False,deleted_at=None,display_description=None,display_name='tempest-VolumesServicesTestJSON-Volume-1284438550',ec2_id=None,encryption_key_id=None,glance_metadata=<?>,group=<?>,group_id=None,host=None,id=104f4938-4207-42e2-87c2-6a3f526f7402,launched_at=None,metadata={},migration_status=None,multiattach=False,previous_status=None,project_id='336e3bd2e6dc440bb2048d3a7d2e50a3',provider_auth=None,provider_geometry=None,provider_id=None,provider_location=None,replication_driver_data=None,replication_extended_status=None,replication_status=None,scheduled_at=None,service_uuid=None,shared_targets=True,size=1,snapshot_id=None,snapshots=<?>,source_volid=None,status='creating',terminated_at=None,updated_at=None,use_quota=True,user_id='9825e0e42a79494da4ffae3e9e273c21',volume_attachment=<?>,volume_type=VolumeType(e23c2dd0-eafb-42b0-a740-315a5d5e224a),volume_type_id=e23c2dd0-eafb-42b0-a740-315a5d5e224a)}' {{(pid=100779) _task_receiver /usr/local/lib/python3.8/dist-packages/taskflow/listeners/logging.py:178}}
Sep 15 03:26:45.125210 dv-cinder-806965-6-smb devstack@c-api.service[100779]: DEBUG cinder.volume.api [None req-ac5b03c8-2899-4912-95a7-9f8291aef8d2 tempest-VolumesServicesTestJSON-628341567 tempest-VolumesServicesTestJSON-628341567-project] Task 'cinder.volume.flows.api.create_volume.QuotaCommitTask;volume:create' (6d988483-b651-4208-8ed3-679e83616847) transitioned into state 'RUNNING' from state 'PENDING' {{(pid=100779) _task_receiver /usr/local/lib/python3.8/dist-packages/taskflow/listeners/logging.py:190}}
Sep 15 03:26:45.134356 dv-cinder-806965-6-smb devstack@c-api.service[100780]: INFO cinder.volume.api [None req-18495205-4236-4563-86a6-f31341a7fcce tempest-UserMessagesTest-10155453 tempest-UserMessagesTest-10155453-project] Delete volume request issued successfully.
Sep 15 03:26:45.134861 dv-cinder-806965-6-smb devstack@c-api.service[100780]: INFO cinder.api.openstack.wsgi [None req-18495205-4236-4563-86a6-f31341a7fcce tempest-UserMessagesTest-10155453 tempest-UserMessagesTest-10155453-project] http://10.222.0.47/volume/v3/d4ad66bfa5274c12adaa46c5c2f43903/volumes/9e549ca7-2fc3-4b05-b2c1-576bb98eeeba returned with HTTP 202
Sep 15 03:26:45.136494 dv-cinder-806965-6-smb devstack@c-api.service[100780]: [pid: 100780|app: 0|req: 195/364] 10.222.0.47 () {58 vars in 1328 bytes} [Wed Sep 15 03:26:45 2021] DELETE /volume/v3/d4ad66bfa5274c12adaa46c5c2f43903/volumes/9e549ca7-2fc3-4b05-b2c1-576bb98eeeba => generated 0 bytes in 136 msecs (HTTP/1.1 202) 6 headers in 233 bytes (1 switches on core 0)
Sep 15 03:26:45.140566 dv-cinder-806965-6-smb devstack@c-api.service[100780]: INFO cinder.api.openstack.wsgi [None req-cf3e2b9e-1136-413a-9c68-083025d59ed7 tempest-DeleteServersTestJSON-775870470 tempest-DeleteServersTestJSON-775870470-project] GET http://10.222.0.47/volume/v3/1c78d3cb0b59440b9edf14c011031c35/volumes/d33e9d36-9d3b-46ba-931a-5ae41d074494
Sep 15 03:26:45.141011 dv-cinder-806965-6-smb devstack@c-api.service[100780]: DEBUG cinder.api.openstack.wsgi [None req-cf3e2b9e-1136-413a-9c68-083025d59ed7 tempest-DeleteServersTestJSON-775870470 tempest-DeleteServersTestJSON-775870470-project] Empty body provided in request {{(pid=100780) get_body /opt/stack/cinder/cinder/api/openstack/wsgi.py:703}}
Sep 15 03:26:45.141185 dv-cinder-806965-6-smb devstack@c-api.service[100780]: /usr/local/lib/python3.8/dist-packages/webob/acceptparse.py:1047: DeprecationWarning: The behavior of AcceptValidHeader.best_match is currently being maintained for backward compatibility, but it will be deprecated in the future, as it does not conform to the RFC.
Sep 15 03:26:45.141185 dv-cinder-806965-6-smb devstack@c-api.service[100780]:   warnings.warn(
Sep 15 03:26:45.141489 dv-cinder-806965-6-smb devstack@c-api.service[100780]: DEBUG cinder.api.openstack.wsgi [None req-cf3e2b9e-1136-413a-9c68-083025d59ed7 tempest-DeleteServersTestJSON-775870470 tempest-DeleteServersTestJSON-775870470-project] Calling method 'show' {{(pid=100780) _process_stack /opt/stack/cinder/cinder/api/openstack/wsgi.py:856}}
Sep 15 03:26:45.155264 dv-cinder-806965-6-smb devstack@c-api.service[100779]: DEBUG cinder.volume.api [None req-ac5b03c8-2899-4912-95a7-9f8291aef8d2 tempest-VolumesServicesTestJSON-628341567 tempest-VolumesServicesTestJSON-628341567-project] Task 'cinder.volume.flows.api.create_volume.QuotaCommitTask;volume:create' (6d988483-b651-4208-8ed3-679e83616847) transitioned into state 'SUCCESS' from state 'RUNNING' with result '{'volume_properties': VolumeProperties(attach_status='detached',availability_zone='nova',cgsnapshot_id=None,consistencygroup_id=None,display_description=None,display_name='tempest-VolumesServicesTestJSON-Volume-1284438550',encryption_key_id=None,group_id=None,group_type_id=<?>,metadata={},multiattach=False,project_id='336e3bd2e6dc440bb2048d3a7d2e50a3',qos_specs=None,replication_status=<?>,reservations=['6704d4ad-e974-408c-b181-cbac4d47793f','6ef65513-03c3-485c-92a8-2b5e227af91f','d087c30e-f078-474c-8181-79b9520a5562','d2d30a10-79e6-4219-9402-2ce3790dee38'],size=1,snapshot_id=None,source_replicaid=<?>,source_volid=None,status='creating',user_id='9825e0e42a79494da4ffae3e9e273c21',volume_type_id=e23c2dd0-eafb-42b0-a740-315a5d5e224a)}' {{(pid=100779) _task_receiver /usr/local/lib/python3.8/dist-packages/taskflow/listeners/logging.py:178}}
Sep 15 03:26:45.155427 dv-cinder-806965-6-smb devstack@c-api.service[100780]: /usr/local/lib/python3.8/dist-packages/oslo_context/context.py:105: DeprecationWarning: Policy enforcement is depending on the value of is_admin. This key is deprecated. Please update your policy file to use the standard policy values.
Sep 15 03:26:45.155427 dv-cinder-806965-6-smb devstack@c-api.service[100780]:   warnings.warn('Policy enforcement is depending on the value of '
Sep 15 03:26:45.157059 dv-cinder-806965-6-smb devstack@c-api.service[100779]: DEBUG cinder.volume.api [None req-ac5b03c8-2899-4912-95a7-9f8291aef8d2 tempest-VolumesServicesTestJSON-628341567 tempest-VolumesServicesTestJSON-628341567-project] Task 'cinder.volume.flows.api.create_volume.VolumeCastTask;volume:create' (53e40aad-4c63-48e5-a9d1-3707b2f684a9) transitioned into state 'RUNNING' from state 'PENDING' {{(pid=100779) _task_receiver /usr/local/lib/python3.8/dist-packages/taskflow/listeners/logging.py:190}}
Sep 15 03:26:45.162705 dv-cinder-806965-6-smb devstack@c-api.service[100780]: INFO cinder.volume.api [None req-cf3e2b9e-1136-413a-9c68-083025d59ed7 tempest-DeleteServersTestJSON-775870470 tempest-DeleteServersTestJSON-775870470-project] Volume info retrieved successfully.
Sep 15 03:26:45.172034 dv-cinder-806965-6-smb devstack@c-api.service[100779]: DEBUG cinder.volume.api [None req-ac5b03c8-2899-4912-95a7-9f8291aef8d2 tempest-VolumesServicesTestJSON-628341567 tempest-VolumesServicesTestJSON-628341567-project] Task 'cinder.volume.flows.api.create_volume.VolumeCastTask;volume:create' (53e40aad-4c63-48e5-a9d1-3707b2f684a9) transitioned into state 'SUCCESS' from state 'RUNNING' with result 'None' {{(pid=100779) _task_receiver /usr/local/lib/python3.8/dist-packages/taskflow/listeners/logging.py:178}}
Sep 15 03:26:45.174596 dv-cinder-806965-6-smb devstack@c-api.service[100780]: /usr/local/lib/python3.8/dist-packages/oslo_context/context.py:105: DeprecationWarning: Policy enforcement is depending on the value of is_admin. This key is deprecated. Please update your policy file to use the standard policy values.
Sep 15 03:26:45.174596 dv-cinder-806965-6-smb devstack@c-api.service[100780]:   warnings.warn('Policy enforcement is depending on the value of '
Sep 15 03:26:45.174778 dv-cinder-806965-6-smb devstack@c-api.service[100779]: DEBUG cinder.volume.api [None req-ac5b03c8-2899-4912-95a7-9f8291aef8d2 tempest-VolumesServicesTestJSON-628341567 tempest-VolumesServicesTestJSON-628341567-project] Flow 'volume_create_api' (1ce63958-93c9-4022-a697-28ef6c591bcd) transitioned into state 'SUCCESS' from state 'RUNNING' {{(pid=100779) _flow_receiver /usr/local/lib/python3.8/dist-packages/taskflow/listeners/logging.py:141}}
Sep 15 03:26:45.175365 dv-cinder-806965-6-smb devstack@c-api.service[100779]: INFO cinder.volume.api [None req-ac5b03c8-2899-4912-95a7-9f8291aef8d2 tempest-VolumesServicesTestJSON-628341567 tempest-VolumesServicesTestJSON-628341567-project] Create volume request issued successfully.
Sep 15 03:26:45.181800 dv-cinder-806965-6-smb devstack@c-api.service[100780]: INFO cinder.api.openstack.wsgi [None req-cf3e2b9e-1136-413a-9c68-083025d59ed7 tempest-DeleteServersTestJSON-775870470 tempest-DeleteServersTestJSON-775870470-project] http://10.222.0.47/volume/v3/1c78d3cb0b59440b9edf14c011031c35/volumes/d33e9d36-9d3b-46ba-931a-5ae41d074494 returned with HTTP 200
Sep 15 03:26:45.182889 dv-cinder-806965-6-smb devstack@c-api.service[100779]: INFO cinder.api.openstack.wsgi [None req-ac5b03c8-2899-4912-95a7-9f8291aef8d2 tempest-VolumesServicesTestJSON-628341567 tempest-VolumesServicesTestJSON-628341567-project] http://10.222.0.47/volume/v3/336e3bd2e6dc440bb2048d3a7d2e50a3/volumes returned with HTTP 202
Sep 15 03:26:45.191330 dv-cinder-806965-6-smb devstack@c-api.service[100780]: [pid: 100780|app: 0|req: 196/365] 10.222.0.47 () {58 vars in 1325 bytes} [Wed Sep 15 03:26:45 2021] GET /volume/v3/1c78d3cb0b59440b9edf14c011031c35/volumes/d33e9d36-9d3b-46ba-931a-5ae41d074494 => generated 913 bytes in 46 msecs (HTTP/1.1 200) 7 headers in 285 bytes (1 switches on core 0)
Sep 15 03:26:45.191724 dv-cinder-806965-6-smb devstack@c-api.service[100779]: [pid: 100779|app: 0|req: 170/366] 10.222.0.47 () {60 vars in 1235 bytes} [Wed Sep 15 03:26:44 2021] POST /volume/v3/336e3bd2e6dc440bb2048d3a7d2e50a3/volumes => generated 823 bytes in 420 msecs (HTTP/1.1 202) 7 headers in 291 bytes (1 switches on core 0)
Sep 15 03:26:45.191886 dv-cinder-806965-6-smb devstack@c-api.service[100780]: INFO cinder.api.openstack.wsgi [None req-cf3e2b9e-1136-413a-9c68-083025d59ed7 tempest-DeleteServersTestJSON-775870470 tempest-DeleteServersTestJSON-775870470-project] GET http://10.222.0.47/volume//
Sep 15 03:26:45.191886 dv-cinder-806965-6-smb devstack@c-api.service[100780]: DEBUG cinder.api.openstack.wsgi [None req-cf3e2b9e-1136-413a-9c68-083025d59ed7 tempest-DeleteServersTestJSON-775870470 tempest-DeleteServersTestJSON-775870470-project] Empty body provided in request {{(pid=100780) get_body /opt/stack/cinder/cinder/api/openstack/wsgi.py:703}}
Sep 15 03:26:45.191886 dv-cinder-806965-6-smb devstack@c-api.service[100780]: /usr/local/lib/python3.8/dist-packages/webob/acceptparse.py:1047: DeprecationWarning: The behavior of AcceptValidHeader.best_match is currently being maintained for backward compatibility, but it will be deprecated in the future, as it does not conform to the RFC.
Sep 15 03:26:45.191886 dv-cinder-806965-6-smb devstack@c-api.service[100780]:   warnings.warn(
Sep 15 03:26:45.191886 dv-cinder-806965-6-smb devstack@c-api.service[100780]: DEBUG cinder.api.openstack.wsgi [None req-cf3e2b9e-1136-413a-9c68-083025d59ed7 tempest-DeleteServersTestJSON-775870470 tempest-DeleteServersTestJSON-775870470-project] Calling method 'all' {{(pid=100780) _process_stack /opt/stack/cinder/cinder/api/openstack/wsgi.py:856}}
Sep 15 03:26:45.191886 dv-cinder-806965-6-smb devstack@c-api.service[100780]: INFO cinder.api.openstack.wsgi [None req-cf3e2b9e-1136-413a-9c68-083025d59ed7 tempest-DeleteServersTestJSON-775870470 tempest-DeleteServersTestJSON-775870470-project] http://10.222.0.47/volume// returned with HTTP 300
Sep 15 03:26:45.191886 dv-cinder-806965-6-smb devstack@c-api.service[100780]: [pid: 100780|app: 0|req: 197/367] 10.222.0.39 () {56 vars in 1099 bytes} [Wed Sep 15 03:26:45 2021] GET /volume/ => generated 386 bytes in 3 msecs (HTTP/1.1 300) 5 headers in 169 bytes (1 switches on core 0)
Sep 15 03:26:45.198833 dv-cinder-806965-6-smb devstack@c-api.service[100780]: INFO cinder.api.openstack.wsgi [None req-caacea45-dca0-4924-8779-81ed25180c68 tempest-VolumesServicesTestJSON-628341567 tempest-VolumesServicesTestJSON-628341567-project] GET http://10.222.0.47/volume/v3/336e3bd2e6dc440bb2048d3a7d2e50a3/volumes/104f4938-4207-42e2-87c2-6a3f526f7402
Sep 15 03:26:45.199317 dv-cinder-806965-6-smb devstack@c-api.service[100780]: DEBUG cinder.api.openstack.wsgi [None req-caacea45-dca0-4924-8779-81ed25180c68 tempest-VolumesServicesTestJSON-628341567 tempest-VolumesServicesTestJSON-628341567-project] Empty body provided in request {{(pid=100780) get_body /opt/stack/cinder/cinder/api/openstack/wsgi.py:703}}
Sep 15 03:26:45.199728 dv-cinder-806965-6-smb devstack@c-api.service[100780]: DEBUG cinder.api.openstack.wsgi [None req-caacea45-dca0-4924-8779-81ed25180c68 tempest-VolumesServicesTestJSON-628341567 tempest-VolumesServicesTestJSON-628341567-project] Calling method 'show' {{(pid=100780) _process_stack /opt/stack/cinder/cinder/api/openstack/wsgi.py:856}}
Sep 15 03:26:45.200874 dv-cinder-806965-6-smb devstack@c-api.service[100779]: INFO cinder.api.openstack.wsgi [None req-d150da73-f523-413f-bf6f-45a7664a6814 tempest-UserMessagesTest-10155453 tempest-UserMessagesTest-10155453-project] GET http://10.222.0.47/volume/v3/d4ad66bfa5274c12adaa46c5c2f43903/volumes/9e549ca7-2fc3-4b05-b2c1-576bb98eeeba
Sep 15 03:26:45.201386 dv-cinder-806965-6-smb devstack@c-api.service[100779]: DEBUG cinder.api.openstack.wsgi [None req-d150da73-f523-413f-bf6f-45a7664a6814 tempest-UserMessagesTest-10155453 tempest-UserMessagesTest-10155453-project] Empty body provided in request {{(pid=100779) get_body /opt/stack/cinder/cinder/api/openstack/wsgi.py:703}}
Sep 15 03:26:45.205547 dv-cinder-806965-6-smb devstack@c-api.service[100779]: /usr/local/lib/python3.8/dist-packages/webob/acceptparse.py:1047: DeprecationWarning: The behavior of AcceptValidHeader.best_match is currently being maintained for backward compatibility, but it will be deprecated in the future, as it does not conform to the RFC.
Sep 15 03:26:45.205547 dv-cinder-806965-6-smb devstack@c-api.service[100779]:   warnings.warn(
Sep 15 03:26:45.208833 dv-cinder-806965-6-smb devstack@c-api.service[100779]: DEBUG cinder.api.openstack.wsgi [None req-d150da73-f523-413f-bf6f-45a7664a6814 tempest-UserMessagesTest-10155453 tempest-UserMessagesTest-10155453-project] Calling method 'show' {{(pid=100779) _process_stack /opt/stack/cinder/cinder/api/openstack/wsgi.py:856}}
Sep 15 03:26:45.216275 dv-cinder-806965-6-smb devstack@c-api.service[100780]: /usr/local/lib/python3.8/dist-packages/oslo_context/context.py:105: DeprecationWarning: Policy enforcement is depending on the value of is_admin. This key is deprecated. Please update your policy file to use the standard policy values.
Sep 15 03:26:45.216275 dv-cinder-806965-6-smb devstack@c-api.service[100780]:   warnings.warn('Policy enforcement is depending on the value of '
Sep 15 03:26:45.220174 dv-cinder-806965-6-smb devstack@c-api.service[100779]: INFO cinder.api.openstack.wsgi [None req-d150da73-f523-413f-bf6f-45a7664a6814 tempest-UserMessagesTest-10155453 tempest-UserMessagesTest-10155453-project] http://10.222.0.47/volume/v3/d4ad66bfa5274c12adaa46c5c2f43903/volumes/9e549ca7-2fc3-4b05-b2c1-576bb98eeeba returned with HTTP 404
Sep 15 03:26:45.221111 dv-cinder-806965-6-smb devstack@c-api.service[100779]: [pid: 100779|app: 0|req: 171/368] 10.222.0.47 () {58 vars in 1325 bytes} [Wed Sep 15 03:26:45 2021] GET /volume/v3/d4ad66bfa5274c12adaa46c5c2f43903/volumes/9e549ca7-2fc3-4b05-b2c1-576bb98eeeba => generated 109 bytes in 30 msecs (HTTP/1.1 404) 7 headers in 292 bytes (1 switches on core 0)
Sep 15 03:26:45.226271 dv-cinder-806965-6-smb devstack@c-api.service[100780]: INFO cinder.volume.api [None req-caacea45-dca0-4924-8779-81ed25180c68 tempest-VolumesServicesTestJSON-628341567 tempest-VolumesServicesTestJSON-628341567-project] Volume info retrieved successfully.
Sep 15 03:26:45.228044 dv-cinder-806965-6-smb devstack@c-api.service[100779]: INFO cinder.api.openstack.wsgi [None req-809d6fce-2e6a-4f26-be0e-1c63d89fc44c tempest-UserMessagesTest-1347044938 tempest-UserMessagesTest-1347044938-project-admin] DELETE http://10.222.0.47/volume/v3/7fcb71e7fbb24372b3b406021380c0d6/types/86416b4c-05c9-4c9c-99bf-800b924f28d6
Sep 15 03:26:45.228483 dv-cinder-806965-6-smb devstack@c-api.service[100779]: DEBUG cinder.api.openstack.wsgi [None req-809d6fce-2e6a-4f26-be0e-1c63d89fc44c tempest-UserMessagesTest-1347044938 tempest-UserMessagesTest-1347044938-project-admin] Empty body provided in request {{(pid=100779) get_body /opt/stack/cinder/cinder/api/openstack/wsgi.py:703}}
Sep 15 03:26:45.228992 dv-cinder-806965-6-smb devstack@c-api.service[100779]: DEBUG cinder.api.openstack.wsgi [None req-809d6fce-2e6a-4f26-be0e-1c63d89fc44c tempest-UserMessagesTest-1347044938 tempest-UserMessagesTest-1347044938-project-admin] Calling method '_delete' {{(pid=100779) _process_stack /opt/stack/cinder/cinder/api/openstack/wsgi.py:856}}
Sep 15 03:26:45.229820 dv-cinder-806965-6-smb devstack@c-api.service[100779]: /usr/local/lib/python3.8/dist-packages/oslo_context/context.py:105: DeprecationWarning: Policy enforcement is depending on the value of is_admin. This key is deprecated. Please update your policy file to use the standard policy values.
Sep 15 03:26:45.229820 dv-cinder-806965-6-smb devstack@c-api.service[100779]:   warnings.warn('Policy enforcement is depending on the value of '
Sep 15 03:26:45.240177 dv-cinder-806965-6-smb devstack@c-api.service[100780]: INFO cinder.api.openstack.wsgi [None req-caacea45-dca0-4924-8779-81ed25180c68 tempest-VolumesServicesTestJSON-628341567 tempest-VolumesServicesTestJSON-628341567-project] http://10.222.0.47/volume/v3/336e3bd2e6dc440bb2048d3a7d2e50a3/volumes/104f4938-4207-42e2-87c2-6a3f526f7402 returned with HTTP 200
Sep 15 03:26:45.241072 dv-cinder-806965-6-smb devstack@c-api.service[100780]: [pid: 100780|app: 0|req: 198/369] 10.222.0.47 () {58 vars in 1325 bytes} [Wed Sep 15 03:26:45 2021] GET /volume/v3/336e3bd2e6dc440bb2048d3a7d2e50a3/volumes/104f4938-4207-42e2-87c2-6a3f526f7402 => generated 891 bytes in 47 msecs (HTTP/1.1 200) 7 headers in 285 bytes (1 switches on core 0)
Sep 15 03:26:45.273271 dv-cinder-806965-6-smb devstack@c-api.service[100779]: INFO cinder.api.openstack.wsgi [None req-809d6fce-2e6a-4f26-be0e-1c63d89fc44c tempest-UserMessagesTest-1347044938 tempest-UserMessagesTest-1347044938-project-admin] http://10.222.0.47/volume/v3/7fcb71e7fbb24372b3b406021380c0d6/types/86416b4c-05c9-4c9c-99bf-800b924f28d6 returned with HTTP 202
Sep 15 03:26:45.274025 dv-cinder-806965-6-smb devstack@c-api.service[100779]: [pid: 100779|app: 0|req: 172/370] 10.222.0.47 () {58 vars in 1322 bytes} [Wed Sep 15 03:26:45 2021] DELETE /volume/v3/7fcb71e7fbb24372b3b406021380c0d6/types/86416b4c-05c9-4c9c-99bf-800b924f28d6 => generated 0 bytes in 49 msecs (HTTP/1.1 202) 6 headers in 233 bytes (2 switches on core 0)
Sep 15 03:26:45.281247 dv-cinder-806965-6-smb devstack@c-api.service[100780]: INFO cinder.api.openstack.wsgi [None req-bf3f3d61-2de4-43b2-aef5-38f911565ae1 tempest-UserMessagesTest-1347044938 tempest-UserMessagesTest-1347044938-project-admin] GET http://10.222.0.47/volume/v3/7fcb71e7fbb24372b3b406021380c0d6/types/86416b4c-05c9-4c9c-99bf-800b924f28d6
Sep 15 03:26:45.281869 dv-cinder-806965-6-smb devstack@c-api.service[100780]: DEBUG cinder.api.openstack.wsgi [None req-bf3f3d61-2de4-43b2-aef5-38f911565ae1 tempest-UserMessagesTest-1347044938 tempest-UserMessagesTest-1347044938-project-admin] Empty body provided in request {{(pid=100780) get_body /opt/stack/cinder/cinder/api/openstack/wsgi.py:703}}
Sep 15 03:26:45.282044 dv-cinder-806965-6-smb devstack@c-api.service[100780]: /usr/local/lib/python3.8/dist-packages/webob/acceptparse.py:1047: DeprecationWarning: The behavior of AcceptValidHeader.best_match is currently being maintained for backward compatibility, but it will be deprecated in the future, as it does not conform to the RFC.
Sep 15 03:26:45.282044 dv-cinder-806965-6-smb devstack@c-api.service[100780]:   warnings.warn(
Sep 15 03:26:45.282358 dv-cinder-806965-6-smb devstack@c-api.service[100780]: DEBUG cinder.api.openstack.wsgi [None req-bf3f3d61-2de4-43b2-aef5-38f911565ae1 tempest-UserMessagesTest-1347044938 tempest-UserMessagesTest-1347044938-project-admin] Calling method 'show' {{(pid=100780) _process_stack /opt/stack/cinder/cinder/api/openstack/wsgi.py:856}}
Sep 15 03:26:45.287116 dv-cinder-806965-6-smb devstack@c-api.service[100780]: INFO cinder.api.openstack.wsgi [None req-bf3f3d61-2de4-43b2-aef5-38f911565ae1 tempest-UserMessagesTest-1347044938 tempest-UserMessagesTest-1347044938-project-admin] http://10.222.0.47/volume/v3/7fcb71e7fbb24372b3b406021380c0d6/types/86416b4c-05c9-4c9c-99bf-800b924f28d6 returned with HTTP 404
Sep 15 03:26:45.288137 dv-cinder-806965-6-smb devstack@c-api.service[100780]: [pid: 100780|app: 0|req: 199/371] 10.222.0.47 () {58 vars in 1319 bytes} [Wed Sep 15 03:26:45 2021] GET /volume/v3/7fcb71e7fbb24372b3b406021380c0d6/types/86416b4c-05c9-4c9c-99bf-800b924f28d6 => generated 114 bytes in 10 msecs (HTTP/1.1 404) 7 headers in 292 bytes (2 switches on core 0)
Sep 15 03:26:45.751066 dv-cinder-806965-6-smb devstack@c-api.service[100779]: INFO cinder.api.openstack.wsgi [None req-5f68de96-1f3a-4566-b6c1-3f526919053c tempest-VolumesImageMetadata-1719956935 tempest-VolumesImageMetadata-1719956935-project] GET http://10.222.0.47/volume/v3/d0784d30801045068581bfd4f7a4e4a8/volumes/643f4967-7653-4bc2-bd1a-ca44c9c097d9
Sep 15 03:26:45.751312 dv-cinder-806965-6-smb devstack@c-api.service[100779]: DEBUG cinder.api.openstack.wsgi [None req-5f68de96-1f3a-4566-b6c1-3f526919053c tempest-VolumesImageMetadata-1719956935 tempest-VolumesImageMetadata-1719956935-project] Empty body provided in request {{(pid=100779) get_body /opt/stack/cinder/cinder/api/openstack/wsgi.py:703}}
Sep 15 03:26:45.751749 dv-cinder-806965-6-smb devstack@c-api.service[100779]: DEBUG cinder.api.openstack.wsgi [None req-5f68de96-1f3a-4566-b6c1-3f526919053c tempest-VolumesImageMetadata-1719956935 tempest-VolumesImageMetadata-1719956935-project] Calling method 'show' {{(pid=100779) _process_stack /opt/stack/cinder/cinder/api/openstack/wsgi.py:856}}
Sep 15 03:26:45.772622 dv-cinder-806965-6-smb devstack@c-api.service[100779]: /usr/local/lib/python3.8/dist-packages/oslo_context/context.py:105: DeprecationWarning: Policy enforcement is depending on the value of is_admin. This key is deprecated. Please update your policy file to use the standard policy values.
Sep 15 03:26:45.772622 dv-cinder-806965-6-smb devstack@c-api.service[100779]:   warnings.warn('Policy enforcement is depending on the value of '
Sep 15 03:26:45.781976 dv-cinder-806965-6-smb devstack@c-api.service[100779]: INFO cinder.volume.api [None req-5f68de96-1f3a-4566-b6c1-3f526919053c tempest-VolumesImageMetadata-1719956935 tempest-VolumesImageMetadata-1719956935-project] Volume info retrieved successfully.
Sep 15 03:26:45.798066 dv-cinder-806965-6-smb devstack@c-api.service[100779]: INFO cinder.api.openstack.wsgi [None req-5f68de96-1f3a-4566-b6c1-3f526919053c tempest-VolumesImageMetadata-1719956935 tempest-VolumesImageMetadata-1719956935-project] http://10.222.0.47/volume/v3/d0784d30801045068581bfd4f7a4e4a8/volumes/643f4967-7653-4bc2-bd1a-ca44c9c097d9 returned with HTTP 200
Sep 15 03:26:45.805771 dv-cinder-806965-6-smb devstack@c-api.service[100779]: [pid: 100779|app: 0|req: 173/372] 10.222.0.47 () {58 vars in 1325 bytes} [Wed Sep 15 03:26:45 2021] GET /volume/v3/d0784d30801045068581bfd4f7a4e4a8/volumes/643f4967-7653-4bc2-bd1a-ca44c9c097d9 => generated 911 bytes in 52 msecs (HTTP/1.1 200) 7 headers in 285 bytes (1 switches on core 0)
Sep 15 03:26:45.862804 dv-cinder-806965-6-smb devstack@c-api.service[100780]: INFO cinder.api.openstack.wsgi [None req-b5a34dad-fd7e-4e7f-960e-e20f8306a32c tempest-VolumesGetTest-2062393243 tempest-VolumesGetTest-2062393243-project] GET http://10.222.0.47/volume/v3/4647843a66de4dea999c5088c5b10a8b/volumes/36ee67bd-5cf7-4e36-98c0-1757423f6e00
Sep 15 03:26:45.864398 dv-cinder-806965-6-smb devstack@c-api.service[100780]: DEBUG cinder.api.openstack.wsgi [None req-b5a34dad-fd7e-4e7f-960e-e20f8306a32c tempest-VolumesGetTest-2062393243 tempest-VolumesGetTest-2062393243-project] Empty body provided in request {{(pid=100780) get_body /opt/stack/cinder/cinder/api/openstack/wsgi.py:703}}
Sep 15 03:26:45.864990 dv-cinder-806965-6-smb devstack@c-api.service[100780]: DEBUG cinder.api.openstack.wsgi [None req-b5a34dad-fd7e-4e7f-960e-e20f8306a32c tempest-VolumesGetTest-2062393243 tempest-VolumesGetTest-2062393243-project] Calling method 'show' {{(pid=100780) _process_stack /opt/stack/cinder/cinder/api/openstack/wsgi.py:856}}
Sep 15 03:26:45.881796 dv-cinder-806965-6-smb devstack@c-api.service[100780]: /usr/local/lib/python3.8/dist-packages/oslo_context/context.py:105: DeprecationWarning: Policy enforcement is depending on the value of is_admin. This key is deprecated. Please update your policy file to use the standard policy values.
Sep 15 03:26:45.881796 dv-cinder-806965-6-smb devstack@c-api.service[100780]:   warnings.warn('Policy enforcement is depending on the value of '
Sep 15 03:26:45.892482 dv-cinder-806965-6-smb devstack@c-api.service[100780]: INFO cinder.volume.api [None req-b5a34dad-fd7e-4e7f-960e-e20f8306a32c tempest-VolumesGetTest-2062393243 tempest-VolumesGetTest-2062393243-project] Volume info retrieved successfully.
Sep 15 03:26:45.909398 dv-cinder-806965-6-smb devstack@c-api.service[100780]: INFO cinder.api.openstack.wsgi [None req-b5a34dad-fd7e-4e7f-960e-e20f8306a32c tempest-VolumesGetTest-2062393243 tempest-VolumesGetTest-2062393243-project] http://10.222.0.47/volume/v3/4647843a66de4dea999c5088c5b10a8b/volumes/36ee67bd-5cf7-4e36-98c0-1757423f6e00 returned with HTTP 200
Sep 15 03:26:45.919681 dv-cinder-806965-6-smb devstack@c-api.service[100780]: [pid: 100780|app: 0|req: 200/373] 10.222.0.47 () {58 vars in 1325 bytes} [Wed Sep 15 03:26:45 2021] GET /volume/v3/4647843a66de4dea999c5088c5b10a8b/volumes/36ee67bd-5cf7-4e36-98c0-1757423f6e00 => generated 906 bytes in 53 msecs (HTTP/1.1 200) 7 headers in 285 bytes (1 switches on core 0)
Sep 15 03:26:45.922967 dv-cinder-806965-6-smb devstack@c-api.service[100779]: INFO cinder.api.openstack.wsgi [None req-61e0ec03-d3dd-415b-b088-e285a6a115e8 tempest-VolumesDeleteCascade-2055336274 tempest-VolumesDeleteCascade-2055336274-project] GET http://10.222.0.47/volume/v3/627bcc8e7a6a42148f31408e25f497c2/volumes/c3b6c054-6afd-4a97-9651-39cc0794c207
Sep 15 03:26:45.923575 dv-cinder-806965-6-smb devstack@c-api.service[100779]: DEBUG cinder.api.openstack.wsgi [None req-61e0ec03-d3dd-415b-b088-e285a6a115e8 tempest-VolumesDeleteCascade-2055336274 tempest-VolumesDeleteCascade-2055336274-project] Empty body provided in request {{(pid=100779) get_body /opt/stack/cinder/cinder/api/openstack/wsgi.py:703}}
Sep 15 03:26:45.923909 dv-cinder-806965-6-smb devstack@c-api.service[100779]: /usr/local/lib/python3.8/dist-packages/webob/acceptparse.py:1047: DeprecationWarning: The behavior of AcceptValidHeader.best_match is currently being maintained for backward compatibility, but it will be deprecated in the future, as it does not conform to the RFC.
Sep 15 03:26:45.923909 dv-cinder-806965-6-smb devstack@c-api.service[100779]:   warnings.warn(
Sep 15 03:26:45.924582 dv-cinder-806965-6-smb devstack@c-api.service[100779]: DEBUG cinder.api.openstack.wsgi [None req-61e0ec03-d3dd-415b-b088-e285a6a115e8 tempest-VolumesDeleteCascade-2055336274 tempest-VolumesDeleteCascade-2055336274-project] Calling method 'show' {{(pid=100779) _process_stack /opt/stack/cinder/cinder/api/openstack/wsgi.py:856}}
Sep 15 03:26:45.925436 dv-cinder-806965-6-smb devstack@c-api.service[100780]: INFO cinder.api.openstack.wsgi [None req-9e6821f8-8bfb-4e5d-86aa-bcd5dbc561a1 tempest-VolumesGetTest-2062393243 tempest-VolumesGetTest-2062393243-project] POST http://10.222.0.47/volume/v3/4647843a66de4dea999c5088c5b10a8b/volumes
Sep 15 03:26:45.926007 dv-cinder-806965-6-smb devstack@c-api.service[100780]: /usr/local/lib/python3.8/dist-packages/webob/acceptparse.py:1047: DeprecationWarning: The behavior of AcceptValidHeader.best_match is currently being maintained for backward compatibility, but it will be deprecated in the future, as it does not conform to the RFC.
Sep 15 03:26:45.926007 dv-cinder-806965-6-smb devstack@c-api.service[100780]:   warnings.warn(
Sep 15 03:26:45.926860 dv-cinder-806965-6-smb devstack@c-api.service[100780]: DEBUG cinder.api.openstack.wsgi [None req-9e6821f8-8bfb-4e5d-86aa-bcd5dbc561a1 tempest-VolumesGetTest-2062393243 tempest-VolumesGetTest-2062393243-project] Action: 'create', calling method: create, body: {"volume": {"source_volid": "36ee67bd-5cf7-4e36-98c0-1757423f6e00", "size": 1, "name": "tempest-VolumesGetTest-Volume-615050104", "metadata": {"Type": "Test"}}} {{(pid=100780) _process_stack /opt/stack/cinder/cinder/api/openstack/wsgi.py:854}}
Sep 15 03:26:45.927918 dv-cinder-806965-6-smb devstack@c-api.service[100780]: DEBUG cinder.api.v3.volumes [None req-9e6821f8-8bfb-4e5d-86aa-bcd5dbc561a1 tempest-VolumesGetTest-2062393243 tempest-VolumesGetTest-2062393243-project] Create volume request body: {'volume': {'source_volid': '36ee67bd-5cf7-4e36-98c0-1757423f6e00', 'size': 1, 'name': 'tempest-VolumesGetTest-Volume-615050104', 'metadata': {'Type': 'Test'}}} {{(pid=100780) create /opt/stack/cinder/cinder/api/v3/volumes.py:298}}
Sep 15 03:26:45.940587 dv-cinder-806965-6-smb devstack@c-api.service[100779]: /usr/local/lib/python3.8/dist-packages/oslo_context/context.py:105: DeprecationWarning: Policy enforcement is depending on the value of is_admin. This key is deprecated. Please update your policy file to use the standard policy values.
Sep 15 03:26:45.940587 dv-cinder-806965-6-smb devstack@c-api.service[100779]:   warnings.warn('Policy enforcement is depending on the value of '
Sep 15 03:26:45.944886 dv-cinder-806965-6-smb devstack@c-api.service[100780]: /usr/local/lib/python3.8/dist-packages/oslo_context/context.py:105: DeprecationWarning: Policy enforcement is depending on the value of is_admin. This key is deprecated. Please update your policy file to use the standard policy values.
Sep 15 03:26:45.944886 dv-cinder-806965-6-smb devstack@c-api.service[100780]:   warnings.warn('Policy enforcement is depending on the value of '
Sep 15 03:26:45.946163 dv-cinder-806965-6-smb devstack@c-api.service[100780]: INFO cinder.volume.api [None req-9e6821f8-8bfb-4e5d-86aa-bcd5dbc561a1 tempest-VolumesGetTest-2062393243 tempest-VolumesGetTest-2062393243-project] Volume retrieved successfully.
Sep 15 03:26:45.946458 dv-cinder-806965-6-smb devstack@c-api.service[100780]: INFO cinder.api.v3.volumes [None req-9e6821f8-8bfb-4e5d-86aa-bcd5dbc561a1 tempest-VolumesGetTest-2062393243 tempest-VolumesGetTest-2062393243-project] Create volume of 1 GB
Sep 15 03:26:45.950741 dv-cinder-806965-6-smb devstack@c-api.service[100779]: INFO cinder.volume.api [None req-61e0ec03-d3dd-415b-b088-e285a6a115e8 tempest-VolumesDeleteCascade-2055336274 tempest-VolumesDeleteCascade-2055336274-project] Volume info retrieved successfully.
Sep 15 03:26:45.954977 dv-cinder-806965-6-smb devstack@c-api.service[100780]: INFO cinder.volume.api [None req-9e6821f8-8bfb-4e5d-86aa-bcd5dbc561a1 tempest-VolumesGetTest-2062393243 tempest-VolumesGetTest-2062393243-project] Availability Zones retrieved successfully.
Sep 15 03:26:45.968759 dv-cinder-806965-6-smb devstack@c-api.service[100779]: INFO cinder.api.openstack.wsgi [None req-61e0ec03-d3dd-415b-b088-e285a6a115e8 tempest-VolumesDeleteCascade-2055336274 tempest-VolumesDeleteCascade-2055336274-project] http://10.222.0.47/volume/v3/627bcc8e7a6a42148f31408e25f497c2/volumes/c3b6c054-6afd-4a97-9651-39cc0794c207 returned with HTTP 200
Sep 15 03:26:45.970264 dv-cinder-806965-6-smb devstack@c-api.service[100779]: [pid: 100779|app: 0|req: 174/374] 10.222.0.47 () {58 vars in 1325 bytes} [Wed Sep 15 03:26:45 2021] GET /volume/v3/627bcc8e7a6a42148f31408e25f497c2/volumes/c3b6c054-6afd-4a97-9651-39cc0794c207 => generated 911 bytes in 61 msecs (HTTP/1.1 200) 7 headers in 285 bytes (1 switches on core 0)
Sep 15 03:26:45.972381 dv-cinder-806965-6-smb devstack@c-api.service[100780]: DEBUG cinder.volume.api [None req-9e6821f8-8bfb-4e5d-86aa-bcd5dbc561a1 tempest-VolumesGetTest-2062393243 tempest-VolumesGetTest-2062393243-project] Flow 'volume_create_api' (3435cae0-6d21-47c1-87db-30b5cf3fd66f) transitioned into state 'RUNNING' from state 'PENDING' {{(pid=100780) _flow_receiver /usr/local/lib/python3.8/dist-packages/taskflow/listeners/logging.py:141}}
Sep 15 03:26:45.974449 dv-cinder-806965-6-smb devstack@c-api.service[100779]: INFO cinder.api.openstack.wsgi [req-1d3d9722-863c-4da6-9769-6ca20796e3b2 req-138fefce-62c9-4859-b00d-09b06955cd7f tempest-DeleteServersTestJSON-775870470 tempest-DeleteServersTestJSON-775870470-project] GET http://10.222.0.47/volume/v3/1c78d3cb0b59440b9edf14c011031c35/volumes/d33e9d36-9d3b-46ba-931a-5ae41d074494
Sep 15 03:26:45.975104 dv-cinder-806965-6-smb devstack@c-api.service[100780]: DEBUG cinder.volume.api [None req-9e6821f8-8bfb-4e5d-86aa-bcd5dbc561a1 tempest-VolumesGetTest-2062393243 tempest-VolumesGetTest-2062393243-project] Task 'cinder.volume.flows.api.create_volume.ExtractVolumeRequestTask;volume:create' (31ae97d4-1af6-4a9f-93cf-2f07de731c8a) transitioned into state 'RUNNING' from state 'PENDING' {{(pid=100780) _task_receiver /usr/local/lib/python3.8/dist-packages/taskflow/listeners/logging.py:190}}
Sep 15 03:26:45.975383 dv-cinder-806965-6-smb devstack@c-api.service[100779]: DEBUG cinder.api.openstack.wsgi [req-1d3d9722-863c-4da6-9769-6ca20796e3b2 req-138fefce-62c9-4859-b00d-09b06955cd7f tempest-DeleteServersTestJSON-775870470 tempest-DeleteServersTestJSON-775870470-project] Empty body provided in request {{(pid=100779) get_body /opt/stack/cinder/cinder/api/openstack/wsgi.py:703}}
Sep 15 03:26:45.975744 dv-cinder-806965-6-smb devstack@c-api.service[100779]: /usr/local/lib/python3.8/dist-packages/webob/acceptparse.py:1047: DeprecationWarning: The behavior of AcceptValidHeader.best_match is currently being maintained for backward compatibility, but it will be deprecated in the future, as it does not conform to the RFC.
Sep 15 03:26:45.975744 dv-cinder-806965-6-smb devstack@c-api.service[100779]:   warnings.warn(
Sep 15 03:26:45.976345 dv-cinder-806965-6-smb devstack@c-api.service[100779]: DEBUG cinder.api.openstack.wsgi [req-1d3d9722-863c-4da6-9769-6ca20796e3b2 req-138fefce-62c9-4859-b00d-09b06955cd7f tempest-DeleteServersTestJSON-775870470 tempest-DeleteServersTestJSON-775870470-project] Calling method 'show' {{(pid=100779) _process_stack /opt/stack/cinder/cinder/api/openstack/wsgi.py:856}}
Sep 15 03:26:45.977790 dv-cinder-806965-6-smb devstack@c-api.service[100780]: DEBUG cinder.volume.flows.api.create_volume [None req-9e6821f8-8bfb-4e5d-86aa-bcd5dbc561a1 tempest-VolumesGetTest-2062393243 tempest-VolumesGetTest-2062393243-project] Validating volume size '1' using validate_int, validate_source_size {{(pid=100780) _extract_size /opt/stack/cinder/cinder/volume/flows/api/create_volume.py:225}}
Sep 15 03:26:45.993768 dv-cinder-806965-6-smb devstack@c-api.service[100779]: /usr/local/lib/python3.8/dist-packages/oslo_context/context.py:105: DeprecationWarning: Policy enforcement is depending on the value of is_admin. This key is deprecated. Please update your policy file to use the standard policy values.
Sep 15 03:26:45.993768 dv-cinder-806965-6-smb devstack@c-api.service[100779]:   warnings.warn('Policy enforcement is depending on the value of '
Sep 15 03:26:46.006736 dv-cinder-806965-6-smb devstack@c-api.service[100780]: DEBUG cinder.volume.api [None req-9e6821f8-8bfb-4e5d-86aa-bcd5dbc561a1 tempest-VolumesGetTest-2062393243 tempest-VolumesGetTest-2062393243-project] Task 'cinder.volume.flows.api.create_volume.ExtractVolumeRequestTask;volume:create' (31ae97d4-1af6-4a9f-93cf-2f07de731c8a) transitioned into state 'SUCCESS' from state 'RUNNING' with result '{'size': 1, 'snapshot_id': None, 'source_volid': '36ee67bd-5cf7-4e36-98c0-1757423f6e00', 'volume_type': VolumeType(created_at=2021-09-15T03:16:35Z,deleted=False,deleted_at=None,description='Default Volume Type',extra_specs={},id=e23c2dd0-eafb-42b0-a740-315a5d5e224a,is_public=True,name='__DEFAULT__',projects=[],qos_specs=<?>,qos_specs_id=None,updated_at=2021-09-15T03:16:35Z), 'volume_type_id': 'e23c2dd0-eafb-42b0-a740-315a5d5e224a', 'encryption_key_id': None, 'qos_specs': None, 'consistencygroup_id': None, 'cgsnapshot_id': None, 'group_id': None, 'replication_status': 'disabled', 'refresh_az': False, 'backup_id': None, 'multiattach': False, 'availability_zones': ['nova']}' {{(pid=100780) _task_receiver /usr/local/lib/python3.8/dist-packages/taskflow/listeners/logging.py:178}}
Sep 15 03:26:46.008823 dv-cinder-806965-6-smb devstack@c-api.service[100780]: DEBUG cinder.volume.api [None req-9e6821f8-8bfb-4e5d-86aa-bcd5dbc561a1 tempest-VolumesGetTest-2062393243 tempest-VolumesGetTest-2062393243-project] Task 'cinder.volume.flows.api.create_volume.QuotaReserveTask;volume:create' (3d3c083d-47ce-4bd1-8f3f-4fbeb84e849a) transitioned into state 'RUNNING' from state 'PENDING' {{(pid=100780) _task_receiver /usr/local/lib/python3.8/dist-packages/taskflow/listeners/logging.py:190}}
Sep 15 03:26:46.009053 dv-cinder-806965-6-smb devstack@c-api.service[100779]: INFO cinder.volume.api [req-1d3d9722-863c-4da6-9769-6ca20796e3b2 req-138fefce-62c9-4859-b00d-09b06955cd7f tempest-DeleteServersTestJSON-775870470 tempest-DeleteServersTestJSON-775870470-project] Volume info retrieved successfully.
Sep 15 03:26:46.034167 dv-cinder-806965-6-smb devstack@c-api.service[100779]: /usr/local/lib/python3.8/dist-packages/oslo_context/context.py:105: DeprecationWarning: Policy enforcement is depending on the value of is_admin. This key is deprecated. Please update your policy file to use the standard policy values.
Sep 15 03:26:46.034167 dv-cinder-806965-6-smb devstack@c-api.service[100779]:   warnings.warn('Policy enforcement is depending on the value of '
Sep 15 03:26:46.046922 dv-cinder-806965-6-smb devstack@c-api.service[100779]: INFO cinder.api.openstack.wsgi [req-1d3d9722-863c-4da6-9769-6ca20796e3b2 req-138fefce-62c9-4859-b00d-09b06955cd7f tempest-DeleteServersTestJSON-775870470 tempest-DeleteServersTestJSON-775870470-project] http://10.222.0.47/volume/v3/1c78d3cb0b59440b9edf14c011031c35/volumes/d33e9d36-9d3b-46ba-931a-5ae41d074494 returned with HTTP 200
Sep 15 03:26:46.048090 dv-cinder-806965-6-smb devstack@c-api.service[100779]: [pid: 100779|app: 0|req: 175/375] 10.222.0.39 () {60 vars in 1413 bytes} [Wed Sep 15 03:26:45 2021] GET /volume/v3/1c78d3cb0b59440b9edf14c011031c35/volumes/d33e9d36-9d3b-46ba-931a-5ae41d074494 => generated 1012 bytes in 77 msecs (HTTP/1.1 200) 7 headers in 287 bytes (1 switches on core 0)
Sep 15 03:26:46.064675 dv-cinder-806965-6-smb devstack@c-api.service[100780]: DEBUG cinder.quota [None req-9e6821f8-8bfb-4e5d-86aa-bcd5dbc561a1 tempest-VolumesGetTest-2062393243 tempest-VolumesGetTest-2062393243-project] Created reservations ['5908d03d-1f42-447b-9a54-4f370e25d3de', '4ba20045-55ed-4da4-80b2-b042adacb30c', '152f9ec2-ca93-4a59-a1e0-41a0474ffafd', '4d3912bb-ba3e-4e17-affb-70629912ceb0'] {{(pid=100780) reserve /opt/stack/cinder/cinder/quota.py:755}}
Sep 15 03:26:46.066629 dv-cinder-806965-6-smb devstack@c-api.service[100780]: DEBUG cinder.volume.api [None req-9e6821f8-8bfb-4e5d-86aa-bcd5dbc561a1 tempest-VolumesGetTest-2062393243 tempest-VolumesGetTest-2062393243-project] Task 'cinder.volume.flows.api.create_volume.QuotaReserveTask;volume:create' (3d3c083d-47ce-4bd1-8f3f-4fbeb84e849a) transitioned into state 'SUCCESS' from state 'RUNNING' with result '{'reservations': ['5908d03d-1f42-447b-9a54-4f370e25d3de', '4ba20045-55ed-4da4-80b2-b042adacb30c', '152f9ec2-ca93-4a59-a1e0-41a0474ffafd', '4d3912bb-ba3e-4e17-affb-70629912ceb0']}' {{(pid=100780) _task_receiver /usr/local/lib/python3.8/dist-packages/taskflow/listeners/logging.py:178}}
Sep 15 03:26:46.069262 dv-cinder-806965-6-smb devstack@c-api.service[100780]: DEBUG cinder.volume.api [None req-9e6821f8-8bfb-4e5d-86aa-bcd5dbc561a1 tempest-VolumesGetTest-2062393243 tempest-VolumesGetTest-2062393243-project] Task 'cinder.volume.flows.api.create_volume.EntryCreateTask;volume:create' (aa68ad33-aa23-432b-92b2-4684f8387b3f) transitioned into state 'RUNNING' from state 'PENDING' {{(pid=100780) _task_receiver /usr/local/lib/python3.8/dist-packages/taskflow/listeners/logging.py:190}}
Sep 15 03:26:46.112875 dv-cinder-806965-6-smb devstack@c-api.service[100780]: DEBUG cinder.volume.api [None req-9e6821f8-8bfb-4e5d-86aa-bcd5dbc561a1 tempest-VolumesGetTest-2062393243 tempest-VolumesGetTest-2062393243-project] Task 'cinder.volume.flows.api.create_volume.EntryCreateTask;volume:create' (aa68ad33-aa23-432b-92b2-4684f8387b3f) transitioned into state 'SUCCESS' from state 'RUNNING' with result '{'volume_id': '19fc72a5-e990-40db-88d9-4dcd4cec0996', 'volume_properties': VolumeProperties(attach_status='detached',availability_zone='nova',cgsnapshot_id=None,consistencygroup_id=None,display_description=None,display_name='tempest-VolumesGetTest-Volume-615050104',encryption_key_id=None,group_id=None,group_type_id=<?>,metadata={Type='Test'},multiattach=False,project_id='4647843a66de4dea999c5088c5b10a8b',qos_specs=None,replication_status=<?>,reservations=['5908d03d-1f42-447b-9a54-4f370e25d3de','4ba20045-55ed-4da4-80b2-b042adacb30c','152f9ec2-ca93-4a59-a1e0-41a0474ffafd','4d3912bb-ba3e-4e17-affb-70629912ceb0'],size=1,snapshot_id=None,source_replicaid=<?>,source_volid=36ee67bd-5cf7-4e36-98c0-1757423f6e00,status='creating',user_id='9f3c5960b2b24e5db66e3919379bbc7c',volume_type_id=e23c2dd0-eafb-42b0-a740-315a5d5e224a), 'volume': Volume(_name_id=None,admin_metadata=<?>,attach_status='detached',availability_zone='nova',bootable=False,cluster=<?>,cluster_name=None,consistencygroup=<?>,consistencygroup_id=None,created_at=2021-09-15T03:26:46Z,deleted=False,deleted_at=None,display_description=None,display_name='tempest-VolumesGetTest-Volume-615050104',ec2_id=None,encryption_key_id=None,glance_metadata=<?>,group=<?>,group_id=None,host=None,id=19fc72a5-e990-40db-88d9-4dcd4cec0996,launched_at=None,metadata={Type='Test'},migration_status=None,multiattach=False,previous_status=None,project_id='4647843a66de4dea999c5088c5b10a8b',provider_auth=None,provider_geometry=None,provider_id=None,provider_location=None,replication_driver_data=None,replication_extended_status=None,replication_status=None,scheduled_at=None,service_uuid=None,shared_targets=True,size=1,snapshot_id=None,snapshots=<?>,source_volid=36ee67bd-5cf7-4e36-98c0-1757423f6e00,status='creating',terminated_at=None,updated_at=None,use_quota=True,user_id='9f3c5960b2b24e5db66e3919379bbc7c',volume_attachment=<?>,volume_type=VolumeType(e23c2dd0-eafb-42b0-a740-315a5d5e224a),volume_type_id=e23c2dd0-eafb-42b0-a740-315a5d5e224a)}' {{(pid=100780) _task_receiver /usr/local/lib/python3.8/dist-packages/taskflow/listeners/logging.py:178}}
Sep 15 03:26:46.114819 dv-cinder-806965-6-smb devstack@c-api.service[100780]: DEBUG cinder.volume.api [None req-9e6821f8-8bfb-4e5d-86aa-bcd5dbc561a1 tempest-VolumesGetTest-2062393243 tempest-VolumesGetTest-2062393243-project] Task 'cinder.volume.flows.api.create_volume.QuotaCommitTask;volume:create' (109b4541-a32e-4701-91ff-f2f3d68c5bc0) transitioned into state 'RUNNING' from state 'PENDING' {{(pid=100780) _task_receiver /usr/local/lib/python3.8/dist-packages/taskflow/listeners/logging.py:190}}
Sep 15 03:26:46.143639 dv-cinder-806965-6-smb devstack@c-api.service[100780]: DEBUG cinder.volume.api [None req-9e6821f8-8bfb-4e5d-86aa-bcd5dbc561a1 tempest-VolumesGetTest-2062393243 tempest-VolumesGetTest-2062393243-project] Task 'cinder.volume.flows.api.create_volume.QuotaCommitTask;volume:create' (109b4541-a32e-4701-91ff-f2f3d68c5bc0) transitioned into state 'SUCCESS' from state 'RUNNING' with result '{'volume_properties': VolumeProperties(attach_status='detached',availability_zone='nova',cgsnapshot_id=None,consistencygroup_id=None,display_description=None,display_name='tempest-VolumesGetTest-Volume-615050104',encryption_key_id=None,group_id=None,group_type_id=<?>,metadata={Type='Test'},multiattach=False,project_id='4647843a66de4dea999c5088c5b10a8b',qos_specs=None,replication_status=<?>,reservations=['5908d03d-1f42-447b-9a54-4f370e25d3de','4ba20045-55ed-4da4-80b2-b042adacb30c','152f9ec2-ca93-4a59-a1e0-41a0474ffafd','4d3912bb-ba3e-4e17-affb-70629912ceb0'],size=1,snapshot_id=None,source_replicaid=<?>,source_volid=36ee67bd-5cf7-4e36-98c0-1757423f6e00,status='creating',user_id='9f3c5960b2b24e5db66e3919379bbc7c',volume_type_id=e23c2dd0-eafb-42b0-a740-315a5d5e224a)}' {{(pid=100780) _task_receiver /usr/local/lib/python3.8/dist-packages/taskflow/listeners/logging.py:178}}
Sep 15 03:26:46.145749 dv-cinder-806965-6-smb devstack@c-api.service[100780]: DEBUG cinder.volume.api [None req-9e6821f8-8bfb-4e5d-86aa-bcd5dbc561a1 tempest-VolumesGetTest-2062393243 tempest-VolumesGetTest-2062393243-project] Task 'cinder.volume.flows.api.create_volume.VolumeCastTask;volume:create' (f5ef3d20-acdc-4a92-96c6-68440326e4d8) transitioned into state 'RUNNING' from state 'PENDING' {{(pid=100780) _task_receiver /usr/local/lib/python3.8/dist-packages/taskflow/listeners/logging.py:190}}
Sep 15 03:26:46.179242 dv-cinder-806965-6-smb devstack@c-api.service[100779]: INFO cinder.api.openstack.wsgi [req-1d3d9722-863c-4da6-9769-6ca20796e3b2 req-cefdba8b-204c-4f7b-b88a-3b619a36860d tempest-DeleteServersTestJSON-775870470 tempest-DeleteServersTestJSON-775870470-project] PUT http://10.222.0.47/volume/v3/1c78d3cb0b59440b9edf14c011031c35/attachments/bdb971c6-7146-4260-8d7f-8c34a103fcc3
Sep 15 03:26:46.179733 dv-cinder-806965-6-smb devstack@c-api.service[100780]: DEBUG cinder.volume.api [None req-9e6821f8-8bfb-4e5d-86aa-bcd5dbc561a1 tempest-VolumesGetTest-2062393243 tempest-VolumesGetTest-2062393243-project] Task 'cinder.volume.flows.api.create_volume.VolumeCastTask;volume:create' (f5ef3d20-acdc-4a92-96c6-68440326e4d8) transitioned into state 'SUCCESS' from state 'RUNNING' with result 'None' {{(pid=100780) _task_receiver /usr/local/lib/python3.8/dist-packages/taskflow/listeners/logging.py:178}}
Sep 15 03:26:46.180733 dv-cinder-806965-6-smb devstack@c-api.service[100779]: /usr/local/lib/python3.8/dist-packages/webob/acceptparse.py:1047: DeprecationWarning: The behavior of AcceptValidHeader.best_match is currently being maintained for backward compatibility, but it will be deprecated in the future, as it does not conform to the RFC.
Sep 15 03:26:46.180733 dv-cinder-806965-6-smb devstack@c-api.service[100779]:   warnings.warn(
Sep 15 03:26:46.181468 dv-cinder-806965-6-smb devstack@c-api.service[100779]: DEBUG cinder.api.openstack.wsgi [req-1d3d9722-863c-4da6-9769-6ca20796e3b2 req-cefdba8b-204c-4f7b-b88a-3b619a36860d tempest-DeleteServersTestJSON-775870470 tempest-DeleteServersTestJSON-775870470-project] Action: 'update', calling method: version_select, body: {"attachment": {"connector": {"platform": "AMD64", "os_type": "win32", "ip": "10.222.0.39", "host": "hv-cinder-80696", "multipath": false, "initiator": "iqn.1991-05.com.microsoft:hv-cinder-80696", "mountpoint": "/dev/sdb"}}} {{(pid=100779) _process_stack /opt/stack/cinder/cinder/api/openstack/wsgi.py:854}}
Sep 15 03:26:46.182774 dv-cinder-806965-6-smb devstack@c-api.service[100780]: DEBUG cinder.volume.api [None req-9e6821f8-8bfb-4e5d-86aa-bcd5dbc561a1 tempest-VolumesGetTest-2062393243 tempest-VolumesGetTest-2062393243-project] Flow 'volume_create_api' (3435cae0-6d21-47c1-87db-30b5cf3fd66f) transitioned into state 'SUCCESS' from state 'RUNNING' {{(pid=100780) _flow_receiver /usr/local/lib/python3.8/dist-packages/taskflow/listeners/logging.py:141}}
Sep 15 03:26:46.183963 dv-cinder-806965-6-smb devstack@c-api.service[100780]: INFO cinder.volume.api [None req-9e6821f8-8bfb-4e5d-86aa-bcd5dbc561a1 tempest-VolumesGetTest-2062393243 tempest-VolumesGetTest-2062393243-project] Create volume request issued successfully.
Sep 15 03:26:46.194060 dv-cinder-806965-6-smb devstack@c-api.service[100780]: INFO cinder.api.openstack.wsgi [None req-9e6821f8-8bfb-4e5d-86aa-bcd5dbc561a1 tempest-VolumesGetTest-2062393243 tempest-VolumesGetTest-2062393243-project] http://10.222.0.47/volume/v3/4647843a66de4dea999c5088c5b10a8b/volumes returned with HTTP 202
Sep 15 03:26:46.204490 dv-cinder-806965-6-smb devstack@c-api.service[100780]: [pid: 100780|app: 0|req: 201/376] 10.222.0.47 () {60 vars in 1236 bytes} [Wed Sep 15 03:26:45 2021] POST /volume/v3/4647843a66de4dea999c5088c5b10a8b/volumes => generated 861 bytes in 275 msecs (HTTP/1.1 202) 7 headers in 291 bytes (2 switches on core 0)
