Sep 01 16:33:12.439805 dv-cinder-806945-1-smb neutron-server[93884]: DEBUG neutron_lib.callbacks.manager [None req-a0610ea0-1ea6-46ed-b60b-a4c64747d3dd None None] Notify callbacks ['neutron.plugins.ml2.plugin.SecurityGroupServerNotifierRpcMixin._notify_sg_on_port_change-1652521', 'neutron.plugins.ml2.ovo_rpc._ObjectChangeHandler.handle_event-432640', 'neutron.api.rpc.agentnotifiers.dhcp_rpc_agent_api.DhcpAgentNotifyAPI._native_event_send_dhcp_notification-572527', 'neutron.db.l3_db.L3RpcNotifierMixin._notify_gateway_port_ip_changed-8727319897555', 'neutron.db.l3_dvrscheduler_db._notify_l3_agent_port_update-8727319315496', 'neutron.db.l3_hascheduler_db._notify_l3_agent_ha_port_update-8727319315514'] for port, after_update {{(pid=93884) _notify_loop /usr/local/lib/python3.8/dist-packages/neutron_lib/callbacks/manager.py:192}}
Sep 01 16:33:12.462175 dv-cinder-806945-1-smb neutron-server[93883]: DEBUG neutron.db.db_base_plugin_common [req-73725998-d9bc-4bc7-b2ec-7b9bf6ba915d req-2f90c634-3ec4-4afd-b4e7-7be4f76a77d6 tempest-ServerRescueNegativeTestJSON-2085873473 tempest-ServerRescueNegativeTestJSON-2085873473-project] Allocated IP 172.20.0.5 (4b97c3c2-496e-4441-abd5-423ea165cfdc/413b22c9-f14a-4a57-bc20-9bb8c38fa5ca/6c5da951-27bb-4e06-8ca1-24d3b3ba9912) {{(pid=93883) _store_ip_allocation /opt/stack/neutron/neutron/db/db_base_plugin_common.py:131}}
Sep 01 16:33:12.576007 dv-cinder-806945-1-smb neutron-server[93882]: DEBUG neutron_lib.callbacks.manager [None req-737a8af4-47bf-46e5-9d75-6df00bc805cb admin admin] Notify callbacks ['neutron.plugins.ml2.ovo_rpc._ObjectChangeHandler.handle_event-533502'] for security_group, after_delete {{(pid=93882) _notify_loop /usr/local/lib/python3.8/dist-packages/neutron_lib/callbacks/manager.py:192}}
Sep 01 16:33:12.579281 dv-cinder-806945-1-smb neutron-server[93882]: DEBUG neutron_lib.callbacks.manager [None req-737a8af4-47bf-46e5-9d75-6df00bc805cb admin admin] Notify callbacks [] for security_group, before_response {{(pid=93882) _notify_loop /usr/local/lib/python3.8/dist-packages/neutron_lib/callbacks/manager.py:192}}
Sep 01 16:33:12.580845 dv-cinder-806945-1-smb neutron-server[93882]: INFO neutron.wsgi [None req-737a8af4-47bf-46e5-9d75-6df00bc805cb admin admin] 10.222.0.102 "DELETE /v2.0/security-groups/e7b8ff4b-1fd5-4ee9-9c53-e5c9f4530f6a HTTP/1.1" status: 204 len: 168 time: 0.4472015
Sep 01 16:33:12.614141 dv-cinder-806945-1-smb neutron-server[93882]: DEBUG neutron.api.rpc.handlers.resources_rpc [None req-737a8af4-47bf-46e5-9d75-6df00bc805cb admin admin] Pushing event deleted for resources: {'SecurityGroup': ['ID=e7b8ff4b-1fd5-4ee9-9c53-e5c9f4530f6a,revision_number=None']} {{(pid=93882) push /opt/stack/neutron/neutron/api/rpc/handlers/resources_rpc.py:237}}
Sep 01 16:33:12.671932 dv-cinder-806945-1-smb neutron-server[93884]: DEBUG neutron.db.l3_dvrscheduler_db [None req-a0610ea0-1ea6-46ed-b60b-a4c64747d3dd None None] Routers {'e68a927f-a3c1-4bd0-bfe3-b974fdf69a80'} bound to L3 agent in host dv-cinder-806945-1-smb {{(pid=93884) _get_router_ids_for_agent /opt/stack/neutron/neutron/db/l3_dvrscheduler_db.py:420}}
Sep 01 16:33:12.672819 dv-cinder-806945-1-smb neutron-server[93884]: DEBUG neutron.db.l3_hamode_db [None req-a0610ea0-1ea6-46ed-b60b-a4c64747d3dd None None] neutron.services.l3_router.l3_router_plugin.L3RouterPlugin method get_ha_sync_data_for_host called with arguments (, 'dv-cinder-806945-1-smb', Agent(admin_state_up=True,agent_type='L3 agent',availability_zone='nova',binary='neutron-l3-agent',configurations={"agent_mode": "legacy", "ex_gw_ports": 4, "extensions": [], "floating_ips": 2, "handle_internal_only_routers": true, "interface_driver": "openvswitch", "interfaces": 4, "log_agent_heartbeats": false, "routers": 4},created_at=2021-09-01T16:23:42Z,description=,heartbeat_timestamp=2021-09-01T16:33:12Z,host='dv-cinder-806945-1-smb',id=7b89446a-b108-4c46-a902-b86c7bb595d7,load=0,resource_versions=,resources_synced=,started_at=2021-09-01T16:23:42Z,topic='l3_agent')) {'router_ids': ['e68a927f-a3c1-4bd0-bfe3-b974fdf69a80'], 'active': True} {{(pid=93884) wrapper /usr/local/lib/python3.8/dist-packages/oslo_log/helpers.py:65}}
Sep 01 16:33:12.738961 dv-cinder-806945-1-smb neutron-server[93883]: DEBUG neutron_lib.callbacks.manager [None req-b550defd-c4a7-42a1-af63-6aaae2ceeec3 admin admin] Notify callbacks [] for security_group, precommit_create {{(pid=93883) _notify_loop /usr/local/lib/python3.8/dist-packages/neutron_lib/callbacks/manager.py:192}}
Sep 01 16:33:12.750766 dv-cinder-806945-1-smb neutron-server[93883]: DEBUG neutron_lib.callbacks.manager [None req-b550defd-c4a7-42a1-af63-6aaae2ceeec3 admin admin] Notify callbacks ['neutron.plugins.ml2.ovo_rpc._ObjectChangeHandler.handle_event-533502'] for security_group, after_create {{(pid=93883) _notify_loop /usr/local/lib/python3.8/dist-packages/neutron_lib/callbacks/manager.py:192}}
Sep 01 16:33:12.813801 dv-cinder-806945-1-smb neutron-server[93884]: DEBUG neutron.api.rpc.handlers.resources_rpc [None req-b309c2c8-cf58-4cd3-a912-6a345769ad66 None None] Pushing event updated for resources: {'Port': ['ID=de77b28b-22ed-4111-8ff8-09caf50bf24a,revision_number=4']} {{(pid=93884) push /opt/stack/neutron/neutron/api/rpc/handlers/resources_rpc.py:237}}
Sep 01 16:33:12.816199 dv-cinder-806945-1-smb neutron-server[93882]: INFO neutron.wsgi [req-3d4cc94d-66fe-4abb-b8e9-c170a3ffcbc2 req-b129b655-44e2-466b-b66b-52ae39795958 tempest-ServerRescueNegativeTestJSON-2085873473 tempest-ServerRescueNegativeTestJSON-2085873473-project] 10.222.0.102 "GET /v2.0/ports?device_id=5bb25856-22e0-4661-9a64-2698df9ca880 HTTP/1.1" status: 200 len: 210 time: 0.0583484
Sep 01 16:33:12.847355 dv-cinder-806945-1-smb neutron-server[93883]: DEBUG neutron_lib.callbacks.manager [req-73725998-d9bc-4bc7-b2ec-7b9bf6ba915d req-2f90c634-3ec4-4afd-b4e7-7be4f76a77d6 tempest-ServerRescueNegativeTestJSON-2085873473 tempest-ServerRescueNegativeTestJSON-2085873473-project] Notify callbacks [] for port, precommit_create {{(pid=93883) _notify_loop /usr/local/lib/python3.8/dist-packages/neutron_lib/callbacks/manager.py:192}}
Sep 01 16:33:12.863977 dv-cinder-806945-1-smb neutron-server[93883]: INFO neutron.wsgi [None req-b550defd-c4a7-42a1-af63-6aaae2ceeec3 admin admin] 10.222.0.102 "GET /v2.0/security-groups?tenant_id=e72c6e82e34a484db0cb139ea58ef24a&name=default HTTP/1.1" status: 200 len: 2979 time: 0.9218464
Sep 01 16:33:12.866701 dv-cinder-806945-1-smb neutron-server[93882]: DEBUG neutron.wsgi [-] (93882) accepted ('10.222.0.102', 59384) {{(pid=93882) server /usr/local/lib/python3.8/dist-packages/eventlet/wsgi.py:982}}
Sep 01 16:33:12.882166 dv-cinder-806945-1-smb neutron-server[93883]: DEBUG neutron.api.rpc.handlers.resources_rpc [None req-b550defd-c4a7-42a1-af63-6aaae2ceeec3 admin admin] Pushing event updated for resources: {'SecurityGroup': ['ID=0b18f807-a35d-47ca-bb6e-e8f05907a61d,revision_number=1']} {{(pid=93883) push /opt/stack/neutron/neutron/api/rpc/handlers/resources_rpc.py:237}}
Sep 01 16:33:12.922629 dv-cinder-806945-1-smb neutron-server[93884]: DEBUG neutron.db.l3_dvr_db [None req-a0610ea0-1ea6-46ed-b60b-a4c64747d3dd None None] Set router e68a927f-a3c1-4bd0-bfe3-b974fdf69a80 gateway port host: dv-cinder-806945-1-smb {{(pid=93884) _build_routers_list /opt/stack/neutron/neutron/db/l3_dvr_db.py:906}}
Sep 01 16:33:12.937960 dv-cinder-806945-1-smb neutron-server[93883]: DEBUG neutron_lib.callbacks.manager [req-73725998-d9bc-4bc7-b2ec-7b9bf6ba915d req-2f90c634-3ec4-4afd-b4e7-7be4f76a77d6 tempest-ServerRescueNegativeTestJSON-2085873473 tempest-ServerRescueNegativeTestJSON-2085873473-project] Notify callbacks ['neutron.plugins.ml2.plugin.SecurityGroupServerNotifierRpcMixin._notify_sg_on_port_change-1652521', 'neutron.plugins.ml2.ovo_rpc._ObjectChangeHandler.handle_event-432640', 'neutron.api.rpc.agentnotifiers.dhcp_rpc_agent_api.DhcpAgentNotifyAPI._native_event_send_dhcp_notification-572527', 'neutron.db.l3_dvrscheduler_db._notify_l3_agent_new_port-8727319315478', 'neutron.services.segments.plugin.NovaSegmentNotifier._notify_port_created_or_deleted-4579004'] for port, after_create {{(pid=93883) _notify_loop /usr/local/lib/python3.8/dist-packages/neutron_lib/callbacks/manager.py:192}}
Sep 01 16:33:12.979284 dv-cinder-806945-1-smb neutron-server[93882]: DEBUG neutron_lib.callbacks.manager [None req-366c40b7-0a3b-4dda-935c-fa3615bbbf1a admin admin] Notify callbacks [] for security_group, before_delete {{(pid=93882) _notify_loop /usr/local/lib/python3.8/dist-packages/neutron_lib/callbacks/manager.py:192}}
Sep 01 16:33:13.019576 dv-cinder-806945-1-smb neutron-server[93884]: DEBUG neutron_lib.callbacks.manager [None req-85a3883c-1833-49e2-9b16-b07d6334f864 None None] Notify callbacks ['neutron.services.segments.db._update_segment_host_mapping_for_agent-8727319767772', 'neutron.plugins.ml2.plugin.Ml2Plugin._retry_binding_revived_agents-2025582'] for agent, after_update {{(pid=93884) _notify_loop /usr/local/lib/python3.8/dist-packages/neutron_lib/callbacks/manager.py:192}}
Sep 01 16:33:13.051607 dv-cinder-806945-1-smb neutron-server[93883]: DEBUG neutron.scheduler.dhcp_agent_scheduler [req-73725998-d9bc-4bc7-b2ec-7b9bf6ba915d req-2f90c634-3ec4-4afd-b4e7-7be4f76a77d6 tempest-ServerRescueNegativeTestJSON-2085873473 tempest-ServerRescueNegativeTestJSON-2085873473-project] Network 4b97c3c2-496e-4441-abd5-423ea165cfdc is already hosted by enough agents. {{(pid=93883) _get_dhcp_agents_hosting_network /opt/stack/neutron/neutron/scheduler/dhcp_agent_scheduler.py:275}}
Sep 01 16:33:13.058297 dv-cinder-806945-1-smb neutron-server[93883]: DEBUG neutron.scheduler.base_scheduler [req-73725998-d9bc-4bc7-b2ec-7b9bf6ba915d req-2f90c634-3ec4-4afd-b4e7-7be4f76a77d6 tempest-ServerRescueNegativeTestJSON-2085873473 tempest-ServerRescueNegativeTestJSON-2085873473-project] Resources bound (agent type, host, resource id): {{(pid=93883) schedule /opt/stack/neutron/neutron/scheduler/base_scheduler.py:57}}
Sep 01 16:33:13.066115 dv-cinder-806945-1-smb neutron-server[93883]: DEBUG neutron.api.rpc.handlers.resources_rpc [None req-2f90c634-3ec4-4afd-b4e7-7be4f76a77d6 tempest-ServerRescueNegativeTestJSON-2085873473 tempest-ServerRescueNegativeTestJSON-2085873473-project] Pushing event updated for resources: {'Port': ['ID=6c5da951-27bb-4e06-8ca1-24d3b3ba9912,revision_number=1']} {{(pid=93883) push /opt/stack/neutron/neutron/api/rpc/handlers/resources_rpc.py:237}}
Sep 01 16:33:13.070090 dv-cinder-806945-1-smb neutron-server[93883]: DEBUG neutron.db.l3_dvrscheduler_db [req-73725998-d9bc-4bc7-b2ec-7b9bf6ba915d req-2f90c634-3ec4-4afd-b4e7-7be4f76a77d6 tempest-ServerRescueNegativeTestJSON-2085873473 tempest-ServerRescueNegativeTestJSON-2085873473-project] Received port after_create {{(pid=93883) _notify_l3_agent_new_port /opt/stack/neutron/neutron/db/l3_dvrscheduler_db.py:535}}
Sep 01 16:33:13.093050 dv-cinder-806945-1-smb neutron-server[93882]: DEBUG neutron_lib.callbacks.manager [None req-366c40b7-0a3b-4dda-935c-fa3615bbbf1a admin admin] Notify callbacks [] for security_group, precommit_delete {{(pid=93882) _notify_loop /usr/local/lib/python3.8/dist-packages/neutron_lib/callbacks/manager.py:192}}
Sep 01 16:33:13.172195 dv-cinder-806945-1-smb neutron-server[93883]: DEBUG neutron.pecan_wsgi.hooks.policy_enforcement [req-73725998-d9bc-4bc7-b2ec-7b9bf6ba915d req-2f90c634-3ec4-4afd-b4e7-7be4f76a77d6 tempest-ServerRescueNegativeTestJSON-2085873473 tempest-ServerRescueNegativeTestJSON-2085873473-project] Attributes excluded by policy engine: ['standard_attr_id', 'binding:profile', 'binding:host_id', 'binding:vif_type', 'binding:vif_details', 'network'] {{(pid=93883) _exclude_attributes_by_policy /opt/stack/neutron/neutron/pecan_wsgi/hooks/policy_enforcement.py:255}}
Sep 01 16:33:13.173404 dv-cinder-806945-1-smb neutron-server[93883]: DEBUG neutron_lib.callbacks.manager [req-73725998-d9bc-4bc7-b2ec-7b9bf6ba915d req-2f90c634-3ec4-4afd-b4e7-7be4f76a77d6 tempest-ServerRescueNegativeTestJSON-2085873473 tempest-ServerRescueNegativeTestJSON-2085873473-project] Notify callbacks ['neutron.notifiers.nova.Notifier._send_nova_notification-84247'] for port, before_response {{(pid=93883) _notify_loop /usr/local/lib/python3.8/dist-packages/neutron_lib/callbacks/manager.py:192}}
Sep 01 16:33:13.206913 dv-cinder-806945-1-smb neutron-server[93882]: DEBUG neutron_lib.callbacks.manager [None req-366c40b7-0a3b-4dda-935c-fa3615bbbf1a admin admin] Notify callbacks ['neutron.plugins.ml2.ovo_rpc._ObjectChangeHandler.handle_event-533502'] for security_group, after_delete {{(pid=93882) _notify_loop /usr/local/lib/python3.8/dist-packages/neutron_lib/callbacks/manager.py:192}}
Sep 01 16:33:13.212997 dv-cinder-806945-1-smb neutron-server[93882]: DEBUG neutron_lib.callbacks.manager [None req-366c40b7-0a3b-4dda-935c-fa3615bbbf1a admin admin] Notify callbacks [] for security_group, before_response {{(pid=93882) _notify_loop /usr/local/lib/python3.8/dist-packages/neutron_lib/callbacks/manager.py:192}}
Sep 01 16:33:13.223329 dv-cinder-806945-1-smb neutron-server[93883]: INFO neutron.wsgi [req-73725998-d9bc-4bc7-b2ec-7b9bf6ba915d req-2f90c634-3ec4-4afd-b4e7-7be4f76a77d6 tempest-ServerRescueNegativeTestJSON-2085873473 tempest-ServerRescueNegativeTestJSON-2085873473-project] 10.222.0.10 "POST /v2.0/ports HTTP/1.1" status: 201 len: 933 time: 1.5355797
Sep 01 16:33:13.228177 dv-cinder-806945-1-smb neutron-server[93882]: INFO neutron.wsgi [None req-366c40b7-0a3b-4dda-935c-fa3615bbbf1a admin admin] 10.222.0.102 "DELETE /v2.0/security-groups/0b18f807-a35d-47ca-bb6e-e8f05907a61d HTTP/1.1" status: 204 len: 168 time: 0.3586967
Sep 01 16:33:13.256819 dv-cinder-806945-1-smb neutron-server[93882]: DEBUG neutron.api.rpc.handlers.resources_rpc [None req-366c40b7-0a3b-4dda-935c-fa3615bbbf1a admin admin] Pushing event deleted for resources: {'SecurityGroup': ['ID=0b18f807-a35d-47ca-bb6e-e8f05907a61d,revision_number=None']} {{(pid=93882) push /opt/stack/neutron/neutron/api/rpc/handlers/resources_rpc.py:237}}
Sep 01 16:33:13.322560 dv-cinder-806945-1-smb neutron-server[93883]: DEBUG neutron.api.v2.base [req-73725998-d9bc-4bc7-b2ec-7b9bf6ba915d req-ed4b4848-146f-41d8-9dfb-d15ee06b1d5b service neutron] Request body: {'port': {'device_id': 'cbe88116-cdf6-482a-82a2-ebeba567c4cd', 'device_owner': 'compute:nova', 'binding:host_id': 'hv-cinder-80694'}} {{(pid=93883) prepare_request_body /opt/stack/neutron/neutron/api/v2/base.py:730}}
Sep 01 16:33:13.412890 dv-cinder-806945-1-smb neutron-server[93884]: DEBUG neutron.db.l3_hamode_db [None req-a0610ea0-1ea6-46ed-b60b-a4c64747d3dd None None] neutron.services.l3_router.l3_router_plugin.L3RouterPlugin method _process_sync_ha_data called with arguments (, [{'id': 'e68a927f-a3c1-4bd0-bfe3-b974fdf69a80', 'name': 'tempest-ServerRescueNegativeTestJSON-1199887110-router', 'tenant_id': '506e5c47d512487f857164f368ec847a', 'admin_state_up': True, 'status': 'ACTIVE', 'external_gateway_info': {'network_id': '5b0c8426-55bf-4304-9ae0-2dbfa47bf331', 'external_fixed_ips': [{'subnet_id': '3752cd58-af6a-401a-8a3a-8c5a1215ee9a', 'ip_address': '172.28.2.31'}], 'enable_snat': True}, 'gw_port_id': 'b654e5f2-dd98-44c2-ae45-689ee664199f', 'description': '', 'availability_zones': ['nova'], 'distributed': False, 'ha': False, 'ha_vr_id': 0, 'availability_zone_hints': [], 'routes': [], 'flavor_id': None, 'tags': [], 'created_at': '2021-09-01T16:33:02Z', 'updated_at': '2021-09-01T16:33:06Z', 'revision_number': 4, 'project_id': '506e5c47d512487f857164f368ec847a', 'gw_port': {'id': 'b654e5f2-dd98-44c2-ae45-689ee664199f', 'name': '', 'network_id': '5b0c8426-55bf-4304-9ae0-2dbfa47bf331', 'tenant_id': '', 'mac_address': 'fa:16:3e:98:fb:a5', 'admin_state_up': True, 'status': 'ACTIVE', 'device_id': 'e68a927f-a3c1-4bd0-bfe3-b974fdf69a80', 'device_owner': 'network:router_gateway', 'standard_attr_id': 256, 'fixed_ips': [{'subnet_id': '3752cd58-af6a-401a-8a3a-8c5a1215ee9a', 'ip_address': '172.28.2.31', 'prefixlen': 24}], 'allowed_address_pairs': [], 'extra_dhcp_opts': [], 'security_groups': [], 'description': '', 'binding:vnic_type': 'normal', 'binding:profile': {}, 'binding:host_id': 'dv-cinder-806945-1-smb', 'binding:vif_type': 'ovs', 'binding:vif_details': {'connectivity': 'l2', 'port_filter': True, 'ovs_hybrid_plug': False, 'datapath_type': 'system', 'bridge_name': 'br-int'}, 'port_security_enabled': False, 'tags': [], 'created_at': '2021-09-01T16:33:02Z', 'updated_at': '2021-09-01T16:33:10Z', 'revision_number': 4, 'project_id': '', 'subnets': [{'id': '3752cd58-af6a-401a-8a3a-8c5a1215ee9a', 'cidr': '172.28.2.0/24', 'gateway_ip': '172.28.2.1', 'dns_nameservers': [], 'ipv6_ra_mode': None, 'subnetpool_id': None}], 'extra_subnets': [], 'address_scopes': {4: None, 6: None}, 'mtu': 1500}, 'enable_snat': True, 'gw_port_host': 'dv-cinder-806945-1-smb', '_interfaces': [{'id': 'de77b28b-22ed-4111-8ff8-09caf50bf24a', 'name': '', 'network_id': '4b97c3c2-496e-4441-abd5-423ea165cfdc', 'tenant_id': '506e5c47d512487f857164f368ec847a', 'mac_address': 'fa:16:3e:af:53:17', 'admin_state_up': True, 'status': 'DOWN', 'device_id': 'e68a927f-a3c1-4bd0-bfe3-b974fdf69a80', 'device_owner': 'network:router_interface', 'standard_attr_id': 266, 'fixed_ips': [{'subnet_id': '413b22c9-f14a-4a57-bc20-9bb8c38fa5ca', 'ip_address': '172.20.0.1', 'prefixlen': 28}], 'allowed_address_pairs': [], 'extra_dhcp_opts': [], 'security_groups': [], 'description': '', 'binding:vnic_type': 'normal', 'binding:profile': {}, 'binding:host_id': 'dv-cinder-806945-1-smb', 'binding:vif_type': 'ovs', 'binding:vif_details': {'connectivity': 'l2', 'port_filter': True, 'ovs_hybrid_plug': False, 'datapath_type': 'system', 'bridge_name': 'br-int'}, 'port_security_enabled': False, 'tags': [], 'created_at': '2021-09-01T16:33:05Z', 'updated_at': '2021-09-01T16:33:12Z', 'revision_number': 4, 'project_id': '506e5c47d512487f857164f368ec847a', 'subnets': [{'id': '413b22c9-f14a-4a57-bc20-9bb8c38fa5ca', 'cidr': '172.20.0.0/28', 'gateway_ip': '172.20.0.1', 'dns_nameservers': [], 'ipv6_ra_mode': None, 'subnetpool_id': None}], 'extra_subnets': [], 'address_scopes': {4: None, 6: None}, 'mtu': 1500}]}], 'dv-cinder-806945-1-smb', False) {} {{(pid=93884) wrapper /usr/local/lib/python3.8/dist-packages/oslo_log/helpers.py:65}}
Sep 01 16:33:13.498200 dv-cinder-806945-1-smb neutron-server[93884]: DEBUG neutron.api.rpc.handlers.l3_rpc [None req-a0610ea0-1ea6-46ed-b60b-a4c64747d3dd None None] The sync data for ids ['e68a927f-a3c1-4bd0-bfe3-b974fdf69a80'] in dv-cinder-806945-1-smb is: [{'id': 'e68a927f-a3c1-4bd0-bfe3-b974fdf69a80', 'name': 'tempest-ServerRescueNegativeTestJSON-1199887110-router', 'tenant_id': '506e5c47d512487f857164f368ec847a', 'admin_state_up': True, 'status': 'ACTIVE', 'external_gateway_info': {'network_id': '5b0c8426-55bf-4304-9ae0-2dbfa47bf331', 'external_fixed_ips': [{'subnet_id': '3752cd58-af6a-401a-8a3a-8c5a1215ee9a', 'ip_address': '172.28.2.31'}], 'enable_snat': True}, 'gw_port_id': 'b654e5f2-dd98-44c2-ae45-689ee664199f', 'description': '', 'availability_zones': ['nova'], 'distributed': False, 'ha': False, 'ha_vr_id': 0, 'availability_zone_hints': [], 'routes': [], 'flavor_id': None, 'tags': [], 'created_at': '2021-09-01T16:33:02Z', 'updated_at': '2021-09-01T16:33:06Z', 'revision_number': 4, 'project_id': '506e5c47d512487f857164f368ec847a', 'gw_port': {'id': 'b654e5f2-dd98-44c2-ae45-689ee664199f', 'name': '', 'network_id': '5b0c8426-55bf-4304-9ae0-2dbfa47bf331', 'tenant_id': '', 'mac_address': 'fa:16:3e:98:fb:a5', 'admin_state_up': True, 'status': 'ACTIVE', 'device_id': 'e68a927f-a3c1-4bd0-bfe3-b974fdf69a80', 'device_owner': 'network:router_gateway', 'standard_attr_id': 256, 'fixed_ips': [{'subnet_id': '3752cd58-af6a-401a-8a3a-8c5a1215ee9a', 'ip_address': '172.28.2.31', 'prefixlen': 24}], 'allowed_address_pairs': [], 'extra_dhcp_opts': [], 'security_groups': [], 'description': '', 'binding:vnic_type': 'normal', 'binding:profile': {}, 'binding:host_id': 'dv-cinder-806945-1-smb', 'binding:vif_type': 'ovs', 'binding:vif_details': {'connectivity': 'l2', 'port_filter': True, 'ovs_hybrid_plug': False, 'datapath_type': 'system', 'bridge_name': 'br-int'}, 'port_security_enabled': False, 'tags': [], 'created_at': '2021-09-01T16:33:02Z', 'updated_at': '2021-09-01T16:33:10Z', 'revision_number': 4, 'project_id': '', 'subnets': [{'id': '3752cd58-af6a-401a-8a3a-8c5a1215ee9a', 'cidr': '172.28.2.0/24', 'gateway_ip': '172.28.2.1', 'dns_nameservers': [], 'ipv6_ra_mode': None, 'subnetpool_id': None}], 'extra_subnets': [], 'address_scopes': {4: None, 6: None}, 'mtu': 1500}, 'enable_snat': True, 'gw_port_host': 'dv-cinder-806945-1-smb', '_interfaces': [{'id': 'de77b28b-22ed-4111-8ff8-09caf50bf24a', 'name': '', 'network_id': '4b97c3c2-496e-4441-abd5-423ea165cfdc', 'tenant_id': '506e5c47d512487f857164f368ec847a', 'mac_address': 'fa:16:3e:af:53:17', 'admin_state_up': True, 'status': 'DOWN', 'device_id': 'e68a927f-a3c1-4bd0-bfe3-b974fdf69a80', 'device_owner': 'network:router_interface', 'standard_attr_id': 266, 'fixed_ips': [{'subnet_id': '413b22c9-f14a-4a57-bc20-9bb8c38fa5ca', 'ip_address': '172.20.0.1', 'prefixlen': 28}], 'allowed_address_pairs': [], 'extra_dhcp_opts': [], 'security_groups': [], 'description': '', 'binding:vnic_type': 'normal', 'binding:profile': {}, 'binding:host_id': 'dv-cinder-806945-1-smb', 'binding:vif_type': 'ovs', 'binding:vif_details': {'connectivity': 'l2', 'port_filter': True, 'ovs_hybrid_plug': False, 'datapath_type': 'system', 'bridge_name': 'br-int'}, 'port_security_enabled': False, 'tags': [], 'created_at': '2021-09-01T16:33:05Z', 'updated_at': '2021-09-01T16:33:12Z', 'revision_number': 4, 'project_id': '506e5c47d512487f857164f368ec847a', 'subnets': [{'id': '413b22c9-f14a-4a57-bc20-9bb8c38fa5ca', 'cidr': '172.20.0.0/28', 'gateway_ip': '172.20.0.1', 'dns_nameservers': [], 'ipv6_ra_mode': None, 'subnetpool_id': None}], 'extra_subnets': [], 'address_scopes': {4: None, 6: None}, 'mtu': 1500}]}] {{(pid=93884) sync_routers /opt/stack/neutron/neutron/api/rpc/handlers/l3_rpc.py:137}}
Sep 01 16:33:13.527496 dv-cinder-806945-1-smb neutron-server[93883]: DEBUG neutron_lib.callbacks.manager [req-73725998-d9bc-4bc7-b2ec-7b9bf6ba915d req-ed4b4848-146f-41d8-9dfb-d15ee06b1d5b service neutron] Notify callbacks ['neutron.plugins.ml2.plugin.SecurityGroupDbMixin._ensure_default_security_group_handler-1652590'] for port, before_update {{(pid=93883) _notify_loop /usr/local/lib/python3.8/dist-packages/neutron_lib/callbacks/manager.py:192}}
Sep 01 16:33:13.620062 dv-cinder-806945-1-smb neutron-server[93883]: DEBUG neutron.pecan_wsgi.hooks.policy_enforcement [req-e4be04da-2d6e-4b99-ab5c-69f31b3c53e4 req-42a001ab-168d-41c5-8831-ba0adf2bad1c tempest-ServerRescueNegativeTestJSON-2085873473 tempest-ServerRescueNegativeTestJSON-2085873473-project] Attributes excluded by policy engine: ['standard_attr_id', 'vlan_transparent', 'provider:network_type', 'provider:physical_network', 'provider:segmentation_id'] {{(pid=93883) _exclude_attributes_by_policy /opt/stack/neutron/neutron/pecan_wsgi/hooks/policy_enforcement.py:255}}
Sep 01 16:33:13.622383 dv-cinder-806945-1-smb neutron-server[93883]: INFO neutron.wsgi [req-e4be04da-2d6e-4b99-ab5c-69f31b3c53e4 req-42a001ab-168d-41c5-8831-ba0adf2bad1c tempest-ServerRescueNegativeTestJSON-2085873473 tempest-ServerRescueNegativeTestJSON-2085873473-project] 10.222.0.10 "GET /v2.0/networks?id=4b97c3c2-496e-4441-abd5-423ea165cfdc HTTP/1.1" status: 200 len: 819 time: 0.3972163
Sep 01 16:33:13.693247 dv-cinder-806945-1-smb neutron-server[93883]: DEBUG neutron.api.v2.base [req-e4be04da-2d6e-4b99-ab5c-69f31b3c53e4 req-233d20ce-c1bd-40f8-8b8b-e06b67f14111 tempest-ServerRescueNegativeTestJSON-2085873473 tempest-ServerRescueNegativeTestJSON-2085873473-project] Request body: {'port': {'device_id': '5bb25856-22e0-4661-9a64-2698df9ca880', 'network_id': '4b97c3c2-496e-4441-abd5-423ea165cfdc', 'admin_state_up': True, 'tenant_id': '506e5c47d512487f857164f368ec847a'}} {{(pid=93883) prepare_request_body /opt/stack/neutron/neutron/api/v2/base.py:730}}
Sep 01 16:33:13.706106 dv-cinder-806945-1-smb neutron-server[93882]: INFO neutron.wsgi [req-d182bb1b-44d2-4ed0-8356-e707e9bee102 req-729f8588-7ce0-452a-9f4b-f894a9c6a57a tempest-VolumesActionsTest-1441278237 tempest-VolumesActionsTest-1441278237-project] 10.222.0.102 "GET /v2.0/ports?device_id=cd33a329-0205-47c4-8476-bd21effeb434 HTTP/1.1" status: 200 len: 210 time: 0.0527608
Sep 01 16:33:13.945312 dv-cinder-806945-1-smb neutron-server[93883]: DEBUG neutron.wsgi [-] (93883) accepted ('10.222.0.102', 59420) {{(pid=93883) server /usr/local/lib/python3.8/dist-packages/eventlet/wsgi.py:982}}
Sep 01 16:33:13.980094 dv-cinder-806945-1-smb neutron-server[93883]: DEBUG neutron_lib.callbacks.manager [None req-c05c2688-8690-4890-b408-90cc56a1cf18 admin admin] Notify callbacks [] for security_group, before_create {{(pid=93883) _notify_loop /usr/local/lib/python3.8/dist-packages/neutron_lib/callbacks/manager.py:192}}
Sep 01 16:33:14.058548 dv-cinder-806945-1-smb neutron-server[93882]: INFO neutron.wsgi [req-feddf739-9298-453d-a616-b3131eb9942d req-ca18012f-14fc-4a18-8c3b-a0be9cf9bb3e tempest-ServerRescueNegativeTestJSON-2085873473 tempest-ServerRescueNegativeTestJSON-2085873473-project] 10.222.0.102 "GET /v2.0/ports?device_id=5bb25856-22e0-4661-9a64-2698df9ca880 HTTP/1.1" status: 200 len: 210 time: 0.0592177
Sep 01 16:33:14.096552 dv-cinder-806945-1-smb neutron-server[93884]: DEBUG neutron.plugins.ml2.rpc [None req-173e2990-a89d-48d2-aae3-390c5109711f None None] Device de77b28b-22ed-4111-8ff8-09caf50bf24a up at agent ovs-agent-dv-cinder-806945-1-smb {{(pid=93884) update_device_up /opt/stack/neutron/neutron/plugins/ml2/rpc.py:296}}
Sep 01 16:33:14.181439 dv-cinder-806945-1-smb neutron-server[93883]: DEBUG neutron_lib.db.api [req-e4be04da-2d6e-4b99-ab5c-69f31b3c53e4 req-233d20ce-c1bd-40f8-8b8b-e06b67f14111 tempest-ServerRescueNegativeTestJSON-2085873473 tempest-ServerRescueNegativeTestJSON-2085873473-project] Retry wrapper got retriable exception: (pymysql.err.OperationalError) (1213, 'Deadlock found when trying to get lock; try restarting transaction')
Sep 01 16:33:14.181439 dv-cinder-806945-1-smb neutron-server[93883]: [SQL: INSERT INTO reservations (project_id, id, expiration) VALUES (%(project_id)s, %(id)s, %(expiration)s)]
Sep 01 16:33:14.181439 dv-cinder-806945-1-smb neutron-server[93883]: [parameters: {'project_id': '506e5c47d512487f857164f368ec847a', 'id': '7fbb8ebd-adc0-472b-b11a-12900e98364c', 'expiration': datetime.datetime(2021, 9, 1, 16, 35, 14, 164533)}]
Sep 01 16:33:14.181439 dv-cinder-806945-1-smb neutron-server[93883]: (Background on this error at: https://sqlalche.me/e/14/e3q8) {{(pid=93883) wrapped /usr/local/lib/python3.8/dist-packages/neutron_lib/db/api.py:183}}
Sep 01 16:33:14.181819 dv-cinder-806945-1-smb neutron-server[93883]: DEBUG oslo_db.api [req-e4be04da-2d6e-4b99-ab5c-69f31b3c53e4 req-233d20ce-c1bd-40f8-8b8b-e06b67f14111 tempest-ServerRescueNegativeTestJSON-2085873473 tempest-ServerRescueNegativeTestJSON-2085873473-project] Performing DB retry for function neutron.db.quota.driver_nolock.DbQuotaNoLockDriver.make_reservation {{(pid=93883) wrapper /usr/local/lib/python3.8/dist-packages/oslo_db/api.py:155}}
Sep 01 16:33:14.187018 dv-cinder-806945-1-smb neutron-server[93884]: DEBUG neutron.db.provisioning_blocks [None req-173e2990-a89d-48d2-aae3-390c5109711f None None] Provisioning for port de77b28b-22ed-4111-8ff8-09caf50bf24a completed by entity L2. {{(pid=93884) provisioning_complete /opt/stack/neutron/neutron/db/provisioning_blocks.py:133}}
Sep 01 16:33:14.194605 dv-cinder-806945-1-smb neutron-server[93884]: DEBUG neutron.db.provisioning_blocks [None req-173e2990-a89d-48d2-aae3-390c5109711f None None] Provisioning complete for port de77b28b-22ed-4111-8ff8-09caf50bf24a triggered by entity L2. {{(pid=93884) provisioning_complete /opt/stack/neutron/neutron/db/provisioning_blocks.py:139}}
Sep 01 16:33:14.194929 dv-cinder-806945-1-smb neutron-server[93884]: DEBUG neutron_lib.callbacks.manager [None req-173e2990-a89d-48d2-aae3-390c5109711f None None] Notify callbacks ['neutron.plugins.ml2.plugin.Ml2Plugin._port_provisioned-2025657'] for port, provisioning_complete {{(pid=93884) _notify_loop /usr/local/lib/python3.8/dist-packages/neutron_lib/callbacks/manager.py:192}}
Sep 01 16:33:14.254136 dv-cinder-806945-1-smb neutron-server[93883]: DEBUG neutron.notifiers.nova [req-73725998-d9bc-4bc7-b2ec-7b9bf6ba915d req-ed4b4848-146f-41d8-9dfb-d15ee06b1d5b service neutron] Ignoring state change previous_port_status: DOWN current_port_status: DOWN port_id 6c5da951-27bb-4e06-8ca1-24d3b3ba9912 {{(pid=93883) record_port_status_changed /opt/stack/neutron/neutron/notifiers/nova.py:224}}
Sep 01 16:33:14.267455 dv-cinder-806945-1-smb neutron-server[93883]: DEBUG neutron_lib.callbacks.manager [req-73725998-d9bc-4bc7-b2ec-7b9bf6ba915d req-ed4b4848-146f-41d8-9dfb-d15ee06b1d5b service neutron] Notify callbacks [] for port, precommit_update {{(pid=93883) _notify_loop /usr/local/lib/python3.8/dist-packages/neutron_lib/callbacks/manager.py:192}}
Sep 01 16:33:14.307206 dv-cinder-806945-1-smb neutron-server[93883]: DEBUG neutron.db.provisioning_blocks [req-73725998-d9bc-4bc7-b2ec-7b9bf6ba915d req-ed4b4848-146f-41d8-9dfb-d15ee06b1d5b service neutron] Transition to ACTIVE for port object 6c5da951-27bb-4e06-8ca1-24d3b3ba9912 will not be triggered until provisioned by entity L2. {{(pid=93883) add_provisioning_component /opt/stack/neutron/neutron/db/provisioning_blocks.py:73}}
Sep 01 16:33:14.317122 dv-cinder-806945-1-smb neutron-server[93883]: DEBUG neutron_lib.callbacks.manager [req-73725998-d9bc-4bc7-b2ec-7b9bf6ba915d req-ed4b4848-146f-41d8-9dfb-d15ee06b1d5b service neutron] Notify callbacks ['neutron.plugins.ml2.plugin.SecurityGroupServerNotifierRpcMixin._notify_sg_on_port_change-1652521', 'neutron.plugins.ml2.ovo_rpc._ObjectChangeHandler.handle_event-432640', 'neutron.api.rpc.agentnotifiers.dhcp_rpc_agent_api.DhcpAgentNotifyAPI._native_event_send_dhcp_notification-572527', 'neutron.db.l3_db.L3RpcNotifierMixin._notify_gateway_port_ip_changed-8727319897555', 'neutron.db.l3_dvrscheduler_db._notify_l3_agent_port_update-8727319315496', 'neutron.db.l3_hascheduler_db._notify_l3_agent_ha_port_update-8727319315514', 'neutron.services.segments.plugin.NovaSegmentNotifier._notify_port_updated-4578949'] for port, after_update {{(pid=93883) _notify_loop /usr/local/lib/python3.8/dist-packages/neutron_lib/callbacks/manager.py:192}}
Sep 01 16:33:14.378164 dv-cinder-806945-1-smb neutron-server[93884]: DEBUG neutron_lib.callbacks.manager [None req-173e2990-a89d-48d2-aae3-390c5109711f None None] Notify callbacks ['neutron.plugins.ml2.plugin.SecurityGroupDbMixin._ensure_default_security_group_handler-1652590'] for port, before_update {{(pid=93884) _notify_loop /usr/local/lib/python3.8/dist-packages/neutron_lib/callbacks/manager.py:192}}
Sep 01 16:33:14.427196 dv-cinder-806945-1-smb neutron-server[93883]: DEBUG neutron.api.rpc.handlers.resources_rpc [None req-ed4b4848-146f-41d8-9dfb-d15ee06b1d5b service neutron] Pushing event updated for resources: {'Port': ['ID=6c5da951-27bb-4e06-8ca1-24d3b3ba9912,revision_number=2']} {{(pid=93883) push /opt/stack/neutron/neutron/api/rpc/handlers/resources_rpc.py:237}}
Sep 01 16:33:14.428358 dv-cinder-806945-1-smb neutron-server[93884]: DEBUG neutron.plugins.ml2.db [None req-173e2990-a89d-48d2-aae3-390c5109711f None None] For port de77b28b-22ed-4111-8ff8-09caf50bf24a, host dv-cinder-806945-1-smb, got binding levels [PortBindingLevel(driver='openvswitch',host='dv-cinder-806945-1-smb',level=0,port_id=de77b28b-22ed-4111-8ff8-09caf50bf24a,segment=NetworkSegment(640c54f7-f2ec-4aed-a176-abed05463cbd),segment_id=640c54f7-f2ec-4aed-a176-abed05463cbd)] {{(pid=93884) get_binding_level_objs /opt/stack/neutron/neutron/plugins/ml2/db.py:74}}
Sep 01 16:33:14.433765 dv-cinder-806945-1-smb neutron-server[93884]: DEBUG neutron_lib.callbacks.manager [None req-173e2990-a89d-48d2-aae3-390c5109711f None None] Notify callbacks ['neutron.plugins.ml2.plugin.SecurityGroupServerNotifierRpcMixin._notify_sg_on_port_change-1652521', 'neutron.plugins.ml2.ovo_rpc._ObjectChangeHandler.handle_event-432640', 'neutron.api.rpc.agentnotifiers.dhcp_rpc_agent_api.DhcpAgentNotifyAPI._native_event_send_dhcp_notification-572527', 'neutron.db.l3_db.L3RpcNotifierMixin._notify_gateway_port_ip_changed-8727319897555', 'neutron.db.l3_dvrscheduler_db._notify_l3_agent_port_update-8727319315496', 'neutron.db.l3_hascheduler_db._notify_l3_agent_ha_port_update-8727319315514'] for port, after_update {{(pid=93884) _notify_loop /usr/local/lib/python3.8/dist-packages/neutron_lib/callbacks/manager.py:192}}
Sep 01 16:33:14.476518 dv-cinder-806945-1-smb neutron-server[93883]: DEBUG neutron_lib.callbacks.manager [None req-c05c2688-8690-4890-b408-90cc56a1cf18 admin admin] Notify callbacks [] for security_group, precommit_create {{(pid=93883) _notify_loop /usr/local/lib/python3.8/dist-packages/neutron_lib/callbacks/manager.py:192}}
Sep 01 16:33:14.508544 dv-cinder-806945-1-smb neutron-server[93883]: DEBUG neutron_lib.callbacks.manager [None req-c05c2688-8690-4890-b408-90cc56a1cf18 admin admin] Notify callbacks ['neutron.plugins.ml2.ovo_rpc._ObjectChangeHandler.handle_event-533502'] for security_group, after_create {{(pid=93883) _notify_loop /usr/local/lib/python3.8/dist-packages/neutron_lib/callbacks/manager.py:192}}
Sep 01 16:33:14.574149 dv-cinder-806945-1-smb neutron-server[93884]: DEBUG neutron.api.rpc.handlers.resources_rpc [None req-173e2990-a89d-48d2-aae3-390c5109711f None None] Pushing event updated for resources: {'Port': ['ID=de77b28b-22ed-4111-8ff8-09caf50bf24a,revision_number=5']} {{(pid=93884) push /opt/stack/neutron/neutron/api/rpc/handlers/resources_rpc.py:237}}
Sep 01 16:33:14.609704 dv-cinder-806945-1-smb neutron-server[93882]: DEBUG neutron.pecan_wsgi.hooks.policy_enforcement [req-58f4918d-ad5c-44b3-b956-988edad686e4 req-96440b26-4911-4833-b2fc-a58630ddb102 tempest-VolumesActionsTest-1441278237 tempest-VolumesActionsTest-1441278237-project] Attributes excluded by policy engine: ['standard_attr_id', 'vlan_transparent', 'provider:network_type', 'provider:physical_network', 'provider:segmentation_id'] {{(pid=93882) _exclude_attributes_by_policy /opt/stack/neutron/neutron/pecan_wsgi/hooks/policy_enforcement.py:255}}
Sep 01 16:33:14.626258 dv-cinder-806945-1-smb neutron-server[93883]: DEBUG neutron.api.rpc.handlers.resources_rpc [None req-c05c2688-8690-4890-b408-90cc56a1cf18 admin admin] Pushing event updated for resources: {'SecurityGroup': ['ID=4d066b1a-a05a-4371-8666-ab16c5101138,revision_number=1']} {{(pid=93883) push /opt/stack/neutron/neutron/api/rpc/handlers/resources_rpc.py:237}}
Sep 01 16:33:14.629262 dv-cinder-806945-1-smb neutron-server[93882]: INFO neutron.wsgi [req-58f4918d-ad5c-44b3-b956-988edad686e4 req-96440b26-4911-4833-b2fc-a58630ddb102 tempest-VolumesActionsTest-1441278237 tempest-VolumesActionsTest-1441278237-project] 10.222.0.10 "GET /v2.0/networks?id=edfe5f6e-426c-4f6a-8fc9-e372fc9081a6 HTTP/1.1" status: 200 len: 809 time: 0.2181537
Sep 01 16:33:14.659455 dv-cinder-806945-1-smb neutron-server[93882]: DEBUG neutron.api.v2.base [req-58f4918d-ad5c-44b3-b956-988edad686e4 req-209682ee-43ea-408e-b03a-d8f2b0538079 tempest-VolumesActionsTest-1441278237 tempest-VolumesActionsTest-1441278237-project] Request body: {'port': {'device_id': 'cd33a329-0205-47c4-8476-bd21effeb434', 'network_id': 'edfe5f6e-426c-4f6a-8fc9-e372fc9081a6', 'admin_state_up': True, 'tenant_id': '584582c2d4984c33a33b304300a425f6'}} {{(pid=93882) prepare_request_body /opt/stack/neutron/neutron/api/v2/base.py:730}}
Sep 01 16:33:14.667567 dv-cinder-806945-1-smb neutron-server[93883]: INFO neutron.wsgi [None req-c05c2688-8690-4890-b408-90cc56a1cf18 admin admin] 10.222.0.102 "GET /v2.0/security-groups?tenant_id=b0cdcb41fc9e4b0c955291e04c00a7ac&name=default HTTP/1.1" status: 200 len: 2979 time: 0.7209039
Sep 01 16:33:14.675670 dv-cinder-806945-1-smb neutron-server[93883]: DEBUG neutron.wsgi [-] (93883) accepted ('10.222.0.102', 59430) {{(pid=93883) server /usr/local/lib/python3.8/dist-packages/eventlet/wsgi.py:982}}
Sep 01 16:33:14.781552 dv-cinder-806945-1-smb neutron-server[93884]: DEBUG neutron_lib.callbacks.manager [None req-046a3d05-eb38-4151-a828-17729d4d544f None None] Notify callbacks ['neutron.services.segments.db._update_segment_host_mapping_for_agent-8727319767772', 'neutron.plugins.ml2.plugin.Ml2Plugin._retry_binding_revived_agents-2025582'] for agent, after_update {{(pid=93884) _notify_loop /usr/local/lib/python3.8/dist-packages/neutron_lib/callbacks/manager.py:192}}
Sep 01 16:33:14.921017 dv-cinder-806945-1-smb neutron-server[93883]: DEBUG neutron.plugins.ml2.managers [req-73725998-d9bc-4bc7-b2ec-7b9bf6ba915d req-ed4b4848-146f-41d8-9dfb-d15ee06b1d5b service neutron] Attempting to bind port 6c5da951-27bb-4e06-8ca1-24d3b3ba9912 on host hv-cinder-80694 for vnic_type normal with profile {{(pid=93883) bind_port /opt/stack/neutron/neutron/plugins/ml2/managers.py:790}}
Sep 01 16:33:14.921594 dv-cinder-806945-1-smb neutron-server[93883]: DEBUG neutron.plugins.ml2.managers [req-73725998-d9bc-4bc7-b2ec-7b9bf6ba915d req-ed4b4848-146f-41d8-9dfb-d15ee06b1d5b service neutron] Attempting to bind port 6c5da951-27bb-4e06-8ca1-24d3b3ba9912 by drivers openvswitch,hyperv on host hv-cinder-80694 at level 0 using segments [{'id': '640c54f7-f2ec-4aed-a176-abed05463cbd', 'network_type': 'vlan', 'physical_network': 'physnet1', 'segmentation_id': 1210, 'network_id': '4b97c3c2-496e-4441-abd5-423ea165cfdc'}] {{(pid=93883) _bind_port_level /opt/stack/neutron/neutron/plugins/ml2/managers.py:815}}
Sep 01 16:33:14.922160 dv-cinder-806945-1-smb neutron-server[93883]: DEBUG neutron.plugins.ml2.drivers.mech_agent [req-73725998-d9bc-4bc7-b2ec-7b9bf6ba915d req-ed4b4848-146f-41d8-9dfb-d15ee06b1d5b service neutron] Attempting to bind port 6c5da951-27bb-4e06-8ca1-24d3b3ba9912 on network 4b97c3c2-496e-4441-abd5-423ea165cfdc {{(pid=93883) bind_port /opt/stack/neutron/neutron/plugins/ml2/drivers/mech_agent.py:85}}
Sep 01 16:33:14.925733 dv-cinder-806945-1-smb neutron-server[93883]: DEBUG neutron.pecan_wsgi.hooks.quota_enforcement [req-e4be04da-2d6e-4b99-ab5c-69f31b3c53e4 req-233d20ce-c1bd-40f8-8b8b-e06b67f14111 tempest-ServerRescueNegativeTestJSON-2085873473 tempest-ServerRescueNegativeTestJSON-2085873473-project] Made reservation on behalf of 506e5c47d512487f857164f368ec847a for: {'port': 1} {{(pid=93883) before /opt/stack/neutron/neutron/pecan_wsgi/hooks/quota_enforcement.py:53}}
Sep 01 16:33:14.935346 dv-cinder-806945-1-smb neutron-server[93883]: DEBUG neutron_lib.callbacks.manager [req-e4be04da-2d6e-4b99-ab5c-69f31b3c53e4 req-233d20ce-c1bd-40f8-8b8b-e06b67f14111 tempest-ServerRescueNegativeTestJSON-2085873473 tempest-ServerRescueNegativeTestJSON-2085873473-project] Notify callbacks ['neutron.plugins.ml2.plugin.SecurityGroupDbMixin._ensure_default_security_group_handler-1652590'] for port, before_create {{(pid=93883) _notify_loop /usr/local/lib/python3.8/dist-packages/neutron_lib/callbacks/manager.py:192}}
Sep 01 16:33:14.948399 dv-cinder-806945-1-smb neutron-server[93883]: DEBUG neutron.plugins.ml2.drivers.mech_agent [req-73725998-d9bc-4bc7-b2ec-7b9bf6ba915d req-ed4b4848-146f-41d8-9dfb-d15ee06b1d5b service neutron] Port 6c5da951-27bb-4e06-8ca1-24d3b3ba9912 on network 4b97c3c2-496e-4441-abd5-423ea165cfdc not bound, no agent of type Open vSwitch agent registered on host hv-cinder-80694 {{(pid=93883) bind_port /opt/stack/neutron/neutron/plugins/ml2/drivers/mech_agent.py:97}}
Sep 01 16:33:14.950740 dv-cinder-806945-1-smb neutron-server[93883]: DEBUG neutron.plugins.ml2.drivers.mech_agent [req-73725998-d9bc-4bc7-b2ec-7b9bf6ba915d req-ed4b4848-146f-41d8-9dfb-d15ee06b1d5b service neutron] Attempting to bind port 6c5da951-27bb-4e06-8ca1-24d3b3ba9912 on network 4b97c3c2-496e-4441-abd5-423ea165cfdc {{(pid=93883) bind_port /opt/stack/neutron/neutron/plugins/ml2/drivers/mech_agent.py:85}}
Sep 01 16:33:14.973014 dv-cinder-806945-1-smb neutron-server[93883]: DEBUG neutron_lib.callbacks.manager [None req-51a4e17e-4ecf-4756-8e23-b288ff2479c0 admin admin] Notify callbacks [] for security_group, before_delete {{(pid=93883) _notify_loop /usr/local/lib/python3.8/dist-packages/neutron_lib/callbacks/manager.py:192}}
Sep 01 16:33:14.986271 dv-cinder-806945-1-smb neutron-server[93882]: INFO neutron.wsgi [req-90fbec1e-3911-4f7e-a24a-3b932ad26c98 req-05c87d85-e96e-433a-a9c8-531aae3aa4da tempest-VolumesActionsTest-1441278237 tempest-VolumesActionsTest-1441278237-project] 10.222.0.102 "GET /v2.0/ports?device_id=cd33a329-0205-47c4-8476-bd21effeb434 HTTP/1.1" status: 200 len: 210 time: 0.0654812
Sep 01 16:33:15.017266 dv-cinder-806945-1-smb neutron-server[93883]: DEBUG neutron_lib.callbacks.manager [None req-51a4e17e-4ecf-4756-8e23-b288ff2479c0 admin admin] Notify callbacks [] for security_group, precommit_delete {{(pid=93883) _notify_loop /usr/local/lib/python3.8/dist-packages/neutron_lib/callbacks/manager.py:192}}
Sep 01 16:33:15.052628 dv-cinder-806945-1-smb neutron-server[93883]: DEBUG neutron.plugins.ml2.drivers.mech_agent [req-73725998-d9bc-4bc7-b2ec-7b9bf6ba915d req-ed4b4848-146f-41d8-9dfb-d15ee06b1d5b service neutron] Checking agent: {'id': 'ecc9390b-fb1d-4b62-be48-17146d1839dd', 'agent_type': 'HyperV agent', 'binary': 'neutron-hyperv-agent', 'topic': 'N/A', 'host': 'hv-cinder-80694', 'admin_state_up': True, 'created_at': datetime.datetime(2021, 9, 1, 16, 29, 54), 'started_at': datetime.datetime(2021, 9, 1, 16, 29, 54), 'heartbeat_timestamp': datetime.datetime(2021, 9, 1, 16, 32, 54), 'description': None, 'resources_synced': None, 'availability_zone': None, 'alive': True, 'configurations': {'vswitch_mappings': {'physnet1$': 'br-data'}}, 'resource_versions': {}} {{(pid=93883) bind_port /opt/stack/neutron/neutron/plugins/ml2/drivers/mech_agent.py:104}}
Sep 01 16:33:15.053478 dv-cinder-806945-1-smb neutron-server[93883]: DEBUG neutron.plugins.ml2.drivers.mech_agent [req-73725998-d9bc-4bc7-b2ec-7b9bf6ba915d req-ed4b4848-146f-41d8-9dfb-d15ee06b1d5b service neutron] Checking segment: {'id': '640c54f7-f2ec-4aed-a176-abed05463cbd', 'network_type': 'vlan', 'physical_network': 'physnet1', 'segmentation_id': 1210, 'network_id': '4b97c3c2-496e-4441-abd5-423ea165cfdc'} for mappings: {'physnet1$': 'br-data'} with network types: ['local', 'flat', 'vlan'] {{(pid=93883) check_segment_for_agent /opt/stack/neutron/neutron/plugins/ml2/drivers/mech_agent.py:352}}
Sep 01 16:33:15.054080 dv-cinder-806945-1-smb neutron-server[93883]: DEBUG neutron.plugins.ml2.drivers.mech_agent [req-73725998-d9bc-4bc7-b2ec-7b9bf6ba915d req-ed4b4848-146f-41d8-9dfb-d15ee06b1d5b service neutron] Bound using segment: {'id': '640c54f7-f2ec-4aed-a176-abed05463cbd', 'network_type': 'vlan', 'physical_network': 'physnet1', 'segmentation_id': 1210, 'network_id': '4b97c3c2-496e-4441-abd5-423ea165cfdc'} {{(pid=93883) bind_port /opt/stack/neutron/neutron/plugins/ml2/drivers/mech_agent.py:114}}
Sep 01 16:33:15.054945 dv-cinder-806945-1-smb neutron-server[93883]: DEBUG neutron.plugins.ml2.managers [req-73725998-d9bc-4bc7-b2ec-7b9bf6ba915d req-ed4b4848-146f-41d8-9dfb-d15ee06b1d5b service neutron] Bound port: 6c5da951-27bb-4e06-8ca1-24d3b3ba9912, host: hv-cinder-80694, vif_type: hyperv, vif_details: {"connectivity": "legacy", "port_filter": false}, binding_levels: [{'bound_driver': 'hyperv', 'bound_segment': {'id': '640c54f7-f2ec-4aed-a176-abed05463cbd', 'network_type': 'vlan', 'physical_network': 'physnet1', 'segmentation_id': 1210, 'network_id': '4b97c3c2-496e-4441-abd5-423ea165cfdc'}}] {{(pid=93883) _bind_port_level /opt/stack/neutron/neutron/plugins/ml2/managers.py:928}}
Sep 01 16:33:15.056362 dv-cinder-806945-1-smb neutron-server[93883]: DEBUG neutron_lib.callbacks.manager [req-73725998-d9bc-4bc7-b2ec-7b9bf6ba915d req-ed4b4848-146f-41d8-9dfb-d15ee06b1d5b service neutron] Notify callbacks ['neutron.plugins.ml2.plugin.SecurityGroupDbMixin._ensure_default_security_group_handler-1652590'] for port, before_update {{(pid=93883) _notify_loop /usr/local/lib/python3.8/dist-packages/neutron_lib/callbacks/manager.py:192}}
Sep 01 16:33:15.083644 dv-cinder-806945-1-smb neutron-server[93882]: DEBUG neutron.pecan_wsgi.hooks.quota_enforcement [req-58f4918d-ad5c-44b3-b956-988edad686e4 req-209682ee-43ea-408e-b03a-d8f2b0538079 tempest-VolumesActionsTest-1441278237 tempest-VolumesActionsTest-1441278237-project] Made reservation on behalf of 584582c2d4984c33a33b304300a425f6 for: {'port': 1} {{(pid=93882) before /opt/stack/neutron/neutron/pecan_wsgi/hooks/quota_enforcement.py:53}}
Sep 01 16:33:15.091853 dv-cinder-806945-1-smb neutron-server[93882]: DEBUG neutron_lib.callbacks.manager [req-58f4918d-ad5c-44b3-b956-988edad686e4 req-209682ee-43ea-408e-b03a-d8f2b0538079 tempest-VolumesActionsTest-1441278237 tempest-VolumesActionsTest-1441278237-project] Notify callbacks ['neutron.plugins.ml2.plugin.SecurityGroupDbMixin._ensure_default_security_group_handler-1652590'] for port, before_create {{(pid=93882) _notify_loop /usr/local/lib/python3.8/dist-packages/neutron_lib/callbacks/manager.py:192}}
Sep 01 16:33:15.228240 dv-cinder-806945-1-smb neutron-server[93883]: DEBUG neutron.plugins.ml2.db [req-73725998-d9bc-4bc7-b2ec-7b9bf6ba915d req-ed4b4848-146f-41d8-9dfb-d15ee06b1d5b service neutron] For port 6c5da951-27bb-4e06-8ca1-24d3b3ba9912, host hv-cinder-80694, cleared binding levels {{(pid=93883) clear_binding_levels /opt/stack/neutron/neutron/plugins/ml2/db.py:87}}
Sep 01 16:33:15.234135 dv-cinder-806945-1-smb neutron-server[93883]: DEBUG neutron.plugins.ml2.db [req-73725998-d9bc-4bc7-b2ec-7b9bf6ba915d req-ed4b4848-146f-41d8-9dfb-d15ee06b1d5b service neutron] For port 6c5da951-27bb-4e06-8ca1-24d3b3ba9912, host hv-cinder-80694, set binding levels [PortBindingLevel(driver='hyperv',host='hv-cinder-80694',level=0,port_id=6c5da951-27bb-4e06-8ca1-24d3b3ba9912,segment=NetworkSegment(640c54f7-f2ec-4aed-a176-abed05463cbd),segment_id=640c54f7-f2ec-4aed-a176-abed05463cbd)] {{(pid=93883) set_binding_levels /opt/stack/neutron/neutron/plugins/ml2/db.py:59}}
Sep 01 16:33:15.367658 dv-cinder-806945-1-smb neutron-server[93883]: DEBUG neutron_lib.callbacks.manager [req-73725998-d9bc-4bc7-b2ec-7b9bf6ba915d req-ed4b4848-146f-41d8-9dfb-d15ee06b1d5b service neutron] Notify callbacks ['neutron.plugins.ml2.plugin.SecurityGroupServerNotifierRpcMixin._notify_sg_on_port_change-1652521', 'neutron.plugins.ml2.ovo_rpc._ObjectChangeHandler.handle_event-432640', 'neutron.api.rpc.agentnotifiers.dhcp_rpc_agent_api.DhcpAgentNotifyAPI._native_event_send_dhcp_notification-572527', 'neutron.db.l3_db.L3RpcNotifierMixin._notify_gateway_port_ip_changed-8727319897555', 'neutron.db.l3_dvrscheduler_db._notify_l3_agent_port_update-8727319315496', 'neutron.db.l3_hascheduler_db._notify_l3_agent_ha_port_update-8727319315514', 'neutron.services.segments.plugin.NovaSegmentNotifier._notify_port_updated-4578949'] for port, after_update {{(pid=93883) _notify_loop /usr/local/lib/python3.8/dist-packages/neutron_lib/callbacks/manager.py:192}}
Sep 01 16:33:15.467916 dv-cinder-806945-1-smb neutron-server[93883]: DEBUG neutron.api.rpc.handlers.resources_rpc [None req-ed4b4848-146f-41d8-9dfb-d15ee06b1d5b service neutron] Pushing event updated for resources: {'Port': ['ID=6c5da951-27bb-4e06-8ca1-24d3b3ba9912,revision_number=3']} {{(pid=93883) push /opt/stack/neutron/neutron/api/rpc/handlers/resources_rpc.py:237}}
Sep 01 16:33:15.479600 dv-cinder-806945-1-smb neutron-server[93882]: INFO neutron.wsgi [req-cebb6ba5-f78a-467e-ab74-7ad785604011 req-492db176-dce4-4824-a18f-d2c237b4f8b5 tempest-ServerRescueNegativeTestJSON-2085873473 tempest-ServerRescueNegativeTestJSON-2085873473-project] 10.222.0.102 "GET /v2.0/ports?device_id=5bb25856-22e0-4661-9a64-2698df9ca880 HTTP/1.1" status: 200 len: 210 time: 0.1512017
Sep 01 16:33:15.541831 dv-cinder-806945-1-smb neutron-server[93883]: DEBUG neutron.pecan_wsgi.hooks.policy_enforcement [req-73725998-d9bc-4bc7-b2ec-7b9bf6ba915d req-ed4b4848-146f-41d8-9dfb-d15ee06b1d5b service neutron] Attributes excluded by policy engine: ['standard_attr_id'] {{(pid=93883) _exclude_attributes_by_policy /opt/stack/neutron/neutron/pecan_wsgi/hooks/policy_enforcement.py:255}}
Sep 01 16:33:15.542532 dv-cinder-806945-1-smb neutron-server[93883]: DEBUG neutron_lib.callbacks.manager [req-73725998-d9bc-4bc7-b2ec-7b9bf6ba915d req-ed4b4848-146f-41d8-9dfb-d15ee06b1d5b service neutron] Notify callbacks ['neutron.notifiers.nova.Notifier._send_nova_notification-84247'] for port, before_response {{(pid=93883) _notify_loop /usr/local/lib/python3.8/dist-packages/neutron_lib/callbacks/manager.py:192}}
Sep 01 16:33:15.544080 dv-cinder-806945-1-smb neutron-server[93883]: INFO neutron.wsgi [req-73725998-d9bc-4bc7-b2ec-7b9bf6ba915d req-ed4b4848-146f-41d8-9dfb-d15ee06b1d5b service neutron] 10.222.0.10 "PUT /v2.0/ports/6c5da951-27bb-4e06-8ca1-24d3b3ba9912 HTTP/1.1" status: 200 len: 1093 time: 2.2326567
Sep 01 16:33:15.544866 dv-cinder-806945-1-smb neutron-server[93883]: DEBUG neutron.notifiers.nova [-] Sending events: [{'name': 'network-changed', 'server_uuid': 'cbe88116-cdf6-482a-82a2-ebeba567c4cd', 'tag': '6c5da951-27bb-4e06-8ca1-24d3b3ba9912'}] {{(pid=93883) send_events /opt/stack/neutron/neutron/notifiers/nova.py:262}}
Sep 01 16:33:15.547200 dv-cinder-806945-1-smb neutron-server[93883]: DEBUG novaclient.v2.client [-] REQ: curl -g -i --cacert "/opt/stack/data/ca-bundle.pem" -X POST http://10.222.0.102/compute/v2.1/os-server-external-events -H "Accept: application/json" -H "Content-Type: application/json" -H "User-Agent: python-novaclient" -H "X-Auth-Token: {SHA256}af95e1584f807efe273c2289a55185d7b91f0807a58800208a43584c790e24bf" -H "X-OpenStack-Nova-API-Version: 2.1" -H "X-OpenStack-Request-ID: req-9c58598f-0d1c-4da9-b7d4-6c7fed74f150" -d '{"events": [{"name": "network-changed", "server_uuid": "cbe88116-cdf6-482a-82a2-ebeba567c4cd", "tag": "6c5da951-27bb-4e06-8ca1-24d3b3ba9912"}]}' {{(pid=93883) _http_log_request /usr/local/lib/python3.8/dist-packages/keystoneauth1/session.py:519}}
