Sep 02 09:25:37.881468 dv-cinder-806807-6-iscsi devstack@c-api.service[101473]: INFO cinder.api.openstack.wsgi [None req-e3581526-32ad-4052-9ecd-3f5f3a45388b tempest-VolumeQuotasAdminTestJSON-2074600846 tempest-VolumeQuotasAdminTestJSON-2074600846-project-admin] PUT http://10.222.0.37/volume/v3/254781e1fc3e46bfbca1c016bf7ac518/os-quota-sets/459ec6c5a572455f86174cd2f20536b5
Sep 02 09:25:37.882720 dv-cinder-806807-6-iscsi devstack@c-api.service[101473]: DEBUG cinder.api.openstack.wsgi [None req-e3581526-32ad-4052-9ecd-3f5f3a45388b tempest-VolumeQuotasAdminTestJSON-2074600846 tempest-VolumeQuotasAdminTestJSON-2074600846-project-admin] Action: 'update', calling method: update, body: {"quota_set": {"volumes": 15}} {{(pid=101473) _process_stack /opt/stack/cinder/cinder/api/openstack/wsgi.py:854}}
Sep 02 09:25:37.886727 dv-cinder-806807-6-iscsi devstack@c-api.service[101474]: [pid: 101474|app: 0|req: 22/41] 10.222.0.37 () {58 vars in 1358 bytes} [Thu Sep 2 09:25:37 2021] GET /volume/v3/254781e1fc3e46bfbca1c016bf7ac518/os-quota-sets/459ec6c5a572455f86174cd2f20536b5/defaults => generated 361 bytes in 79 msecs (HTTP/1.1 200) 7 headers in 285 bytes (1 switches on core 0)
Sep 02 09:25:38.067796 dv-cinder-806807-6-iscsi devstack@c-api.service[101473]: INFO cinder.api.openstack.wsgi [None req-e3581526-32ad-4052-9ecd-3f5f3a45388b tempest-VolumeQuotasAdminTestJSON-2074600846 tempest-VolumeQuotasAdminTestJSON-2074600846-project-admin] http://10.222.0.37/volume/v3/254781e1fc3e46bfbca1c016bf7ac518/os-quota-sets/459ec6c5a572455f86174cd2f20536b5 returned with HTTP 200
Sep 02 09:25:38.071187 dv-cinder-806807-6-iscsi devstack@c-api.service[101473]: [pid: 101473|app: 0|req: 20/42] 10.222.0.37 () {60 vars in 1351 bytes} [Thu Sep 2 09:25:37 2021] PUT /volume/v3/254781e1fc3e46bfbca1c016bf7ac518/os-quota-sets/459ec6c5a572455f86174cd2f20536b5 => generated 319 bytes in 195 msecs (HTTP/1.1 200) 7 headers in 285 bytes (1 switches on core 0)
Sep 02 09:25:38.084111 dv-cinder-806807-6-iscsi devstack@c-api.service[101474]: INFO cinder.api.openstack.wsgi [None req-40aba58e-8e71-40e3-865b-d5280fab4f13 tempest-VolumeQuotasAdminTestJSON-2074600846 tempest-VolumeQuotasAdminTestJSON-2074600846-project-admin] DELETE http://10.222.0.37/volume/v3/254781e1fc3e46bfbca1c016bf7ac518/os-quota-sets/459ec6c5a572455f86174cd2f20536b5
Sep 02 09:25:38.085046 dv-cinder-806807-6-iscsi devstack@c-api.service[101474]: DEBUG cinder.api.openstack.wsgi [None req-40aba58e-8e71-40e3-865b-d5280fab4f13 tempest-VolumeQuotasAdminTestJSON-2074600846 tempest-VolumeQuotasAdminTestJSON-2074600846-project-admin] Empty body provided in request {{(pid=101474) get_body /opt/stack/cinder/cinder/api/openstack/wsgi.py:703}}
Sep 02 09:25:38.098632 dv-cinder-806807-6-iscsi devstack@c-api.service[101474]: DEBUG cinder.api.openstack.wsgi [None req-40aba58e-8e71-40e3-865b-d5280fab4f13 tempest-VolumeQuotasAdminTestJSON-2074600846 tempest-VolumeQuotasAdminTestJSON-2074600846-project-admin] Calling method 'delete' {{(pid=101474) _process_stack /opt/stack/cinder/cinder/api/openstack/wsgi.py:856}}
Sep 02 09:25:38.270384 dv-cinder-806807-6-iscsi devstack@c-api.service[101474]: INFO cinder.api.openstack.wsgi [None req-40aba58e-8e71-40e3-865b-d5280fab4f13 tempest-VolumeQuotasAdminTestJSON-2074600846 tempest-VolumeQuotasAdminTestJSON-2074600846-project-admin] http://10.222.0.37/volume/v3/254781e1fc3e46bfbca1c016bf7ac518/os-quota-sets/459ec6c5a572455f86174cd2f20536b5 returned with HTTP 200
Sep 02 09:25:38.271696 dv-cinder-806807-6-iscsi devstack@c-api.service[101474]: [pid: 101474|app: 0|req: 23/43] 10.222.0.37 () {58 vars in 1334 bytes} [Thu Sep 2 09:25:38 2021] DELETE /volume/v3/254781e1fc3e46bfbca1c016bf7ac518/os-quota-sets/459ec6c5a572455f86174cd2f20536b5 => generated 0 bytes in 197 msecs (HTTP/1.1 200) 7 headers in 283 bytes (1 switches on core 0)
Sep 02 09:25:38.282954 dv-cinder-806807-6-iscsi devstack@c-api.service[101473]: INFO cinder.api.openstack.wsgi [None req-23089aeb-8e93-4b10-94b4-8187d8e551d8 tempest-VolumeQuotasAdminTestJSON-2074600846 tempest-VolumeQuotasAdminTestJSON-2074600846-project-admin] GET http://10.222.0.37/volume/v3/254781e1fc3e46bfbca1c016bf7ac518/os-quota-sets/459ec6c5a572455f86174cd2f20536b5
Sep 02 09:25:38.283989 dv-cinder-806807-6-iscsi devstack@c-api.service[101473]: DEBUG cinder.api.openstack.wsgi [None req-23089aeb-8e93-4b10-94b4-8187d8e551d8 tempest-VolumeQuotasAdminTestJSON-2074600846 tempest-VolumeQuotasAdminTestJSON-2074600846-project-admin] Empty body provided in request {{(pid=101473) get_body /opt/stack/cinder/cinder/api/openstack/wsgi.py:703}}
Sep 02 09:25:38.284723 dv-cinder-806807-6-iscsi devstack@c-api.service[101473]: DEBUG cinder.api.openstack.wsgi [None req-23089aeb-8e93-4b10-94b4-8187d8e551d8 tempest-VolumeQuotasAdminTestJSON-2074600846 tempest-VolumeQuotasAdminTestJSON-2074600846-project-admin] Calling method 'show' {{(pid=101473) _process_stack /opt/stack/cinder/cinder/api/openstack/wsgi.py:856}}
Sep 02 09:25:38.366278 dv-cinder-806807-6-iscsi devstack@c-api.service[101473]: INFO cinder.api.openstack.wsgi [None req-23089aeb-8e93-4b10-94b4-8187d8e551d8 tempest-VolumeQuotasAdminTestJSON-2074600846 tempest-VolumeQuotasAdminTestJSON-2074600846-project-admin] http://10.222.0.37/volume/v3/254781e1fc3e46bfbca1c016bf7ac518/os-quota-sets/459ec6c5a572455f86174cd2f20536b5 returned with HTTP 200
Sep 02 09:25:38.378165 dv-cinder-806807-6-iscsi devstack@c-api.service[101473]: [pid: 101473|app: 0|req: 21/44] 10.222.0.37 () {58 vars in 1331 bytes} [Thu Sep 2 09:25:38 2021] GET /volume/v3/254781e1fc3e46bfbca1c016bf7ac518/os-quota-sets/459ec6c5a572455f86174cd2f20536b5 => generated 361 bytes in 103 msecs (HTTP/1.1 200) 7 headers in 285 bytes (1 switches on core 0)
Sep 02 09:25:38.387508 dv-cinder-806807-6-iscsi devstack@c-api.service[101474]: INFO cinder.api.openstack.wsgi [None req-129fc77f-4f26-4d51-87de-1e876faa347f tempest-VolumeQuotasAdminTestJSON-2074600846 tempest-VolumeQuotasAdminTestJSON-2074600846-project-admin] PUT http://10.222.0.37/volume/v3/254781e1fc3e46bfbca1c016bf7ac518/os-quota-sets/459ec6c5a572455f86174cd2f20536b5
Sep 02 09:25:38.388208 dv-cinder-806807-6-iscsi devstack@c-api.service[101474]: DEBUG cinder.api.openstack.wsgi [None req-129fc77f-4f26-4d51-87de-1e876faa347f tempest-VolumeQuotasAdminTestJSON-2074600846 tempest-VolumeQuotasAdminTestJSON-2074600846-project-admin] Action: 'update', calling method: update, body: {"quota_set": {"volumes": 10, "per_volume_gigabytes": -1, "snapshots": 10, "gigabytes": 1000, "backups": 10, "backup_gigabytes": 1000}} {{(pid=101474) _process_stack /opt/stack/cinder/cinder/api/openstack/wsgi.py:854}}
Sep 02 09:25:39.291107 dv-cinder-806807-6-iscsi devstack@c-api.service[101474]: INFO cinder.api.openstack.wsgi [None req-129fc77f-4f26-4d51-87de-1e876faa347f tempest-VolumeQuotasAdminTestJSON-2074600846 tempest-VolumeQuotasAdminTestJSON-2074600846-project-admin] http://10.222.0.37/volume/v3/254781e1fc3e46bfbca1c016bf7ac518/os-quota-sets/459ec6c5a572455f86174cd2f20536b5 returned with HTTP 200
Sep 02 09:25:39.294363 dv-cinder-806807-6-iscsi devstack@c-api.service[101474]: [pid: 101474|app: 0|req: 24/45] 10.222.0.37 () {60 vars in 1352 bytes} [Thu Sep 2 09:25:38 2021] PUT /volume/v3/254781e1fc3e46bfbca1c016bf7ac518/os-quota-sets/459ec6c5a572455f86174cd2f20536b5 => generated 319 bytes in 912 msecs (HTTP/1.1 200) 7 headers in 285 bytes (1 switches on core 0)
Sep 02 09:25:39.310041 dv-cinder-806807-6-iscsi devstack@c-api.service[101473]: INFO cinder.api.openstack.wsgi [None req-cd935646-ef29-4db9-abfc-ee1068ca633a tempest-VolumeQuotasAdminTestJSON-2074600846 tempest-VolumeQuotasAdminTestJSON-2074600846-project-admin] GET http://10.222.0.37/volume/v3/254781e1fc3e46bfbca1c016bf7ac518/os-quota-sets/459ec6c5a572455f86174cd2f20536b5/defaults
Sep 02 09:25:39.312455 dv-cinder-806807-6-iscsi devstack@c-api.service[101473]: DEBUG cinder.api.openstack.wsgi [None req-cd935646-ef29-4db9-abfc-ee1068ca633a tempest-VolumeQuotasAdminTestJSON-2074600846 tempest-VolumeQuotasAdminTestJSON-2074600846-project-admin] Empty body provided in request {{(pid=101473) get_body /opt/stack/cinder/cinder/api/openstack/wsgi.py:703}}
Sep 02 09:25:39.313391 dv-cinder-806807-6-iscsi devstack@c-api.service[101473]: DEBUG cinder.api.openstack.wsgi [None req-cd935646-ef29-4db9-abfc-ee1068ca633a tempest-VolumeQuotasAdminTestJSON-2074600846 tempest-VolumeQuotasAdminTestJSON-2074600846-project-admin] Calling method 'defaults' {{(pid=101473) _process_stack /opt/stack/cinder/cinder/api/openstack/wsgi.py:856}}
Sep 02 09:25:39.360709 dv-cinder-806807-6-iscsi devstack@c-api.service[101473]: INFO cinder.api.openstack.wsgi [None req-cd935646-ef29-4db9-abfc-ee1068ca633a tempest-VolumeQuotasAdminTestJSON-2074600846 tempest-VolumeQuotasAdminTestJSON-2074600846-project-admin] http://10.222.0.37/volume/v3/254781e1fc3e46bfbca1c016bf7ac518/os-quota-sets/459ec6c5a572455f86174cd2f20536b5/defaults returned with HTTP 200
Sep 02 09:25:39.362395 dv-cinder-806807-6-iscsi devstack@c-api.service[101473]: [pid: 101473|app: 0|req: 22/46] 10.222.0.37 () {58 vars in 1358 bytes} [Thu Sep 2 09:25:39 2021] GET /volume/v3/254781e1fc3e46bfbca1c016bf7ac518/os-quota-sets/459ec6c5a572455f86174cd2f20536b5/defaults => generated 361 bytes in 59 msecs (HTTP/1.1 200) 7 headers in 285 bytes (1 switches on core 0)
Sep 02 09:25:39.375500 dv-cinder-806807-6-iscsi devstack@c-api.service[101474]: INFO cinder.api.openstack.wsgi [None req-29509a06-9a3a-4a7f-8a1a-b6e699f4a07c tempest-VolumeQuotasAdminTestJSON-2074600846 tempest-VolumeQuotasAdminTestJSON-2074600846-project-admin] GET http://10.222.0.37/volume/v3/254781e1fc3e46bfbca1c016bf7ac518/os-quota-sets/459ec6c5a572455f86174cd2f20536b5
Sep 02 09:25:39.376312 dv-cinder-806807-6-iscsi devstack@c-api.service[101474]: DEBUG cinder.api.openstack.wsgi [None req-29509a06-9a3a-4a7f-8a1a-b6e699f4a07c tempest-VolumeQuotasAdminTestJSON-2074600846 tempest-VolumeQuotasAdminTestJSON-2074600846-project-admin] Empty body provided in request {{(pid=101474) get_body /opt/stack/cinder/cinder/api/openstack/wsgi.py:703}}
Sep 02 09:25:39.376874 dv-cinder-806807-6-iscsi devstack@c-api.service[101474]: DEBUG cinder.api.openstack.wsgi [None req-29509a06-9a3a-4a7f-8a1a-b6e699f4a07c tempest-VolumeQuotasAdminTestJSON-2074600846 tempest-VolumeQuotasAdminTestJSON-2074600846-project-admin] Calling method 'show' {{(pid=101474) _process_stack /opt/stack/cinder/cinder/api/openstack/wsgi.py:856}}
Sep 02 09:25:39.429732 dv-cinder-806807-6-iscsi devstack@c-api.service[101474]: INFO cinder.api.openstack.wsgi [None req-29509a06-9a3a-4a7f-8a1a-b6e699f4a07c tempest-VolumeQuotasAdminTestJSON-2074600846 tempest-VolumeQuotasAdminTestJSON-2074600846-project-admin] http://10.222.0.37/volume/v3/254781e1fc3e46bfbca1c016bf7ac518/os-quota-sets/459ec6c5a572455f86174cd2f20536b5 returned with HTTP 200
Sep 02 09:25:39.431242 dv-cinder-806807-6-iscsi devstack@c-api.service[101474]: [pid: 101474|app: 0|req: 25/47] 10.222.0.37 () {58 vars in 1331 bytes} [Thu Sep 2 09:25:39 2021] GET /volume/v3/254781e1fc3e46bfbca1c016bf7ac518/os-quota-sets/459ec6c5a572455f86174cd2f20536b5 => generated 361 bytes in 62 msecs (HTTP/1.1 200) 7 headers in 285 bytes (1 switches on core 0)
Sep 02 09:25:39.435829 dv-cinder-806807-6-iscsi devstack@c-api.service[101473]: INFO cinder.api.openstack.wsgi [None req-2067be04-35d9-4623-bc77-237ee6fd97eb tempest-VolumeQuotasAdminTestJSON-2074600846 tempest-VolumeQuotasAdminTestJSON-2074600846-project-admin] GET http://10.222.0.37/volume/v3/254781e1fc3e46bfbca1c016bf7ac518/os-quota-sets/459ec6c5a572455f86174cd2f20536b5?usage=True
Sep 02 09:25:39.436360 dv-cinder-806807-6-iscsi devstack@c-api.service[101473]: DEBUG cinder.api.openstack.wsgi [None req-2067be04-35d9-4623-bc77-237ee6fd97eb tempest-VolumeQuotasAdminTestJSON-2074600846 tempest-VolumeQuotasAdminTestJSON-2074600846-project-admin] Empty body provided in request {{(pid=101473) get_body /opt/stack/cinder/cinder/api/openstack/wsgi.py:703}}
Sep 02 09:25:39.436861 dv-cinder-806807-6-iscsi devstack@c-api.service[101473]: DEBUG cinder.api.openstack.wsgi [None req-2067be04-35d9-4623-bc77-237ee6fd97eb tempest-VolumeQuotasAdminTestJSON-2074600846 tempest-VolumeQuotasAdminTestJSON-2074600846-project-admin] Calling method 'show' {{(pid=101473) _process_stack /opt/stack/cinder/cinder/api/openstack/wsgi.py:856}}
Sep 02 09:25:39.500162 dv-cinder-806807-6-iscsi devstack@c-api.service[101473]: INFO cinder.api.openstack.wsgi [None req-2067be04-35d9-4623-bc77-237ee6fd97eb tempest-VolumeQuotasAdminTestJSON-2074600846 tempest-VolumeQuotasAdminTestJSON-2074600846-project-admin] http://10.222.0.37/volume/v3/254781e1fc3e46bfbca1c016bf7ac518/os-quota-sets/459ec6c5a572455f86174cd2f20536b5?usage=True returned with HTTP 200
Sep 02 09:25:39.510537 dv-cinder-806807-6-iscsi devstack@c-api.service[101473]: [pid: 101473|app: 0|req: 23/48] 10.222.0.37 () {58 vars in 1352 bytes} [Thu Sep 2 09:25:39 2021] GET /volume/v3/254781e1fc3e46bfbca1c016bf7ac518/os-quota-sets/459ec6c5a572455f86174cd2f20536b5?usage=True => generated 868 bytes in 71 msecs (HTTP/1.1 200) 7 headers in 285 bytes (2 switches on core 0)
Sep 02 09:25:40.054257 dv-cinder-806807-6-iscsi devstack@c-api.service[101474]: INFO cinder.api.openstack.wsgi [None req-06e7b341-8a35-45ca-968b-098462425794 tempest-VolumeQuotasAdminTestJSON-1852964446 tempest-VolumeQuotasAdminTestJSON-1852964446-project] POST http://10.222.0.37/volume/v3/459ec6c5a572455f86174cd2f20536b5/volumes
Sep 02 09:25:40.057588 dv-cinder-806807-6-iscsi devstack@c-api.service[101474]: DEBUG cinder.api.openstack.wsgi [None req-06e7b341-8a35-45ca-968b-098462425794 tempest-VolumeQuotasAdminTestJSON-1852964446 tempest-VolumeQuotasAdminTestJSON-1852964446-project] Action: 'create', calling method: create, body: {"volume": {"size": 1, "name": "tempest-VolumeQuotasAdminTestJSON-Volume-51766619"}} {{(pid=101474) _process_stack /opt/stack/cinder/cinder/api/openstack/wsgi.py:854}}
Sep 02 09:25:40.062698 dv-cinder-806807-6-iscsi devstack@c-api.service[101474]: DEBUG cinder.api.v3.volumes [None req-06e7b341-8a35-45ca-968b-098462425794 tempest-VolumeQuotasAdminTestJSON-1852964446 tempest-VolumeQuotasAdminTestJSON-1852964446-project] Create volume request body: {'volume': {'size': 1, 'name': 'tempest-VolumeQuotasAdminTestJSON-Volume-51766619'}} {{(pid=101474) create /opt/stack/cinder/cinder/api/v3/volumes.py:299}}
Sep 02 09:25:40.064000 dv-cinder-806807-6-iscsi devstack@c-api.service[101474]: INFO cinder.api.v3.volumes [None req-06e7b341-8a35-45ca-968b-098462425794 tempest-VolumeQuotasAdminTestJSON-1852964446 tempest-VolumeQuotasAdminTestJSON-1852964446-project] Create volume of 1 GB
Sep 02 09:25:40.112622 dv-cinder-806807-6-iscsi devstack@c-api.service[101474]: DEBUG cinder.volume.api [None req-06e7b341-8a35-45ca-968b-098462425794 tempest-VolumeQuotasAdminTestJSON-1852964446 tempest-VolumeQuotasAdminTestJSON-1852964446-project] Availability zone cache updated, next update will occur around 2021-09-02 10:25:40.111800. {{(pid=101474) list_availability_zones /opt/stack/cinder/cinder/volume/api.py:148}}
Sep 02 09:25:40.113139 dv-cinder-806807-6-iscsi devstack@c-api.service[101474]: INFO cinder.volume.api [None req-06e7b341-8a35-45ca-968b-098462425794 tempest-VolumeQuotasAdminTestJSON-1852964446 tempest-VolumeQuotasAdminTestJSON-1852964446-project] Availability Zones retrieved successfully.
Sep 02 09:25:40.252552 dv-cinder-806807-6-iscsi devstack@c-api.service[101474]: DEBUG cinder.volume.api [None req-06e7b341-8a35-45ca-968b-098462425794 tempest-VolumeQuotasAdminTestJSON-1852964446 tempest-VolumeQuotasAdminTestJSON-1852964446-project] Flow 'volume_create_api' (537e4330-2693-4101-a287-3e4706a6fa3f) transitioned into state 'RUNNING' from state 'PENDING' {{(pid=101474) _flow_receiver /usr/local/lib/python3.8/dist-packages/taskflow/listeners/logging.py:141}}
Sep 02 09:25:40.273276 dv-cinder-806807-6-iscsi devstack@c-api.service[101474]: DEBUG cinder.volume.api [None req-06e7b341-8a35-45ca-968b-098462425794 tempest-VolumeQuotasAdminTestJSON-1852964446 tempest-VolumeQuotasAdminTestJSON-1852964446-project] Task 'cinder.volume.flows.api.create_volume.ExtractVolumeRequestTask;volume:create' (f1f58c97-1d5e-4872-ac13-7f5877aa2e0d) transitioned into state 'RUNNING' from state 'PENDING' {{(pid=101474) _task_receiver /usr/local/lib/python3.8/dist-packages/taskflow/listeners/logging.py:190}}
Sep 02 09:25:40.278584 dv-cinder-806807-6-iscsi devstack@c-api.service[101474]: DEBUG cinder.volume.flows.api.create_volume [None req-06e7b341-8a35-45ca-968b-098462425794 tempest-VolumeQuotasAdminTestJSON-1852964446 tempest-VolumeQuotasAdminTestJSON-1852964446-project] Validating volume size '1' using validate_int {{(pid=101474) _extract_size /opt/stack/cinder/cinder/volume/flows/api/create_volume.py:225}}
Sep 02 09:25:40.415724 dv-cinder-806807-6-iscsi devstack@c-api.service[101474]: DEBUG cinder.volume.api [None req-06e7b341-8a35-45ca-968b-098462425794 tempest-VolumeQuotasAdminTestJSON-1852964446 tempest-VolumeQuotasAdminTestJSON-1852964446-project] Task 'cinder.volume.flows.api.create_volume.ExtractVolumeRequestTask;volume:create' (f1f58c97-1d5e-4872-ac13-7f5877aa2e0d) transitioned into state 'SUCCESS' from state 'RUNNING' with result '{'size': 1, 'snapshot_id': None, 'source_volid': None, 'volume_type': VolumeType(created_at=2021-09-02T09:10:25Z,deleted=False,deleted_at=None,description='Default Volume Type',extra_specs={},id=d58eb4d7-4297-4c3b-a2c3-5d0c6a620666,is_public=True,name='__DEFAULT__',projects=[],qos_specs=,qos_specs_id=None,updated_at=2021-09-02T09:10:25Z), 'volume_type_id': 'd58eb4d7-4297-4c3b-a2c3-5d0c6a620666', 'encryption_key_id': None, 'qos_specs': None, 'consistencygroup_id': None, 'cgsnapshot_id': None, 'group_id': None, 'replication_status': 'disabled', 'refresh_az': False, 'backup_id': None, 'multiattach': False, 'availability_zones': ['nova']}' {{(pid=101474) _task_receiver /usr/local/lib/python3.8/dist-packages/taskflow/listeners/logging.py:178}}
Sep 02 09:25:40.419293 dv-cinder-806807-6-iscsi devstack@c-api.service[101474]: DEBUG cinder.volume.api [None req-06e7b341-8a35-45ca-968b-098462425794 tempest-VolumeQuotasAdminTestJSON-1852964446 tempest-VolumeQuotasAdminTestJSON-1852964446-project] Task 'cinder.volume.flows.api.create_volume.QuotaReserveTask;volume:create' (290ed93d-6778-424b-b7eb-179dadb76196) transitioned into state 'RUNNING' from state 'PENDING' {{(pid=101474) _task_receiver /usr/local/lib/python3.8/dist-packages/taskflow/listeners/logging.py:190}}
Sep 02 09:25:41.302717 dv-cinder-806807-6-iscsi devstack@c-api.service[101474]: DEBUG cinder.quota [None req-06e7b341-8a35-45ca-968b-098462425794 tempest-VolumeQuotasAdminTestJSON-1852964446 tempest-VolumeQuotasAdminTestJSON-1852964446-project] Created reservations ['62ba42df-0694-419a-b58a-32cc5da88f00', '60e73273-7e3a-44fb-ae53-7074b8bd03fb', '525d59c3-75f8-48f0-8014-ff91f1a0d08d', 'ac336835-6f01-48f2-a7f1-398256abd475'] {{(pid=101474) reserve /opt/stack/cinder/cinder/quota.py:755}}
Sep 02 09:25:41.305867 dv-cinder-806807-6-iscsi devstack@c-api.service[101474]: DEBUG cinder.volume.api [None req-06e7b341-8a35-45ca-968b-098462425794 tempest-VolumeQuotasAdminTestJSON-1852964446 tempest-VolumeQuotasAdminTestJSON-1852964446-project] Task 'cinder.volume.flows.api.create_volume.QuotaReserveTask;volume:create' (290ed93d-6778-424b-b7eb-179dadb76196) transitioned into state 'SUCCESS' from state 'RUNNING' with result '{'reservations': ['62ba42df-0694-419a-b58a-32cc5da88f00', '60e73273-7e3a-44fb-ae53-7074b8bd03fb', '525d59c3-75f8-48f0-8014-ff91f1a0d08d', 'ac336835-6f01-48f2-a7f1-398256abd475']}' {{(pid=101474) _task_receiver /usr/local/lib/python3.8/dist-packages/taskflow/listeners/logging.py:178}}
Sep 02 09:25:41.308026 dv-cinder-806807-6-iscsi devstack@c-api.service[101474]: DEBUG cinder.volume.api [None req-06e7b341-8a35-45ca-968b-098462425794 tempest-VolumeQuotasAdminTestJSON-1852964446 tempest-VolumeQuotasAdminTestJSON-1852964446-project] Task 'cinder.volume.flows.api.create_volume.EntryCreateTask;volume:create' (13ac69ab-3d92-4149-8fca-cbb29bae8aa0) transitioned into state 'RUNNING' from state 'PENDING' {{(pid=101474) _task_receiver /usr/local/lib/python3.8/dist-packages/taskflow/listeners/logging.py:190}}
Sep 02 09:25:41.501987 dv-cinder-806807-6-iscsi devstack@c-api.service[101474]: DEBUG cinder.volume.api [None req-06e7b341-8a35-45ca-968b-098462425794 tempest-VolumeQuotasAdminTestJSON-1852964446 tempest-VolumeQuotasAdminTestJSON-1852964446-project] Task 'cinder.volume.flows.api.create_volume.EntryCreateTask;volume:create' (13ac69ab-3d92-4149-8fca-cbb29bae8aa0) transitioned into state 'SUCCESS' from state 'RUNNING' with result '{'volume_id': 'a4c5035d-4a9d-4469-9fad-b7bf44427e28', 'volume_properties': VolumeProperties(attach_status='detached',availability_zone='nova',cgsnapshot_id=None,consistencygroup_id=None,display_description=None,display_name='tempest-VolumeQuotasAdminTestJSON-Volume-51766619',encryption_key_id=None,group_id=None,group_type_id=,metadata={},multiattach=False,project_id='459ec6c5a572455f86174cd2f20536b5',qos_specs=None,replication_status=,reservations=['62ba42df-0694-419a-b58a-32cc5da88f00','60e73273-7e3a-44fb-ae53-7074b8bd03fb','525d59c3-75f8-48f0-8014-ff91f1a0d08d','ac336835-6f01-48f2-a7f1-398256abd475'],size=1,snapshot_id=None,source_replicaid=,source_volid=None,status='creating',user_id='867693254b13440cb4846e0eb4f8c9e9',volume_type_id=d58eb4d7-4297-4c3b-a2c3-5d0c6a620666), 'volume': Volume(_name_id=None,admin_metadata=,attach_status='detached',availability_zone='nova',bootable=False,cluster=,cluster_name=None,consistencygroup=,consistencygroup_id=None,created_at=2021-09-02T09:25:41Z,deleted=False,deleted_at=None,display_description=None,display_name='tempest-VolumeQuotasAdminTestJSON-Volume-51766619',ec2_id=None,encryption_key_id=None,glance_metadata=,group=,group_id=None,host=None,id=a4c5035d-4a9d-4469-9fad-b7bf44427e28,launched_at=None,metadata={},migration_status=None,multiattach=False,previous_status=None,project_id='459ec6c5a572455f86174cd2f20536b5',provider_auth=None,provider_geometry=None,provider_id=None,provider_location=None,replication_driver_data=None,replication_extended_status=None,replication_status=None,scheduled_at=None,service_uuid=None,shared_targets=True,size=1,snapshot_id=None,snapshots=,source_volid=None,status='creating',terminated_at=None,updated_at=None,use_quota=True,user_id='867693254b13440cb4846e0eb4f8c9e9',volume_attachment=,volume_type=VolumeType(d58eb4d7-4297-4c3b-a2c3-5d0c6a620666),volume_type_id=d58eb4d7-4297-4c3b-a2c3-5d0c6a620666)}' {{(pid=101474) _task_receiver /usr/local/lib/python3.8/dist-packages/taskflow/listeners/logging.py:178}}
Sep 02 09:25:41.521483 dv-cinder-806807-6-iscsi devstack@c-api.service[101474]: DEBUG cinder.volume.api [None req-06e7b341-8a35-45ca-968b-098462425794 tempest-VolumeQuotasAdminTestJSON-1852964446 tempest-VolumeQuotasAdminTestJSON-1852964446-project] Task 'cinder.volume.flows.api.create_volume.QuotaCommitTask;volume:create' (13687f6d-62dd-48de-b55d-99e56a3a2bc3) transitioned into state 'RUNNING' from state 'PENDING' {{(pid=101474) _task_receiver /usr/local/lib/python3.8/dist-packages/taskflow/listeners/logging.py:190}}
Sep 02 09:25:41.726780 dv-cinder-806807-6-iscsi devstack@c-api.service[101474]: DEBUG cinder.volume.api [None req-06e7b341-8a35-45ca-968b-098462425794 tempest-VolumeQuotasAdminTestJSON-1852964446 tempest-VolumeQuotasAdminTestJSON-1852964446-project] Task 'cinder.volume.flows.api.create_volume.QuotaCommitTask;volume:create' (13687f6d-62dd-48de-b55d-99e56a3a2bc3) transitioned into state 'SUCCESS' from state 'RUNNING' with result '{'volume_properties': VolumeProperties(attach_status='detached',availability_zone='nova',cgsnapshot_id=None,consistencygroup_id=None,display_description=None,display_name='tempest-VolumeQuotasAdminTestJSON-Volume-51766619',encryption_key_id=None,group_id=None,group_type_id=,metadata={},multiattach=False,project_id='459ec6c5a572455f86174cd2f20536b5',qos_specs=None,replication_status=,reservations=['62ba42df-0694-419a-b58a-32cc5da88f00','60e73273-7e3a-44fb-ae53-7074b8bd03fb','525d59c3-75f8-48f0-8014-ff91f1a0d08d','ac336835-6f01-48f2-a7f1-398256abd475'],size=1,snapshot_id=None,source_replicaid=,source_volid=None,status='creating',user_id='867693254b13440cb4846e0eb4f8c9e9',volume_type_id=d58eb4d7-4297-4c3b-a2c3-5d0c6a620666)}' {{(pid=101474) _task_receiver /usr/local/lib/python3.8/dist-packages/taskflow/listeners/logging.py:178}}
Sep 02 09:25:41.736638 dv-cinder-806807-6-iscsi devstack@c-api.service[101474]: DEBUG cinder.volume.api [None req-06e7b341-8a35-45ca-968b-098462425794 tempest-VolumeQuotasAdminTestJSON-1852964446 tempest-VolumeQuotasAdminTestJSON-1852964446-project] Task 'cinder.volume.flows.api.create_volume.VolumeCastTask;volume:create' (9daf2b73-fe8a-47de-8cfc-4253fe0058b1) transitioned into state 'RUNNING' from state 'PENDING' {{(pid=101474) _task_receiver /usr/local/lib/python3.8/dist-packages/taskflow/listeners/logging.py:190}}
Sep 02 09:25:41.873131 dv-cinder-806807-6-iscsi devstack@c-api.service[101474]: DEBUG cinder.volume.api [None req-06e7b341-8a35-45ca-968b-098462425794 tempest-VolumeQuotasAdminTestJSON-1852964446 tempest-VolumeQuotasAdminTestJSON-1852964446-project] Task 'cinder.volume.flows.api.create_volume.VolumeCastTask;volume:create' (9daf2b73-fe8a-47de-8cfc-4253fe0058b1) transitioned into state 'SUCCESS' from state 'RUNNING' with result 'None' {{(pid=101474) _task_receiver /usr/local/lib/python3.8/dist-packages/taskflow/listeners/logging.py:178}}
Sep 02 09:25:41.876327 dv-cinder-806807-6-iscsi devstack@c-api.service[101474]: DEBUG cinder.volume.api [None req-06e7b341-8a35-45ca-968b-098462425794 tempest-VolumeQuotasAdminTestJSON-1852964446 tempest-VolumeQuotasAdminTestJSON-1852964446-project] Flow 'volume_create_api' (537e4330-2693-4101-a287-3e4706a6fa3f) transitioned into state 'SUCCESS' from state 'RUNNING' {{(pid=101474) _flow_receiver /usr/local/lib/python3.8/dist-packages/taskflow/listeners/logging.py:141}}
Sep 02 09:25:41.879874 dv-cinder-806807-6-iscsi devstack@c-api.service[101474]: INFO cinder.volume.api [None req-06e7b341-8a35-45ca-968b-098462425794 tempest-VolumeQuotasAdminTestJSON-1852964446 tempest-VolumeQuotasAdminTestJSON-1852964446-project] Create volume request issued successfully.
Sep 02 09:25:41.995891 dv-cinder-806807-6-iscsi devstack@c-api.service[101474]: INFO cinder.api.openstack.wsgi [None req-06e7b341-8a35-45ca-968b-098462425794 tempest-VolumeQuotasAdminTestJSON-1852964446 tempest-VolumeQuotasAdminTestJSON-1852964446-project] http://10.222.0.37/volume/v3/459ec6c5a572455f86174cd2f20536b5/volumes returned with HTTP 202
Sep 02 09:25:41.997008 dv-cinder-806807-6-iscsi devstack@c-api.service[101474]: [pid: 101474|app: 0|req: 26/49] 10.222.0.37 () {60 vars in 1235 bytes} [Thu Sep 2 09:25:39 2021] POST /volume/v3/459ec6c5a572455f86174cd2f20536b5/volumes => generated 823 bytes in 2484 msecs (HTTP/1.1 202) 7 headers in 291 bytes (1 switches on core 0)
Sep 02 09:25:42.016845 dv-cinder-806807-6-iscsi devstack@c-api.service[101473]: INFO cinder.api.openstack.wsgi [None req-db32ba5b-4875-4d44-a273-920b240a1e30 tempest-VolumeQuotasAdminTestJSON-1852964446 tempest-VolumeQuotasAdminTestJSON-1852964446-project] GET http://10.222.0.37/volume/v3/459ec6c5a572455f86174cd2f20536b5/volumes/a4c5035d-4a9d-4469-9fad-b7bf44427e28
Sep 02 09:25:42.018562 dv-cinder-806807-6-iscsi devstack@c-api.service[101473]: DEBUG cinder.api.openstack.wsgi [None req-db32ba5b-4875-4d44-a273-920b240a1e30 tempest-VolumeQuotasAdminTestJSON-1852964446 tempest-VolumeQuotasAdminTestJSON-1852964446-project] Empty body provided in request {{(pid=101473) get_body /opt/stack/cinder/cinder/api/openstack/wsgi.py:703}}
Sep 02 09:25:42.022647 dv-cinder-806807-6-iscsi devstack@c-api.service[101473]: DEBUG cinder.api.openstack.wsgi [None req-db32ba5b-4875-4d44-a273-920b240a1e30 tempest-VolumeQuotasAdminTestJSON-1852964446 tempest-VolumeQuotasAdminTestJSON-1852964446-project] Calling method 'show' {{(pid=101473) _process_stack /opt/stack/cinder/cinder/api/openstack/wsgi.py:856}}
Sep 02 09:25:42.057725 dv-cinder-806807-6-iscsi devstack@c-api.service[101473]: /usr/local/lib/python3.8/dist-packages/oslo_context/context.py:105: DeprecationWarning: Policy enforcement is depending on the value of is_admin. This key is deprecated. Please update your policy file to use the standard policy values.
Sep 02 09:25:42.057725 dv-cinder-806807-6-iscsi devstack@c-api.service[101473]: warnings.warn('Policy enforcement is depending on the value of '
Sep 02 09:25:42.115733 dv-cinder-806807-6-iscsi devstack@c-api.service[101473]: INFO cinder.volume.api [None req-db32ba5b-4875-4d44-a273-920b240a1e30 tempest-VolumeQuotasAdminTestJSON-1852964446 tempest-VolumeQuotasAdminTestJSON-1852964446-project] Volume info retrieved successfully.
Sep 02 09:25:42.210780 dv-cinder-806807-6-iscsi devstack@c-api.service[101473]: INFO cinder.api.openstack.wsgi [None req-db32ba5b-4875-4d44-a273-920b240a1e30 tempest-VolumeQuotasAdminTestJSON-1852964446 tempest-VolumeQuotasAdminTestJSON-1852964446-project] http://10.222.0.37/volume/v3/459ec6c5a572455f86174cd2f20536b5/volumes/a4c5035d-4a9d-4469-9fad-b7bf44427e28 returned with HTTP 200
Sep 02 09:25:42.223317 dv-cinder-806807-6-iscsi devstack@c-api.service[101473]: [pid: 101473|app: 0|req: 24/50] 10.222.0.37 () {58 vars in 1325 bytes} [Thu Sep 2 09:25:42 2021] GET /volume/v3/459ec6c5a572455f86174cd2f20536b5/volumes/a4c5035d-4a9d-4469-9fad-b7bf44427e28 => generated 891 bytes in 206 msecs (HTTP/1.1 200) 7 headers in 285 bytes (1 switches on core 0)
Sep 02 09:25:43.206091 dv-cinder-806807-6-iscsi devstack@c-api.service[101474]: INFO cinder.api.openstack.wsgi [None req-9570595c-4dd0-4d8b-8b2f-eb65c9515d6a tempest-VolumePoolsAdminTestsJSON-907811803 tempest-VolumePoolsAdminTestsJSON-907811803-project-admin] GET http://10.222.0.37/volume/v3/d2c860ee253f4264bf25f19e23511720/scheduler-stats/get_pools?detail=True
Sep 02 09:25:43.206779 dv-cinder-806807-6-iscsi devstack@c-api.service[101474]: DEBUG cinder.api.openstack.wsgi [None req-9570595c-4dd0-4d8b-8b2f-eb65c9515d6a tempest-VolumePoolsAdminTestsJSON-907811803 tempest-VolumePoolsAdminTestsJSON-907811803-project-admin] Empty body provided in request {{(pid=101474) get_body /opt/stack/cinder/cinder/api/openstack/wsgi.py:703}}
Sep 02 09:25:43.207174 dv-cinder-806807-6-iscsi devstack@c-api.service[101474]: /usr/local/lib/python3.8/dist-packages/webob/acceptparse.py:1047: DeprecationWarning: The behavior of AcceptValidHeader.best_match is currently being maintained for backward compatibility, but it will be deprecated in the future, as it does not conform to the RFC.
Sep 02 09:25:43.207174 dv-cinder-806807-6-iscsi devstack@c-api.service[101474]: warnings.warn(
Sep 02 09:25:43.214172 dv-cinder-806807-6-iscsi devstack@c-api.service[101474]: DEBUG cinder.api.openstack.wsgi [None req-9570595c-4dd0-4d8b-8b2f-eb65c9515d6a tempest-VolumePoolsAdminTestsJSON-907811803 tempest-VolumePoolsAdminTestsJSON-907811803-project-admin] Calling method 'get_pools' {{(pid=101474) _process_stack /opt/stack/cinder/cinder/api/openstack/wsgi.py:856}}
Sep 02 09:25:43.214172 dv-cinder-806807-6-iscsi devstack@c-api.service[101474]: /usr/local/lib/python3.8/dist-packages/oslo_context/context.py:105: DeprecationWarning: Policy enforcement is depending on the value of is_admin. This key is deprecated. Please update your policy file to use the standard policy values.
Sep 02 09:25:43.214172 dv-cinder-806807-6-iscsi devstack@c-api.service[101474]: warnings.warn('Policy enforcement is depending on the value of '
Sep 02 09:25:43.237543 dv-cinder-806807-6-iscsi devstack@c-api.service[101473]: INFO cinder.api.openstack.wsgi [None req-63a9ccac-282f-474e-8348-444041f49471 tempest-VolumeQuotasAdminTestJSON-1852964446 tempest-VolumeQuotasAdminTestJSON-1852964446-project] GET http://10.222.0.37/volume/v3/459ec6c5a572455f86174cd2f20536b5/volumes/a4c5035d-4a9d-4469-9fad-b7bf44427e28
Sep 02 09:25:43.238408 dv-cinder-806807-6-iscsi devstack@c-api.service[101473]: DEBUG cinder.api.openstack.wsgi [None req-63a9ccac-282f-474e-8348-444041f49471 tempest-VolumeQuotasAdminTestJSON-1852964446 tempest-VolumeQuotasAdminTestJSON-1852964446-project] Empty body provided in request {{(pid=101473) get_body /opt/stack/cinder/cinder/api/openstack/wsgi.py:703}}
Sep 02 09:25:43.239250 dv-cinder-806807-6-iscsi devstack@c-api.service[101473]: /usr/local/lib/python3.8/dist-packages/webob/acceptparse.py:1047: DeprecationWarning: The behavior of AcceptValidHeader.best_match is currently being maintained for backward compatibility, but it will be deprecated in the future, as it does not conform to the RFC.
Sep 02 09:25:43.239250 dv-cinder-806807-6-iscsi devstack@c-api.service[101473]: warnings.warn(
Sep 02 09:25:43.239818 dv-cinder-806807-6-iscsi devstack@c-api.service[101473]: DEBUG cinder.api.openstack.wsgi [None req-63a9ccac-282f-474e-8348-444041f49471 tempest-VolumeQuotasAdminTestJSON-1852964446 tempest-VolumeQuotasAdminTestJSON-1852964446-project] Calling method 'show' {{(pid=101473) _process_stack /opt/stack/cinder/cinder/api/openstack/wsgi.py:856}}
Sep 02 09:25:43.242220 dv-cinder-806807-6-iscsi devstack@c-api.service[101474]: INFO cinder.api.openstack.wsgi [None req-9570595c-4dd0-4d8b-8b2f-eb65c9515d6a tempest-VolumePoolsAdminTestsJSON-907811803 tempest-VolumePoolsAdminTestsJSON-907811803-project-admin] http://10.222.0.37/volume/v3/d2c860ee253f4264bf25f19e23511720/scheduler-stats/get_pools?detail=True returned with HTTP 200
Sep 02 09:25:43.242220 dv-cinder-806807-6-iscsi devstack@c-api.service[101474]: [pid: 101474|app: 0|req: 27/51] 10.222.0.37 () {58 vars in 1291 bytes} [Thu Sep 2 09:25:42 2021] GET /volume/v3/d2c860ee253f4264bf25f19e23511720/scheduler-stats/get_pools?detail=True => generated 481 bytes in 782 msecs (HTTP/1.1 200) 7 headers in 285 bytes (1 switches on core 0)
Sep 02 09:25:43.281873 dv-cinder-806807-6-iscsi devstack@c-api.service[101474]: INFO cinder.api.openstack.wsgi [None req-253355b7-6264-4724-bd6e-7acfbaf44ee0 tempest-VolumePoolsAdminTestsJSON-907811803 tempest-VolumePoolsAdminTestsJSON-907811803-project-admin] GET http://10.222.0.37/volume/v3/d2c860ee253f4264bf25f19e23511720/scheduler-stats/get_pools
Sep 02 09:25:43.282728 dv-cinder-806807-6-iscsi devstack@c-api.service[101474]: DEBUG cinder.api.openstack.wsgi [None req-253355b7-6264-4724-bd6e-7acfbaf44ee0 tempest-VolumePoolsAdminTestsJSON-907811803 tempest-VolumePoolsAdminTestsJSON-907811803-project-admin] Empty body provided in request {{(pid=101474) get_body /opt/stack/cinder/cinder/api/openstack/wsgi.py:703}}
Sep 02 09:25:43.285415 dv-cinder-806807-6-iscsi devstack@c-api.service[101474]: DEBUG cinder.api.openstack.wsgi [None req-253355b7-6264-4724-bd6e-7acfbaf44ee0 tempest-VolumePoolsAdminTestsJSON-907811803 tempest-VolumePoolsAdminTestsJSON-907811803-project-admin] Calling method 'get_pools' {{(pid=101474) _process_stack /opt/stack/cinder/cinder/api/openstack/wsgi.py:856}}
Sep 02 09:25:43.302512 dv-cinder-806807-6-iscsi devstack@c-api.service[101473]: /usr/local/lib/python3.8/dist-packages/oslo_context/context.py:105: DeprecationWarning: Policy enforcement is depending on the value of is_admin. This key is deprecated. Please update your policy file to use the standard policy values.
Sep 02 09:25:43.302512 dv-cinder-806807-6-iscsi devstack@c-api.service[101473]: warnings.warn('Policy enforcement is depending on the value of '
Sep 02 09:25:43.312582 dv-cinder-806807-6-iscsi devstack@c-api.service[101474]: INFO cinder.api.openstack.wsgi [None req-253355b7-6264-4724-bd6e-7acfbaf44ee0 tempest-VolumePoolsAdminTestsJSON-907811803 tempest-VolumePoolsAdminTestsJSON-907811803-project-admin] http://10.222.0.37/volume/v3/d2c860ee253f4264bf25f19e23511720/scheduler-stats/get_pools returned with HTTP 200
Sep 02 09:25:43.314168 dv-cinder-806807-6-iscsi devstack@c-api.service[101474]: [pid: 101474|app: 0|req: 28/52] 10.222.0.37 () {58 vars in 1268 bytes} [Thu Sep 2 09:25:43 2021] GET /volume/v3/d2c860ee253f4264bf25f19e23511720/scheduler-stats/get_pools => generated 66 bytes in 63 msecs (HTTP/1.1 200) 7 headers in 284 bytes (1 switches on core 0)
Sep 02 09:25:43.336566 dv-cinder-806807-6-iscsi devstack@c-api.service[101473]: INFO cinder.volume.api [None req-63a9ccac-282f-474e-8348-444041f49471 tempest-VolumeQuotasAdminTestJSON-1852964446 tempest-VolumeQuotasAdminTestJSON-1852964446-project] Volume info retrieved successfully.
Sep 02 09:25:43.386472 dv-cinder-806807-6-iscsi devstack@c-api.service[101473]: INFO cinder.api.openstack.wsgi [None req-63a9ccac-282f-474e-8348-444041f49471 tempest-VolumeQuotasAdminTestJSON-1852964446 tempest-VolumeQuotasAdminTestJSON-1852964446-project] http://10.222.0.37/volume/v3/459ec6c5a572455f86174cd2f20536b5/volumes/a4c5035d-4a9d-4469-9fad-b7bf44427e28 returned with HTTP 200
Sep 02 09:25:43.404298 dv-cinder-806807-6-iscsi devstack@c-api.service[101473]: [pid: 101473|app: 0|req: 25/53] 10.222.0.37 () {58 vars in 1325 bytes} [Thu Sep 2 09:25:43 2021] GET /volume/v3/459ec6c5a572455f86174cd2f20536b5/volumes/a4c5035d-4a9d-4469-9fad-b7bf44427e28 => generated 915 bytes in 179 msecs (HTTP/1.1 200) 7 headers in 285 bytes (2 switches on core 0)
Sep 02 09:25:44.402669 dv-cinder-806807-6-iscsi devstack@c-api.service[101473]: INFO cinder.api.openstack.wsgi [None req-84c693f8-ee94-4a0f-a004-dc71f53a9ed4 tempest-VolumeQuotasAdminTestJSON-1852964446 tempest-VolumeQuotasAdminTestJSON-1852964446-project] GET http://10.222.0.37/volume/v3/459ec6c5a572455f86174cd2f20536b5/volumes/a4c5035d-4a9d-4469-9fad-b7bf44427e28
Sep 02 09:25:44.403373 dv-cinder-806807-6-iscsi devstack@c-api.service[101473]: DEBUG cinder.api.openstack.wsgi [None req-84c693f8-ee94-4a0f-a004-dc71f53a9ed4 tempest-VolumeQuotasAdminTestJSON-1852964446 tempest-VolumeQuotasAdminTestJSON-1852964446-project] Empty body provided in request {{(pid=101473) get_body /opt/stack/cinder/cinder/api/openstack/wsgi.py:703}}
Sep 02 09:25:44.403519 dv-cinder-806807-6-iscsi devstack@c-api.service[101473]: /usr/local/lib/python3.8/dist-packages/webob/acceptparse.py:1047: DeprecationWarning: The behavior of AcceptValidHeader.best_match is currently being maintained for backward compatibility, but it will be deprecated in the future, as it does not conform to the RFC.
Sep 02 09:25:44.403519 dv-cinder-806807-6-iscsi devstack@c-api.service[101473]: warnings.warn(
Sep 02 09:25:44.404070 dv-cinder-806807-6-iscsi devstack@c-api.service[101473]: DEBUG cinder.api.openstack.wsgi [None req-84c693f8-ee94-4a0f-a004-dc71f53a9ed4 tempest-VolumeQuotasAdminTestJSON-1852964446 tempest-VolumeQuotasAdminTestJSON-1852964446-project] Calling method 'show' {{(pid=101473) _process_stack /opt/stack/cinder/cinder/api/openstack/wsgi.py:856}}
Sep 02 09:25:44.465260 dv-cinder-806807-6-iscsi devstack@c-api.service[101473]: /usr/local/lib/python3.8/dist-packages/oslo_context/context.py:105: DeprecationWarning: Policy enforcement is depending on the value of is_admin. This key is deprecated. Please update your policy file to use the standard policy values.
Sep 02 09:25:44.465260 dv-cinder-806807-6-iscsi devstack@c-api.service[101473]: warnings.warn('Policy enforcement is depending on the value of '
Sep 02 09:25:44.495822 dv-cinder-806807-6-iscsi devstack@c-api.service[101473]: INFO cinder.volume.api [None req-84c693f8-ee94-4a0f-a004-dc71f53a9ed4 tempest-VolumeQuotasAdminTestJSON-1852964446 tempest-VolumeQuotasAdminTestJSON-1852964446-project] Volume info retrieved successfully.
Sep 02 09:25:44.537805 dv-cinder-806807-6-iscsi devstack@c-api.service[101473]: INFO cinder.api.openstack.wsgi [None req-84c693f8-ee94-4a0f-a004-dc71f53a9ed4 tempest-VolumeQuotasAdminTestJSON-1852964446 tempest-VolumeQuotasAdminTestJSON-1852964446-project] http://10.222.0.37/volume/v3/459ec6c5a572455f86174cd2f20536b5/volumes/a4c5035d-4a9d-4469-9fad-b7bf44427e28 returned with HTTP 200
Sep 02 09:25:44.538306 dv-cinder-806807-6-iscsi devstack@c-api.service[101473]: [pid: 101473|app: 0|req: 26/54] 10.222.0.37 () {58 vars in 1325 bytes} [Thu Sep 2 09:25:44 2021] GET /volume/v3/459ec6c5a572455f86174cd2f20536b5/volumes/a4c5035d-4a9d-4469-9fad-b7bf44427e28 => generated 916 bytes in 139 msecs (HTTP/1.1 200) 7 headers in 285 bytes (1 switches on core 0)
Sep 02 09:25:44.552337 dv-cinder-806807-6-iscsi devstack@c-api.service[101473]: INFO cinder.api.openstack.wsgi [None req-6d06f92c-2380-4a52-9c4c-cdeb55eee896 tempest-VolumeQuotasAdminTestJSON-2074600846 tempest-VolumeQuotasAdminTestJSON-2074600846-project-admin] GET http://10.222.0.37/volume/v3/254781e1fc3e46bfbca1c016bf7ac518/os-quota-sets/459ec6c5a572455f86174cd2f20536b5?usage=True
Sep 02 09:25:44.553157 dv-cinder-806807-6-iscsi devstack@c-api.service[101473]: DEBUG cinder.api.openstack.wsgi [None req-6d06f92c-2380-4a52-9c4c-cdeb55eee896 tempest-VolumeQuotasAdminTestJSON-2074600846 tempest-VolumeQuotasAdminTestJSON-2074600846-project-admin] Empty body provided in request {{(pid=101473) get_body /opt/stack/cinder/cinder/api/openstack/wsgi.py:703}}
Sep 02 09:25:44.553546 dv-cinder-806807-6-iscsi devstack@c-api.service[101473]: /usr/local/lib/python3.8/dist-packages/webob/acceptparse.py:1047: DeprecationWarning: The behavior of AcceptValidHeader.best_match is currently being maintained for backward compatibility, but it will be deprecated in the future, as it does not conform to the RFC.
Sep 02 09:25:44.553546 dv-cinder-806807-6-iscsi devstack@c-api.service[101473]: warnings.warn(
Sep 02 09:25:44.554194 dv-cinder-806807-6-iscsi devstack@c-api.service[101473]: DEBUG cinder.api.openstack.wsgi [None req-6d06f92c-2380-4a52-9c4c-cdeb55eee896 tempest-VolumeQuotasAdminTestJSON-2074600846 tempest-VolumeQuotasAdminTestJSON-2074600846-project-admin] Calling method 'show' {{(pid=101473) _process_stack /opt/stack/cinder/cinder/api/openstack/wsgi.py:856}}
Sep 02 09:25:44.637592 dv-cinder-806807-6-iscsi devstack@c-api.service[101473]: INFO cinder.api.openstack.wsgi [None req-6d06f92c-2380-4a52-9c4c-cdeb55eee896 tempest-VolumeQuotasAdminTestJSON-2074600846 tempest-VolumeQuotasAdminTestJSON-2074600846-project-admin] http://10.222.0.37/volume/v3/254781e1fc3e46bfbca1c016bf7ac518/os-quota-sets/459ec6c5a572455f86174cd2f20536b5?usage=True returned with HTTP 200
Sep 02 09:25:44.639259 dv-cinder-806807-6-iscsi devstack@c-api.service[101473]: [pid: 101473|app: 0|req: 27/55] 10.222.0.37 () {58 vars in 1352 bytes} [Thu Sep 2 09:25:44 2021] GET /volume/v3/254781e1fc3e46bfbca1c016bf7ac518/os-quota-sets/459ec6c5a572455f86174cd2f20536b5?usage=True => generated 868 bytes in 92 msecs (HTTP/1.1 200) 7 headers in 285 bytes (1 switches on core 0)
Sep 02 09:25:44.652260 dv-cinder-806807-6-iscsi devstack@c-api.service[101473]: INFO cinder.api.openstack.wsgi [None req-e7dbd275-dbeb-4ea6-8f22-cbb2c562a194 tempest-VolumeQuotasAdminTestJSON-1852964446 tempest-VolumeQuotasAdminTestJSON-1852964446-project] DELETE http://10.222.0.37/volume/v3/459ec6c5a572455f86174cd2f20536b5/volumes/a4c5035d-4a9d-4469-9fad-b7bf44427e28
Sep 02 09:25:44.653089 dv-cinder-806807-6-iscsi devstack@c-api.service[101473]: DEBUG cinder.api.openstack.wsgi [None req-e7dbd275-dbeb-4ea6-8f22-cbb2c562a194 tempest-VolumeQuotasAdminTestJSON-1852964446 tempest-VolumeQuotasAdminTestJSON-1852964446-project] Empty body provided in request {{(pid=101473) get_body /opt/stack/cinder/cinder/api/openstack/wsgi.py:703}}
Sep 02 09:25:44.653700 dv-cinder-806807-6-iscsi devstack@c-api.service[101473]: DEBUG cinder.api.openstack.wsgi [None req-e7dbd275-dbeb-4ea6-8f22-cbb2c562a194 tempest-VolumeQuotasAdminTestJSON-1852964446 tempest-VolumeQuotasAdminTestJSON-1852964446-project] Calling method 'delete' {{(pid=101473) _process_stack /opt/stack/cinder/cinder/api/openstack/wsgi.py:856}}
Sep 02 09:25:44.654314 dv-cinder-806807-6-iscsi devstack@c-api.service[101473]: INFO cinder.api.v3.volumes [None req-e7dbd275-dbeb-4ea6-8f22-cbb2c562a194 tempest-VolumeQuotasAdminTestJSON-1852964446 tempest-VolumeQuotasAdminTestJSON-1852964446-project] Delete volume with id: a4c5035d-4a9d-4469-9fad-b7bf44427e28
Sep 02 09:25:44.671054 dv-cinder-806807-6-iscsi devstack@c-api.service[101473]: /usr/local/lib/python3.8/dist-packages/oslo_context/context.py:105: DeprecationWarning: Policy enforcement is depending on the value of is_admin. This key is deprecated. Please update your policy file to use the standard policy values.
Sep 02 09:25:44.671054 dv-cinder-806807-6-iscsi devstack@c-api.service[101473]: warnings.warn('Policy enforcement is depending on the value of '
Sep 02 09:25:44.672721 dv-cinder-806807-6-iscsi devstack@c-api.service[101473]: INFO cinder.volume.api [None req-e7dbd275-dbeb-4ea6-8f22-cbb2c562a194 tempest-VolumeQuotasAdminTestJSON-1852964446 tempest-VolumeQuotasAdminTestJSON-1852964446-project] Volume info retrieved successfully.
Sep 02 09:25:44.901736 dv-cinder-806807-6-iscsi devstack@c-api.service[101474]: INFO cinder.api.openstack.wsgi [None req-26fb7510-abdf-40ad-82a3-143f9b82d06f tempest-VolumeHostsAdminTestsJSON-1321579807 tempest-VolumeHostsAdminTestsJSON-1321579807-project-admin] GET http://10.222.0.37/volume/v3/660f2728e5264db4b8eef1ed8873316e/os-hosts
Sep 02 09:25:44.902517 dv-cinder-806807-6-iscsi devstack@c-api.service[101474]: DEBUG cinder.api.openstack.wsgi [None req-26fb7510-abdf-40ad-82a3-143f9b82d06f tempest-VolumeHostsAdminTestsJSON-1321579807 tempest-VolumeHostsAdminTestsJSON-1321579807-project-admin] Empty body provided in request {{(pid=101474) get_body /opt/stack/cinder/cinder/api/openstack/wsgi.py:703}}
Sep 02 09:25:44.902965 dv-cinder-806807-6-iscsi devstack@c-api.service[101474]: DEBUG cinder.api.openstack.wsgi [None req-26fb7510-abdf-40ad-82a3-143f9b82d06f tempest-VolumeHostsAdminTestsJSON-1321579807 tempest-VolumeHostsAdminTestsJSON-1321579807-project-admin] Calling method 'index' {{(pid=101474) _process_stack /opt/stack/cinder/cinder/api/openstack/wsgi.py:856}}
Sep 02 09:25:44.962362 dv-cinder-806807-6-iscsi devstack@c-api.service[101473]: INFO cinder.volume.api [None req-e7dbd275-dbeb-4ea6-8f22-cbb2c562a194 tempest-VolumeQuotasAdminTestJSON-1852964446 tempest-VolumeQuotasAdminTestJSON-1852964446-project] Delete volume request issued successfully.
Sep 02 09:25:44.963085 dv-cinder-806807-6-iscsi devstack@c-api.service[101473]: INFO cinder.api.openstack.wsgi [None req-e7dbd275-dbeb-4ea6-8f22-cbb2c562a194 tempest-VolumeQuotasAdminTestJSON-1852964446 tempest-VolumeQuotasAdminTestJSON-1852964446-project] http://10.222.0.37/volume/v3/459ec6c5a572455f86174cd2f20536b5/volumes/a4c5035d-4a9d-4469-9fad-b7bf44427e28 returned with HTTP 202
Sep 02 09:25:44.964346 dv-cinder-806807-6-iscsi devstack@c-api.service[101474]: DEBUG cinder.api.contrib.hosts [None req-26fb7510-abdf-40ad-82a3-143f9b82d06f tempest-VolumeHostsAdminTestsJSON-1321579807 tempest-VolumeHostsAdminTestsJSON-1321579807-project-admin] status, active and update: available, enabled, 2021-09-02 09:25:41+00:00 {{(pid=101474) _list_hosts /opt/stack/cinder/cinder/api/contrib/hosts.py:59}}
Sep 02 09:25:44.964798 dv-cinder-806807-6-iscsi devstack@c-api.service[101473]: [pid: 101473|app: 0|req: 28/56] 10.222.0.37 () {58 vars in 1328 bytes} [Thu Sep 2 09:25:44 2021] DELETE /volume/v3/459ec6c5a572455f86174cd2f20536b5/volumes/a4c5035d-4a9d-4469-9fad-b7bf44427e28 => generated 0 bytes in 316 msecs (HTTP/1.1 202) 6 headers in 233 bytes (2 switches on core 0)
Sep 02 09:25:44.966018 dv-cinder-806807-6-iscsi devstack@c-api.service[101474]: DEBUG cinder.api.contrib.hosts [None req-26fb7510-abdf-40ad-82a3-143f9b82d06f tempest-VolumeHostsAdminTestsJSON-1321579807 tempest-VolumeHostsAdminTestsJSON-1321579807-project-admin] status, active and update: available, enabled, 2021-09-02 09:25:40+00:00 {{(pid=101474) _list_hosts /opt/stack/cinder/cinder/api/contrib/hosts.py:59}}
Sep 02 09:25:44.966378 dv-cinder-806807-6-iscsi devstack@c-api.service[101474]: DEBUG cinder.api.contrib.hosts [None req-26fb7510-abdf-40ad-82a3-143f9b82d06f tempest-VolumeHostsAdminTestsJSON-1321579807 tempest-VolumeHostsAdminTestsJSON-1321579807-project-admin] status, active and update: available, enabled, 2021-09-02 09:25:42+00:00 {{(pid=101474) _list_hosts /opt/stack/cinder/cinder/api/contrib/hosts.py:59}}
Sep 02 09:25:44.972391 dv-cinder-806807-6-iscsi devstack@c-api.service[101474]: INFO cinder.api.openstack.wsgi [None req-26fb7510-abdf-40ad-82a3-143f9b82d06f tempest-VolumeHostsAdminTestsJSON-1321579807 tempest-VolumeHostsAdminTestsJSON-1321579807-project-admin] http://10.222.0.37/volume/v3/660f2728e5264db4b8eef1ed8873316e/os-hosts returned with HTTP 200
Sep 02 09:25:44.974374 dv-cinder-806807-6-iscsi devstack@c-api.service[101473]: INFO cinder.api.openstack.wsgi [None req-1ab2edca-6922-41b1-b6d7-dcfb14bd19e0 tempest-VolumeQuotasAdminTestJSON-1852964446 tempest-VolumeQuotasAdminTestJSON-1852964446-project] GET http://10.222.0.37/volume/v3/459ec6c5a572455f86174cd2f20536b5/volumes/a4c5035d-4a9d-4469-9fad-b7bf44427e28
Sep 02 09:25:44.975079 dv-cinder-806807-6-iscsi devstack@c-api.service[101473]: DEBUG cinder.api.openstack.wsgi [None req-1ab2edca-6922-41b1-b6d7-dcfb14bd19e0 tempest-VolumeQuotasAdminTestJSON-1852964446 tempest-VolumeQuotasAdminTestJSON-1852964446-project] Empty body provided in request {{(pid=101473) get_body /opt/stack/cinder/cinder/api/openstack/wsgi.py:703}}
Sep 02 09:25:44.975452 dv-cinder-806807-6-iscsi devstack@c-api.service[101473]: /usr/local/lib/python3.8/dist-packages/webob/acceptparse.py:1047: DeprecationWarning: The behavior of AcceptValidHeader.best_match is currently being maintained for backward compatibility, but it will be deprecated in the future, as it does not conform to the RFC.
Sep 02 09:25:44.975452 dv-cinder-806807-6-iscsi devstack@c-api.service[101473]: warnings.warn(
Sep 02 09:25:44.976001 dv-cinder-806807-6-iscsi devstack@c-api.service[101473]: DEBUG cinder.api.openstack.wsgi [None req-1ab2edca-6922-41b1-b6d7-dcfb14bd19e0 tempest-VolumeQuotasAdminTestJSON-1852964446 tempest-VolumeQuotasAdminTestJSON-1852964446-project] Calling method 'show' {{(pid=101473) _process_stack /opt/stack/cinder/cinder/api/openstack/wsgi.py:856}}
