Sep 01 12:11:46.598136 dv-cinder-806726-3-smb devstack@c-api.service[101511]: /usr/local/lib/python3.8/dist-packages/webob/acceptparse.py:1047: DeprecationWarning: The behavior of AcceptValidHeader.best_match is currently being maintained for backward compatibility, but it will be deprecated in the future, as it does not conform to the RFC.
Sep 01 12:11:46.598136 dv-cinder-806726-3-smb devstack@c-api.service[101511]: warnings.warn(
Sep 01 12:11:46.599250 dv-cinder-806726-3-smb devstack@c-api.service[101511]: DEBUG cinder.api.openstack.wsgi [None req-df08c2a8-c46a-4d7f-9f62-a79fcb80cbb5 tempest-GroupSnapshotsTest-2129619172 tempest-GroupSnapshotsTest-2129619172-project] Calling method 'version_select' {{(pid=101511) _process_stack /opt/stack/cinder/cinder/api/openstack/wsgi.py:856}}
Sep 01 12:11:46.599806 dv-cinder-806726-3-smb devstack@c-api.service[101511]: DEBUG cinder.api.v3.groups [None req-df08c2a8-c46a-4d7f-9f62-a79fcb80cbb5 tempest-GroupSnapshotsTest-2129619172 tempest-GroupSnapshotsTest-2129619172-project] show called for member 8e465022-e3b9-4b6f-930f-1734c49eb2c7 {{(pid=101511) show /opt/stack/cinder/cinder/api/v3/groups.py:58}}
Sep 01 12:11:46.608238 dv-cinder-806726-3-smb devstack@c-api.service[101511]: /usr/local/lib/python3.8/dist-packages/oslo_context/context.py:105: DeprecationWarning: Policy enforcement is depending on the value of is_admin. This key is deprecated. Please update your policy file to use the standard policy values.
Sep 01 12:11:46.608238 dv-cinder-806726-3-smb devstack@c-api.service[101511]: warnings.warn('Policy enforcement is depending on the value of '
Sep 01 12:11:46.632871 dv-cinder-806726-3-smb devstack@c-api.service[101511]: INFO cinder.api.openstack.wsgi [None req-df08c2a8-c46a-4d7f-9f62-a79fcb80cbb5 tempest-GroupSnapshotsTest-2129619172 tempest-GroupSnapshotsTest-2129619172-project] http://10.222.0.46/volume/v3/70984488578f4998af78e97a8e021916/groups/8e465022-e3b9-4b6f-930f-1734c49eb2c7 returned with HTTP 200
Sep 01 12:11:46.634042 dv-cinder-806726-3-smb devstack@c-api.service[101511]: [pid: 101511|app: 0|req: 71/162] 10.222.0.46 () {60 vars in 1363 bytes} [Wed Sep 1 12:11:46 2021] GET /volume/v3/70984488578f4998af78e97a8e021916/groups/8e465022-e3b9-4b6f-930f-1734c49eb2c7 => generated 392 bytes in 43 msecs (HTTP/1.1 200) 7 headers in 286 bytes (2 switches on core 0)
Sep 01 12:11:46.654789 dv-cinder-806726-3-smb devstack@c-api.service[101511]: INFO cinder.api.openstack.wsgi [None req-87b6638c-b4cf-47d1-8c53-5e0a6c3b8035 tempest-GroupSnapshotsTest-2129619172 tempest-GroupSnapshotsTest-2129619172-project] POST http://10.222.0.46/volume/v3/70984488578f4998af78e97a8e021916/volumes
Sep 01 12:11:46.655255 dv-cinder-806726-3-smb devstack@c-api.service[101511]: /usr/local/lib/python3.8/dist-packages/webob/acceptparse.py:1047: DeprecationWarning: The behavior of AcceptValidHeader.best_match is currently being maintained for backward compatibility, but it will be deprecated in the future, as it does not conform to the RFC.
Sep 01 12:11:46.655255 dv-cinder-806726-3-smb devstack@c-api.service[101511]: warnings.warn(
Sep 01 12:11:46.655609 dv-cinder-806726-3-smb devstack@c-api.service[101511]: DEBUG cinder.api.openstack.wsgi [None req-87b6638c-b4cf-47d1-8c53-5e0a6c3b8035 tempest-GroupSnapshotsTest-2129619172 tempest-GroupSnapshotsTest-2129619172-project] Action: 'create', calling method: create, body: {"volume": {"volume_type": "630ddddf-c07a-4956-beaf-ce7c00c1fd02", "group_id": "8e465022-e3b9-4b6f-930f-1734c49eb2c7", "size": 1, "name": "tempest-GroupSnapshotsTest-Volume-1555880203"}} {{(pid=101511) _process_stack /opt/stack/cinder/cinder/api/openstack/wsgi.py:854}}
Sep 01 12:11:46.660024 dv-cinder-806726-3-smb devstack@c-api.service[101511]: DEBUG cinder.api.v3.volumes [None req-87b6638c-b4cf-47d1-8c53-5e0a6c3b8035 tempest-GroupSnapshotsTest-2129619172 tempest-GroupSnapshotsTest-2129619172-project] Create volume request body: {'volume': {'volume_type': '630ddddf-c07a-4956-beaf-ce7c00c1fd02', 'group_id': '8e465022-e3b9-4b6f-930f-1734c49eb2c7', 'size': 1, 'name': 'tempest-GroupSnapshotsTest-Volume-1555880203'}} {{(pid=101511) create /opt/stack/cinder/cinder/api/v3/volumes.py:298}}
Sep 01 12:11:46.663923 dv-cinder-806726-3-smb devstack@c-api.service[101512]: /usr/local/lib/python3.8/dist-packages/oslo_context/context.py:105: DeprecationWarning: Policy enforcement is depending on the value of is_admin. This key is deprecated. Please update your policy file to use the standard policy values.
Sep 01 12:11:46.663923 dv-cinder-806726-3-smb devstack@c-api.service[101512]: warnings.warn('Policy enforcement is depending on the value of '
Sep 01 12:11:46.686002 dv-cinder-806726-3-smb devstack@c-api.service[101512]: INFO cinder.volume.api [None req-58533fdd-377d-4a4c-89f1-86e86d229cf1 tempest-VolumeManageAdminTest-1131519468 tempest-VolumeManageAdminTest-1131519468-project-admin] Volume info retrieved successfully.
Sep 01 12:11:46.687564 dv-cinder-806726-3-smb devstack@c-api.service[101511]: /usr/local/lib/python3.8/dist-packages/oslo_context/context.py:105: DeprecationWarning: Policy enforcement is depending on the value of is_admin. This key is deprecated. Please update your policy file to use the standard policy values.
Sep 01 12:11:46.687564 dv-cinder-806726-3-smb devstack@c-api.service[101511]: warnings.warn('Policy enforcement is depending on the value of '
Sep 01 12:11:46.688646 dv-cinder-806726-3-smb devstack@c-api.service[101511]: INFO cinder.api.v3.volumes [None req-87b6638c-b4cf-47d1-8c53-5e0a6c3b8035 tempest-GroupSnapshotsTest-2129619172 tempest-GroupSnapshotsTest-2129619172-project] Create volume of 1 GB
Sep 01 12:11:46.716839 dv-cinder-806726-3-smb devstack@c-api.service[101511]: INFO cinder.volume.api [None req-87b6638c-b4cf-47d1-8c53-5e0a6c3b8035 tempest-GroupSnapshotsTest-2129619172 tempest-GroupSnapshotsTest-2129619172-project] Availability Zones retrieved successfully.
Sep 01 12:11:46.725108 dv-cinder-806726-3-smb devstack@c-api.service[101512]: INFO cinder.api.openstack.wsgi [None req-58533fdd-377d-4a4c-89f1-86e86d229cf1 tempest-VolumeManageAdminTest-1131519468 tempest-VolumeManageAdminTest-1131519468-project-admin] http://10.222.0.46/volume/v3/a52721f8c6974470928053e109a2ef69/volumes/37a42d21-92c0-402b-887c-25c5813973ff returned with HTTP 200
Sep 01 12:11:46.734721 dv-cinder-806726-3-smb devstack@c-api.service[101512]: [pid: 101512|app: 0|req: 92/163] 10.222.0.46 () {58 vars in 1325 bytes} [Wed Sep 1 12:11:46 2021] GET /volume/v3/a52721f8c6974470928053e109a2ef69/volumes/37a42d21-92c0-402b-887c-25c5813973ff => generated 1079 bytes in 259 msecs (HTTP/1.1 200) 7 headers in 286 bytes (1 switches on core 0)
Sep 01 12:11:46.738047 dv-cinder-806726-3-smb devstack@c-api.service[101511]: DEBUG cinder.volume.api [None req-87b6638c-b4cf-47d1-8c53-5e0a6c3b8035 tempest-GroupSnapshotsTest-2129619172 tempest-GroupSnapshotsTest-2129619172-project] Flow 'volume_create_api' (1abd9dbd-5878-473e-b8e5-9ea19a04e6fc) transitioned into state 'RUNNING' from state 'PENDING' {{(pid=101511) _flow_receiver /usr/local/lib/python3.8/dist-packages/taskflow/listeners/logging.py:141}}
Sep 01 12:11:46.741497 dv-cinder-806726-3-smb devstack@c-api.service[101511]: DEBUG cinder.volume.api [None req-87b6638c-b4cf-47d1-8c53-5e0a6c3b8035 tempest-GroupSnapshotsTest-2129619172 tempest-GroupSnapshotsTest-2129619172-project] Task 'cinder.volume.flows.api.create_volume.ExtractVolumeRequestTask;volume:create' (b87877e8-e7f5-4f5a-9617-cbd74164c8bf) transitioned into state 'RUNNING' from state 'PENDING' {{(pid=101511) _task_receiver /usr/local/lib/python3.8/dist-packages/taskflow/listeners/logging.py:190}}
Sep 01 12:11:46.746495 dv-cinder-806726-3-smb devstack@c-api.service[101511]: /usr/local/lib/python3.8/dist-packages/oslo_context/context.py:105: DeprecationWarning: Policy enforcement is depending on the value of is_admin. This key is deprecated. Please update your policy file to use the standard policy values.
Sep 01 12:11:46.746495 dv-cinder-806726-3-smb devstack@c-api.service[101511]: warnings.warn('Policy enforcement is depending on the value of '
Sep 01 12:11:46.746495 dv-cinder-806726-3-smb devstack@c-api.service[101511]: DEBUG cinder.volume.flows.api.create_volume [None req-87b6638c-b4cf-47d1-8c53-5e0a6c3b8035 tempest-GroupSnapshotsTest-2129619172 tempest-GroupSnapshotsTest-2129619172-project] Validating volume size '1' using validate_int {{(pid=101511) _extract_size /opt/stack/cinder/cinder/volume/flows/api/create_volume.py:225}}
Sep 01 12:11:46.784778 dv-cinder-806726-3-smb devstack@c-api.service[101511]: DEBUG cinder.volume.api [None req-87b6638c-b4cf-47d1-8c53-5e0a6c3b8035 tempest-GroupSnapshotsTest-2129619172 tempest-GroupSnapshotsTest-2129619172-project] Task 'cinder.volume.flows.api.create_volume.ExtractVolumeRequestTask;volume:create' (b87877e8-e7f5-4f5a-9617-cbd74164c8bf) transitioned into state 'SUCCESS' from state 'RUNNING' with result '{'size': 1, 'snapshot_id': None, 'source_volid': None, 'volume_type': VolumeType(created_at=2021-09-01T12:11:45Z,deleted=False,deleted_at=None,description=None,extra_specs={},id=630ddddf-c07a-4956-beaf-ce7c00c1fd02,is_public=True,name='tempest-GroupSnapshotsTest-volume-type-782743037',projects=[],qos_specs=,qos_specs_id=None,updated_at=None), 'volume_type_id': '630ddddf-c07a-4956-beaf-ce7c00c1fd02', 'encryption_key_id': None, 'qos_specs': None, 'consistencygroup_id': None, 'cgsnapshot_id': None, 'group_id': '8e465022-e3b9-4b6f-930f-1734c49eb2c7', 'replication_status': 'disabled', 'refresh_az': False, 'backup_id': None, 'multiattach': False, 'availability_zones': ['nova']}' {{(pid=101511) _task_receiver /usr/local/lib/python3.8/dist-packages/taskflow/listeners/logging.py:178}}
Sep 01 12:11:46.787110 dv-cinder-806726-3-smb devstack@c-api.service[101511]: DEBUG cinder.volume.api [None req-87b6638c-b4cf-47d1-8c53-5e0a6c3b8035 tempest-GroupSnapshotsTest-2129619172 tempest-GroupSnapshotsTest-2129619172-project] Task 'cinder.volume.flows.api.create_volume.QuotaReserveTask;volume:create' (15d7e489-3b0f-405f-a7f5-7e03f947ec2a) transitioned into state 'RUNNING' from state 'PENDING' {{(pid=101511) _task_receiver /usr/local/lib/python3.8/dist-packages/taskflow/listeners/logging.py:190}}
Sep 01 12:11:46.821644 dv-cinder-806726-3-smb devstack@c-api.service[101511]: WARNING cinder.quota [None req-87b6638c-b4cf-47d1-8c53-5e0a6c3b8035 tempest-GroupSnapshotsTest-2129619172 tempest-GroupSnapshotsTest-2129619172-project] Deprecated: Default quota for resource: volumes_tempest-GroupSnapshotsTest-volume-type-782743037 is set by the default quota flag: quota_volumes_tempest-GroupSnapshotsTest-volume-type-782743037, it is now deprecated. Please use the default quota class for default quota.
Sep 01 12:11:46.822552 dv-cinder-806726-3-smb devstack@c-api.service[101511]: WARNING cinder.quota [None req-87b6638c-b4cf-47d1-8c53-5e0a6c3b8035 tempest-GroupSnapshotsTest-2129619172 tempest-GroupSnapshotsTest-2129619172-project] Deprecated: Default quota for resource: gigabytes_tempest-GroupSnapshotsTest-volume-type-782743037 is set by the default quota flag: quota_gigabytes_tempest-GroupSnapshotsTest-volume-type-782743037, it is now deprecated. Please use the default quota class for default quota.
Sep 01 12:11:46.948838 dv-cinder-806726-3-smb devstack@c-api.service[101512]: INFO cinder.api.openstack.wsgi [None req-55d74eea-9a91-4de9-8798-cae8869619f7 tempest-UserMessagesTest-1390492733 tempest-UserMessagesTest-1390492733-project] GET http://10.222.0.46/volume/v3/c4318f516aa24b6ba2805e9f3e493d6d/volumes/8d506cbe-bf2f-4d74-bdaf-12b4807ebb63
Sep 01 12:11:46.949398 dv-cinder-806726-3-smb devstack@c-api.service[101512]: DEBUG cinder.api.openstack.wsgi [None req-55d74eea-9a91-4de9-8798-cae8869619f7 tempest-UserMessagesTest-1390492733 tempest-UserMessagesTest-1390492733-project] Empty body provided in request {{(pid=101512) get_body /opt/stack/cinder/cinder/api/openstack/wsgi.py:703}}
Sep 01 12:11:46.949737 dv-cinder-806726-3-smb devstack@c-api.service[101512]: /usr/local/lib/python3.8/dist-packages/webob/acceptparse.py:1047: DeprecationWarning: The behavior of AcceptValidHeader.best_match is currently being maintained for backward compatibility, but it will be deprecated in the future, as it does not conform to the RFC.
Sep 01 12:11:46.949737 dv-cinder-806726-3-smb devstack@c-api.service[101512]: warnings.warn(
Sep 01 12:11:46.950299 dv-cinder-806726-3-smb devstack@c-api.service[101512]: DEBUG cinder.api.openstack.wsgi [None req-55d74eea-9a91-4de9-8798-cae8869619f7 tempest-UserMessagesTest-1390492733 tempest-UserMessagesTest-1390492733-project] Calling method 'show' {{(pid=101512) _process_stack /opt/stack/cinder/cinder/api/openstack/wsgi.py:856}}
Sep 01 12:11:46.969126 dv-cinder-806726-3-smb devstack@c-api.service[101512]: /usr/local/lib/python3.8/dist-packages/oslo_context/context.py:105: DeprecationWarning: Policy enforcement is depending on the value of is_admin. This key is deprecated. Please update your policy file to use the standard policy values.
Sep 01 12:11:46.969126 dv-cinder-806726-3-smb devstack@c-api.service[101512]: warnings.warn('Policy enforcement is depending on the value of '
Sep 01 12:11:46.979807 dv-cinder-806726-3-smb devstack@c-api.service[101512]: INFO cinder.volume.api [None req-55d74eea-9a91-4de9-8798-cae8869619f7 tempest-UserMessagesTest-1390492733 tempest-UserMessagesTest-1390492733-project] Volume info retrieved successfully.
Sep 01 12:11:46.998895 dv-cinder-806726-3-smb devstack@c-api.service[101512]: INFO cinder.api.openstack.wsgi [None req-55d74eea-9a91-4de9-8798-cae8869619f7 tempest-UserMessagesTest-1390492733 tempest-UserMessagesTest-1390492733-project] http://10.222.0.46/volume/v3/c4318f516aa24b6ba2805e9f3e493d6d/volumes/8d506cbe-bf2f-4d74-bdaf-12b4807ebb63 returned with HTTP 200
Sep 01 12:11:47.007948 dv-cinder-806726-3-smb devstack@c-api.service[101512]: [pid: 101512|app: 0|req: 93/164] 10.222.0.46 () {60 vars in 1365 bytes} [Wed Sep 1 12:11:46 2021] GET /volume/v3/c4318f516aa24b6ba2805e9f3e493d6d/volumes/8d506cbe-bf2f-4d74-bdaf-12b4807ebb63 => generated 941 bytes in 63 msecs (HTTP/1.1 200) 7 headers in 285 bytes (2 switches on core 0)
Sep 01 12:11:47.030061 dv-cinder-806726-3-smb devstack@c-api.service[101512]: INFO cinder.api.openstack.wsgi [None req-49385aad-48cd-4ad5-84bc-645ebf24379a tempest-UserMessagesTest-1390492733 tempest-UserMessagesTest-1390492733-project] GET http://10.222.0.46/volume/v3/c4318f516aa24b6ba2805e9f3e493d6d/messages
Sep 01 12:11:47.030622 dv-cinder-806726-3-smb devstack@c-api.service[101512]: DEBUG cinder.api.openstack.wsgi [None req-49385aad-48cd-4ad5-84bc-645ebf24379a tempest-UserMessagesTest-1390492733 tempest-UserMessagesTest-1390492733-project] Empty body provided in request {{(pid=101512) get_body /opt/stack/cinder/cinder/api/openstack/wsgi.py:703}}
Sep 01 12:11:47.030791 dv-cinder-806726-3-smb devstack@c-api.service[101512]: /usr/local/lib/python3.8/dist-packages/webob/acceptparse.py:1047: DeprecationWarning: The behavior of AcceptValidHeader.best_match is currently being maintained for backward compatibility, but it will be deprecated in the future, as it does not conform to the RFC.
Sep 01 12:11:47.030791 dv-cinder-806726-3-smb devstack@c-api.service[101512]: warnings.warn(
Sep 01 12:11:47.031130 dv-cinder-806726-3-smb devstack@c-api.service[101512]: DEBUG cinder.api.openstack.wsgi [None req-49385aad-48cd-4ad5-84bc-645ebf24379a tempest-UserMessagesTest-1390492733 tempest-UserMessagesTest-1390492733-project] Calling method 'version_select' {{(pid=101512) _process_stack /opt/stack/cinder/cinder/api/openstack/wsgi.py:856}}
Sep 01 12:11:47.038816 dv-cinder-806726-3-smb devstack@c-api.service[101512]: INFO cinder.api.openstack.wsgi [None req-49385aad-48cd-4ad5-84bc-645ebf24379a tempest-UserMessagesTest-1390492733 tempest-UserMessagesTest-1390492733-project] http://10.222.0.46/volume/v3/c4318f516aa24b6ba2805e9f3e493d6d/messages returned with HTTP 200
Sep 01 12:11:47.039585 dv-cinder-806726-3-smb devstack@c-api.service[101512]: [pid: 101512|app: 0|req: 94/165] 10.222.0.46 () {60 vars in 1257 bytes} [Wed Sep 1 12:11:47 2021] GET /volume/v3/c4318f516aa24b6ba2805e9f3e493d6d/messages => generated 736 bytes in 14 msecs (HTTP/1.1 200) 7 headers in 285 bytes (2 switches on core 0)
Sep 01 12:11:47.055701 dv-cinder-806726-3-smb devstack@c-api.service[101512]: INFO cinder.api.openstack.wsgi [None req-b926e01b-884f-4484-ad38-6c5a78cee42e tempest-UserMessagesTest-1390492733 tempest-UserMessagesTest-1390492733-project] GET http://10.222.0.46/volume/v3/c4318f516aa24b6ba2805e9f3e493d6d/messages/daf3452c-4773-4139-a4a9-8e704825de4e
Sep 01 12:11:47.058439 dv-cinder-806726-3-smb devstack@c-api.service[101512]: DEBUG cinder.api.openstack.wsgi [None req-b926e01b-884f-4484-ad38-6c5a78cee42e tempest-UserMessagesTest-1390492733 tempest-UserMessagesTest-1390492733-project] Empty body provided in request {{(pid=101512) get_body /opt/stack/cinder/cinder/api/openstack/wsgi.py:703}}
Sep 01 12:11:47.058439 dv-cinder-806726-3-smb devstack@c-api.service[101512]: DEBUG cinder.api.openstack.wsgi [None req-b926e01b-884f-4484-ad38-6c5a78cee42e tempest-UserMessagesTest-1390492733 tempest-UserMessagesTest-1390492733-project] Calling method 'version_select' {{(pid=101512) _process_stack /opt/stack/cinder/cinder/api/openstack/wsgi.py:856}}
Sep 01 12:11:47.066171 dv-cinder-806726-3-smb devstack@c-api.service[101512]: INFO cinder.api.openstack.wsgi [None req-b926e01b-884f-4484-ad38-6c5a78cee42e tempest-UserMessagesTest-1390492733 tempest-UserMessagesTest-1390492733-project] http://10.222.0.46/volume/v3/c4318f516aa24b6ba2805e9f3e493d6d/messages/daf3452c-4773-4139-a4a9-8e704825de4e returned with HTTP 200
Sep 01 12:11:47.067679 dv-cinder-806726-3-smb devstack@c-api.service[101512]: [pid: 101512|app: 0|req: 95/166] 10.222.0.46 () {60 vars in 1368 bytes} [Wed Sep 1 12:11:47 2021] GET /volume/v3/c4318f516aa24b6ba2805e9f3e493d6d/messages/daf3452c-4773-4139-a4a9-8e704825de4e => generated 733 bytes in 19 msecs (HTTP/1.1 200) 7 headers in 285 bytes (2 switches on core 0)
Sep 01 12:11:47.083230 dv-cinder-806726-3-smb devstack@c-api.service[101512]: INFO cinder.api.openstack.wsgi [None req-8a9e1406-8bf7-4ba4-b016-22be1036b7c5 tempest-UserMessagesTest-1390492733 tempest-UserMessagesTest-1390492733-project] GET http://10.222.0.46/volume/v3/c4318f516aa24b6ba2805e9f3e493d6d/messages
Sep 01 12:11:47.084163 dv-cinder-806726-3-smb devstack@c-api.service[101512]: DEBUG cinder.api.openstack.wsgi [None req-8a9e1406-8bf7-4ba4-b016-22be1036b7c5 tempest-UserMessagesTest-1390492733 tempest-UserMessagesTest-1390492733-project] Empty body provided in request {{(pid=101512) get_body /opt/stack/cinder/cinder/api/openstack/wsgi.py:703}}
Sep 01 12:11:47.084878 dv-cinder-806726-3-smb devstack@c-api.service[101512]: DEBUG cinder.api.openstack.wsgi [None req-8a9e1406-8bf7-4ba4-b016-22be1036b7c5 tempest-UserMessagesTest-1390492733 tempest-UserMessagesTest-1390492733-project] Calling method 'version_select' {{(pid=101512) _process_stack /opt/stack/cinder/cinder/api/openstack/wsgi.py:856}}
Sep 01 12:11:47.095570 dv-cinder-806726-3-smb devstack@c-api.service[101512]: INFO cinder.api.openstack.wsgi [None req-8a9e1406-8bf7-4ba4-b016-22be1036b7c5 tempest-UserMessagesTest-1390492733 tempest-UserMessagesTest-1390492733-project] http://10.222.0.46/volume/v3/c4318f516aa24b6ba2805e9f3e493d6d/messages returned with HTTP 200
Sep 01 12:11:47.097305 dv-cinder-806726-3-smb devstack@c-api.service[101512]: [pid: 101512|app: 0|req: 96/167] 10.222.0.46 () {60 vars in 1257 bytes} [Wed Sep 1 12:11:47 2021] GET /volume/v3/c4318f516aa24b6ba2805e9f3e493d6d/messages => generated 736 bytes in 20 msecs (HTTP/1.1 200) 7 headers in 285 bytes (2 switches on core 0)
Sep 01 12:11:47.113207 dv-cinder-806726-3-smb devstack@c-api.service[101512]: INFO cinder.api.openstack.wsgi [None req-3d432630-4fa3-49bf-a124-e7cd9495525a tempest-UserMessagesTest-1390492733 tempest-UserMessagesTest-1390492733-project] DELETE http://10.222.0.46/volume/v3/c4318f516aa24b6ba2805e9f3e493d6d/messages/daf3452c-4773-4139-a4a9-8e704825de4e
Sep 01 12:11:47.114177 dv-cinder-806726-3-smb devstack@c-api.service[101512]: DEBUG cinder.api.openstack.wsgi [None req-3d432630-4fa3-49bf-a124-e7cd9495525a tempest-UserMessagesTest-1390492733 tempest-UserMessagesTest-1390492733-project] Empty body provided in request {{(pid=101512) get_body /opt/stack/cinder/cinder/api/openstack/wsgi.py:703}}
Sep 01 12:11:47.114865 dv-cinder-806726-3-smb devstack@c-api.service[101512]: DEBUG cinder.api.openstack.wsgi [None req-3d432630-4fa3-49bf-a124-e7cd9495525a tempest-UserMessagesTest-1390492733 tempest-UserMessagesTest-1390492733-project] Calling method 'version_select' {{(pid=101512) _process_stack /opt/stack/cinder/cinder/api/openstack/wsgi.py:856}}
Sep 01 12:11:47.198411 dv-cinder-806726-3-smb devstack@c-api.service[101511]: DEBUG cinder.quota [None req-87b6638c-b4cf-47d1-8c53-5e0a6c3b8035 tempest-GroupSnapshotsTest-2129619172 tempest-GroupSnapshotsTest-2129619172-project] Created reservations ['d5b1188f-ef53-47fc-9eb6-ce3c6cd042cd', 'd60a99aa-0491-490b-aad4-52ce5ce90dff', 'be2a9ab1-5993-49ea-8527-5b8135f8ef03', 'b26dc794-03f0-465b-b5d1-5e35afe5f7fe'] {{(pid=101511) reserve /opt/stack/cinder/cinder/quota.py:755}}
Sep 01 12:11:47.200316 dv-cinder-806726-3-smb devstack@c-api.service[101511]: DEBUG cinder.volume.api [None req-87b6638c-b4cf-47d1-8c53-5e0a6c3b8035 tempest-GroupSnapshotsTest-2129619172 tempest-GroupSnapshotsTest-2129619172-project] Task 'cinder.volume.flows.api.create_volume.QuotaReserveTask;volume:create' (15d7e489-3b0f-405f-a7f5-7e03f947ec2a) transitioned into state 'SUCCESS' from state 'RUNNING' with result '{'reservations': ['d5b1188f-ef53-47fc-9eb6-ce3c6cd042cd', 'd60a99aa-0491-490b-aad4-52ce5ce90dff', 'be2a9ab1-5993-49ea-8527-5b8135f8ef03', 'b26dc794-03f0-465b-b5d1-5e35afe5f7fe']}' {{(pid=101511) _task_receiver /usr/local/lib/python3.8/dist-packages/taskflow/listeners/logging.py:178}}
Sep 01 12:11:47.205641 dv-cinder-806726-3-smb devstack@c-api.service[101511]: DEBUG cinder.volume.api [None req-87b6638c-b4cf-47d1-8c53-5e0a6c3b8035 tempest-GroupSnapshotsTest-2129619172 tempest-GroupSnapshotsTest-2129619172-project] Task 'cinder.volume.flows.api.create_volume.EntryCreateTask;volume:create' (86ee9319-9b5f-432b-ab66-bec73d49005d) transitioned into state 'RUNNING' from state 'PENDING' {{(pid=101511) _task_receiver /usr/local/lib/python3.8/dist-packages/taskflow/listeners/logging.py:190}}
Sep 01 12:11:47.261208 dv-cinder-806726-3-smb devstack@c-api.service[101512]: INFO cinder.api.openstack.wsgi [None req-3d432630-4fa3-49bf-a124-e7cd9495525a tempest-UserMessagesTest-1390492733 tempest-UserMessagesTest-1390492733-project] http://10.222.0.46/volume/v3/c4318f516aa24b6ba2805e9f3e493d6d/messages/daf3452c-4773-4139-a4a9-8e704825de4e returned with HTTP 204
Sep 01 12:11:47.268603 dv-cinder-806726-3-smb devstack@c-api.service[101512]: [pid: 101512|app: 0|req: 97/168] 10.222.0.46 () {60 vars in 1371 bytes} [Wed Sep 1 12:11:47 2021] DELETE /volume/v3/c4318f516aa24b6ba2805e9f3e493d6d/messages/daf3452c-4773-4139-a4a9-8e704825de4e => generated 0 bytes in 155 msecs (HTTP/1.1 204) 6 headers in 235 bytes (2 switches on core 0)
Sep 01 12:11:47.272569 dv-cinder-806726-3-smb devstack@c-api.service[101512]: INFO cinder.api.openstack.wsgi [None req-f1138707-9eb8-4c6b-8335-c3bf5b09e15c tempest-UserMessagesTest-1390492733 tempest-UserMessagesTest-1390492733-project] DELETE http://10.222.0.46/volume/v3/c4318f516aa24b6ba2805e9f3e493d6d/volumes/8d506cbe-bf2f-4d74-bdaf-12b4807ebb63
Sep 01 12:11:47.273235 dv-cinder-806726-3-smb devstack@c-api.service[101512]: DEBUG cinder.api.openstack.wsgi [None req-f1138707-9eb8-4c6b-8335-c3bf5b09e15c tempest-UserMessagesTest-1390492733 tempest-UserMessagesTest-1390492733-project] Empty body provided in request {{(pid=101512) get_body /opt/stack/cinder/cinder/api/openstack/wsgi.py:703}}
Sep 01 12:11:47.273826 dv-cinder-806726-3-smb devstack@c-api.service[101512]: DEBUG cinder.api.openstack.wsgi [None req-f1138707-9eb8-4c6b-8335-c3bf5b09e15c tempest-UserMessagesTest-1390492733 tempest-UserMessagesTest-1390492733-project] Calling method 'delete' {{(pid=101512) _process_stack /opt/stack/cinder/cinder/api/openstack/wsgi.py:856}}
Sep 01 12:11:47.274378 dv-cinder-806726-3-smb devstack@c-api.service[101512]: INFO cinder.api.v3.volumes [None req-f1138707-9eb8-4c6b-8335-c3bf5b09e15c tempest-UserMessagesTest-1390492733 tempest-UserMessagesTest-1390492733-project] Delete volume with id: 8d506cbe-bf2f-4d74-bdaf-12b4807ebb63
Sep 01 12:11:47.315327 dv-cinder-806726-3-smb devstack@c-api.service[101512]: /usr/local/lib/python3.8/dist-packages/oslo_context/context.py:105: DeprecationWarning: Policy enforcement is depending on the value of is_admin. This key is deprecated. Please update your policy file to use the standard policy values.
Sep 01 12:11:47.315327 dv-cinder-806726-3-smb devstack@c-api.service[101512]: warnings.warn('Policy enforcement is depending on the value of '
Sep 01 12:11:47.316921 dv-cinder-806726-3-smb devstack@c-api.service[101512]: INFO cinder.volume.api [None req-f1138707-9eb8-4c6b-8335-c3bf5b09e15c tempest-UserMessagesTest-1390492733 tempest-UserMessagesTest-1390492733-project] Volume info retrieved successfully.
Sep 01 12:11:47.320722 dv-cinder-806726-3-smb devstack@c-api.service[101512]: DEBUG cinder.volume.api [None req-f1138707-9eb8-4c6b-8335-c3bf5b09e15c tempest-UserMessagesTest-1390492733 tempest-UserMessagesTest-1390492733-project] Decrease volume quotas for non temporary volume in non error_managing status. {{(pid=101512) delete /opt/stack/cinder/cinder/volume/api.py:406}}
Sep 01 12:11:47.335352 dv-cinder-806726-3-smb devstack@c-api.service[101511]: DEBUG cinder.volume.api [None req-87b6638c-b4cf-47d1-8c53-5e0a6c3b8035 tempest-GroupSnapshotsTest-2129619172 tempest-GroupSnapshotsTest-2129619172-project] Task 'cinder.volume.flows.api.create_volume.EntryCreateTask;volume:create' (86ee9319-9b5f-432b-ab66-bec73d49005d) transitioned into state 'SUCCESS' from state 'RUNNING' with result '{'volume_id': 'b02f1e67-ea7d-4bd0-8848-f705a361d907', 'volume_properties': VolumeProperties(attach_status='detached',availability_zone='nova',cgsnapshot_id=None,consistencygroup_id=None,display_description=None,display_name='tempest-GroupSnapshotsTest-Volume-1555880203',encryption_key_id=None,group_id=8e465022-e3b9-4b6f-930f-1734c49eb2c7,group_type_id=,metadata={},multiattach=False,project_id='70984488578f4998af78e97a8e021916',qos_specs=None,replication_status=,reservations=['d5b1188f-ef53-47fc-9eb6-ce3c6cd042cd','d60a99aa-0491-490b-aad4-52ce5ce90dff','be2a9ab1-5993-49ea-8527-5b8135f8ef03','b26dc794-03f0-465b-b5d1-5e35afe5f7fe'],size=1,snapshot_id=None,source_replicaid=,source_volid=None,status='creating',user_id='cd1006ee768845d1b3286a0cbbce8936',volume_type_id=630ddddf-c07a-4956-beaf-ce7c00c1fd02), 'volume': Volume(_name_id=None,admin_metadata=,attach_status='detached',availability_zone='nova',bootable=False,cluster=,cluster_name=None,consistencygroup=,consistencygroup_id=None,created_at=2021-09-01T12:11:47Z,deleted=False,deleted_at=None,display_description=None,display_name='tempest-GroupSnapshotsTest-Volume-1555880203',ec2_id=None,encryption_key_id=None,glance_metadata=,group=,group_id=8e465022-e3b9-4b6f-930f-1734c49eb2c7,host=None,id=b02f1e67-ea7d-4bd0-8848-f705a361d907,launched_at=None,metadata={},migration_status=None,multiattach=False,previous_status=None,project_id='70984488578f4998af78e97a8e021916',provider_auth=None,provider_geometry=None,provider_id=None,provider_location=None,replication_driver_data=None,replication_extended_status=None,replication_status=None,scheduled_at=None,service_uuid=None,shared_targets=True,size=1,snapshot_id=None,snapshots=,source_volid=None,status='creating',terminated_at=None,updated_at=None,use_quota=True,user_id='cd1006ee768845d1b3286a0cbbce8936',volume_attachment=,volume_type=VolumeType(630ddddf-c07a-4956-beaf-ce7c00c1fd02),volume_type_id=630ddddf-c07a-4956-beaf-ce7c00c1fd02)}' {{(pid=101511) _task_receiver /usr/local/lib/python3.8/dist-packages/taskflow/listeners/logging.py:178}}
Sep 01 12:11:47.343347 dv-cinder-806726-3-smb devstack@c-api.service[101511]: DEBUG cinder.volume.api [None req-87b6638c-b4cf-47d1-8c53-5e0a6c3b8035 tempest-GroupSnapshotsTest-2129619172 tempest-GroupSnapshotsTest-2129619172-project] Task 'cinder.volume.flows.api.create_volume.QuotaCommitTask;volume:create' (5bea5db1-6a35-4c3c-9700-884c82ad9a60) transitioned into state 'RUNNING' from state 'PENDING' {{(pid=101511) _task_receiver /usr/local/lib/python3.8/dist-packages/taskflow/listeners/logging.py:190}}
Sep 01 12:11:47.465172 dv-cinder-806726-3-smb devstack@c-api.service[101511]: DEBUG cinder.volume.api [None req-87b6638c-b4cf-47d1-8c53-5e0a6c3b8035 tempest-GroupSnapshotsTest-2129619172 tempest-GroupSnapshotsTest-2129619172-project] Task 'cinder.volume.flows.api.create_volume.QuotaCommitTask;volume:create' (5bea5db1-6a35-4c3c-9700-884c82ad9a60) transitioned into state 'SUCCESS' from state 'RUNNING' with result '{'volume_properties': VolumeProperties(attach_status='detached',availability_zone='nova',cgsnapshot_id=None,consistencygroup_id=None,display_description=None,display_name='tempest-GroupSnapshotsTest-Volume-1555880203',encryption_key_id=None,group_id=8e465022-e3b9-4b6f-930f-1734c49eb2c7,group_type_id=,metadata={},multiattach=False,project_id='70984488578f4998af78e97a8e021916',qos_specs=None,replication_status=,reservations=['d5b1188f-ef53-47fc-9eb6-ce3c6cd042cd','d60a99aa-0491-490b-aad4-52ce5ce90dff','be2a9ab1-5993-49ea-8527-5b8135f8ef03','b26dc794-03f0-465b-b5d1-5e35afe5f7fe'],size=1,snapshot_id=None,source_replicaid=,source_volid=None,status='creating',user_id='cd1006ee768845d1b3286a0cbbce8936',volume_type_id=630ddddf-c07a-4956-beaf-ce7c00c1fd02)}' {{(pid=101511) _task_receiver /usr/local/lib/python3.8/dist-packages/taskflow/listeners/logging.py:178}}
Sep 01 12:11:47.469824 dv-cinder-806726-3-smb devstack@c-api.service[101511]: DEBUG cinder.volume.api [None req-87b6638c-b4cf-47d1-8c53-5e0a6c3b8035 tempest-GroupSnapshotsTest-2129619172 tempest-GroupSnapshotsTest-2129619172-project] Task 'cinder.volume.flows.api.create_volume.VolumeCastTask;volume:create' (9d6bcf07-955f-4ee5-bc76-ad9ed04adb55) transitioned into state 'RUNNING' from state 'PENDING' {{(pid=101511) _task_receiver /usr/local/lib/python3.8/dist-packages/taskflow/listeners/logging.py:190}}
Sep 01 12:11:47.547672 dv-cinder-806726-3-smb devstack@c-api.service[101512]: DEBUG cinder.quota [None req-f1138707-9eb8-4c6b-8335-c3bf5b09e15c tempest-UserMessagesTest-1390492733 tempest-UserMessagesTest-1390492733-project] Created reservations ['14596c70-822d-4b12-992c-efc345a220da', 'd6c999e9-cfe9-411a-bc75-21c44f7f76fa', '8f0b65ff-39a0-477e-86b0-004c8429588a', '909a83f3-266b-4a2c-9efd-2ae286a4d0f2'] {{(pid=101512) reserve /opt/stack/cinder/cinder/quota.py:755}}
Sep 01 12:11:47.603743 dv-cinder-806726-3-smb devstack@c-api.service[101511]: DEBUG cinder.volume.api [None req-87b6638c-b4cf-47d1-8c53-5e0a6c3b8035 tempest-GroupSnapshotsTest-2129619172 tempest-GroupSnapshotsTest-2129619172-project] Task 'cinder.volume.flows.api.create_volume.VolumeCastTask;volume:create' (9d6bcf07-955f-4ee5-bc76-ad9ed04adb55) transitioned into state 'SUCCESS' from state 'RUNNING' with result 'None' {{(pid=101511) _task_receiver /usr/local/lib/python3.8/dist-packages/taskflow/listeners/logging.py:178}}
Sep 01 12:11:47.610877 dv-cinder-806726-3-smb devstack@c-api.service[101511]: DEBUG cinder.volume.api [None req-87b6638c-b4cf-47d1-8c53-5e0a6c3b8035 tempest-GroupSnapshotsTest-2129619172 tempest-GroupSnapshotsTest-2129619172-project] Flow 'volume_create_api' (1abd9dbd-5878-473e-b8e5-9ea19a04e6fc) transitioned into state 'SUCCESS' from state 'RUNNING' {{(pid=101511) _flow_receiver /usr/local/lib/python3.8/dist-packages/taskflow/listeners/logging.py:141}}
Sep 01 12:11:47.616540 dv-cinder-806726-3-smb devstack@c-api.service[101511]: INFO cinder.volume.api [None req-87b6638c-b4cf-47d1-8c53-5e0a6c3b8035 tempest-GroupSnapshotsTest-2129619172 tempest-GroupSnapshotsTest-2129619172-project] Create volume request issued successfully.
Sep 01 12:11:47.641806 dv-cinder-806726-3-smb devstack@c-api.service[101511]: WARNING stevedore.named [None req-87b6638c-b4cf-47d1-8c53-5e0a6c3b8035 tempest-GroupSnapshotsTest-2129619172 tempest-GroupSnapshotsTest-2129619172-project] Could not load cinder.keymgr.conf_key_mgr.ConfKeyManager
Sep 01 12:11:47.647321 dv-cinder-806726-3-smb devstack@c-api.service[101511]: WARNING castellan.key_manager [None req-87b6638c-b4cf-47d1-8c53-5e0a6c3b8035 tempest-GroupSnapshotsTest-2129619172 tempest-GroupSnapshotsTest-2129619172-project] Deprecation Warning : cinder.keymgr.conf_key_mgr.ConfKeyManager is not a stevedore based driver, trying to load it as a class: stevedore.exception.NoMatches: No 'castellan.drivers' driver found, looking for 'cinder.keymgr.conf_key_mgr.ConfKeyManager'
Sep 01 12:11:47.664097 dv-cinder-806726-3-smb devstack@c-api.service[101511]: DEBUG oslo_db.sqlalchemy.engines [None req-87b6638c-b4cf-47d1-8c53-5e0a6c3b8035 tempest-GroupSnapshotsTest-2129619172 tempest-GroupSnapshotsTest-2129619172-project] MySQL server mode set to STRICT_TRANS_TABLES,STRICT_ALL_TABLES,NO_ZERO_IN_DATE,NO_ZERO_DATE,ERROR_FOR_DIVISION_BY_ZERO,TRADITIONAL,NO_ENGINE_SUBSTITUTION {{(pid=101511) _check_effective_sql_mode /usr/local/lib/python3.8/dist-packages/oslo_db/sqlalchemy/engines.py:314}}
Sep 01 12:11:47.675184 dv-cinder-806726-3-smb devstack@c-api.service[101511]: /usr/local/lib/python3.8/dist-packages/oslo_context/context.py:105: DeprecationWarning: Policy enforcement is depending on the value of is_admin. This key is deprecated. Please update your policy file to use the standard policy values.
Sep 01 12:11:47.675184 dv-cinder-806726-3-smb devstack@c-api.service[101511]: warnings.warn('Policy enforcement is depending on the value of '
Sep 01 12:11:47.688611 dv-cinder-806726-3-smb devstack@c-api.service[101511]: INFO cinder.api.openstack.wsgi [None req-87b6638c-b4cf-47d1-8c53-5e0a6c3b8035 tempest-GroupSnapshotsTest-2129619172 tempest-GroupSnapshotsTest-2129619172-project] http://10.222.0.46/volume/v3/70984488578f4998af78e97a8e021916/volumes returned with HTTP 202
Sep 01 12:11:47.689698 dv-cinder-806726-3-smb devstack@c-api.service[101511]: [pid: 101511|app: 0|req: 72/169] 10.222.0.46 () {62 vars in 1277 bytes} [Wed Sep 1 12:11:46 2021] POST /volume/v3/70984488578f4998af78e97a8e021916/volumes => generated 907 bytes in 1048 msecs (HTTP/1.1 202) 7 headers in 292 bytes (1 switches on core 0)
Sep 01 12:11:47.707515 dv-cinder-806726-3-smb devstack@c-api.service[101511]: INFO cinder.api.openstack.wsgi [None req-987f52e2-cbae-4626-a813-0116dc4076d0 tempest-GroupSnapshotsTest-2129619172 tempest-GroupSnapshotsTest-2129619172-project] GET http://10.222.0.46/volume/v3/70984488578f4998af78e97a8e021916/volumes/b02f1e67-ea7d-4bd0-8848-f705a361d907
Sep 01 12:11:47.708377 dv-cinder-806726-3-smb devstack@c-api.service[101511]: DEBUG cinder.api.openstack.wsgi [None req-987f52e2-cbae-4626-a813-0116dc4076d0 tempest-GroupSnapshotsTest-2129619172 tempest-GroupSnapshotsTest-2129619172-project] Empty body provided in request {{(pid=101511) get_body /opt/stack/cinder/cinder/api/openstack/wsgi.py:703}}
Sep 01 12:11:47.708793 dv-cinder-806726-3-smb devstack@c-api.service[101511]: /usr/local/lib/python3.8/dist-packages/webob/acceptparse.py:1047: DeprecationWarning: The behavior of AcceptValidHeader.best_match is currently being maintained for backward compatibility, but it will be deprecated in the future, as it does not conform to the RFC.
Sep 01 12:11:47.708793 dv-cinder-806726-3-smb devstack@c-api.service[101511]: warnings.warn(
Sep 01 12:11:47.709462 dv-cinder-806726-3-smb devstack@c-api.service[101511]: DEBUG cinder.api.openstack.wsgi [None req-987f52e2-cbae-4626-a813-0116dc4076d0 tempest-GroupSnapshotsTest-2129619172 tempest-GroupSnapshotsTest-2129619172-project] Calling method 'show' {{(pid=101511) _process_stack /opt/stack/cinder/cinder/api/openstack/wsgi.py:856}}
Sep 01 12:11:47.732295 dv-cinder-806726-3-smb devstack@c-api.service[101511]: /usr/local/lib/python3.8/dist-packages/oslo_context/context.py:105: DeprecationWarning: Policy enforcement is depending on the value of is_admin. This key is deprecated. Please update your policy file to use the standard policy values.
Sep 01 12:11:47.732295 dv-cinder-806726-3-smb devstack@c-api.service[101511]: warnings.warn('Policy enforcement is depending on the value of '
Sep 01 12:11:47.816883 dv-cinder-806726-3-smb devstack@c-api.service[101511]: INFO cinder.volume.api [None req-987f52e2-cbae-4626-a813-0116dc4076d0 tempest-GroupSnapshotsTest-2129619172 tempest-GroupSnapshotsTest-2129619172-project] Volume info retrieved successfully.
Sep 01 12:11:47.838839 dv-cinder-806726-3-smb devstack@c-api.service[101512]: INFO cinder.volume.api [None req-f1138707-9eb8-4c6b-8335-c3bf5b09e15c tempest-UserMessagesTest-1390492733 tempest-UserMessagesTest-1390492733-project] Delete volume request issued successfully.
Sep 01 12:11:47.839280 dv-cinder-806726-3-smb devstack@c-api.service[101512]: INFO cinder.api.openstack.wsgi [None req-f1138707-9eb8-4c6b-8335-c3bf5b09e15c tempest-UserMessagesTest-1390492733 tempest-UserMessagesTest-1390492733-project] http://10.222.0.46/volume/v3/c4318f516aa24b6ba2805e9f3e493d6d/volumes/8d506cbe-bf2f-4d74-bdaf-12b4807ebb63 returned with HTTP 202
Sep 01 12:11:47.843039 dv-cinder-806726-3-smb devstack@c-api.service[101511]: WARNING stevedore.named [None req-987f52e2-cbae-4626-a813-0116dc4076d0 tempest-GroupSnapshotsTest-2129619172 tempest-GroupSnapshotsTest-2129619172-project] Could not load cinder.keymgr.conf_key_mgr.ConfKeyManager
Sep 01 12:11:47.843215 dv-cinder-806726-3-smb devstack@c-api.service[101512]: [pid: 101512|app: 0|req: 98/170] 10.222.0.46 () {58 vars in 1328 bytes} [Wed Sep 1 12:11:47 2021] DELETE /volume/v3/c4318f516aa24b6ba2805e9f3e493d6d/volumes/8d506cbe-bf2f-4d74-bdaf-12b4807ebb63 => generated 0 bytes in 571 msecs (HTTP/1.1 202) 6 headers in 233 bytes (1 switches on core 0)
Sep 01 12:11:47.843320 dv-cinder-806726-3-smb devstack@c-api.service[101511]: WARNING castellan.key_manager [None req-987f52e2-cbae-4626-a813-0116dc4076d0 tempest-GroupSnapshotsTest-2129619172 tempest-GroupSnapshotsTest-2129619172-project] Deprecation Warning : cinder.keymgr.conf_key_mgr.ConfKeyManager is not a stevedore based driver, trying to load it as a class: stevedore.exception.NoMatches: No 'castellan.drivers' driver found, looking for 'cinder.keymgr.conf_key_mgr.ConfKeyManager'
Sep 01 12:11:47.847883 dv-cinder-806726-3-smb devstack@c-api.service[101512]: INFO cinder.api.openstack.wsgi [None req-37736fb6-7f67-4781-a6ae-b6488f140355 tempest-VolumeManageAdminTest-1131519468 tempest-VolumeManageAdminTest-1131519468-project-admin] GET http://10.222.0.46/volume/v3/a52721f8c6974470928053e109a2ef69/volumes/37a42d21-92c0-402b-887c-25c5813973ff
Sep 01 12:11:47.851323 dv-cinder-806726-3-smb devstack@c-api.service[101512]: DEBUG cinder.api.openstack.wsgi [None req-37736fb6-7f67-4781-a6ae-b6488f140355 tempest-VolumeManageAdminTest-1131519468 tempest-VolumeManageAdminTest-1131519468-project-admin] Empty body provided in request {{(pid=101512) get_body /opt/stack/cinder/cinder/api/openstack/wsgi.py:703}}
Sep 01 12:11:47.851323 dv-cinder-806726-3-smb devstack@c-api.service[101512]: /usr/local/lib/python3.8/dist-packages/webob/acceptparse.py:1047: DeprecationWarning: The behavior of AcceptValidHeader.best_match is currently being maintained for backward compatibility, but it will be deprecated in the future, as it does not conform to the RFC.
Sep 01 12:11:47.851323 dv-cinder-806726-3-smb devstack@c-api.service[101512]: warnings.warn(
Sep 01 12:11:47.851323 dv-cinder-806726-3-smb devstack@c-api.service[101512]: DEBUG cinder.api.openstack.wsgi [None req-37736fb6-7f67-4781-a6ae-b6488f140355 tempest-VolumeManageAdminTest-1131519468 tempest-VolumeManageAdminTest-1131519468-project-admin] Calling method 'show' {{(pid=101512) _process_stack /opt/stack/cinder/cinder/api/openstack/wsgi.py:856}}
Sep 01 12:11:47.861697 dv-cinder-806726-3-smb devstack@c-api.service[101511]: DEBUG oslo_db.sqlalchemy.engines [None req-987f52e2-cbae-4626-a813-0116dc4076d0 tempest-GroupSnapshotsTest-2129619172 tempest-GroupSnapshotsTest-2129619172-project] MySQL server mode set to STRICT_TRANS_TABLES,STRICT_ALL_TABLES,NO_ZERO_IN_DATE,NO_ZERO_DATE,ERROR_FOR_DIVISION_BY_ZERO,TRADITIONAL,NO_ENGINE_SUBSTITUTION {{(pid=101511) _check_effective_sql_mode /usr/local/lib/python3.8/dist-packages/oslo_db/sqlalchemy/engines.py:314}}
Sep 01 12:11:47.869826 dv-cinder-806726-3-smb devstack@c-api.service[101512]: /usr/local/lib/python3.8/dist-packages/oslo_context/context.py:105: DeprecationWarning: Policy enforcement is depending on the value of is_admin. This key is deprecated. Please update your policy file to use the standard policy values.
Sep 01 12:11:47.869826 dv-cinder-806726-3-smb devstack@c-api.service[101512]: warnings.warn('Policy enforcement is depending on the value of '
Sep 01 12:11:47.874479 dv-cinder-806726-3-smb devstack@c-api.service[101511]: /usr/local/lib/python3.8/dist-packages/oslo_context/context.py:105: DeprecationWarning: Policy enforcement is depending on the value of is_admin. This key is deprecated. Please update your policy file to use the standard policy values.
Sep 01 12:11:47.874479 dv-cinder-806726-3-smb devstack@c-api.service[101511]: warnings.warn('Policy enforcement is depending on the value of '
Sep 01 12:11:47.880720 dv-cinder-806726-3-smb devstack@c-api.service[101512]: INFO cinder.volume.api [None req-37736fb6-7f67-4781-a6ae-b6488f140355 tempest-VolumeManageAdminTest-1131519468 tempest-VolumeManageAdminTest-1131519468-project-admin] Volume info retrieved successfully.
Sep 01 12:11:47.898548 dv-cinder-806726-3-smb devstack@c-api.service[101511]: INFO cinder.api.openstack.wsgi [None req-987f52e2-cbae-4626-a813-0116dc4076d0 tempest-GroupSnapshotsTest-2129619172 tempest-GroupSnapshotsTest-2129619172-project] http://10.222.0.46/volume/v3/70984488578f4998af78e97a8e021916/volumes/b02f1e67-ea7d-4bd0-8848-f705a361d907 returned with HTTP 200
Sep 01 12:11:47.899103 dv-cinder-806726-3-smb devstack@c-api.service[101512]: INFO cinder.api.openstack.wsgi [None req-37736fb6-7f67-4781-a6ae-b6488f140355 tempest-VolumeManageAdminTest-1131519468 tempest-VolumeManageAdminTest-1131519468-project-admin] http://10.222.0.46/volume/v3/a52721f8c6974470928053e109a2ef69/volumes/37a42d21-92c0-402b-887c-25c5813973ff returned with HTTP 200
Sep 01 12:11:47.899854 dv-cinder-806726-3-smb devstack@c-api.service[101511]: [pid: 101511|app: 0|req: 73/171] 10.222.0.46 () {60 vars in 1366 bytes} [Wed Sep 1 12:11:47 2021] GET /volume/v3/70984488578f4998af78e97a8e021916/volumes/b02f1e67-ea7d-4bd0-8848-f705a361d907 => generated 975 bytes in 199 msecs (HTTP/1.1 200) 7 headers in 286 bytes (1 switches on core 0)
Sep 01 12:11:47.915408 dv-cinder-806726-3-smb devstack@c-api.service[101512]: [pid: 101512|app: 0|req: 99/172] 10.222.0.46 () {58 vars in 1325 bytes} [Wed Sep 1 12:11:47 2021] GET /volume/v3/a52721f8c6974470928053e109a2ef69/volumes/37a42d21-92c0-402b-887c-25c5813973ff => generated 1080 bytes in 72 msecs (HTTP/1.1 200) 7 headers in 286 bytes (1 switches on core 0)
Sep 01 12:11:47.915930 dv-cinder-806726-3-smb devstack@c-api.service[101511]: INFO cinder.api.openstack.wsgi [None req-dd944f54-758f-4aa3-86bc-bb6d56563c01 tempest-UserMessagesTest-1390492733 tempest-UserMessagesTest-1390492733-project] GET http://10.222.0.46/volume/v3/c4318f516aa24b6ba2805e9f3e493d6d/volumes/8d506cbe-bf2f-4d74-bdaf-12b4807ebb63
Sep 01 12:11:47.916927 dv-cinder-806726-3-smb devstack@c-api.service[101511]: DEBUG cinder.api.openstack.wsgi [None req-dd944f54-758f-4aa3-86bc-bb6d56563c01 tempest-UserMessagesTest-1390492733 tempest-UserMessagesTest-1390492733-project] Empty body provided in request {{(pid=101511) get_body /opt/stack/cinder/cinder/api/openstack/wsgi.py:703}}
Sep 01 12:11:47.916927 dv-cinder-806726-3-smb devstack@c-api.service[101511]: /usr/local/lib/python3.8/dist-packages/webob/acceptparse.py:1047: DeprecationWarning: The behavior of AcceptValidHeader.best_match is currently being maintained for backward compatibility, but it will be deprecated in the future, as it does not conform to the RFC.
Sep 01 12:11:47.916927 dv-cinder-806726-3-smb devstack@c-api.service[101511]: warnings.warn(
Sep 01 12:11:47.917180 dv-cinder-806726-3-smb devstack@c-api.service[101511]: DEBUG cinder.api.openstack.wsgi [None req-dd944f54-758f-4aa3-86bc-bb6d56563c01 tempest-UserMessagesTest-1390492733 tempest-UserMessagesTest-1390492733-project] Calling method 'show' {{(pid=101511) _process_stack /opt/stack/cinder/cinder/api/openstack/wsgi.py:856}}
Sep 01 12:11:47.937680 dv-cinder-806726-3-smb devstack@c-api.service[101511]: INFO cinder.api.openstack.wsgi [None req-dd944f54-758f-4aa3-86bc-bb6d56563c01 tempest-UserMessagesTest-1390492733 tempest-UserMessagesTest-1390492733-project] http://10.222.0.46/volume/v3/c4318f516aa24b6ba2805e9f3e493d6d/volumes/8d506cbe-bf2f-4d74-bdaf-12b4807ebb63 returned with HTTP 404
Sep 01 12:11:47.938137 dv-cinder-806726-3-smb devstack@c-api.service[101512]: INFO cinder.api.openstack.wsgi [None req-e3bea4da-3f48-49d1-9941-277930eef0db tempest-VolumeManageAdminTest-1131519468 tempest-VolumeManageAdminTest-1131519468-project-admin] GET http://10.222.0.46/volume/v3/a52721f8c6974470928053e109a2ef69/volumes/37a42d21-92c0-402b-887c-25c5813973ff
Sep 01 12:11:47.938583 dv-cinder-806726-3-smb devstack@c-api.service[101512]: DEBUG cinder.api.openstack.wsgi [None req-e3bea4da-3f48-49d1-9941-277930eef0db tempest-VolumeManageAdminTest-1131519468 tempest-VolumeManageAdminTest-1131519468-project-admin] Empty body provided in request {{(pid=101512) get_body /opt/stack/cinder/cinder/api/openstack/wsgi.py:703}}
Sep 01 12:11:47.938738 dv-cinder-806726-3-smb devstack@c-api.service[101512]: /usr/local/lib/python3.8/dist-packages/webob/acceptparse.py:1047: DeprecationWarning: The behavior of AcceptValidHeader.best_match is currently being maintained for backward compatibility, but it will be deprecated in the future, as it does not conform to the RFC.
Sep 01 12:11:47.938738 dv-cinder-806726-3-smb devstack@c-api.service[101512]: warnings.warn(
Sep 01 12:11:47.939053 dv-cinder-806726-3-smb devstack@c-api.service[101512]: DEBUG cinder.api.openstack.wsgi [None req-e3bea4da-3f48-49d1-9941-277930eef0db tempest-VolumeManageAdminTest-1131519468 tempest-VolumeManageAdminTest-1131519468-project-admin] Calling method 'show' {{(pid=101512) _process_stack /opt/stack/cinder/cinder/api/openstack/wsgi.py:856}}
Sep 01 12:11:47.939467 dv-cinder-806726-3-smb devstack@c-api.service[101511]: [pid: 101511|app: 0|req: 74/173] 10.222.0.46 () {58 vars in 1325 bytes} [Wed Sep 1 12:11:47 2021] GET /volume/v3/c4318f516aa24b6ba2805e9f3e493d6d/volumes/8d506cbe-bf2f-4d74-bdaf-12b4807ebb63 => generated 109 bytes in 39 msecs (HTTP/1.1 404) 7 headers in 292 bytes (1 switches on core 0)
Sep 01 12:11:47.951666 dv-cinder-806726-3-smb devstack@c-api.service[101511]: INFO cinder.api.openstack.wsgi [None req-e79e919c-4e2f-4ee7-9554-fdc2ad8089a0 tempest-UserMessagesTest-12592434 tempest-UserMessagesTest-12592434-project-admin] DELETE http://10.222.0.46/volume/v3/ce08e0be131f43599682485b27101e2e/types/2c606fcd-ceae-4b22-bef3-4f57bb408f3d
Sep 01 12:11:47.953253 dv-cinder-806726-3-smb devstack@c-api.service[101511]: DEBUG cinder.api.openstack.wsgi [None req-e79e919c-4e2f-4ee7-9554-fdc2ad8089a0 tempest-UserMessagesTest-12592434 tempest-UserMessagesTest-12592434-project-admin] Empty body provided in request {{(pid=101511) get_body /opt/stack/cinder/cinder/api/openstack/wsgi.py:703}}
Sep 01 12:11:47.954292 dv-cinder-806726-3-smb devstack@c-api.service[101511]: DEBUG cinder.api.openstack.wsgi [None req-e79e919c-4e2f-4ee7-9554-fdc2ad8089a0 tempest-UserMessagesTest-12592434 tempest-UserMessagesTest-12592434-project-admin] Calling method '_delete' {{(pid=101511) _process_stack /opt/stack/cinder/cinder/api/openstack/wsgi.py:856}}
Sep 01 12:11:47.956866 dv-cinder-806726-3-smb devstack@c-api.service[101512]: /usr/local/lib/python3.8/dist-packages/oslo_context/context.py:105: DeprecationWarning: Policy enforcement is depending on the value of is_admin. This key is deprecated. Please update your policy file to use the standard policy values.
Sep 01 12:11:47.956866 dv-cinder-806726-3-smb devstack@c-api.service[101512]: warnings.warn('Policy enforcement is depending on the value of '
Sep 01 12:11:47.967802 dv-cinder-806726-3-smb devstack@c-api.service[101512]: INFO cinder.volume.api [None req-e3bea4da-3f48-49d1-9941-277930eef0db tempest-VolumeManageAdminTest-1131519468 tempest-VolumeManageAdminTest-1131519468-project-admin] Volume info retrieved successfully.
Sep 01 12:11:47.982671 dv-cinder-806726-3-smb devstack@c-api.service[101512]: INFO cinder.api.openstack.wsgi [None req-e3bea4da-3f48-49d1-9941-277930eef0db tempest-VolumeManageAdminTest-1131519468 tempest-VolumeManageAdminTest-1131519468-project-admin] http://10.222.0.46/volume/v3/a52721f8c6974470928053e109a2ef69/volumes/37a42d21-92c0-402b-887c-25c5813973ff returned with HTTP 200
Sep 01 12:11:47.988038 dv-cinder-806726-3-smb devstack@c-api.service[101512]: [pid: 101512|app: 0|req: 100/174] 10.222.0.46 () {58 vars in 1325 bytes} [Wed Sep 1 12:11:47 2021] GET /volume/v3/a52721f8c6974470928053e109a2ef69/volumes/37a42d21-92c0-402b-887c-25c5813973ff => generated 1080 bytes in 49 msecs (HTTP/1.1 200) 7 headers in 286 bytes (1 switches on core 0)
Sep 01 12:11:48.000785 dv-cinder-806726-3-smb devstack@c-api.service[101512]: INFO cinder.api.openstack.wsgi [None req-6146c704-1adc-413b-b975-191252bc939b tempest-VolumeManageAdminTest-1131519468 tempest-VolumeManageAdminTest-1131519468-project-admin] DELETE http://10.222.0.46/volume/v3/a52721f8c6974470928053e109a2ef69/volumes/37a42d21-92c0-402b-887c-25c5813973ff
