Aug 31 11:29:14.896211 dv-cinder-806725-1-smb devstack@n-api.service[93449]: [pid: 93449|app: 0|req: 2/3] 10.222.0.82 () {60 vars in 1292 bytes} [Tue Aug 31 11:29:14 2021] GET /compute/v2.1/flavors/detail?is_public=True => generated 15 bytes in 647 msecs (HTTP/1.1 200) 9 headers in 358 bytes (1 switches on core 0)
Aug 31 11:29:17.569503 dv-cinder-806725-1-smb devstack@n-api.service[93448]: DEBUG nova.api.openstack.wsgi [None req-2bfd3da4-e172-43ee-adb9-ed71cb0d07c3 None None] Calling method '>' {{(pid=93448) _process_stack /opt/stack/nova/nova/api/openstack/wsgi.py:513}}
Aug 31 11:29:17.570508 dv-cinder-806725-1-smb devstack@n-api.service[93448]: INFO nova.api.openstack.requestlog [None req-2bfd3da4-e172-43ee-adb9-ed71cb0d07c3 None None] 10.222.0.82 "GET /compute/v2.1" status: 200 len: 388 microversion: 2.1 time: 0.001437
Aug 31 11:29:17.570913 dv-cinder-806725-1-smb devstack@n-api.service[93448]: [pid: 93448|app: 0|req: 2/4] 10.222.0.82 () {54 vars in 931 bytes} [Tue Aug 31 11:29:17 2021] GET /compute/v2.1 => generated 388 bytes in 2 msecs (HTTP/1.1 200) 9 headers in 357 bytes (1 switches on core 0)
Aug 31 11:29:17.642242 dv-cinder-806725-1-smb devstack@n-api.service[93449]: DEBUG nova.api.openstack.wsgi [None req-c6867f14-906a-4db3-ae15-8e5473b92531 admin admin] Action: 'create', calling method: >, body: {"flavor": {"ram": 256, "vcpus": 1, "OS-FLV-EXT-DATA:ephemeral": 0, "id": "c1", "swap": 0, "os-flavor-access:is_public": true, "rxtx_factor": 1.0, "name": "cirros256", "disk": 1}} {{(pid=93449) _process_stack /opt/stack/nova/nova/api/openstack/wsgi.py:511}}
Aug 31 11:29:17.662681 dv-cinder-806725-1-smb devstack@n-api.service[93449]: /usr/local/lib/python3.8/dist-packages/oslo_policy/policy.py:1064: UserWarning: Policy os_compute_api:os-flavor-manage:create failed scope check. The token used to make the request was project scoped but the policy requires ['system'] scope. This behavior may change in the future where using the intended scope is required
Aug 31 11:29:17.662681 dv-cinder-806725-1-smb devstack@n-api.service[93449]: warnings.warn(msg)
Aug 31 11:29:17.694025 dv-cinder-806725-1-smb devstack@n-api.service[93449]: INFO nova.api.openstack.requestlog [None req-c6867f14-906a-4db3-ae15-8e5473b92531 admin admin] 10.222.0.82 "POST /compute/v2.1/flavors" status: 200 len: 407 microversion: 2.61 time: 0.113861
Aug 31 11:29:17.695184 dv-cinder-806725-1-smb devstack@n-api.service[93449]: [pid: 93449|app: 0|req: 3/5] 10.222.0.82 () {64 vars in 1283 bytes} [Tue Aug 31 11:29:17 2021] POST /compute/v2.1/flavors => generated 407 bytes in 116 msecs (HTTP/1.1 200) 9 headers in 359 bytes (1 switches on core 0)
Aug 31 11:29:17.930328 dv-cinder-806725-1-smb devstack@n-api.service[93448]: DEBUG nova.api.openstack.wsgi [None req-6aace41b-07e9-4dce-947b-ce95ae3458f0 admin admin] Action: 'create', calling method: >, body: {"extra_specs": {"hw_rng:allowed": "True"}} {{(pid=93448) _process_stack /opt/stack/nova/nova/api/openstack/wsgi.py:511}}
Aug 31 11:29:17.933354 dv-cinder-806725-1-smb devstack@n-api.service[93448]: /usr/local/lib/python3.8/dist-packages/oslo_policy/policy.py:1064: UserWarning: Policy os_compute_api:os-flavor-extra-specs:create failed scope check. The token used to make the request was project scoped but the policy requires ['system'] scope. This behavior may change in the future where using the intended scope is required
Aug 31 11:29:17.933354 dv-cinder-806725-1-smb devstack@n-api.service[93448]: warnings.warn(msg)
Aug 31 11:29:18.005500 dv-cinder-806725-1-smb devstack@n-api.service[93448]: INFO nova.api.openstack.requestlog [None req-6aace41b-07e9-4dce-947b-ce95ae3458f0 admin admin] 10.222.0.82 "POST /compute/v2.1/flavors/c1/os-extra_specs" status: 200 len: 43 microversion: 2.61 time: 0.301109
Aug 31 11:29:18.016222 dv-cinder-806725-1-smb devstack@n-api.service[93448]: [pid: 93448|app: 0|req: 3/6] 10.222.0.82 () {64 vars in 1336 bytes} [Tue Aug 31 11:29:17 2021] POST /compute/v2.1/flavors/c1/os-extra_specs => generated 43 bytes in 306 msecs (HTTP/1.1 200) 9 headers in 358 bytes (1 switches on core 0)
Aug 31 11:29:21.082707 dv-cinder-806725-1-smb devstack@n-api.service[93449]: DEBUG nova.api.openstack.wsgi [None req-c6867f14-906a-4db3-ae15-8e5473b92531 admin admin] Calling method '>' {{(pid=93449) _process_stack /opt/stack/nova/nova/api/openstack/wsgi.py:513}}
Aug 31 11:29:21.083768 dv-cinder-806725-1-smb devstack@n-api.service[93449]: INFO nova.api.openstack.requestlog [None req-c6867f14-906a-4db3-ae15-8e5473b92531 admin admin] 10.222.0.82 "GET /compute/v2.1" status: 200 len: 388 microversion: 2.1 time: 0.001517
Aug 31 11:29:21.084240 dv-cinder-806725-1-smb devstack@n-api.service[93449]: [pid: 93449|app: 0|req: 4/7] 10.222.0.82 () {54 vars in 931 bytes} [Tue Aug 31 11:29:21 2021] GET /compute/v2.1 => generated 388 bytes in 2 msecs (HTTP/1.1 200) 9 headers in 357 bytes (2 switches on core 0)
Aug 31 11:29:21.240099 dv-cinder-806725-1-smb devstack@n-api.service[93448]: DEBUG nova.api.openstack.wsgi [None req-6e9bafbd-34cb-4ba9-ae8e-4763f660b88d admin admin] Action: 'create', calling method: >, body: {"flavor": {"name": "ds512M", "id": "d1", "disk": 5, "ram": 512, "vcpus": 1, "swap": 0, "OS-FLV-EXT-DATA:ephemeral": 0, "os-flavor-access:is_public": true, "rxtx_factor": 1.0}} {{(pid=93448) _process_stack /opt/stack/nova/nova/api/openstack/wsgi.py:511}}
Aug 31 11:29:21.262578 dv-cinder-806725-1-smb devstack@n-api.service[93448]: /usr/local/lib/python3.8/dist-packages/oslo_policy/policy.py:1064: UserWarning: Policy os_compute_api:os-flavor-manage:create failed scope check. The token used to make the request was project scoped but the policy requires ['system'] scope. This behavior may change in the future where using the intended scope is required
Aug 31 11:29:21.262578 dv-cinder-806725-1-smb devstack@n-api.service[93448]: warnings.warn(msg)
Aug 31 11:29:21.287625 dv-cinder-806725-1-smb devstack@n-api.service[93448]: INFO nova.api.openstack.requestlog [None req-6e9bafbd-34cb-4ba9-ae8e-4763f660b88d admin admin] 10.222.0.82 "POST /compute/v2.1/flavors" status: 200 len: 404 microversion: 2.61 time: 0.195062
Aug 31 11:29:21.288446 dv-cinder-806725-1-smb devstack@n-api.service[93448]: [pid: 93448|app: 0|req: 4/8] 10.222.0.82 () {64 vars in 1283 bytes} [Tue Aug 31 11:29:21 2021] POST /compute/v2.1/flavors => generated 404 bytes in 197 msecs (HTTP/1.1 200) 9 headers in 359 bytes (1 switches on core 0)
Aug 31 11:29:21.316397 dv-cinder-806725-1-smb devstack@n-api.service[93449]: DEBUG nova.api.openstack.wsgi [None req-121fa553-3f6a-4571-b6f7-73e1b1d7df95 admin admin] Action: 'create', calling method: >, body: {"extra_specs": {"hw_rng:allowed": "True"}} {{(pid=93449) _process_stack /opt/stack/nova/nova/api/openstack/wsgi.py:511}}
Aug 31 11:29:21.320012 dv-cinder-806725-1-smb devstack@n-api.service[93449]: /usr/local/lib/python3.8/dist-packages/oslo_policy/policy.py:1064: UserWarning: Policy os_compute_api:os-flavor-extra-specs:create failed scope check. The token used to make the request was project scoped but the policy requires ['system'] scope. This behavior may change in the future where using the intended scope is required
Aug 31 11:29:21.320012 dv-cinder-806725-1-smb devstack@n-api.service[93449]: warnings.warn(msg)
Aug 31 11:29:21.393675 dv-cinder-806725-1-smb devstack@n-api.service[93449]: INFO nova.api.openstack.requestlog [None req-121fa553-3f6a-4571-b6f7-73e1b1d7df95 admin admin] 10.222.0.82 "POST /compute/v2.1/flavors/d1/os-extra_specs" status: 200 len: 43 microversion: 2.61 time: 0.088755
Aug 31 11:29:21.400342 dv-cinder-806725-1-smb devstack@n-api.service[93449]: [pid: 93449|app: 0|req: 5/9] 10.222.0.82 () {64 vars in 1336 bytes} [Tue Aug 31 11:29:21 2021] POST /compute/v2.1/flavors/d1/os-extra_specs => generated 43 bytes in 97 msecs (HTTP/1.1 200) 9 headers in 358 bytes (2 switches on core 0)
Aug 31 11:29:24.288085 dv-cinder-806725-1-smb devstack@n-api.service[93448]: DEBUG nova.api.openstack.wsgi [None req-6e9bafbd-34cb-4ba9-ae8e-4763f660b88d admin admin] Calling method '>' {{(pid=93448) _process_stack /opt/stack/nova/nova/api/openstack/wsgi.py:513}}
Aug 31 11:29:24.289131 dv-cinder-806725-1-smb devstack@n-api.service[93448]: INFO nova.api.openstack.requestlog [None req-6e9bafbd-34cb-4ba9-ae8e-4763f660b88d admin admin] 10.222.0.82 "GET /compute/v2.1" status: 200 len: 388 microversion: 2.1 time: 0.001559
Aug 31 11:29:24.290058 dv-cinder-806725-1-smb devstack@n-api.service[93448]: [pid: 93448|app: 0|req: 5/10] 10.222.0.82 () {54 vars in 931 bytes} [Tue Aug 31 11:29:24 2021] GET /compute/v2.1 => generated 388 bytes in 3 msecs (HTTP/1.1 200) 9 headers in 357 bytes (1 switches on core 0)
Aug 31 11:29:24.397995 dv-cinder-806725-1-smb devstack@n-api.service[93449]: DEBUG nova.api.openstack.wsgi [None req-daf7a19d-ae46-46c2-97cf-c4f0073459bb admin admin] Action: 'create', calling method: >, body: {"flavor": {"id": "d2", "OS-FLV-EXT-DATA:ephemeral": 0, "os-flavor-access:is_public": true, "disk": 10, "vcpus": 1, "swap": 0, "ram": 1024, "name": "ds1G", "rxtx_factor": 1.0}} {{(pid=93449) _process_stack /opt/stack/nova/nova/api/openstack/wsgi.py:511}}
Aug 31 11:29:24.427092 dv-cinder-806725-1-smb devstack@n-api.service[93449]: INFO nova.api.openstack.requestlog [None req-daf7a19d-ae46-46c2-97cf-c4f0073459bb admin admin] 10.222.0.82 "POST /compute/v2.1/flavors" status: 200 len: 404 microversion: 2.61 time: 0.126869
Aug 31 11:29:24.428226 dv-cinder-806725-1-smb devstack@n-api.service[93449]: [pid: 93449|app: 0|req: 6/11] 10.222.0.82 () {64 vars in 1283 bytes} [Tue Aug 31 11:29:24 2021] POST /compute/v2.1/flavors => generated 404 bytes in 129 msecs (HTTP/1.1 200) 9 headers in 359 bytes (1 switches on core 0)
Aug 31 11:29:24.445415 dv-cinder-806725-1-smb devstack@n-api.service[93448]: DEBUG nova.api.openstack.wsgi [None req-3367ed6c-e536-43ef-804d-8eb3fada7a6f admin admin] Action: 'create', calling method: >, body: {"extra_specs": {"hw_rng:allowed": "True"}} {{(pid=93448) _process_stack /opt/stack/nova/nova/api/openstack/wsgi.py:511}}
Aug 31 11:29:24.478726 dv-cinder-806725-1-smb devstack@n-api.service[93448]: INFO nova.api.openstack.requestlog [None req-3367ed6c-e536-43ef-804d-8eb3fada7a6f admin admin] 10.222.0.82 "POST /compute/v2.1/flavors/d2/os-extra_specs" status: 200 len: 43 microversion: 2.61 time: 0.037602
Aug 31 11:29:24.483782 dv-cinder-806725-1-smb devstack@n-api.service[93448]: [pid: 93448|app: 0|req: 6/12] 10.222.0.82 () {64 vars in 1336 bytes} [Tue Aug 31 11:29:24 2021] POST /compute/v2.1/flavors/d2/os-extra_specs => generated 43 bytes in 41 msecs (HTTP/1.1 200) 9 headers in 358 bytes (1 switches on core 0)
Aug 31 11:29:26.926934 dv-cinder-806725-1-smb devstack@n-api.service[93449]: DEBUG nova.api.openstack.wsgi [None req-daf7a19d-ae46-46c2-97cf-c4f0073459bb admin admin] Calling method '>' {{(pid=93449) _process_stack /opt/stack/nova/nova/api/openstack/wsgi.py:513}}
Aug 31 11:29:26.927927 dv-cinder-806725-1-smb devstack@n-api.service[93449]: INFO nova.api.openstack.requestlog [None req-daf7a19d-ae46-46c2-97cf-c4f0073459bb admin admin] 10.222.0.82 "GET /compute/v2.1" status: 200 len: 388 microversion: 2.1 time: 0.001462
Aug 31 11:29:26.928390 dv-cinder-806725-1-smb devstack@n-api.service[93449]: [pid: 93449|app: 0|req: 7/13] 10.222.0.82 () {54 vars in 931 bytes} [Tue Aug 31 11:29:26 2021] GET /compute/v2.1 => generated 388 bytes in 3 msecs (HTTP/1.1 200) 9 headers in 357 bytes (1 switches on core 0)
Aug 31 11:29:27.012022 dv-cinder-806725-1-smb devstack@n-api.service[93448]: DEBUG nova.api.openstack.wsgi [None req-f99ed55e-405e-41e9-a920-343279f50a0c admin admin] Action: 'create', calling method: >, body: {"flavor": {"vcpus": 2, "rxtx_factor": 1.0, "id": "d3", "os-flavor-access:is_public": true, "ram": 2048, "disk": 10, "swap": 0, "name": "ds2G", "OS-FLV-EXT-DATA:ephemeral": 0}} {{(pid=93448) _process_stack /opt/stack/nova/nova/api/openstack/wsgi.py:511}}
Aug 31 11:29:27.035574 dv-cinder-806725-1-smb devstack@n-api.service[93448]: INFO nova.api.openstack.requestlog [None req-f99ed55e-405e-41e9-a920-343279f50a0c admin admin] 10.222.0.82 "POST /compute/v2.1/flavors" status: 200 len: 404 microversion: 2.61 time: 0.098926
Aug 31 11:29:27.037377 dv-cinder-806725-1-smb devstack@n-api.service[93448]: [pid: 93448|app: 0|req: 7/14] 10.222.0.82 () {64 vars in 1283 bytes} [Tue Aug 31 11:29:26 2021] POST /compute/v2.1/flavors => generated 404 bytes in 102 msecs (HTTP/1.1 200) 9 headers in 359 bytes (1 switches on core 0)
Aug 31 11:29:27.052530 dv-cinder-806725-1-smb devstack@n-api.service[93449]: DEBUG nova.api.openstack.wsgi [None req-98b8f2ab-8054-422d-b465-80daf53ae0ff admin admin] Action: 'create', calling method: >, body: {"extra_specs": {"hw_rng:allowed": "True"}} {{(pid=93449) _process_stack /opt/stack/nova/nova/api/openstack/wsgi.py:511}}
Aug 31 11:29:27.080029 dv-cinder-806725-1-smb devstack@n-api.service[93449]: INFO nova.api.openstack.requestlog [None req-98b8f2ab-8054-422d-b465-80daf53ae0ff admin admin] 10.222.0.82 "POST /compute/v2.1/flavors/d3/os-extra_specs" status: 200 len: 43 microversion: 2.61 time: 0.031343
Aug 31 11:29:27.080638 dv-cinder-806725-1-smb devstack@n-api.service[93449]: [pid: 93449|app: 0|req: 8/15] 10.222.0.82 () {64 vars in 1336 bytes} [Tue Aug 31 11:29:27 2021] POST /compute/v2.1/flavors/d3/os-extra_specs => generated 43 bytes in 33 msecs (HTTP/1.1 200) 9 headers in 358 bytes (2 switches on core 0)
Aug 31 11:29:29.476011 dv-cinder-806725-1-smb devstack@n-api.service[93448]: DEBUG nova.api.openstack.wsgi [None req-f99ed55e-405e-41e9-a920-343279f50a0c admin admin] Calling method '>' {{(pid=93448) _process_stack /opt/stack/nova/nova/api/openstack/wsgi.py:513}}
Aug 31 11:29:29.477047 dv-cinder-806725-1-smb devstack@n-api.service[93448]: INFO nova.api.openstack.requestlog [None req-f99ed55e-405e-41e9-a920-343279f50a0c admin admin] 10.222.0.82 "GET /compute/v2.1" status: 200 len: 388 microversion: 2.1 time: 0.001468
Aug 31 11:29:29.480232 dv-cinder-806725-1-smb devstack@n-api.service[93448]: [pid: 93448|app: 0|req: 8/16] 10.222.0.82 () {54 vars in 931 bytes} [Tue Aug 31 11:29:29 2021] GET /compute/v2.1 => generated 388 bytes in 3 msecs (HTTP/1.1 200) 9 headers in 357 bytes (2 switches on core 0)
Aug 31 11:29:29.554391 dv-cinder-806725-1-smb devstack@n-api.service[93449]: DEBUG nova.api.openstack.wsgi [None req-e149d30c-5222-4f52-8b1a-08350adc2a5b admin admin] Action: 'create', calling method: >, body: {"flavor": {"os-flavor-access:is_public": true, "name": "ds4G", "vcpus": 4, "swap": 0, "ram": 4096, "rxtx_factor": 1.0, "disk": 20, "OS-FLV-EXT-DATA:ephemeral": 0, "id": "d4"}} {{(pid=93449) _process_stack /opt/stack/nova/nova/api/openstack/wsgi.py:511}}
Aug 31 11:29:29.579323 dv-cinder-806725-1-smb devstack@n-api.service[93449]: INFO nova.api.openstack.requestlog [None req-e149d30c-5222-4f52-8b1a-08350adc2a5b admin admin] 10.222.0.82 "POST /compute/v2.1/flavors" status: 200 len: 404 microversion: 2.61 time: 0.094017
Aug 31 11:29:29.580162 dv-cinder-806725-1-smb devstack@n-api.service[93449]: [pid: 93449|app: 0|req: 9/17] 10.222.0.82 () {64 vars in 1283 bytes} [Tue Aug 31 11:29:29 2021] POST /compute/v2.1/flavors => generated 404 bytes in 95 msecs (HTTP/1.1 200) 9 headers in 359 bytes (1 switches on core 0)
Aug 31 11:29:29.594471 dv-cinder-806725-1-smb devstack@n-api.service[93448]: DEBUG nova.api.openstack.wsgi [None req-eef579f2-81dc-4abb-b5f4-42d9d6c51358 admin admin] Action: 'create', calling method: >, body: {"extra_specs": {"hw_rng:allowed": "True"}} {{(pid=93448) _process_stack /opt/stack/nova/nova/api/openstack/wsgi.py:511}}
Aug 31 11:29:29.622326 dv-cinder-806725-1-smb devstack@n-api.service[93448]: INFO nova.api.openstack.requestlog [None req-eef579f2-81dc-4abb-b5f4-42d9d6c51358 admin admin] 10.222.0.82 "POST /compute/v2.1/flavors/d4/os-extra_specs" status: 200 len: 43 microversion: 2.61 time: 0.031601
Aug 31 11:29:29.623282 dv-cinder-806725-1-smb devstack@n-api.service[93448]: [pid: 93448|app: 0|req: 9/18] 10.222.0.82 () {64 vars in 1336 bytes} [Tue Aug 31 11:29:29 2021] POST /compute/v2.1/flavors/d4/os-extra_specs => generated 43 bytes in 33 msecs (HTTP/1.1 200) 9 headers in 358 bytes (2 switches on core 0)
Aug 31 11:29:32.065367 dv-cinder-806725-1-smb devstack@n-api.service[93449]: DEBUG nova.api.openstack.wsgi [None req-e149d30c-5222-4f52-8b1a-08350adc2a5b admin admin] Calling method '>' {{(pid=93449) _process_stack /opt/stack/nova/nova/api/openstack/wsgi.py:513}}
Aug 31 11:29:32.066372 dv-cinder-806725-1-smb devstack@n-api.service[93449]: INFO nova.api.openstack.requestlog [None req-e149d30c-5222-4f52-8b1a-08350adc2a5b admin admin] 10.222.0.82 "GET /compute/v2.1" status: 200 len: 388 microversion: 2.1 time: 0.001477
Aug 31 11:29:32.066788 dv-cinder-806725-1-smb devstack@n-api.service[93449]: [pid: 93449|app: 0|req: 10/19] 10.222.0.82 () {54 vars in 931 bytes} [Tue Aug 31 11:29:32 2021] GET /compute/v2.1 => generated 388 bytes in 3 msecs (HTTP/1.1 200) 9 headers in 357 bytes (1 switches on core 0)
Aug 31 11:29:32.147549 dv-cinder-806725-1-smb devstack@n-api.service[93448]: DEBUG nova.api.openstack.wsgi [None req-65ae722d-7f1c-45b1-9617-1dfa7240393d admin admin] Calling method '>' {{(pid=93448) _process_stack /opt/stack/nova/nova/api/openstack/wsgi.py:513}}
Aug 31 11:29:32.178501 dv-cinder-806725-1-smb devstack@n-api.service[93448]: INFO nova.api.openstack.requestlog [None req-65ae722d-7f1c-45b1-9617-1dfa7240393d admin admin] 10.222.0.82 "GET /compute/v2.1/flavors/detail?is_public=True" status: 200 len: 2106 microversion: 2.61 time: 0.103092
Aug 31 11:29:32.179179 dv-cinder-806725-1-smb devstack@n-api.service[93448]: [pid: 93448|app: 0|req: 10/20] 10.222.0.82 () {60 vars in 1292 bytes} [Tue Aug 31 11:29:32 2021] GET /compute/v2.1/flavors/detail?is_public=True => generated 2106 bytes in 105 msecs (HTTP/1.1 200) 9 headers in 360 bytes (1 switches on core 0)
Aug 31 11:29:34.994383 dv-cinder-806725-1-smb devstack@n-api.service[93449]: DEBUG nova.api.openstack.wsgi [None req-e149d30c-5222-4f52-8b1a-08350adc2a5b admin admin] Calling method '>' {{(pid=93449) _process_stack /opt/stack/nova/nova/api/openstack/wsgi.py:513}}
Aug 31 11:29:34.996994 dv-cinder-806725-1-smb devstack@n-api.service[93449]: INFO nova.api.openstack.requestlog [None req-e149d30c-5222-4f52-8b1a-08350adc2a5b admin admin] 10.222.0.82 "GET /compute/v2.1" status: 200 len: 388 microversion: 2.1 time: 0.003999
Aug 31 11:29:34.997888 dv-cinder-806725-1-smb devstack@n-api.service[93449]: [pid: 93449|app: 0|req: 11/21] 10.222.0.82 () {54 vars in 931 bytes} [Tue Aug 31 11:29:34 2021] GET /compute/v2.1 => generated 388 bytes in 6 msecs (HTTP/1.1 200) 9 headers in 357 bytes (1 switches on core 0)
Aug 31 11:29:35.070001 dv-cinder-806725-1-smb devstack@n-api.service[93448]: DEBUG nova.api.openstack.wsgi [None req-972fed67-1817-41fb-8fd9-76705946ee83 admin admin] Action: 'create', calling method: >, body: {"flavor": {"swap": 0, "disk": 1, "name": "m1.tiny", "id": "1", "ram": 512, "OS-FLV-EXT-DATA:ephemeral": 0, "rxtx_factor": 1.0, "vcpus": 1, "os-flavor-access:is_public": true}} {{(pid=93448) _process_stack /opt/stack/nova/nova/api/openstack/wsgi.py:511}}
Aug 31 11:29:35.092473 dv-cinder-806725-1-smb devstack@n-api.service[93448]: INFO nova.api.openstack.requestlog [None req-972fed67-1817-41fb-8fd9-76705946ee83 admin admin] 10.222.0.82 "POST /compute/v2.1/flavors" status: 200 len: 402 microversion: 2.61 time: 0.086494
Aug 31 11:29:35.093375 dv-cinder-806725-1-smb devstack@n-api.service[93448]: [pid: 93448|app: 0|req: 11/22] 10.222.0.82 () {64 vars in 1283 bytes} [Tue Aug 31 11:29:35 2021] POST /compute/v2.1/flavors => generated 402 bytes in 89 msecs (HTTP/1.1 200) 9 headers in 359 bytes (1 switches on core 0)
Aug 31 11:29:35.109863 dv-cinder-806725-1-smb devstack@n-api.service[93449]: DEBUG nova.api.openstack.wsgi [None req-2eec7296-fc93-4b7b-8992-eb3f0f9ee5a9 admin admin] Action: 'create', calling method: >, body: {"extra_specs": {"hw_rng:allowed": "True"}} {{(pid=93449) _process_stack /opt/stack/nova/nova/api/openstack/wsgi.py:511}}
Aug 31 11:29:35.139247 dv-cinder-806725-1-smb devstack@n-api.service[93449]: INFO nova.api.openstack.requestlog [None req-2eec7296-fc93-4b7b-8992-eb3f0f9ee5a9 admin admin] 10.222.0.82 "POST /compute/v2.1/flavors/1/os-extra_specs" status: 200 len: 43 microversion: 2.61 time: 0.035864
Aug 31 11:29:35.139840 dv-cinder-806725-1-smb devstack@n-api.service[93449]: [pid: 93449|app: 0|req: 12/23] 10.222.0.82 () {64 vars in 1333 bytes} [Tue Aug 31 11:29:35 2021] POST /compute/v2.1/flavors/1/os-extra_specs => generated 43 bytes in 38 msecs (HTTP/1.1 200) 9 headers in 358 bytes (1 switches on core 0)
Aug 31 11:29:37.685086 dv-cinder-806725-1-smb devstack@n-api.service[93448]: DEBUG nova.api.openstack.wsgi [None req-972fed67-1817-41fb-8fd9-76705946ee83 admin admin] Calling method '>' {{(pid=93448) _process_stack /opt/stack/nova/nova/api/openstack/wsgi.py:513}}
Aug 31 11:29:37.686999 dv-cinder-806725-1-smb devstack@n-api.service[93448]: INFO nova.api.openstack.requestlog [None req-972fed67-1817-41fb-8fd9-76705946ee83 admin admin] 10.222.0.82 "GET /compute/v2.1" status: 200 len: 388 microversion: 2.1 time: 0.002455
Aug 31 11:29:37.687413 dv-cinder-806725-1-smb devstack@n-api.service[93448]: [pid: 93448|app: 0|req: 12/24] 10.222.0.82 () {54 vars in 931 bytes} [Tue Aug 31 11:29:37 2021] GET /compute/v2.1 => generated 388 bytes in 3 msecs (HTTP/1.1 200) 9 headers in 357 bytes (1 switches on core 0)
Aug 31 11:29:37.788488 dv-cinder-806725-1-smb devstack@n-api.service[93449]: DEBUG nova.api.openstack.wsgi [None req-723ec066-67da-4413-b81c-d578e33207db admin admin] Action: 'create', calling method: >, body: {"flavor": {"vcpus": 1, "swap": 0, "disk": 20, "name": "m1.small", "OS-FLV-EXT-DATA:ephemeral": 0, "id": "2", "rxtx_factor": 1.0, "ram": 2048, "os-flavor-access:is_public": true}} {{(pid=93449) _process_stack /opt/stack/nova/nova/api/openstack/wsgi.py:511}}
Aug 31 11:29:37.816461 dv-cinder-806725-1-smb devstack@n-api.service[93449]: INFO nova.api.openstack.requestlog [None req-723ec066-67da-4413-b81c-d578e33207db admin admin] 10.222.0.82 "POST /compute/v2.1/flavors" status: 200 len: 405 microversion: 2.61 time: 0.121379
Aug 31 11:29:37.817624 dv-cinder-806725-1-smb devstack@n-api.service[93449]: [pid: 93449|app: 0|req: 13/25] 10.222.0.82 () {64 vars in 1283 bytes} [Tue Aug 31 11:29:37 2021] POST /compute/v2.1/flavors => generated 405 bytes in 123 msecs (HTTP/1.1 200) 9 headers in 359 bytes (1 switches on core 0)
Aug 31 11:29:37.831909 dv-cinder-806725-1-smb devstack@n-api.service[93448]: DEBUG nova.api.openstack.wsgi [None req-b5757b40-3a1e-468b-ab57-e866fae04f4a admin admin] Action: 'create', calling method: >, body: {"extra_specs": {"hw_rng:allowed": "True"}} {{(pid=93448) _process_stack /opt/stack/nova/nova/api/openstack/wsgi.py:511}}
Aug 31 11:29:37.862895 dv-cinder-806725-1-smb devstack@n-api.service[93448]: INFO nova.api.openstack.requestlog [None req-b5757b40-3a1e-468b-ab57-e866fae04f4a admin admin] 10.222.0.82 "POST /compute/v2.1/flavors/2/os-extra_specs" status: 200 len: 43 microversion: 2.61 time: 0.034339
Aug 31 11:29:37.863966 dv-cinder-806725-1-smb devstack@n-api.service[93448]: [pid: 93448|app: 0|req: 13/26] 10.222.0.82 () {64 vars in 1333 bytes} [Tue Aug 31 11:29:37 2021] POST /compute/v2.1/flavors/2/os-extra_specs => generated 43 bytes in 36 msecs (HTTP/1.1 200) 9 headers in 358 bytes (2 switches on core 0)
Aug 31 11:29:40.276070 dv-cinder-806725-1-smb devstack@n-api.service[93449]: DEBUG nova.api.openstack.wsgi [None req-723ec066-67da-4413-b81c-d578e33207db admin admin] Calling method '>' {{(pid=93449) _process_stack /opt/stack/nova/nova/api/openstack/wsgi.py:513}}
Aug 31 11:29:40.277158 dv-cinder-806725-1-smb devstack@n-api.service[93449]: INFO nova.api.openstack.requestlog [None req-723ec066-67da-4413-b81c-d578e33207db admin admin] 10.222.0.82 "GET /compute/v2.1" status: 200 len: 388 microversion: 2.1 time: 0.001686
Aug 31 11:29:40.277563 dv-cinder-806725-1-smb devstack@n-api.service[93449]: [pid: 93449|app: 0|req: 14/27] 10.222.0.82 () {54 vars in 931 bytes} [Tue Aug 31 11:29:40 2021] GET /compute/v2.1 => generated 388 bytes in 3 msecs (HTTP/1.1 200) 9 headers in 357 bytes (1 switches on core 0)
Aug 31 11:29:40.336406 dv-cinder-806725-1-smb devstack@n-api.service[93448]: DEBUG nova.api.openstack.wsgi [None req-7c8cb10e-8fe9-40b6-b02b-edc6fd07524e admin admin] Action: 'create', calling method: >, body: {"flavor": {"OS-FLV-EXT-DATA:ephemeral": 0, "vcpus": 2, "disk": 40, "id": "3", "os-flavor-access:is_public": true, "ram": 4096, "swap": 0, "rxtx_factor": 1.0, "name": "m1.medium"}} {{(pid=93448) _process_stack /opt/stack/nova/nova/api/openstack/wsgi.py:511}}
Aug 31 11:29:40.354967 dv-cinder-806725-1-smb devstack@n-api.service[93448]: INFO nova.api.openstack.requestlog [None req-7c8cb10e-8fe9-40b6-b02b-edc6fd07524e admin admin] 10.222.0.82 "POST /compute/v2.1/flavors" status: 200 len: 406 microversion: 2.61 time: 0.070533
Aug 31 11:29:40.355535 dv-cinder-806725-1-smb devstack@n-api.service[93448]: [pid: 93448|app: 0|req: 14/28] 10.222.0.82 () {64 vars in 1283 bytes} [Tue Aug 31 11:29:40 2021] POST /compute/v2.1/flavors => generated 406 bytes in 72 msecs (HTTP/1.1 200) 9 headers in 359 bytes (2 switches on core 0)
Aug 31 11:29:40.367761 dv-cinder-806725-1-smb devstack@n-api.service[93449]: DEBUG nova.api.openstack.wsgi [None req-158b08d0-1686-4af6-9932-81cc217cbf6d admin admin] Action: 'create', calling method: >, body: {"extra_specs": {"hw_rng:allowed": "True"}} {{(pid=93449) _process_stack /opt/stack/nova/nova/api/openstack/wsgi.py:511}}
Aug 31 11:29:40.394317 dv-cinder-806725-1-smb devstack@n-api.service[93449]: INFO nova.api.openstack.requestlog [None req-158b08d0-1686-4af6-9932-81cc217cbf6d admin admin] 10.222.0.82 "POST /compute/v2.1/flavors/3/os-extra_specs" status: 200 len: 43 microversion: 2.61 time: 0.030034
Aug 31 11:29:40.395479 dv-cinder-806725-1-smb devstack@n-api.service[93449]: [pid: 93449|app: 0|req: 15/29] 10.222.0.82 () {64 vars in 1333 bytes} [Tue Aug 31 11:29:40 2021] POST /compute/v2.1/flavors/3/os-extra_specs => generated 43 bytes in 32 msecs (HTTP/1.1 200) 9 headers in 358 bytes (2 switches on core 0)
Aug 31 11:29:42.663349 dv-cinder-806725-1-smb devstack@n-api.service[93448]: DEBUG nova.api.openstack.wsgi [None req-7c8cb10e-8fe9-40b6-b02b-edc6fd07524e admin admin] Calling method '>' {{(pid=93448) _process_stack /opt/stack/nova/nova/api/openstack/wsgi.py:513}}
Aug 31 11:29:42.664475 dv-cinder-806725-1-smb devstack@n-api.service[93448]: INFO nova.api.openstack.requestlog [None req-7c8cb10e-8fe9-40b6-b02b-edc6fd07524e admin admin] 10.222.0.82 "GET /compute/v2.1" status: 200 len: 388 microversion: 2.1 time: 0.001468
Aug 31 11:29:42.665244 dv-cinder-806725-1-smb devstack@n-api.service[93448]: [pid: 93448|app: 0|req: 15/30] 10.222.0.82 () {54 vars in 931 bytes} [Tue Aug 31 11:29:42 2021] GET /compute/v2.1 => generated 388 bytes in 3 msecs (HTTP/1.1 200) 9 headers in 357 bytes (1 switches on core 0)
Aug 31 11:29:42.741858 dv-cinder-806725-1-smb devstack@n-api.service[93449]: DEBUG nova.api.openstack.wsgi [None req-509724e9-178b-44bd-bf34-86732b01103d admin admin] Action: 'create', calling method: >, body: {"flavor": {"swap": 0, "os-flavor-access:is_public": true, "rxtx_factor": 1.0, "ram": 8192, "id": "4", "name": "m1.large", "disk": 80, "vcpus": 4, "OS-FLV-EXT-DATA:ephemeral": 0}} {{(pid=93449) _process_stack /opt/stack/nova/nova/api/openstack/wsgi.py:511}}
Aug 31 11:29:42.763963 dv-cinder-806725-1-smb devstack@n-api.service[93449]: INFO nova.api.openstack.requestlog [None req-509724e9-178b-44bd-bf34-86732b01103d admin admin] 10.222.0.82 "POST /compute/v2.1/flavors" status: 200 len: 405 microversion: 2.61 time: 0.092124
Aug 31 11:29:42.764888 dv-cinder-806725-1-smb devstack@n-api.service[93449]: [pid: 93449|app: 0|req: 16/31] 10.222.0.82 () {64 vars in 1283 bytes} [Tue Aug 31 11:29:42 2021] POST /compute/v2.1/flavors => generated 405 bytes in 94 msecs (HTTP/1.1 200) 9 headers in 359 bytes (1 switches on core 0)
Aug 31 11:29:42.779694 dv-cinder-806725-1-smb devstack@n-api.service[93448]: DEBUG nova.api.openstack.wsgi [None req-8e9f5fcd-3a72-4538-bced-eb969b7deb62 admin admin] Action: 'create', calling method: >, body: {"extra_specs": {"hw_rng:allowed": "True"}} {{(pid=93448) _process_stack /opt/stack/nova/nova/api/openstack/wsgi.py:511}}
Aug 31 11:29:42.805759 dv-cinder-806725-1-smb devstack@n-api.service[93448]: INFO nova.api.openstack.requestlog [None req-8e9f5fcd-3a72-4538-bced-eb969b7deb62 admin admin] 10.222.0.82 "POST /compute/v2.1/flavors/4/os-extra_specs" status: 200 len: 43 microversion: 2.61 time: 0.031180
Aug 31 11:29:42.806344 dv-cinder-806725-1-smb devstack@n-api.service[93448]: [pid: 93448|app: 0|req: 16/32] 10.222.0.82 () {64 vars in 1333 bytes} [Tue Aug 31 11:29:42 2021] POST /compute/v2.1/flavors/4/os-extra_specs => generated 43 bytes in 32 msecs (HTTP/1.1 200) 9 headers in 358 bytes (1 switches on core 0)
Aug 31 11:29:45.135696 dv-cinder-806725-1-smb devstack@n-api.service[93449]: DEBUG nova.api.openstack.wsgi [None req-509724e9-178b-44bd-bf34-86732b01103d admin admin] Calling method '>' {{(pid=93449) _process_stack /opt/stack/nova/nova/api/openstack/wsgi.py:513}}
Aug 31 11:29:45.136981 dv-cinder-806725-1-smb devstack@n-api.service[93449]: INFO nova.api.openstack.requestlog [None req-509724e9-178b-44bd-bf34-86732b01103d admin admin] 10.222.0.82 "GET /compute/v2.1" status: 200 len: 388 microversion: 2.1 time: 0.001762
Aug 31 11:29:45.137848 dv-cinder-806725-1-smb devstack@n-api.service[93449]: [pid: 93449|app: 0|req: 17/33] 10.222.0.82 () {54 vars in 931 bytes} [Tue Aug 31 11:29:45 2021] GET /compute/v2.1 => generated 388 bytes in 3 msecs (HTTP/1.1 200) 9 headers in 357 bytes (1 switches on core 0)
Aug 31 11:29:45.205954 dv-cinder-806725-1-smb devstack@n-api.service[93448]: DEBUG nova.api.openstack.wsgi [None req-4d11db0e-8fde-4228-aa16-a6cfddbbdb43 admin admin] Action: 'create', calling method: >, body: {"flavor": {"ram": 16384, "name": "m1.xlarge", "OS-FLV-EXT-DATA:ephemeral": 0, "rxtx_factor": 1.0, "os-flavor-access:is_public": true, "vcpus": 8, "swap": 0, "disk": 160, "id": "5"}} {{(pid=93448) _process_stack /opt/stack/nova/nova/api/openstack/wsgi.py:511}}
Aug 31 11:29:45.231653 dv-cinder-806725-1-smb devstack@n-api.service[93448]: INFO nova.api.openstack.requestlog [None req-4d11db0e-8fde-4228-aa16-a6cfddbbdb43 admin admin] 10.222.0.82 "POST /compute/v2.1/flavors" status: 200 len: 408 microversion: 2.61 time: 0.087425
Aug 31 11:29:45.232230 dv-cinder-806725-1-smb devstack@n-api.service[93448]: [pid: 93448|app: 0|req: 17/34] 10.222.0.82 () {64 vars in 1283 bytes} [Tue Aug 31 11:29:45 2021] POST /compute/v2.1/flavors => generated 408 bytes in 89 msecs (HTTP/1.1 200) 9 headers in 359 bytes (2 switches on core 0)
Aug 31 11:29:45.245305 dv-cinder-806725-1-smb devstack@n-api.service[93449]: DEBUG nova.api.openstack.wsgi [None req-e902de6b-36f6-4e2d-875b-9687d2bbf4a3 admin admin] Action: 'create', calling method: >, body: {"extra_specs": {"hw_rng:allowed": "True"}} {{(pid=93449) _process_stack /opt/stack/nova/nova/api/openstack/wsgi.py:511}}
Aug 31 11:29:45.273041 dv-cinder-806725-1-smb devstack@n-api.service[93449]: INFO nova.api.openstack.requestlog [None req-e902de6b-36f6-4e2d-875b-9687d2bbf4a3 admin admin] 10.222.0.82 "POST /compute/v2.1/flavors/5/os-extra_specs" status: 200 len: 43 microversion: 2.61 time: 0.031671
Aug 31 11:29:45.273884 dv-cinder-806725-1-smb devstack@n-api.service[93449]: [pid: 93449|app: 0|req: 18/35] 10.222.0.82 () {64 vars in 1333 bytes} [Tue Aug 31 11:29:45 2021] POST /compute/v2.1/flavors/5/os-extra_specs => generated 43 bytes in 33 msecs (HTTP/1.1 200) 9 headers in 358 bytes (1 switches on core 0)
Aug 31 11:30:30.916494 dv-cinder-806725-1-smb devstack@n-api.service[93448]: DEBUG nova.api.openstack.wsgi [None req-4d11db0e-8fde-4228-aa16-a6cfddbbdb43 admin admin] Calling method '>' {{(pid=93448) _process_stack /opt/stack/nova/nova/api/openstack/wsgi.py:513}}
Aug 31 11:30:30.917512 dv-cinder-806725-1-smb devstack@n-api.service[93448]: INFO nova.api.openstack.requestlog [None req-4d11db0e-8fde-4228-aa16-a6cfddbbdb43 admin admin] 10.222.0.82 "GET /compute/v2.1" status: 200 len: 388 microversion: 2.1 time: 0.001621
Aug 31 11:30:30.917914 dv-cinder-806725-1-smb devstack@n-api.service[93448]: [pid: 93448|app: 0|req: 18/36] 10.222.0.82 () {54 vars in 931 bytes} [Tue Aug 31 11:30:30 2021] GET /compute/v2.1 => generated 388 bytes in 3 msecs (HTTP/1.1 200) 9 headers in 357 bytes (1 switches on core 0)
Aug 31 11:30:30.976879 dv-cinder-806725-1-smb devstack@n-api.service[93449]: DEBUG nova.api.openstack.wsgi [None req-8d231273-1fcf-4653-accd-0e13c9661c69 admin admin] Calling method '>' {{(pid=93449) _process_stack /opt/stack/nova/nova/api/openstack/wsgi.py:513}}
Aug 31 11:30:30.994611 dv-cinder-806725-1-smb devstack@n-api.service[93449]: INFO nova.api.openstack.requestlog [None req-8d231273-1fcf-4653-accd-0e13c9661c69 admin admin] 10.222.0.82 "GET /compute/v2.1/flavors/detail?is_public=True" status: 200 len: 4202 microversion: 2.61 time: 0.069475
Aug 31 11:30:30.995275 dv-cinder-806725-1-smb devstack@n-api.service[93449]: [pid: 93449|app: 0|req: 19/37] 10.222.0.82 () {60 vars in 1292 bytes} [Tue Aug 31 11:30:30 2021] GET /compute/v2.1/flavors/detail?is_public=True => generated 4202 bytes in 71 msecs (HTTP/1.1 200) 9 headers in 360 bytes (1 switches on core 0)
Aug 31 11:30:32.490111 dv-cinder-806725-1-smb devstack@n-api.service[93448]: DEBUG nova.api.openstack.wsgi [None req-4d11db0e-8fde-4228-aa16-a6cfddbbdb43 admin admin] Calling method '>' {{(pid=93448) _process_stack /opt/stack/nova/nova/api/openstack/wsgi.py:513}}
Aug 31 11:30:32.491132 dv-cinder-806725-1-smb devstack@n-api.service[93448]: INFO nova.api.openstack.requestlog [None req-4d11db0e-8fde-4228-aa16-a6cfddbbdb43 admin admin] 10.222.0.82 "GET /compute/v2.1" status: 200 len: 388 microversion: 2.1 time: 0.001472
Aug 31 11:30:32.491542 dv-cinder-806725-1-smb devstack@n-api.service[93448]: [pid: 93448|app: 0|req: 19/38] 10.222.0.82 () {56 vars in 1075 bytes} [Tue Aug 31 11:30:32 2021] GET /compute/v2.1 => generated 388 bytes in 2 msecs (HTTP/1.1 200) 9 headers in 357 bytes (2 switches on core 0)
Aug 31 11:30:32.693711 dv-cinder-806725-1-smb devstack@n-api.service[93449]: DEBUG nova.api.openstack.wsgi [None req-44888a03-32d4-4d63-bc1a-c37cac1ec2c2 admin admin] Calling method '>' {{(pid=93449) _process_stack /opt/stack/nova/nova/api/openstack/wsgi.py:513}}
Aug 31 11:30:32.700550 dv-cinder-806725-1-smb devstack@n-api.service[93449]: INFO nova.api.openstack.wsgi [None req-44888a03-32d4-4d63-bc1a-c37cac1ec2c2 admin admin] HTTP exception thrown: Flavor 42 could not be found.
Aug 31 11:30:32.701232 dv-cinder-806725-1-smb devstack@n-api.service[93449]: DEBUG nova.api.openstack.wsgi [None req-44888a03-32d4-4d63-bc1a-c37cac1ec2c2 admin admin] Returning 404 to user: Flavor 42 could not be found. {{(pid=93449) __call__ /opt/stack/nova/nova/api/openstack/wsgi.py:927}}
Aug 31 11:30:32.702127 dv-cinder-806725-1-smb devstack@n-api.service[93449]: INFO nova.api.openstack.requestlog [None req-44888a03-32d4-4d63-bc1a-c37cac1ec2c2 admin admin] 10.222.0.82 "GET /compute/v2.1/flavors/42" status: 404 len: 75 microversion: 2.88 time: 0.065546
Aug 31 11:30:32.702916 dv-cinder-806725-1-smb devstack@n-api.service[93449]: [pid: 93449|app: 0|req: 20/39] 10.222.0.82 () {60 vars in 1191 bytes} [Tue Aug 31 11:30:32 2021] GET /compute/v2.1/flavors/42 => generated 75 bytes in 67 msecs (HTTP/1.1 404) 9 headers in 380 bytes (1 switches on core 0)
Aug 31 11:30:32.712968 dv-cinder-806725-1-smb devstack@n-api.service[93448]: DEBUG nova.api.openstack.wsgi [None req-5edb0c8d-d40e-41a9-b501-f0fb1b512c64 admin admin] Calling method '>' {{(pid=93448) _process_stack /opt/stack/nova/nova/api/openstack/wsgi.py:513}}
Aug 31 11:30:32.736824 dv-cinder-806725-1-smb devstack@n-api.service[93448]: INFO nova.api.openstack.requestlog [None req-5edb0c8d-d40e-41a9-b501-f0fb1b512c64 admin admin] 10.222.0.82 "GET /compute/v2.1/flavors?is_public=None" status: 200 len: 2056 microversion: 2.88 time: 0.027385
Aug 31 11:30:32.737622 dv-cinder-806725-1-smb devstack@n-api.service[93448]: [pid: 93448|app: 0|req: 20/40] 10.222.0.82 () {60 vars in 1211 bytes} [Tue Aug 31 11:30:32 2021] GET /compute/v2.1/flavors?is_public=None => generated 2056 bytes in 29 msecs (HTTP/1.1 200) 9 headers in 360 bytes (2 switches on core 0)
Aug 31 11:30:32.750214 dv-cinder-806725-1-smb devstack@n-api.service[93449]: DEBUG nova.api.openstack.wsgi [None req-11f19bda-0585-4f94-8395-77a254bb93f9 admin admin] Calling method '>' {{(pid=93449) _process_stack /opt/stack/nova/nova/api/openstack/wsgi.py:513}}
Aug 31 11:30:32.775215 dv-cinder-806725-1-smb devstack@n-api.service[93449]: INFO nova.api.openstack.requestlog [None req-11f19bda-0585-4f94-8395-77a254bb93f9 admin admin] 10.222.0.82 "GET /compute/v2.1/flavors?is_public=None" status: 200 len: 2056 microversion: 2.88 time: 0.028361
Aug 31 11:30:32.776210 dv-cinder-806725-1-smb devstack@n-api.service[93449]: [pid: 93449|app: 0|req: 21/41] 10.222.0.82 () {60 vars in 1211 bytes} [Tue Aug 31 11:30:32 2021] GET /compute/v2.1/flavors?is_public=None => generated 2056 bytes in 30 msecs (HTTP/1.1 200) 9 headers in 360 bytes (1 switches on core 0)
Aug 31 11:30:32.786676 dv-cinder-806725-1-smb devstack@n-api.service[93448]: DEBUG nova.api.openstack.wsgi [None req-5e035937-2553-4c89-99ea-31a023eac859 admin admin] Calling method '>' {{(pid=93448) _process_stack /opt/stack/nova/nova/api/openstack/wsgi.py:513}}
Aug 31 11:30:32.793787 dv-cinder-806725-1-smb devstack@n-api.service[93448]: INFO nova.api.openstack.wsgi [None req-5e035937-2553-4c89-99ea-31a023eac859 admin admin] HTTP exception thrown: Flavor 42 could not be found.
Aug 31 11:30:32.794414 dv-cinder-806725-1-smb devstack@n-api.service[93448]: DEBUG nova.api.openstack.wsgi [None req-5e035937-2553-4c89-99ea-31a023eac859 admin admin] Returning 404 to user: Flavor 42 could not be found. {{(pid=93448) __call__ /opt/stack/nova/nova/api/openstack/wsgi.py:927}}
Aug 31 11:30:32.795425 dv-cinder-806725-1-smb devstack@n-api.service[93448]: INFO nova.api.openstack.requestlog [None req-5e035937-2553-4c89-99ea-31a023eac859 admin admin] 10.222.0.82 "GET /compute/v2.1/flavors/42" status: 404 len: 75 microversion: 2.88 time: 0.012715
Aug 31 11:30:32.796015 dv-cinder-806725-1-smb devstack@n-api.service[93448]: [pid: 93448|app: 0|req: 21/42] 10.222.0.82 () {60 vars in 1191 bytes} [Tue Aug 31 11:30:32 2021] GET /compute/v2.1/flavors/42 => generated 75 bytes in 14 msecs (HTTP/1.1 404) 9 headers in 380 bytes (1 switches on core 0)
Aug 31 11:30:34.197687 dv-cinder-806725-1-smb devstack@n-api.service[93449]: DEBUG nova.api.openstack.wsgi [None req-11f19bda-0585-4f94-8395-77a254bb93f9 admin admin] Calling method '>' {{(pid=93449) _process_stack /opt/stack/nova/nova/api/openstack/wsgi.py:513}}
Aug 31 11:30:34.198711 dv-cinder-806725-1-smb devstack@n-api.service[93449]: INFO nova.api.openstack.requestlog [None req-11f19bda-0585-4f94-8395-77a254bb93f9 admin admin] 10.222.0.82 "GET /compute/v2.1" status: 200 len: 388 microversion: 2.1 time: 0.002050
Aug 31 11:30:34.199130 dv-cinder-806725-1-smb devstack@n-api.service[93449]: [pid: 93449|app: 0|req: 22/43] 10.222.0.82 () {56 vars in 1075 bytes} [Tue Aug 31 11:30:34 2021] GET /compute/v2.1 => generated 388 bytes in 3 msecs (HTTP/1.1 200) 9 headers in 357 bytes (1 switches on core 0)
Aug 31 11:30:34.405334 dv-cinder-806725-1-smb devstack@n-api.service[93448]: DEBUG nova.api.openstack.wsgi [None req-cb078906-7495-4ae8-98e3-f4e0a584eeba admin admin] Calling method '>' {{(pid=93448) _process_stack /opt/stack/nova/nova/api/openstack/wsgi.py:513}}
Aug 31 11:30:34.412466 dv-cinder-806725-1-smb devstack@n-api.service[93448]: INFO nova.api.openstack.wsgi [None req-cb078906-7495-4ae8-98e3-f4e0a584eeba admin admin] HTTP exception thrown: Flavor 84 could not be found.
Aug 31 11:30:34.413066 dv-cinder-806725-1-smb devstack@n-api.service[93448]: DEBUG nova.api.openstack.wsgi [None req-cb078906-7495-4ae8-98e3-f4e0a584eeba admin admin] Returning 404 to user: Flavor 84 could not be found. {{(pid=93448) __call__ /opt/stack/nova/nova/api/openstack/wsgi.py:927}}
Aug 31 11:30:34.413892 dv-cinder-806725-1-smb devstack@n-api.service[93448]: INFO nova.api.openstack.requestlog [None req-cb078906-7495-4ae8-98e3-f4e0a584eeba admin admin] 10.222.0.82 "GET /compute/v2.1/flavors/84" status: 404 len: 75 microversion: 2.88 time: 0.066220
Aug 31 11:30:34.415301 dv-cinder-806725-1-smb devstack@n-api.service[93448]: [pid: 93448|app: 0|req: 22/44] 10.222.0.82 () {60 vars in 1191 bytes} [Tue Aug 31 11:30:34 2021] GET /compute/v2.1/flavors/84 => generated 75 bytes in 67 msecs (HTTP/1.1 404) 9 headers in 380 bytes (1 switches on core 0)
Aug 31 11:30:34.425510 dv-cinder-806725-1-smb devstack@n-api.service[93449]: DEBUG nova.api.openstack.wsgi [None req-83aef854-588c-41cd-8a41-106a26bc5a62 admin admin] Calling method '>' {{(pid=93449) _process_stack /opt/stack/nova/nova/api/openstack/wsgi.py:513}}
Aug 31 11:30:34.439906 dv-cinder-806725-1-smb devstack@n-api.service[93449]: INFO nova.api.openstack.requestlog [None req-83aef854-588c-41cd-8a41-106a26bc5a62 admin admin] 10.222.0.82 "GET /compute/v2.1/flavors?is_public=None" status: 200 len: 2056 microversion: 2.88 time: 0.017913
Aug 31 11:30:34.440492 dv-cinder-806725-1-smb devstack@n-api.service[93449]: [pid: 93449|app: 0|req: 23/45] 10.222.0.82 () {60 vars in 1211 bytes} [Tue Aug 31 11:30:34 2021] GET /compute/v2.1/flavors?is_public=None => generated 2056 bytes in 19 msecs (HTTP/1.1 200) 9 headers in 360 bytes (1 switches on core 0)
Aug 31 11:30:34.451425 dv-cinder-806725-1-smb devstack@n-api.service[93448]: DEBUG nova.api.openstack.wsgi [None req-94a7866c-a816-4576-88d9-e90b6c3623b7 admin admin] Calling method '>' {{(pid=93448) _process_stack /opt/stack/nova/nova/api/openstack/wsgi.py:513}}
Aug 31 11:30:34.466246 dv-cinder-806725-1-smb devstack@n-api.service[93448]: INFO nova.api.openstack.requestlog [None req-94a7866c-a816-4576-88d9-e90b6c3623b7 admin admin] 10.222.0.82 "GET /compute/v2.1/flavors?is_public=None" status: 200 len: 2056 microversion: 2.88 time: 0.018963
Aug 31 11:30:34.467059 dv-cinder-806725-1-smb devstack@n-api.service[93448]: [pid: 93448|app: 0|req: 23/46] 10.222.0.82 () {60 vars in 1211 bytes} [Tue Aug 31 11:30:34 2021] GET /compute/v2.1/flavors?is_public=None => generated 2056 bytes in 20 msecs (HTTP/1.1 200) 9 headers in 360 bytes (1 switches on core 0)
Aug 31 11:30:34.477080 dv-cinder-806725-1-smb devstack@n-api.service[93449]: DEBUG nova.api.openstack.wsgi [None req-cdb09136-91e2-4410-91c1-0f48d84df9cf admin admin] Calling method '>' {{(pid=93449) _process_stack /opt/stack/nova/nova/api/openstack/wsgi.py:513}}
Aug 31 11:30:34.483150 dv-cinder-806725-1-smb devstack@n-api.service[93449]: INFO nova.api.openstack.wsgi [None req-cdb09136-91e2-4410-91c1-0f48d84df9cf admin admin] HTTP exception thrown: Flavor 84 could not be found.
Aug 31 11:30:34.483731 dv-cinder-806725-1-smb devstack@n-api.service[93449]: DEBUG nova.api.openstack.wsgi [None req-cdb09136-91e2-4410-91c1-0f48d84df9cf admin admin] Returning 404 to user: Flavor 84 could not be found. {{(pid=93449) __call__ /opt/stack/nova/nova/api/openstack/wsgi.py:927}}
Aug 31 11:30:34.484665 dv-cinder-806725-1-smb devstack@n-api.service[93449]: INFO nova.api.openstack.requestlog [None req-cdb09136-91e2-4410-91c1-0f48d84df9cf admin admin] 10.222.0.82 "GET /compute/v2.1/flavors/84" status: 404 len: 75 microversion: 2.88 time: 0.011123
Aug 31 11:30:34.485111 dv-cinder-806725-1-smb devstack@n-api.service[93449]: [pid: 93449|app: 0|req: 24/47] 10.222.0.82 () {60 vars in 1191 bytes} [Tue Aug 31 11:30:34 2021] GET /compute/v2.1/flavors/84 => generated 75 bytes in 12 msecs (HTTP/1.1 404) 9 headers in 380 bytes (1 switches on core 0)
Aug 31 11:30:35.953108 dv-cinder-806725-1-smb devstack@n-api.service[93448]: DEBUG nova.api.openstack.wsgi [None req-94a7866c-a816-4576-88d9-e90b6c3623b7 admin admin] Calling method '>' {{(pid=93448) _process_stack /opt/stack/nova/nova/api/openstack/wsgi.py:513}}
Aug 31 11:30:35.954144 dv-cinder-806725-1-smb devstack@n-api.service[93448]: INFO nova.api.openstack.requestlog [None req-94a7866c-a816-4576-88d9-e90b6c3623b7 admin admin] 10.222.0.82 "GET /compute/v2.1" status: 200 len: 388 microversion: 2.1 time: 0.001515
Aug 31 11:30:35.954564 dv-cinder-806725-1-smb devstack@n-api.service[93448]: [pid: 93448|app: 0|req: 24/48] 10.222.0.82 () {56 vars in 1075 bytes} [Tue Aug 31 11:30:35 2021] GET /compute/v2.1 => generated 388 bytes in 2 msecs (HTTP/1.1 200) 9 headers in 357 bytes (1 switches on core 0)
Aug 31 11:30:36.169862 dv-cinder-806725-1-smb devstack@n-api.service[93449]: DEBUG nova.api.openstack.wsgi [None req-675c8874-7982-4dfe-95b6-09f8ad341b9d admin admin] Calling method '>' {{(pid=93449) _process_stack /opt/stack/nova/nova/api/openstack/wsgi.py:513}}
Aug 31 11:30:36.177828 dv-cinder-806725-1-smb devstack@n-api.service[93449]: INFO nova.api.openstack.wsgi [None req-675c8874-7982-4dfe-95b6-09f8ad341b9d admin admin] HTTP exception thrown: Flavor 451 could not be found.
Aug 31 11:30:36.178802 dv-cinder-806725-1-smb devstack@n-api.service[93449]: DEBUG nova.api.openstack.wsgi [None req-675c8874-7982-4dfe-95b6-09f8ad341b9d admin admin] Returning 404 to user: Flavor 451 could not be found. {{(pid=93449) __call__ /opt/stack/nova/nova/api/openstack/wsgi.py:927}}
Aug 31 11:30:36.180293 dv-cinder-806725-1-smb devstack@n-api.service[93449]: INFO nova.api.openstack.requestlog [None req-675c8874-7982-4dfe-95b6-09f8ad341b9d admin admin] 10.222.0.82 "GET /compute/v2.1/flavors/451" status: 404 len: 76 microversion: 2.88 time: 0.081572
Aug 31 11:30:36.181362 dv-cinder-806725-1-smb devstack@n-api.service[93449]: [pid: 93449|app: 0|req: 25/49] 10.222.0.82 () {60 vars in 1194 bytes} [Tue Aug 31 11:30:36 2021] GET /compute/v2.1/flavors/451 => generated 76 bytes in 84 msecs (HTTP/1.1 404) 9 headers in 380 bytes (2 switches on core 0)
Aug 31 11:30:36.191690 dv-cinder-806725-1-smb devstack@n-api.service[93448]: DEBUG nova.api.openstack.wsgi [None req-c2f67676-a932-4e6f-a9c0-bab70736e991 admin admin] Calling method '>' {{(pid=93448) _process_stack /opt/stack/nova/nova/api/openstack/wsgi.py:513}}
Aug 31 11:30:36.206578 dv-cinder-806725-1-smb devstack@n-api.service[93448]: INFO nova.api.openstack.requestlog [None req-c2f67676-a932-4e6f-a9c0-bab70736e991 admin admin] 10.222.0.82 "GET /compute/v2.1/flavors?is_public=None" status: 200 len: 2056 microversion: 2.88 time: 0.018468
Aug 31 11:30:36.207174 dv-cinder-806725-1-smb devstack@n-api.service[93448]: [pid: 93448|app: 0|req: 25/50] 10.222.0.82 () {60 vars in 1211 bytes} [Tue Aug 31 11:30:36 2021] GET /compute/v2.1/flavors?is_public=None => generated 2056 bytes in 20 msecs (HTTP/1.1 200) 9 headers in 360 bytes (1 switches on core 0)
Aug 31 11:30:36.222205 dv-cinder-806725-1-smb devstack@n-api.service[93449]: DEBUG nova.api.openstack.wsgi [None req-76bfaaaa-2f19-4837-a63a-febc31207cf3 admin admin] Calling method '>' {{(pid=93449) _process_stack /opt/stack/nova/nova/api/openstack/wsgi.py:513}}
Aug 31 11:30:36.249309 dv-cinder-806725-1-smb devstack@n-api.service[93449]: INFO nova.api.openstack.requestlog [None req-76bfaaaa-2f19-4837-a63a-febc31207cf3 admin admin] 10.222.0.82 "GET /compute/v2.1/flavors?is_public=None" status: 200 len: 2056 microversion: 2.88 time: 0.033947
Aug 31 11:30:36.249773 dv-cinder-806725-1-smb devstack@n-api.service[93449]: [pid: 93449|app: 0|req: 26/51] 10.222.0.82 () {60 vars in 1211 bytes} [Tue Aug 31 11:30:36 2021] GET /compute/v2.1/flavors?is_public=None => generated 2056 bytes in 36 msecs (HTTP/1.1 200) 9 headers in 360 bytes (1 switches on core 0)
Aug 31 11:30:36.263152 dv-cinder-806725-1-smb devstack@n-api.service[93448]: DEBUG nova.api.openstack.wsgi [None req-1bab0685-f760-4059-b904-fd08e4ba268a admin admin] Calling method '>' {{(pid=93448) _process_stack /opt/stack/nova/nova/api/openstack/wsgi.py:513}}
Aug 31 11:30:36.268895 dv-cinder-806725-1-smb devstack@n-api.service[93448]: INFO nova.api.openstack.wsgi [None req-1bab0685-f760-4059-b904-fd08e4ba268a admin admin] HTTP exception thrown: Flavor 451 could not be found.
Aug 31 11:30:36.269479 dv-cinder-806725-1-smb devstack@n-api.service[93448]: DEBUG nova.api.openstack.wsgi [None req-1bab0685-f760-4059-b904-fd08e4ba268a admin admin] Returning 404 to user: Flavor 451 could not be found. {{(pid=93448) __call__ /opt/stack/nova/nova/api/openstack/wsgi.py:927}}
Aug 31 11:30:36.270296 dv-cinder-806725-1-smb devstack@n-api.service[93448]: INFO nova.api.openstack.requestlog [None req-1bab0685-f760-4059-b904-fd08e4ba268a admin admin] 10.222.0.82 "GET /compute/v2.1/flavors/451" status: 404 len: 76 microversion: 2.88 time: 0.011639
Aug 31 11:30:36.270933 dv-cinder-806725-1-smb devstack@n-api.service[93448]: [pid: 93448|app: 0|req: 26/52] 10.222.0.82 () {60 vars in 1194 bytes} [Tue Aug 31 11:30:36 2021] GET /compute/v2.1/flavors/451 => generated 76 bytes in 13 msecs (HTTP/1.1 404) 9 headers in 380 bytes (1 switches on core 0)
Aug 31 11:30:37.774613 dv-cinder-806725-1-smb devstack@n-api.service[93449]: DEBUG nova.api.openstack.wsgi [None req-76bfaaaa-2f19-4837-a63a-febc31207cf3 admin admin] Calling method '>' {{(pid=93449) _process_stack /opt/stack/nova/nova/api/openstack/wsgi.py:513}}
Aug 31 11:30:37.777979 dv-cinder-806725-1-smb devstack@n-api.service[93449]: INFO nova.api.openstack.requestlog [None req-76bfaaaa-2f19-4837-a63a-febc31207cf3 admin admin] 10.222.0.82 "GET /compute/v2.1" status: 200 len: 388 microversion: 2.1 time: 0.004008
Aug 31 11:30:37.778725 dv-cinder-806725-1-smb devstack@n-api.service[93449]: [pid: 93449|app: 0|req: 27/53] 10.222.0.82 () {56 vars in 1075 bytes} [Tue Aug 31 11:30:37 2021] GET /compute/v2.1 => generated 388 bytes in 6 msecs (HTTP/1.1 200) 9 headers in 357 bytes (1 switches on core 0)
